000
CDUS45 KBOI 280931
CLIMYL


CLIMATE REPORT
NATIONAL WEATHER SERVICE BOISE ID
331 AM MDT FRI JUL 28 2017


...................................

...THE MCCALL ID CLIMATE SUMMARY FOR JULY 27 2017...

CLIMATE NORMAL PERIOD 1981 TO 2010
CLIMATE RECORD PERIOD 1930 TO 2017


WEATHER ITEM   OBSERVED TIME   RECORD YEAR NORMAL DEPARTURE LAST
                VALUE   (LST)  VALUE       VALUE  FROM      YEAR
                                                  NORMAL
..................................................................
TEMPERATURE (F)
 YESTERDAY
  MAXIMUM         84    426 PM  96    1934  81      3       88
  MINIMUM         53    605 AM  32    1910  44      9       50
  AVERAGE         69                        62      7       69

PRECIPITATION (IN)
  YESTERDAY        0.00          1.64 1909   0.02  -0.02     0.00
  MONTH TO DATE    T                         0.65  -0.65     1.40
  SINCE OCT 1     29.77                     18.47  11.30    25.23
  SINCE JAN 1     21.28                     12.29   8.99    14.66

DEGREE DAYS
 HEATING
  YESTERDAY        0                         3     -3        0
  MONTH TO DATE    3                       138   -135      114
  SINCE JUN 1    239                       505   -266      340
  SINCE JUL 1      3                       138   -135      114

 COOLING
  YESTERDAY        4                         1      3        4
  MONTH TO DATE   98                        12     86       20
  SINCE JUN 1    104                        13     91       55
  SINCE JAN 1    104                        13     91       55
..................................................................


WIND (MPH)
  HIGHEST WIND SPEED    15   HIGHEST WIND DIRECTION     S (170)
  HIGHEST GUST SPEED    18   HIGHEST GUST DIRECTION     S (180)
  AVERAGE WIND SPEED     4.2


SKY COVER
  AVERAGE SKY COVER 0.2


WEATHER CONDITIONS
 THE FOLLOWING WEATHER WAS RECORDED YESTERDAY.
  NO SIGNIFICANT WEATHER WAS OBSERVED.


RELATIVE HUMIDITY (PERCENT)
 HIGHEST    77           400 AM
 LOWEST     20           400 PM
 AVERAGE    49

..........................................................


THE MCCALL ID CLIMATE NORMALS FOR TODAY
                         NORMAL    RECORD    YEAR
 MAXIMUM TEMPERATURE (F)   81        98      1928
 MINIMUM TEMPERATURE (F)   44        30      1910


SUNRISE AND SUNSET
JULY 28 2017..........SUNRISE   626 AM MDT   SUNSET   915 PM MDT
JULY 29 2017..........SUNRISE   627 AM MDT   SUNSET   914 PM MDT


-  INDICATES NEGATIVE NUMBERS.
R  INDICATES RECORD WAS SET OR TIED.
MM INDICATES DATA IS MISSING.
T  INDICATES TRACE AMOUNT.




$$
