000
CDUS45 KBOI 300931
CLIMYL


CLIMATE REPORT
NATIONAL WEATHER SERVICE BOISE ID
331 AM MDT THU JUL 30 2015


...................................

...THE MCCALL ID CLIMATE SUMMARY FOR JULY 29 2015...

CLIMATE NORMAL PERIOD 1981 TO 2010
CLIMATE RECORD PERIOD 1930 TO 2015


WEATHER ITEM   OBSERVED TIME   RECORD YEAR NORMAL DEPARTURE LAST
                VALUE   (LST)  VALUE       VALUE  FROM      YEAR
                                                  NORMAL
..................................................................
TEMPERATURE (F)
 YESTERDAY
  MAXIMUM         79    437 PM  95    1994  81     -2       88
  MINIMUM         40    602 AM  35    1966  44     -4       59
  AVERAGE         60                        62     -2       74

PRECIPITATION (IN)
  YESTERDAY        0.00          0.52 1938   0.01  -0.01     0.11
  MONTH TO DATE    2.25                      0.68   1.57     0.23
  SINCE OCT 1     20.59                     18.50   2.09    19.49
  SINCE JAN 1     11.83                     12.32  -0.49    15.42

DEGREE DAYS
 HEATING
  YESTERDAY        5                         3      2        0
  MONTH TO DATE   71                       144    -73       18
  SINCE JUN 1    180                       511   -331      332
  SINCE JUL 1     71                       144    -73       18

 COOLING
  YESTERDAY        0                         1     -1        9
  MONTH TO DATE   43                        14     29      122
  SINCE JUN 1    109                        15     94      122
  SINCE JAN 1    109                        15     94      122
..................................................................


WIND (MPH)
  HIGHEST WIND SPEED    12   HIGHEST WIND DIRECTION     S (190)
  HIGHEST GUST SPEED    16   HIGHEST GUST DIRECTION     S (170)
  AVERAGE WIND SPEED     3.1


SKY COVER
  AVERAGE SKY COVER 0.0


WEATHER CONDITIONS
 THE FOLLOWING WEATHER WAS RECORDED YESTERDAY.
  NO SIGNIFICANT WEATHER WAS OBSERVED.


RELATIVE HUMIDITY (PERCENT)
 HIGHEST    79           500 AM
 LOWEST     19           500 PM
 AVERAGE    49

..........................................................


THE MCCALL ID CLIMATE NORMALS FOR TODAY
                         NORMAL    RECORD    YEAR
 MAXIMUM TEMPERATURE (F)   81        94      2000
 MINIMUM TEMPERATURE (F)   44        33      1995


SUNRISE AND SUNSET
JULY 30 2015..........SUNRISE   628 AM MDT   SUNSET   913 PM MDT
JULY 31 2015..........SUNRISE   629 AM MDT   SUNSET   912 PM MDT


-  INDICATES NEGATIVE NUMBERS.
R  INDICATES RECORD WAS SET OR TIED.
MM INDICATES DATA IS MISSING.
T  INDICATES TRACE AMOUNT.




$$
