000
CDUS45 KBOI 270931
CLIMYL


CLIMATE REPORT
NATIONAL WEATHER SERVICE BOISE ID
331 AM MDT SAT MAY 27 2017


...................................

...THE MCCALL ID CLIMATE SUMMARY FOR MAY 26 2017...

CLIMATE NORMAL PERIOD 1981 TO 2010
CLIMATE RECORD PERIOD 1930 TO 2017


WEATHER ITEM   OBSERVED TIME   RECORD YEAR NORMAL DEPARTURE LAST
                VALUE   (LST)  VALUE       VALUE  FROM      YEAR
                                                  NORMAL
..................................................................
TEMPERATURE (F)
 YESTERDAY
  MAXIMUM         63    333 PM  85    1966  62      1       63
  MINIMUM         41    546 AM  21    1964  35      6       35
  AVERAGE         52                        48      4       49

PRECIPITATION (IN)
  YESTERDAY        T             0.91 1993   0.08  -0.08     0.00
  MONTH TO DATE    1.90                      1.84   0.06     1.29
  SINCE OCT 1     28.17                     15.61  12.56    23.00
  SINCE JAN 1     19.68                      9.43  10.25    12.43

DEGREE DAYS
 HEATING
  YESTERDAY       13                        17     -4       16
  MONTH TO DATE  464                       513    -49      404
  SINCE MAR 1   2232                      2473   -241     1998
  SINCE JUL 1   8435                      9148   -713     7867

 COOLING
  YESTERDAY        0                         0      0        0
  MONTH TO DATE    0                         0      0        0
  SINCE MAR 1      0                         0      0        0
  SINCE JAN 1      0                         0      0        0
..................................................................


WIND (MPH)
  HIGHEST WIND SPEED    15   HIGHEST WIND DIRECTION    NW (320)
  HIGHEST GUST SPEED    23   HIGHEST GUST DIRECTION    NE (40)
  AVERAGE WIND SPEED     7.0


SKY COVER
  AVERAGE SKY COVER 0.4


WEATHER CONDITIONS
 THE FOLLOWING WEATHER WAS RECORDED YESTERDAY.
  LIGHT RAIN


RELATIVE HUMIDITY (PERCENT)
 HIGHEST    89           100 AM
 LOWEST     25           600 PM
 AVERAGE    57

..........................................................


THE MCCALL ID CLIMATE NORMALS FOR TODAY
                         NORMAL    RECORD    YEAR
 MAXIMUM TEMPERATURE (F)   62        85      1966
 MINIMUM TEMPERATURE (F)   35        25      1932


SUNRISE AND SUNSET
MAY 27 2017...........SUNRISE   604 AM MDT   SUNSET   919 PM MDT
MAY 28 2017...........SUNRISE   604 AM MDT   SUNSET   920 PM MDT


-  INDICATES NEGATIVE NUMBERS.
R  INDICATES RECORD WAS SET OR TIED.
MM INDICATES DATA IS MISSING.
T  INDICATES TRACE AMOUNT.




$$
