343
CDUS45 KBOI 220931
CLIMYL


CLIMATE REPORT
NATIONAL WEATHER SERVICE BOISE ID
231 AM MST WED FEB 22 2017


...................................

...THE MCCALL ID CLIMATE SUMMARY FOR FEBRUARY 21 2017...

CLIMATE NORMAL PERIOD 1981 TO 2010
CLIMATE RECORD PERIOD 1930 TO 2017


WEATHER ITEM   OBSERVED TIME   RECORD YEAR NORMAL DEPARTURE LAST
                VALUE   (LST)  VALUE       VALUE  FROM      YEAR
                                                  NORMAL
..................................................................
TEMPERATURE (F)
 YESTERDAY
  MAXIMUM         38    227 PM  54    1995  35      3       36
  MINIMUM         30   1159 PM -17    1975  11     19       11
  AVERAGE         34                        23     11       24

PRECIPITATION (IN)
  YESTERDAY        0.66          1.10 1956   0.05   0.61     0.00
  MONTH TO DATE    4.96                      1.31   3.65     1.78
  SINCE OCT 1     16.65                      9.22   7.43    15.23
  SINCE JAN 1      8.16                      3.04   5.12     4.66

DEGREE DAYS
 HEATING
  YESTERDAY       31                        42    -11       41
  MONTH TO DATE  722                       912   -190      795
  SINCE DEC 1   3865                      3748    117     3475
  SINCE JUL 1   5902                      6386   -484     5576

 COOLING
  YESTERDAY        0                         0      0        0
  MONTH TO DATE    0                         0      0        0
  SINCE DEC 1      0                         0      0        0
  SINCE JAN 1      0                         0      0        0
..................................................................


WIND (MPH)
  HIGHEST WIND SPEED    39   HIGHEST WIND DIRECTION     S (180)
  HIGHEST GUST SPEED    47   HIGHEST GUST DIRECTION     S (160)
  AVERAGE WIND SPEED    14.7


SKY COVER
  AVERAGE SKY COVER 0.9


WEATHER CONDITIONS
 THE FOLLOWING WEATHER WAS RECORDED YESTERDAY.
  LIGHT RAIN
  LIGHT SNOW
  FOG


RELATIVE HUMIDITY (PERCENT)
 HIGHEST    89           100 AM
 LOWEST     59           200 PM
 AVERAGE    74

..........................................................


THE MCCALL ID CLIMATE NORMALS FOR TODAY
                         NORMAL    RECORD    YEAR
 MAXIMUM TEMPERATURE (F)   35        55      1995
 MINIMUM TEMPERATURE (F)   12       -16      1937


SUNRISE AND SUNSET
FEBRUARY 22 2017......SUNRISE   733 AM MST   SUNSET   623 PM MST
FEBRUARY 23 2017......SUNRISE   732 AM MST   SUNSET   624 PM MST


-  INDICATES NEGATIVE NUMBERS.
R  INDICATES RECORD WAS SET OR TIED.
MM INDICATES DATA IS MISSING.
T  INDICATES TRACE AMOUNT.




$$
