000
CDUS45 KBOI 250931
CLIMYL


CLIMATE REPORT
NATIONAL WEATHER SERVICE BOISE ID
231 AM MST TUE NOV 25 2014


...................................

...THE MCCALL ID CLIMATE SUMMARY FOR NOVEMBER 24 2014...

CLIMATE NORMAL PERIOD 1981 TO 2010
CLIMATE RECORD PERIOD 1930 TO 2014


WEATHER ITEM   OBSERVED TIME   RECORD YEAR NORMAL DEPARTURE LAST
                VALUE   (LST)  VALUE       VALUE  FROM      YEAR
                                                  NORMAL
..................................................................
TEMPERATURE (F)
 YESTERDAY
  MAXIMUM         32    115 PM  55    1939  32      0       46
  MINIMUM         11    743 AM -18    2010  17     -6       13
  AVERAGE         22                        24     -2       30

PRECIPITATION (IN)
  YESTERDAY        0.16          0.83 1983   0.07   0.09     0.00
  MONTH TO DATE    1.67                      2.29  -0.62     2.05
  SINCE OCT 1      3.27                      3.69  -0.42     2.28
  SINCE JAN 1     20.68                     17.61   3.07    17.89

DEGREE DAYS
 HEATING
  YESTERDAY       43                        40      3       35
  MONTH TO DATE  898                       844     54      792
  SINCE SEP 1   1752                      2059   -307     1851
  SINCE JUL 1   1868                      2387   -519     1898

 COOLING
  YESTERDAY        0                         0      0        0
  MONTH TO DATE    0                         0      0        0
  SINCE SEP 1      0                         0      0        6
  SINCE JAN 1    185                        25    160      186
..................................................................


WIND (MPH)
  HIGHEST WIND SPEED     9   HIGHEST WIND DIRECTION     S (160)
  HIGHEST GUST SPEED    12   HIGHEST GUST DIRECTION     S (170)
  AVERAGE WIND SPEED     1.7


SKY COVER
  AVERAGE SKY COVER 0.5


WEATHER CONDITIONS
 THE FOLLOWING WEATHER WAS RECORDED YESTERDAY.
  LIGHT SNOW
  FOG
  FOG W/VISIBILITY <= 1/4 MILE
  HAZE


RELATIVE HUMIDITY (PERCENT)
 HIGHEST   100           100 AM
 LOWEST     78           300 PM
 AVERAGE    89

..........................................................


THE MCCALL ID CLIMATE NORMALS FOR TODAY
                         NORMAL    RECORD    YEAR
 MAXIMUM TEMPERATURE (F)   32        58      1939
 MINIMUM TEMPERATURE (F)   16       -14      2010


SUNRISE AND SUNSET
NOVEMBER 25 2014......SUNRISE   755 AM MST   SUNSET   508 PM MST
NOVEMBER 26 2014......SUNRISE   756 AM MST   SUNSET   507 PM MST


-  INDICATES NEGATIVE NUMBERS.
R  INDICATES RECORD WAS SET OR TIED.
MM INDICATES DATA IS MISSING.
T  INDICATES TRACE AMOUNT.




$$
