000
CDUS45 KBOI 020931
CLIMYL


CLIMATE REPORT
NATIONAL WEATHER SERVICE BOISE ID
330 AM MDT TUE JUN 2 2015


...................................

...THE MCCALL ID CLIMATE SUMMARY FOR JUNE 1 2015...

CLIMATE NORMAL PERIOD 1981 TO 2010
CLIMATE RECORD PERIOD 1930 TO 2015


WEATHER ITEM   OBSERVED TIME   RECORD YEAR NORMAL DEPARTURE LAST
                VALUE   (LST)  VALUE       VALUE  FROM      YEAR
                                                  NORMAL
..................................................................
TEMPERATURE (F)
 YESTERDAY
  MAXIMUM         69    648 PM  86    1986  63      6       69
  MINIMUM         49    421 AM  25    1984  36     13       36
  AVERAGE         59                        49     10       53

PRECIPITATION (IN)
  YESTERDAY        0.16          1.01 1943   0.09   0.07     0.00
  MONTH TO DATE    0.16                      0.09   0.07     0.00
  SINCE OCT 1     18.15                     16.05   2.10    18.45
  SINCE JAN 1      9.39                      9.87  -0.48    14.38

DEGREE DAYS
 HEATING
  YESTERDAY        6                        16    -10       12
  MONTH TO DATE    6                        16    -10       12
  SINCE JUN 1      6                        16    -10       12
  SINCE JUL 1   7361                      9245  -1884     8286

 COOLING
  YESTERDAY        0                         0      0        0
  MONTH TO DATE    0                         0      0        0
  SINCE JUN 1      0                         0      0        0
  SINCE JAN 1      0                         0      0        0
..................................................................


WIND (MPH)
  HIGHEST WIND SPEED    32   HIGHEST WIND DIRECTION     S (180)
  HIGHEST GUST SPEED    41   HIGHEST GUST DIRECTION     S (180)
  AVERAGE WIND SPEED     6.4


SKY COVER
  AVERAGE SKY COVER 0.4


WEATHER CONDITIONS
 THE FOLLOWING WEATHER WAS RECORDED YESTERDAY.
  THUNDERSTORM
  RAIN
  LIGHT RAIN
  FOG


RELATIVE HUMIDITY (PERCENT)
 HIGHEST    89          1000 AM
 LOWEST     39           700 PM
 AVERAGE    64

..........................................................


THE MCCALL ID CLIMATE NORMALS FOR TODAY
                         NORMAL    RECORD    YEAR
 MAXIMUM TEMPERATURE (F)   63        89      1986
 MINIMUM TEMPERATURE (F)   36        24      1987


SUNRISE AND SUNSET
JUNE  2 2015..........SUNRISE   601 AM MDT   SUNSET   924 PM MDT
JUNE  3 2015..........SUNRISE   600 AM MDT   SUNSET   925 PM MDT


-  INDICATES NEGATIVE NUMBERS.
R  INDICATES RECORD WAS SET OR TIED.
MM INDICATES DATA IS MISSING.
T  INDICATES TRACE AMOUNT.




$$
