000
CDUS45 KBOI 220933
CLIMYL


CLIMATE REPORT
NATIONAL WEATHER SERVICE BOISE ID
232 AM MST MON DEC 22 2014


...................................

...THE MCCALL ID CLIMATE SUMMARY FOR DECEMBER 21 2014...

CLIMATE NORMAL PERIOD 1981 TO 2010
CLIMATE RECORD PERIOD 1930 TO 2014


WEATHER ITEM   OBSERVED TIME   RECORD YEAR NORMAL DEPARTURE LAST
                VALUE   (LST)  VALUE       VALUE  FROM      YEAR
                                                  NORMAL
..................................................................
TEMPERATURE (F)
 YESTERDAY
  MAXIMUM         35    437 PM  42    1964  27      8       30
  MINIMUM         31   1159 PM -23    1998   9     22       11
  AVERAGE         33                        18     15       21

PRECIPITATION (IN)
  YESTERDAY        0.65          0.94 1982   0.08   0.57     0.02
  MONTH TO DATE    2.74                      1.31   1.43     1.39
  SINCE OCT 1      7.83                      5.43   2.40     3.73
  SINCE JAN 1     25.24                     19.35   5.89    19.34

DEGREE DAYS
 HEATING
  YESTERDAY       32                        47    -15       44
  MONTH TO DATE  697                       965   -268     1013
  SINCE DEC 1    697                       965   -268     1013
  SINCE JUL 1   2761                      3603   -842     3103

 COOLING
  YESTERDAY        0                         0      0        0
  MONTH TO DATE    0                         0      0        0
  SINCE DEC 1      0                         0      0        0
  SINCE JAN 1    185                        25    160      186
..................................................................


WIND (MPH)
  HIGHEST WIND SPEED    12   HIGHEST WIND DIRECTION     N (20)
  HIGHEST GUST SPEED    17   HIGHEST GUST DIRECTION    NE (30)
  AVERAGE WIND SPEED     2.6


SKY COVER
  AVERAGE SKY COVER 0.9


WEATHER CONDITIONS
 THE FOLLOWING WEATHER WAS RECORDED YESTERDAY.
  RAIN
  LIGHT RAIN
  LIGHT SNOW
  FOG


RELATIVE HUMIDITY (PERCENT)
 HIGHEST   100          1200 AM
 LOWEST     89           500 AM
 AVERAGE    95

..........................................................


THE MCCALL ID CLIMATE NORMALS FOR TODAY
                         NORMAL    RECORD    YEAR
 MAXIMUM TEMPERATURE (F)   27        46      1964
 MINIMUM TEMPERATURE (F)    9       -28      1990


SUNRISE AND SUNSET
DECEMBER 22 2014......SUNRISE   820 AM MST   SUNSET   507 PM MST
DECEMBER 23 2014......SUNRISE   820 AM MST   SUNSET   507 PM MST


-  INDICATES NEGATIVE NUMBERS.
R  INDICATES RECORD WAS SET OR TIED.
MM INDICATES DATA IS MISSING.
T  INDICATES TRACE AMOUNT.




$$
