000
CDUS45 KBOI 310933
CLIMYL


CLIMATE REPORT
NATIONAL WEATHER SERVICE BOISE ID
333 AM MDT TUE MAY 31 2016


...................................

...THE MCCALL ID CLIMATE SUMMARY FOR MAY 30 2016...

CLIMATE NORMAL PERIOD 1981 TO 2010
CLIMATE RECORD PERIOD 1930 TO 2016


WEATHER ITEM   OBSERVED TIME   RECORD YEAR NORMAL DEPARTURE LAST
                VALUE   (LST)  VALUE       VALUE  FROM      YEAR
                                                  NORMAL
..................................................................
TEMPERATURE (F)
 YESTERDAY
  MAXIMUM         65    514 PM  87    1986  63      2       68
  MINIMUM         36    441 AM  25    1977  35      1       49
  AVERAGE         51                        49      2       59

PRECIPITATION (IN)
  YESTERDAY        0.00          0.59 1961   0.07  -0.07     0.04
  MONTH TO DATE    1.29                      2.13  -0.84     2.20
  SINCE OCT 1     23.00                     15.90   7.10    17.99
  SINCE JAN 1     12.43                      9.72   2.71     9.23

DEGREE DAYS
 HEATING
  YESTERDAY       14                        16     -2        6
  MONTH TO DATE  471                       578   -107      429
  SINCE MAR 1   2065                      2538   -473     1983
  SINCE JUL 1   7934                      9213  -1279     7305

 COOLING
  YESTERDAY        0                         0      0        0
  MONTH TO DATE    0                         0      0        0
  SINCE MAR 1      0                         0      0        0
  SINCE JAN 1      0                         0      0        0
..................................................................


WIND (MPH)
  HIGHEST WIND SPEED    15   HIGHEST WIND DIRECTION     W (280)
  HIGHEST GUST SPEED    21   HIGHEST GUST DIRECTION     W (270)
  AVERAGE WIND SPEED     7.3


SKY COVER
  AVERAGE SKY COVER 0.0


WEATHER CONDITIONS
 THE FOLLOWING WEATHER WAS RECORDED YESTERDAY.
  NO SIGNIFICANT WEATHER WAS OBSERVED.


RELATIVE HUMIDITY (PERCENT)
 HIGHEST    85           500 AM
 LOWEST     20           700 PM
 AVERAGE    53

..........................................................


THE MCCALL ID CLIMATE NORMALS FOR TODAY
                         NORMAL    RECORD    YEAR
 MAXIMUM TEMPERATURE (F)   63        88      1986
 MINIMUM TEMPERATURE (F)   36        25      1984


SUNRISE AND SUNSET
MAY 31 2016...........SUNRISE   602 AM MDT   SUNSET   923 PM MDT
JUNE  1 2016..........SUNRISE   601 AM MDT   SUNSET   924 PM MDT


-  INDICATES NEGATIVE NUMBERS.
R  INDICATES RECORD WAS SET OR TIED.
MM INDICATES DATA IS MISSING.
T  INDICATES TRACE AMOUNT.




$$
