000
CDUS45 KBOI 200932
CLIMYL


CLIMATE REPORT
NATIONAL WEATHER SERVICE BOISE ID
232 AM MST FRI JAN 20 2017


...................................

...THE MCCALL ID CLIMATE SUMMARY FOR JANUARY 19 2017...

CLIMATE NORMAL PERIOD 1981 TO 2010
CLIMATE RECORD PERIOD 1930 TO 2017


WEATHER ITEM   OBSERVED TIME   RECORD YEAR NORMAL DEPARTURE LAST
                VALUE   (LST)  VALUE       VALUE  FROM      YEAR
                                                  NORMAL
..................................................................
TEMPERATURE (F)
 YESTERDAY
  MAXIMUM         33    231 PM  46    2005  29      4       34
  MINIMUM         29   1159 PM -35    1943  11     18       21
  AVERAGE         31                        20     11       28

PRECIPITATION (IN)
  YESTERDAY        0.31          0.59 2012   0.06   0.25     0.26
  MONTH TO DATE    2.86                      1.10   1.76     1.84
  SINCE OCT 1     11.35                      7.28   4.07    12.41
  SINCE JAN 1      2.86                      1.10   1.76     1.84

DEGREE DAYS
 HEATING
  YESTERDAY       34                        45    -11       37
  MONTH TO DATE 1004                       864    140      838
  SINCE DEC 1   2567                      2300    267     2179
  SINCE JUL 1   4604                      4938   -334     4280

 COOLING
  YESTERDAY        0                         0      0        0
  MONTH TO DATE    0                         0      0        0
  SINCE DEC 1      0                         0      0        0
  SINCE JAN 1      0                         0      0        0
..................................................................


WIND (MPH)
  HIGHEST WIND SPEED    16   HIGHEST WIND DIRECTION     S (180)
  HIGHEST GUST SPEED    20   HIGHEST GUST DIRECTION     S (180)
  AVERAGE WIND SPEED     5.0


SKY COVER
  AVERAGE SKY COVER 1.0


WEATHER CONDITIONS
 THE FOLLOWING WEATHER WAS RECORDED YESTERDAY.
  LIGHT SNOW
  FOG


RELATIVE HUMIDITY (PERCENT)
 HIGHEST    92           400 AM
 LOWEST     85           100 PM
 AVERAGE    89

..........................................................


THE MCCALL ID CLIMATE NORMALS FOR TODAY
                         NORMAL    RECORD    YEAR
 MAXIMUM TEMPERATURE (F)   29        49      2005
 MINIMUM TEMPERATURE (F)   11       -22      1949


SUNRISE AND SUNSET
JANUARY 20 2017.......SUNRISE   815 AM MST   SUNSET   536 PM MST
JANUARY 21 2017.......SUNRISE   814 AM MST   SUNSET   538 PM MST


-  INDICATES NEGATIVE NUMBERS.
R  INDICATES RECORD WAS SET OR TIED.
MM INDICATES DATA IS MISSING.
T  INDICATES TRACE AMOUNT.




$$
