000
CDUS45 KBOI 300931
CLIMYL


CLIMATE REPORT
NATIONAL WEATHER SERVICE BOISE ID
331 AM MDT SAT JUL 30 2016


...................................

...THE MCCALL ID CLIMATE SUMMARY FOR JULY 29 2016...

CLIMATE NORMAL PERIOD 1981 TO 2010
CLIMATE RECORD PERIOD 1930 TO 2016


WEATHER ITEM   OBSERVED TIME   RECORD YEAR NORMAL DEPARTURE LAST
                VALUE   (LST)  VALUE       VALUE  FROM      YEAR
                                                  NORMAL
..................................................................
TEMPERATURE (F)
 YESTERDAY
  MAXIMUM         90    459 PM  95    1994  81      9       79
  MINIMUM         52    349 AM  35    1966  44      8       40
  AVERAGE         71                        62      9       60

PRECIPITATION (IN)
  YESTERDAY        0.00          0.52 1938   0.01  -0.01     0.00
  MONTH TO DATE    1.40                      0.68   0.72     2.25
  SINCE OCT 1     25.23                     18.50   6.73    20.59
  SINCE JAN 1     14.66                     12.32   2.34    11.83

DEGREE DAYS
 HEATING
  YESTERDAY        0                         3     -3        5
  MONTH TO DATE  114                       144    -30       71
  SINCE JUN 1    340                       511   -171      180
  SINCE JUL 1    114                       144    -30       71

 COOLING
  YESTERDAY        6                         1      5        0
  MONTH TO DATE   31                        14     17       43
  SINCE JUN 1     66                        15     51      109
  SINCE JAN 1     66                        15     51      109
..................................................................


WIND (MPH)
  HIGHEST WIND SPEED    15   HIGHEST WIND DIRECTION    NW (310)
  HIGHEST GUST SPEED    21   HIGHEST GUST DIRECTION    NW (300)
  AVERAGE WIND SPEED     3.7


SKY COVER
  AVERAGE SKY COVER 0.0


WEATHER CONDITIONS
 THE FOLLOWING WEATHER WAS RECORDED YESTERDAY.
  NO SIGNIFICANT WEATHER WAS OBSERVED.


RELATIVE HUMIDITY (PERCENT)
 HIGHEST    71           400 AM
 LOWEST     15           200 PM
 AVERAGE    43

..........................................................


THE MCCALL ID CLIMATE NORMALS FOR TODAY
                         NORMAL    RECORD    YEAR
 MAXIMUM TEMPERATURE (F)   81        94      2000
 MINIMUM TEMPERATURE (F)   44        33      1995


SUNRISE AND SUNSET
JULY 30 2016..........SUNRISE   628 AM MDT   SUNSET   912 PM MDT
JULY 31 2016..........SUNRISE   630 AM MDT   SUNSET   911 PM MDT


-  INDICATES NEGATIVE NUMBERS.
R  INDICATES RECORD WAS SET OR TIED.
MM INDICATES DATA IS MISSING.
T  INDICATES TRACE AMOUNT.




$$
