000
CDUS44 KLIX 280801
CLINEW


CLIMATE REPORT
NATIONAL WEATHER SERVICE NEW ORLEANS
200 AM CST TUE FEB 28 2017


...................................

...THE NEW ORLEANS CLIMATE SUMMARY FOR FEBRUARY 27 2017...

CLIMATE NORMAL PERIOD 1981 TO 2010
CLIMATE RECORD PERIOD 1946 TO 2017


WEATHER ITEM   OBSERVED TIME   RECORD YEAR NORMAL DEPARTURE LAST
                VALUE   (LST)  VALUE       VALUE  FROM      YEAR
                                                  NORMAL
..................................................................
TEMPERATURE (F)
 YESTERDAY
  MAXIMUM         79    243 PM  83    1962  68     11       66
  MINIMUM         65   1220 AM  24    1974  50     15       41
  AVERAGE         72                        59     13       54

PRECIPITATION (IN)
  YESTERDAY        0.05          1.36 1966   0.17  -0.12     0.00
  MONTH TO DATE    2.74                      5.14  -2.40     3.72
  SINCE DEC 1     15.50                     15.53  -0.03    14.59
  SINCE JAN 1      7.64                     10.29  -2.65     8.13

SNOWFALL (IN)
  YESTERDAY        0.0
  MONTH TO DATE    0.0
  SINCE DEC 1      0.0
  SINCE JUL 1      0.0
  SNOW DEPTH       0

DEGREE DAYS
 HEATING
  YESTERDAY        0                         7     -7       11
  MONTH TO DATE   75                       246   -171      191
  SINCE DEC 1    490                       938   -448      647
  SINCE JUL 1    561                      1102   -541      705

 COOLING
  YESTERDAY        7                         1      6        0
  MONTH TO DATE   58                        27     31       32
  SINCE DEC 1    165                        70     95      147
  SINCE JAN 1    110                        43     67       36
..................................................................


WIND (MPH)
  HIGHEST WIND SPEED    21   HIGHEST WIND DIRECTION     S (180)
  HIGHEST GUST SPEED    26   HIGHEST GUST DIRECTION     S (170)
  AVERAGE WIND SPEED    12.2


SKY COVER
  POSSIBLE SUNSHINE  MM
  AVERAGE SKY COVER 0.8


WEATHER CONDITIONS
 THE FOLLOWING WEATHER WAS RECORDED YESTERDAY.
  LIGHT RAIN


RELATIVE HUMIDITY (PERCENT)
 HIGHEST    93           900 PM
 LOWEST     69          1200 PM
 AVERAGE    81

..........................................................


THE NEW ORLEANS CLIMATE NORMALS FOR TODAY
                         NORMAL    RECORD    YEAR
 MAXIMUM TEMPERATURE (F)   68        84      2011
                                             1948
 MINIMUM TEMPERATURE (F)   51        32      2002


SUNRISE AND SUNSET
FEBRUARY 28 2017......SUNRISE   628 AM CST   SUNSET   600 PM CST
MARCH  1 2017.........SUNRISE   627 AM CST   SUNSET   600 PM CST


-  INDICATES NEGATIVE NUMBERS.
R  INDICATES RECORD WAS SET OR TIED.
MM INDICATES DATA IS MISSING.
T  INDICATES TRACE AMOUNT.




$$
