000
CDUS44 KLIX 300722
CLINEW


CLIMATE REPORT
NATIONAL WEATHER SERVICE NEW ORLEANS
222 AM CDT THU JUL 30 2015


...................................

...THE NEW ORLEANS CLIMATE SUMMARY FOR JULY 29 2015...

CLIMATE NORMAL PERIOD 1981 TO 2010
CLIMATE RECORD PERIOD 1946 TO 2015


WEATHER ITEM   OBSERVED TIME   RECORD YEAR NORMAL DEPARTURE LAST
                VALUE   (LST)  VALUE       VALUE  FROM      YEAR
                                                  NORMAL
..................................................................
TEMPERATURE (F)
 YESTERDAY
  MAXIMUM         99R   255 PM  97    1993  92      7       90
                                      1986
                                      1966
  MINIMUM         77    657 PM  67    1994  75      2       77
  AVERAGE         88                        83      5       84

PRECIPITATION (IN)
  YESTERDAY        0.29          1.80 1962   0.19   0.10     0.00
  MONTH TO DATE    4.11                      5.57  -1.46     4.49
  SINCE JUN 1      7.86                     13.63  -5.77    12.52
  SINCE JAN 1     43.03                     37.87   5.16    37.46

SNOWFALL (IN)
  YESTERDAY        0.0
  MONTH TO DATE    0.0
  SINCE JUN 1      0.0
  SINCE JUL 1      0.0
  SNOW DEPTH       0

DEGREE DAYS
 HEATING
  YESTERDAY        0                         0      0        0
  MONTH TO DATE    0                         0      0        0
  SINCE JUN 1      0                         0      0        0
  SINCE JUL 1      0                         0      0        0

 COOLING
  YESTERDAY       23                        18      5       19
  MONTH TO DATE  601                       522     79      518
  SINCE JUN 1   1131                      1017    114     1022
  SINCE JAN 1   1960                      1636    324     1545
..................................................................


WIND (MPH)
  HIGHEST WIND SPEED    35   HIGHEST WIND DIRECTION    NE (60)
  HIGHEST GUST SPEED    42   HIGHEST GUST DIRECTION    NE (60)
  AVERAGE WIND SPEED     7.5


SKY COVER
  POSSIBLE SUNSHINE  MM
  AVERAGE SKY COVER 0.7


WEATHER CONDITIONS
 THE FOLLOWING WEATHER WAS RECORDED YESTERDAY.
  THUNDERSTORM
  HEAVY RAIN
  RAIN
  LIGHT RAIN
  FOG


RELATIVE HUMIDITY (PERCENT)
 HIGHEST    85           500 AM
 LOWEST     38           300 PM
 AVERAGE    62

..........................................................


THE NEW ORLEANS CLIMATE NORMALS FOR TODAY
                         NORMAL    RECORD    YEAR
 MAXIMUM TEMPERATURE (F)   92       100      1986
 MINIMUM TEMPERATURE (F)   75        64      1972


SUNRISE AND SUNSET
JULY 30 2015..........SUNRISE   619 AM CDT   SUNSET   756 PM CDT
JULY 31 2015..........SUNRISE   619 AM CDT   SUNSET   755 PM CDT


-  INDICATES NEGATIVE NUMBERS.
R  INDICATES RECORD WAS SET OR TIED.
MM INDICATES DATA IS MISSING.
T  INDICATES TRACE AMOUNT.




$$
