000
CDUS44 KLIX 222117
CLINEW


CLIMATE REPORT
NATIONAL WEATHER SERVICE NEW ORLEANS
416 PM CDT TUE AUG 22 2017


...................................

...THE NEW ORLEANS CLIMATE SUMMARY FOR AUGUST 22 2017...
VALID TODAY AS OF 0400 PM LOCAL TIME.

CLIMATE NORMAL PERIOD 1981 TO 2010
CLIMATE RECORD PERIOD 1946 TO 2017


WEATHER ITEM   OBSERVED TIME   RECORD YEAR NORMAL DEPARTURE LAST
                VALUE   (LST)  VALUE       VALUE  FROM      YEAR
                                                  NORMAL
..................................................................
TEMPERATURE (F)
 TODAY
  MAXIMUM         90   1138 AM 102    1980  91     -1       96
  MINIMUM         76    534 AM  66    1956  75      1       80
  AVERAGE         83                        83      0       88

PRECIPITATION (IN)
  TODAY            0.04          4.77 1978   0.19  -0.15      T
  MONTH TO DATE    9.56                      4.28   5.28     9.99
  SINCE JUN 1     31.54                     18.27  13.27    24.22
  SINCE JAN 1     57.44                     42.51  14.93    53.55

SNOWFALL (IN)
  TODAY            0.0
  MONTH TO DATE    0.0
  SINCE JUN 1      0.0
  SINCE JUL 1      0.0
  SNOW DEPTH       0

DEGREE DAYS
 HEATING
  TODAY            0                         0      0        0
  MONTH TO DATE    0                         0      0        0
  SINCE JUN 1      0                         0      0        0
  SINCE JUL 1      0                         0      0        0

 COOLING
  TODAY           18                        18      0       23
  MONTH TO DATE  406                       396     10      455
  SINCE JUN 1   1437                      1457    -20     1721
  SINCE JAN 1   2192                      2076    116     2501
..................................................................


WIND (MPH)
  HIGHEST WIND SPEED    17   HIGHEST WIND DIRECTION    SE (140)
  HIGHEST GUST SPEED    20   HIGHEST GUST DIRECTION    SE (140)
  AVERAGE WIND SPEED     2.7


SKY COVER
  POSSIBLE SUNSHINE  MM
  AVERAGE SKY COVER 0.6


WEATHER CONDITIONS
 THE FOLLOWING WEATHER WAS RECORDED TODAY.
  THUNDERSTORM
  LIGHT RAIN
  FOG


RELATIVE HUMIDITY (PERCENT)
 HIGHEST   100           500 AM
 LOWEST     63          1100 AM
 AVERAGE    82

..........................................................


THE NEW ORLEANS CLIMATE NORMALS FOR TOMORROW
                         NORMAL    RECORD    YEAR
 MAXIMUM TEMPERATURE (F)   91        99      2011
 MINIMUM TEMPERATURE (F)   75        62      1956


SUNRISE AND SUNSET
AUGUST 22 2017........SUNRISE   633 AM CDT   SUNSET   734 PM CDT
AUGUST 23 2017........SUNRISE   633 AM CDT   SUNSET   733 PM CDT


-  INDICATES NEGATIVE NUMBERS.
R  INDICATES RECORD WAS SET OR TIED.
MM INDICATES DATA IS MISSING.
T  INDICATES TRACE AMOUNT.




$$
