000
CDUS44 KLIX 280701
CLINEW


CLIMATE REPORT
NATIONAL WEATHER SERVICE NEW ORLEANS
200 AM CDT WED SEP 28 2016


...................................

...THE NEW ORLEANS CLIMATE SUMMARY FOR SEPTEMBER 27 2016...

CLIMATE NORMAL PERIOD 1981 TO 2010
CLIMATE RECORD PERIOD 1946 TO 2016


WEATHER ITEM   OBSERVED TIME   RECORD YEAR NORMAL DEPARTURE LAST
                VALUE   (LST)  VALUE       VALUE  FROM      YEAR
                                                  NORMAL
..................................................................
TEMPERATURE (F)
 YESTERDAY
  MAXIMUM         90    353 PM  93    1955  85      5       81
  MINIMUM         78    629 AM  52    1975  69      9       70
  AVERAGE         84                        77      7       76

PRECIPITATION (IN)
  YESTERDAY        T             1.57 1996   0.12  -0.12     1.18
  MONTH TO DATE    4.63                      4.59   0.04     2.70
  SINCE SEP 1      4.63                      4.59   0.04     2.70
  SINCE JAN 1     60.06                     48.80  11.26    49.07

SNOWFALL (IN)
  YESTERDAY        0.0
  MONTH TO DATE    0.0
  SINCE SEP 1      0.0
  SINCE JUL 1      0.0
  SNOW DEPTH       0

DEGREE DAYS
 HEATING
  YESTERDAY        0                         0      0        0
  MONTH TO DATE    0                         0      0        0
  SINCE SEP 1      0                         0      0        0
  SINCE JUL 1      0                         0      0        0

 COOLING
  YESTERDAY       19                        12      7       11
  MONTH TO DATE  564                       408    156      425
  SINCE SEP 1    564                       408    156      425
  SINCE JAN 1   3266                      2654    612     3054
..................................................................


WIND (MPH)
  HIGHEST WIND SPEED    17   HIGHEST WIND DIRECTION    NW (330)
  HIGHEST GUST SPEED    22   HIGHEST GUST DIRECTION    NW (330)
  AVERAGE WIND SPEED     5.9


SKY COVER
  POSSIBLE SUNSHINE  MM
  AVERAGE SKY COVER 0.7


WEATHER CONDITIONS
 THE FOLLOWING WEATHER WAS RECORDED YESTERDAY.
  THUNDERSTORM
  LIGHT RAIN
  HAZE


RELATIVE HUMIDITY (PERCENT)
 HIGHEST    85           100 AM
 LOWEST     56           200 PM
 AVERAGE    71

..........................................................


THE NEW ORLEANS CLIMATE NORMALS FOR TODAY
                         NORMAL    RECORD    YEAR
 MAXIMUM TEMPERATURE (F)   85        96      1953
 MINIMUM TEMPERATURE (F)   69        51      1975


SUNRISE AND SUNSET
SEPTEMBER 28 2016.....SUNRISE   653 AM CDT   SUNSET   649 PM CDT
SEPTEMBER 29 2016.....SUNRISE   654 AM CDT   SUNSET   648 PM CDT


-  INDICATES NEGATIVE NUMBERS.
R  INDICATES RECORD WAS SET OR TIED.
MM INDICATES DATA IS MISSING.
T  INDICATES TRACE AMOUNT.




$$
