000
CDUS44 KLIX 182118
CLINEW


CLIMATE REPORT
NATIONAL WEATHER SERVICE NEW ORLEANS
418 PM CDT WED OCT 18 2017


...................................

...THE NEW ORLEANS CLIMATE SUMMARY FOR OCTOBER 18 2017...
VALID TODAY AS OF 0400 PM LOCAL TIME.

CLIMATE NORMAL PERIOD 1981 TO 2010
CLIMATE RECORD PERIOD 1946 TO 2017


WEATHER ITEM   OBSERVED TIME   RECORD YEAR NORMAL DEPARTURE LAST
                VALUE   (LST)  VALUE       VALUE  FROM      YEAR
                                                  NORMAL
..................................................................
TEMPERATURE (F)
 TODAY
  MAXIMUM         79    253 PM  89    2016  80     -1       89
  MINIMUM         66    618 AM  44    1991  62      4       76
                                      1977
  AVERAGE         73                        71      2       83

PRECIPITATION (IN)
  TODAY            0.00          1.71 1980   0.11  -0.11     0.05
  MONTH TO DATE    1.82                      1.99  -0.17     0.05
  SINCE SEP 1      2.24                      6.96  -4.72     4.68
  SINCE JAN 1     65.89                     51.17  14.72    60.11

SNOWFALL (IN)
  TODAY            0.0
  MONTH TO DATE    0.0
  SINCE SEP 1      0.0
  SINCE JUL 1      0.0
  SNOW DEPTH       0

DEGREE DAYS
 HEATING
  TODAY            0                         1     -1        0
  MONTH TO DATE    0                         5     -5        0
  SINCE SEP 1      0                         5     -5        0
  SINCE JUL 1      0                         5     -5        0

 COOLING
  TODAY            8                         6      2       18
  MONTH TO DATE  249                       155     94      279
  SINCE SEP 1    708                       598    110      891
  SINCE JAN 1   3061                      2844    217     3593
..................................................................


WIND (MPH)
  HIGHEST WIND SPEED    15   HIGHEST WIND DIRECTION     E (90)
  HIGHEST GUST SPEED    20   HIGHEST GUST DIRECTION     E (90)
  AVERAGE WIND SPEED     8.6


SKY COVER
  POSSIBLE SUNSHINE  MM
  AVERAGE SKY COVER 0.1


WEATHER CONDITIONS
 THE FOLLOWING WEATHER WAS RECORDED TODAY.
  NO SIGNIFICANT WEATHER WAS OBSERVED.


RELATIVE HUMIDITY (PERCENT)
 HIGHEST    87           300 AM
 LOWEST     54           300 PM
 AVERAGE    71

..........................................................


THE NEW ORLEANS CLIMATE NORMALS FOR TOMORROW
                         NORMAL    RECORD    YEAR
 MAXIMUM TEMPERATURE (F)   79        92      2016
 MINIMUM TEMPERATURE (F)   62        44      1967


SUNRISE AND SUNSET
OCTOBER 18 2017.......SUNRISE   705 AM CDT   SUNSET   627 PM CDT
OCTOBER 19 2017.......SUNRISE   706 AM CDT   SUNSET   626 PM CDT


-  INDICATES NEGATIVE NUMBERS.
R  INDICATES RECORD WAS SET OR TIED.
MM INDICATES DATA IS MISSING.
T  INDICATES TRACE AMOUNT.




$$
