000
CDUS44 KLIX 110801
CLINEW


CLIMATE REPORT
NATIONAL WEATHER SERVICE NEW ORLEANS
200 AM CST MON DEC 11 2017


...................................

...THE NEW ORLEANS CLIMATE SUMMARY FOR DECEMBER 10 2017...

CLIMATE NORMAL PERIOD 1981 TO 2010
CLIMATE RECORD PERIOD 1946 TO 2017


WEATHER ITEM   OBSERVED TIME   RECORD YEAR NORMAL DEPARTURE LAST
                VALUE   (LST)  VALUE       VALUE  FROM      YEAR
                                                  NORMAL
..................................................................
TEMPERATURE (F)
 YESTERDAY
  MAXIMUM         62    107 PM  81    2007  65     -3       53
                                      1972
  MINIMUM         32    648 AM  30    1995  48    -16       39
                                      1973
                                      1962
  AVERAGE         47                        56     -9       46

PRECIPITATION (IN)
  YESTERDAY        0.00          2.07 1947   0.17  -0.17     0.00
  MONTH TO DATE    1.78                      1.67   0.11     3.29
  SINCE DEC 1      1.78                      1.67   0.11     3.29
  SINCE JAN 1     69.04                     58.88  10.16    66.17

SNOWFALL (IN)
  YESTERDAY        0.0
  MONTH TO DATE    T
  SINCE DEC 1      T
  SINCE JUL 1      T
  SNOW DEPTH       0

DEGREE DAYS
 HEATING
  YESTERDAY       18                         9      9       19
  MONTH TO DATE  111                        86     25       90
  SINCE DEC 1    111                        86     25       90
  SINCE JUL 1    243                       250     -7      161

 COOLING
  YESTERDAY        0                         1     -1        0
  MONTH TO DATE    8                        10     -2        0
  SINCE DEC 1      8                        10     -2        0
  SINCE JAN 1   3212                      2988    224     3835
..................................................................


WIND (MPH)
  HIGHEST WIND SPEED    13   HIGHEST WIND DIRECTION     W (270)
  HIGHEST GUST SPEED    17   HIGHEST GUST DIRECTION     W (270)
  AVERAGE WIND SPEED     2.4


SKY COVER
  POSSIBLE SUNSHINE  MM
  AVERAGE SKY COVER 0.1


WEATHER CONDITIONS
 THE FOLLOWING WEATHER WAS RECORDED YESTERDAY.
  FOG
  HAZE


RELATIVE HUMIDITY (PERCENT)
 HIGHEST   100           500 AM
 LOWEST     32           100 PM
 AVERAGE    66

..........................................................


THE NEW ORLEANS CLIMATE NORMALS FOR TODAY
                         NORMAL    RECORD    YEAR
 MAXIMUM TEMPERATURE (F)   65        82      1949
 MINIMUM TEMPERATURE (F)   48        26      1995


SUNRISE AND SUNSET
DECEMBER 11 2017......SUNRISE   647 AM CST   SUNSET   502 PM CST
DECEMBER 12 2017......SUNRISE   647 AM CST   SUNSET   502 PM CST


-  INDICATES NEGATIVE NUMBERS.
R  INDICATES RECORD WAS SET OR TIED.
MM INDICATES DATA IS MISSING.
T  INDICATES TRACE AMOUNT.




$$
