000
CDUS44 KLIX 260820
CLINEW


CLIMATE REPORT
NATIONAL WEATHER SERVICE NEW ORLEANS
220 AM CST WED NOV 26 2014


...................................

...THE NEW ORLEANS CLIMATE SUMMARY FOR NOVEMBER 25 2014...

CLIMATE NORMAL PERIOD 1981 TO 2010
CLIMATE RECORD PERIOD 1946 TO 2014


WEATHER ITEM   OBSERVED TIME   RECORD YEAR NORMAL DEPARTURE LAST
                VALUE   (LST)  VALUE       VALUE  FROM      YEAR
                                                  NORMAL
..................................................................
TEMPERATURE (F)
 YESTERDAY
  MAXIMUM         58    115 PM  83    1973  69    -11       61
                                      1967
  MINIMUM         47   1157 PM  24    1970  51     -4       46
  AVERAGE         53                        60     -7       54

PRECIPITATION (IN)
  YESTERDAY        T             1.79 1979   0.16  -0.16     0.21
  MONTH TO DATE    2.14                      3.69  -1.55     0.80
  SINCE SEP 1      7.82                     12.20  -4.38    11.77
  SINCE JAN 1     50.78                     56.41  -5.63    62.08

SNOWFALL (IN)
  YESTERDAY       MM
  MONTH TO DATE    0.0
  SINCE SEP 1      0.0
  SINCE JUL 1      0.0
  SNOW DEPTH       0

DEGREE DAYS
 HEATING
  YESTERDAY       12                         6      6       11
  MONTH TO DATE  193                       103     90       98
  SINCE SEP 1    195                       128     67      103
  SINCE JUL 1    195                       128     67      103

 COOLING
  YESTERDAY        0                         1     -1        0
  MONTH TO DATE   29                        63    -34       51
  SINCE SEP 1    780                       726     54      823
  SINCE JAN 1   2964                      2972     -8     2959
..................................................................


WIND (MPH)
  HIGHEST WIND SPEED    18   HIGHEST WIND DIRECTION     N (340)
  HIGHEST GUST SPEED    24   HIGHEST GUST DIRECTION    NW (330)
  AVERAGE WIND SPEED    11.6


SKY COVER
  POSSIBLE SUNSHINE  MM
  AVERAGE SKY COVER 0.7


WEATHER CONDITIONS
 THE FOLLOWING WEATHER WAS RECORDED YESTERDAY.
  NO SIGNIFICANT WEATHER WAS OBSERVED.


RELATIVE HUMIDITY (PERCENT)
 HIGHEST    59           200 AM
 LOWEST     35           200 PM
 AVERAGE    47

..........................................................


THE NEW ORLEANS CLIMATE NORMALS FOR TODAY
                         NORMAL    RECORD    YEAR
 MAXIMUM TEMPERATURE (F)   69        84      1985
 MINIMUM TEMPERATURE (F)   51        32      1991


SUNRISE AND SUNSET
NOVEMBER 26 2014......SUNRISE   635 AM CST   SUNSET   501 PM CST
NOVEMBER 27 2014......SUNRISE   636 AM CST   SUNSET   501 PM CST


-  INDICATES NEGATIVE NUMBERS.
R  INDICATES RECORD WAS SET OR TIED.
MM INDICATES DATA IS MISSING.
T  INDICATES TRACE AMOUNT.




$$
