000
CDUS44 KLIX 270714
CLINEW


CLIMATE REPORT
NATIONAL WEATHER SERVICE NEW ORLEANS
213 AM CDT FRI MAR 27 2015


...................................

...THE NEW ORLEANS CLIMATE SUMMARY FOR MARCH 26 2015...

CLIMATE NORMAL PERIOD 1981 TO 2010
CLIMATE RECORD PERIOD 1946 TO 2015


WEATHER ITEM   OBSERVED TIME   RECORD YEAR NORMAL DEPARTURE LAST
                VALUE   (LST)  VALUE       VALUE  FROM      YEAR
                                                  NORMAL
..................................................................
TEMPERATURE (F)
 YESTERDAY
  MAXIMUM         70   1035 AM  84    2011  74     -4       58
  MINIMUM         59   1159 PM  33    1968  55      4       47
  AVERAGE         65                        65      0       53

PRECIPITATION (IN)
  YESTERDAY        0.35          4.24 1974   0.16   0.19      T
  MONTH TO DATE    6.36                      3.79   2.57     1.16
  SINCE MAR 1      6.36                      3.79   2.57     1.16
  SINCE JAN 1     14.06                     14.24  -0.18    10.19

SNOWFALL (IN)
  YESTERDAY        0.0
  MONTH TO DATE    0.0
  SINCE MAR 1      0.0
  SINCE JUL 1      0.0
  SNOW DEPTH       0

DEGREE DAYS
 HEATING
  YESTERDAY        0                         3     -3       12
  MONTH TO DATE   61                       122    -61      175
  SINCE MAR 1     61                       122    -61      175
  SINCE JUL 1   1265                      1231     34     1528

 COOLING
  YESTERDAY        0                         3     -3        0
  MONTH TO DATE  109                        48     61       18
  SINCE MAR 1    109                        48     61       18
  SINCE JAN 1    127                        85     42       42
..................................................................


WIND (MPH)
  HIGHEST WIND SPEED    24   HIGHEST WIND DIRECTION    NW (310)
  HIGHEST GUST SPEED    31   HIGHEST GUST DIRECTION    NW (310)
  AVERAGE WIND SPEED     6.9


SKY COVER
  POSSIBLE SUNSHINE  MM
  AVERAGE SKY COVER 0.9


WEATHER CONDITIONS
 THE FOLLOWING WEATHER WAS RECORDED YESTERDAY.
  THUNDERSTORM
  LIGHT RAIN
  FOG


RELATIVE HUMIDITY (PERCENT)
 HIGHEST    93           700 PM
 LOWEST     78           300 PM
 AVERAGE    86

..........................................................


THE NEW ORLEANS CLIMATE NORMALS FOR TODAY
                         NORMAL    RECORD    YEAR
 MAXIMUM TEMPERATURE (F)   74        85      2011
 MINIMUM TEMPERATURE (F)   55        30      1955


SUNRISE AND SUNSET
MARCH 27 2015.........SUNRISE   657 AM CDT   SUNSET   717 PM CDT
MARCH 28 2015.........SUNRISE   655 AM CDT   SUNSET   717 PM CDT


-  INDICATES NEGATIVE NUMBERS.
R  INDICATES RECORD WAS SET OR TIED.
MM INDICATES DATA IS MISSING.
T  INDICATES TRACE AMOUNT.




$$
