000
CDUS44 KLIX 310708
CLINEW


CLIMATE REPORT
NATIONAL WEATHER SERVICE NEW ORLEANS
207 AM CDT THU JUL 31 2014


...................................

...THE NEW ORLEANS CLIMATE SUMMARY FOR JULY 30 2014...

CLIMATE NORMAL PERIOD 1981 TO 2010
CLIMATE RECORD PERIOD 1946 TO 2014


WEATHER ITEM   OBSERVED TIME   RECORD YEAR NORMAL DEPARTURE LAST
                VALUE   (LST)  VALUE       VALUE  FROM      YEAR
                                                  NORMAL
..................................................................
TEMPERATURE (F)
 YESTERDAY
  MAXIMUM         87    449 PM 100    1986  92     -5       93
  MINIMUM         74    558 AM  64    1972  75     -1       78
  AVERAGE         81                        83     -2       86

PRECIPITATION (IN)
  YESTERDAY        0.00          1.98 1953   0.18  -0.18     0.00
  MONTH TO DATE    4.49                      5.75  -1.26     3.97
  SINCE JUN 1     12.52                     13.81  -1.29     8.36
  SINCE JAN 1     37.46                     38.05  -0.59    43.09

SNOWFALL (IN)
  YESTERDAY        0.0
  MONTH TO DATE    0.0
  SINCE JUN 1      0.0
  SINCE JUL 1      0.0
  SNOW DEPTH       0

DEGREE DAYS
 HEATING
  YESTERDAY        0                         0      0        0
  MONTH TO DATE    0                         0      0        0
  SINCE JUN 1      0                         0      0        0
  SINCE JUL 1      0                         0      0        0

 COOLING
  YESTERDAY       16                        18     -2       21
  MONTH TO DATE  534                       540     -6      525
  SINCE JUN 1   1038                      1035      3     1066
  SINCE JAN 1   1561                      1654    -93     1559
..................................................................


WIND (MPH)
  HIGHEST WIND SPEED    17   HIGHEST WIND DIRECTION    NE (40)
  HIGHEST GUST SPEED    22   HIGHEST GUST DIRECTION    NE (30)
  AVERAGE WIND SPEED     8.7


SKY COVER
  POSSIBLE SUNSHINE  MM
  AVERAGE SKY COVER 0.4


WEATHER CONDITIONS
 THE FOLLOWING WEATHER WAS RECORDED YESTERDAY.
  NO SIGNIFICANT WEATHER WAS OBSERVED.


RELATIVE HUMIDITY (PERCENT)
 HIGHEST    69           300 AM
 LOWEST     40           300 PM
 AVERAGE    55

..........................................................


THE NEW ORLEANS CLIMATE NORMALS FOR TODAY
                         NORMAL    RECORD    YEAR
 MAXIMUM TEMPERATURE (F)   92        98      1993
 MINIMUM TEMPERATURE (F)   75        63      1972


SUNRISE AND SUNSET
JULY 31 2014..........SUNRISE   619 AM CDT   SUNSET   755 PM CDT
AUGUST  1 2014........SUNRISE   620 AM CDT   SUNSET   754 PM CDT


-  INDICATES NEGATIVE NUMBERS.
R  INDICATES RECORD WAS SET OR TIED.
MM INDICATES DATA IS MISSING.
T  INDICATES TRACE AMOUNT.




$$
