000
CDUS44 KLIX 040814
CLINEW


CLIMATE REPORT
NATIONAL WEATHER SERVICE NEW ORLEANS
213 AM CST WED MAR 4 2015


...................................

...THE NEW ORLEANS CLIMATE SUMMARY FOR MARCH 3 2015...

CLIMATE NORMAL PERIOD 1981 TO 2010
CLIMATE RECORD PERIOD 1946 TO 2015


WEATHER ITEM   OBSERVED TIME   RECORD YEAR NORMAL DEPARTURE LAST
                VALUE   (LST)  VALUE       VALUE  FROM      YEAR
                                                  NORMAL
..................................................................
TEMPERATURE (F)
 YESTERDAY
  MAXIMUM         80    123 PM  83    1955  69     11       68
  MINIMUM         65    637 AM  25    1980  51     14       35
  AVERAGE         73                        60     13       52

PRECIPITATION (IN)
  YESTERDAY        0.00          3.39 2001   0.16  -0.16     0.01
  MONTH TO DATE    1.12                      0.47   0.65     0.01
  SINCE MAR 1      1.12                      0.47   0.65     0.01
  SINCE JAN 1      8.82                     10.92  -2.10     9.04

SNOWFALL (IN)
  YESTERDAY        0.0
  MONTH TO DATE    0.0
  SINCE MAR 1      0.0
  SINCE JUL 1      0.0
  SNOW DEPTH       0

DEGREE DAYS
 HEATING
  YESTERDAY        0                         6     -6       13
  MONTH TO DATE    3                        18    -15       13
  SINCE MAR 1      3                        18    -15       13
  SINCE JUL 1   1207                      1127     80     1366

 COOLING
  YESTERDAY        8                         1      7        0
  MONTH TO DATE   11                         3      8        7
  SINCE MAR 1     11                         3      8        7
  SINCE JAN 1     29                        40    -11       31
..................................................................


WIND (MPH)
  HIGHEST WIND SPEED    24   HIGHEST WIND DIRECTION     S (170)
  HIGHEST GUST SPEED    30   HIGHEST GUST DIRECTION     S (180)
  AVERAGE WIND SPEED     9.5


SKY COVER
  POSSIBLE SUNSHINE  MM
  AVERAGE SKY COVER 0.8


WEATHER CONDITIONS
 THE FOLLOWING WEATHER WAS RECORDED YESTERDAY.
  FOG
  FOG W/VISIBILITY <= 1/4 MILE


RELATIVE HUMIDITY (PERCENT)
 HIGHEST   100          1200 AM
 LOWEST     67           100 PM
 AVERAGE    84

..........................................................


THE NEW ORLEANS CLIMATE NORMALS FOR TODAY
                         NORMAL    RECORD    YEAR
 MAXIMUM TEMPERATURE (F)   69        83      1955
 MINIMUM TEMPERATURE (F)   51        30      2002


SUNRISE AND SUNSET
MARCH  4 2015.........SUNRISE   624 AM CST   SUNSET   602 PM CST
MARCH  5 2015.........SUNRISE   623 AM CST   SUNSET   603 PM CST


-  INDICATES NEGATIVE NUMBERS.
R  INDICATES RECORD WAS SET OR TIED.
MM INDICATES DATA IS MISSING.
T  INDICATES TRACE AMOUNT.




$$
