000
CDUS44 KLIX 272117
CLINEW


CLIMATE REPORT
NATIONAL WEATHER SERVICE NEW ORLEANS
417 PM CDT TUE JUN 27 2017


...................................

...THE NEW ORLEANS CLIMATE SUMMARY FOR JUNE 27 2017...
VALID TODAY AS OF 0400 PM LOCAL TIME.

CLIMATE NORMAL PERIOD 1981 TO 2010
CLIMATE RECORD PERIOD 1946 TO 2017


WEATHER ITEM   OBSERVED TIME   RECORD YEAR NORMAL DEPARTURE LAST
                VALUE   (LST)  VALUE       VALUE  FROM      YEAR
                                                  NORMAL
..................................................................
TEMPERATURE (F)
 TODAY
  MAXIMUM         86   1212 PM  98    1967  90     -4       94
  MINIMUM         76    519 AM  62    1974  75      1       77
  AVERAGE         81                        83     -2       86

PRECIPITATION (IN)
  TODAY            0.00          2.07 1996   0.26  -0.26     0.36
  MONTH TO DATE   15.04                      7.29   7.75     9.00
  SINCE JUN 1     15.04                      7.29   7.75     9.00
  SINCE JAN 1     40.94                     31.53   9.41    38.33

SNOWFALL (IN)
  TODAY            0.0
  MONTH TO DATE    0.0
  SINCE JUN 1      0.0
  SINCE JUL 1      0.0
  SNOW DEPTH       0

DEGREE DAYS
 HEATING
  TODAY            0                         0      0        0
  MONTH TO DATE    0                         0      0        0
  SINCE JUN 1      0                         0      0        0
  SINCE JUL 1    635                      1280   -645      755

 COOLING
  TODAY           16                        18     -2       21
  MONTH TO DATE  411                       441    -30      524
  SINCE JUN 1    411                       441    -30      524
  SINCE JAN 1   1166                      1060    106     1304
..................................................................


WIND (MPH)
  HIGHEST WIND SPEED    12   HIGHEST WIND DIRECTION    NE (60)
  HIGHEST GUST SPEED    15   HIGHEST GUST DIRECTION     E (70)
  AVERAGE WIND SPEED     4.4


SKY COVER
  POSSIBLE SUNSHINE  MM
  AVERAGE SKY COVER 0.8


WEATHER CONDITIONS
 THE FOLLOWING WEATHER WAS RECORDED TODAY.
  NO SIGNIFICANT WEATHER WAS OBSERVED.


RELATIVE HUMIDITY (PERCENT)
 HIGHEST   100           400 AM
 LOWEST     44          1200 PM
 AVERAGE    72

..........................................................


THE NEW ORLEANS CLIMATE NORMALS FOR TOMORROW
                         NORMAL    RECORD    YEAR
 MAXIMUM TEMPERATURE (F)   91        97      2009
 MINIMUM TEMPERATURE (F)   75        58      1974


SUNRISE AND SUNSET
JUNE 27 2017..........SUNRISE   602 AM CDT   SUNSET   806 PM CDT
JUNE 28 2017..........SUNRISE   603 AM CDT   SUNSET   806 PM CDT


-  INDICATES NEGATIVE NUMBERS.
R  INDICATES RECORD WAS SET OR TIED.
MM INDICATES DATA IS MISSING.
T  INDICATES TRACE AMOUNT.




$$
