000
CDUS46 KMTR 182245
CLINUQ


CLIMATE REPORT
NATIONAL WEATHER SERVICE SAN FRANCISCO BAY AREA
245 PM PST THU JAN 18 2018


...................................

...THE MOFFETT FIELD CLIMATE SUMMARY FOR JANUARY 18 2018...
VALID TODAY AS OF 0200 PM LOCAL TIME.

CLIMATE NORMAL PERIOD 1981 TO 2010
CLIMATE RECORD PERIOD 1945 TO 2018


WEATHER ITEM   OBSERVED TIME   RECORD YEAR NORMAL DEPARTURE LAST
                VALUE   (LST)  VALUE       VALUE  FROM      YEAR
                                                  NORMAL
..................................................................
TEMPERATURE (F)
 TODAY
  MAXIMUM         MM        MM  71    2014  59     MM       54
                                      1981
  MINIMUM         MM        MM  27    1947  43     MM       46
  AVERAGE         MM                        51     MM       50

PRECIPITATION (IN)
  TODAY            0.00          0.81 1969   0.08  -0.08     0.57
  MONTH TO DATE    2.37                      1.71   0.66     3.54
  SINCE OCT 1      4.32                      6.55  -2.23     8.11
  SINCE JAN 1      2.37                      1.71   0.66     3.54

DEGREE DAYS
 HEATING
  TODAY           MM                                        15
  MONTH TO DATE  193                                       274
  SINCE DEC 1    631                                       733
  SINCE JUL 1    913                                      1020

 COOLING
  TODAY           MM                                         0
  MONTH TO DATE    0                                         0
  SINCE DEC 1      0                                         0
  SINCE JAN 1      0                                         0
..................................................................


WIND (MPH)
  RESULTANT WIND SPEED   2   RESULTANT WIND DIRECTION  SE (150)
  HIGHEST WIND SPEED    10   HIGHEST WIND DIRECTION    SE (130)
  HIGHEST GUST SPEED    MM   HIGHEST GUST DIRECTION    MM
  AVERAGE WIND SPEED     5.2


SKY COVER
  POSSIBLE SUNSHINE  MM
  AVERAGE SKY COVER 0.8


WEATHER CONDITIONS
 THE FOLLOWING WEATHER WAS RECORDED TODAY.
  FOG
  FOG W/VISIBILITY <= 1/4 MILE
  HAZE


RELATIVE HUMIDITY (PERCENT)
 HIGHEST   100          1200 AM
 LOWEST     72           100 PM
 AVERAGE    86

..........................................................


THE MOFFETT FIELD CLIMATE NORMALS FOR TOMORROW
                         NORMAL    RECORD    YEAR
 MAXIMUM TEMPERATURE (F)   59        71      2009
 MINIMUM TEMPERATURE (F)   43        31      1948


SUNRISE AND SUNSET
JANUARY 18 2018.......SUNRISE   720 AM PST   SUNSET   517 PM PST
JANUARY 19 2018.......SUNRISE   720 AM PST   SUNSET   518 PM PST


-  INDICATES NEGATIVE NUMBERS.
R  INDICATES RECORD WAS SET OR TIED.
MM INDICATES DATA IS MISSING.
T  INDICATES TRACE AMOUNT.




$$
