000
CDUS46 KMTR 260842
CLINUQ


CLIMATE REPORT
NATIONAL WEATHER SERVICE SAN FRANCISCO BAY AREA
1242 AM PST MON JAN 26 2015


...................................

...THE MOFFETT FIELD CLIMATE SUMMARY FOR JANUARY 25 2015...

CLIMATE NORMAL PERIOD 1981 TO 2010
CLIMATE RECORD PERIOD 1945 TO 2015


WEATHER ITEM   OBSERVED TIME   RECORD YEAR NORMAL DEPARTURE LAST
                VALUE   (LST)  VALUE       VALUE  FROM      YEAR
                                                  NORMAL
..................................................................
TEMPERATURE (F)
 YESTERDAY
  MAXIMUM         65    432 PM  72    2014  59      6       72
  MINIMUM         44    756 AM  30    1949  43      1       45
  AVERAGE         55                        51      4       59

PRECIPITATION (IN)
  YESTERDAY        0.00          1.40 2008   0.08  -0.08     0.00
  MONTH TO DATE    0.01                      2.24  -2.23     0.02
  SINCE JUL 1     10.41                      7.29   3.12     1.28
  SINCE JAN 1      0.01                      2.24  -2.23     0.02

DEGREE DAYS
 HEATING
  YESTERDAY       10                                         6
  MONTH TO DATE  340                                       272
  SINCE DEC 1    631                                       778
  SINCE JUL 1    858                                      1150

 COOLING
  YESTERDAY        0                                         0
  MONTH TO DATE    0                                         0
  SINCE DEC 1      0                                         0
  SINCE JAN 1      0                                         0
..................................................................


WIND (MPH)
  RESULTANT WIND SPEED   2   RESULTANT WIND DIRECTION  NW (310)
  HIGHEST WIND SPEED     9   HIGHEST WIND DIRECTION     N (360)
  HIGHEST GUST SPEED    12   HIGHEST GUST DIRECTION     N (360)
  AVERAGE WIND SPEED     2.5


SKY COVER
  POSSIBLE SUNSHINE  MM
  AVERAGE SKY COVER 0.0


WEATHER CONDITIONS
 THE FOLLOWING WEATHER WAS RECORDED YESTERDAY.
  NO SIGNIFICANT WEATHER WAS OBSERVED.


RELATIVE HUMIDITY (PERCENT)
 HIGHEST    89           700 AM
 LOWEST     40           400 PM
 AVERAGE    65

..........................................................


THE MOFFETT FIELD CLIMATE NORMALS FOR TODAY
                         NORMAL    RECORD    YEAR
 MAXIMUM TEMPERATURE (F)   59        70      2014
 MINIMUM TEMPERATURE (F)   43        25      1949


SUNRISE AND SUNSET
JANUARY 26 2015.......SUNRISE   716 AM PST   SUNSET   526 PM PST
JANUARY 27 2015.......SUNRISE   715 AM PST   SUNSET   527 PM PST


-  INDICATES NEGATIVE NUMBERS.
R  INDICATES RECORD WAS SET OR TIED.
MM INDICATES DATA IS MISSING.
T  INDICATES TRACE AMOUNT.




$$
