000
CDUS46 KMTR 160025
CLINUQ


CLIMATE REPORT
NATIONAL WEATHER SERVICE SAN FRANCISCO BAY AREA
525 PM PDT TUE AUG 15 2017


...................................

...THE MOFFETT FIELD CLIMATE SUMMARY FOR AUGUST 15 2017...
VALID TODAY AS OF 0500 PM LOCAL TIME.

CLIMATE NORMAL PERIOD 1981 TO 2010
CLIMATE RECORD PERIOD 1945 TO 2017


WEATHER ITEM   OBSERVED TIME   RECORD YEAR NORMAL DEPARTURE LAST
                VALUE   (LST)  VALUE       VALUE  FROM      YEAR
                                                  NORMAL
..................................................................
TEMPERATURE (F)
 TODAY
  MAXIMUM         75    124 PM  95    2015  77     -2       74
  MINIMUM         60    637 AM  50    1954  59      1       59
  AVERAGE         68                        68      0       67

PRECIPITATION (IN)
  TODAY            0.00          0.17 1976   0.00   0.00     0.00
  MONTH TO DATE    T                         0.00   0.00     0.00
  SINCE OCT 1     18.15                     14.49   3.66    13.15
  SINCE JAN 1     13.58                      9.65   3.93     8.75

DEGREE DAYS
 HEATING
  TODAY            0                                         0
  MONTH TO DATE    0                                         2
  SINCE JUN 1     29                                        15
  SINCE JUL 1      2                                         7

 COOLING
  TODAY            3                                         2
  MONTH TO DATE   63                                        39
  SINCE JUN 1    282                                       231
  SINCE JAN 1    335                                       291
..................................................................


WIND (MPH)
  RESULTANT WIND SPEED   4   RESULTANT WIND DIRECTION  NW (310)
  HIGHEST WIND SPEED    16   HIGHEST WIND DIRECTION    NW (320)
  HIGHEST GUST SPEED    22   HIGHEST GUST DIRECTION     W (280)
  AVERAGE WIND SPEED     7.2


SKY COVER
  POSSIBLE SUNSHINE  MM
  AVERAGE SKY COVER 0.4


WEATHER CONDITIONS
 THE FOLLOWING WEATHER WAS RECORDED TODAY.
  NO SIGNIFICANT WEATHER WAS OBSERVED.


RELATIVE HUMIDITY (PERCENT)
 HIGHEST    78          1200 AM
 LOWEST     46           200 PM
 AVERAGE    62

..........................................................


THE MOFFETT FIELD CLIMATE NORMALS FOR TOMORROW
                         NORMAL    RECORD    YEAR
 MAXIMUM TEMPERATURE (F)   77        97      2015
 MINIMUM TEMPERATURE (F)   59        51      1954


SUNRISE AND SUNSET
AUGUST 15 2017........SUNRISE   625 AM PDT   SUNSET   800 PM PDT
AUGUST 16 2017........SUNRISE   625 AM PDT   SUNSET   759 PM PDT


-  INDICATES NEGATIVE NUMBERS.
R  INDICATES RECORD WAS SET OR TIED.
MM INDICATES DATA IS MISSING.
T  INDICATES TRACE AMOUNT.




$$
