000
CDUS46 KMTR 070038
CLINUQ


CLIMATE REPORT
NATIONAL WEATHER SERVICE SAN FRANCISCO BAY AREA
438 PM PST FRI MAR 6 2015


...................................

...THE MOFFETT FIELD CLIMATE SUMMARY FOR MARCH 6 2015...
VALID TODAY AS OF 0400 PM LOCAL TIME.

CLIMATE NORMAL PERIOD 1981 TO 2010
CLIMATE RECORD PERIOD 1945 TO 2015


WEATHER ITEM   OBSERVED TIME   RECORD YEAR NORMAL DEPARTURE LAST
                VALUE   (LST)  VALUE       VALUE  FROM      YEAR
                                                  NORMAL
..................................................................
TEMPERATURE (F)
 TODAY
  MAXIMUM         71    300 PM  76    1993  64      7       66
  MINIMUM         42        MM  34    1971  47     -5       53
  AVERAGE         57                        56      1       60

PRECIPITATION (IN)
  TODAY            0.00          0.94 1952   0.08  -0.08     0.01
  MONTH TO DATE    0.05                      0.52  -0.47     0.39
  SINCE OCT 1     12.49                     11.18   1.31     3.99
  SINCE JAN 1      2.50                      6.34  -3.84     3.23

DEGREE DAYS
 HEATING
  TODAY            8                                         5
  MONTH TO DATE   64                                        32
  SINCE MAR 1     64                                        32
  SINCE JUL 1   1169                                      1490

 COOLING
  TODAY            0                                         0
  MONTH TO DATE    0                                         0
  SINCE MAR 1      0                                         0
  SINCE JAN 1      0                                         0
..................................................................


WIND (MPH)
  RESULTANT WIND SPEED   2   RESULTANT WIND DIRECTION   N (360)
  HIGHEST WIND SPEED    12   HIGHEST WIND DIRECTION     N (350)
  HIGHEST GUST SPEED    MM   HIGHEST GUST DIRECTION    MM
  AVERAGE WIND SPEED     1.7


SKY COVER
  POSSIBLE SUNSHINE  MM
  AVERAGE SKY COVER 0.0


WEATHER CONDITIONS
 THE FOLLOWING WEATHER WAS RECORDED TODAY.
  NO SIGNIFICANT WEATHER WAS OBSERVED.


RELATIVE HUMIDITY (PERCENT)
 HIGHEST    76           400 AM
 LOWEST     35           200 PM
 AVERAGE    56

..........................................................


THE MOFFETT FIELD CLIMATE NORMALS FOR TOMORROW
                         NORMAL    RECORD    YEAR
 MAXIMUM TEMPERATURE (F)   64        78      1953
 MINIMUM TEMPERATURE (F)   47        35      1948


SUNRISE AND SUNSET
MARCH  6 2015.........SUNRISE   633 AM PST   SUNSET   607 PM PST
MARCH  7 2015.........SUNRISE   631 AM PST   SUNSET   608 PM PST


-  INDICATES NEGATIVE NUMBERS.
R  INDICATES RECORD WAS SET OR TIED.
MM INDICATES DATA IS MISSING.
T  INDICATES TRACE AMOUNT.




$$
