000
CDUS41 KOKX 260623
CLINYC


CLIMATE REPORT
NATIONAL WEATHER SERVICE NEW YORK NY
223 AM EDT THU MAY 26 2016


...................................

...THE CENTRAL PARK NY CLIMATE SUMMARY FOR MAY 25 2016...

CLIMATE NORMAL PERIOD 1981 TO 2010
CLIMATE RECORD PERIOD 1869 TO 2016


WEATHER ITEM   OBSERVED TIME   RECORD YEAR NORMAL DEPARTURE LAST
                VALUE   (LST)  VALUE       VALUE  FROM      YEAR
                                                  NORMAL
..................................................................
TEMPERATURE (F)
 YESTERDAY
  MAXIMUM         88    108 PM  95    1880  73     15       85
  MINIMUM         61    433 AM  41    1925  57      4       64
  AVERAGE         75                        65     10       75

PRECIPITATION (IN)
  YESTERDAY        0.00          0.86 1927   0.15  -0.15     0.00
  MONTH TO DATE    2.10                      3.30  -1.20     0.32
  SINCE MAR 1      4.88                     12.16  -7.28     7.12
  SINCE JAN 1     13.69                     18.90  -5.21    14.39

SNOWFALL (IN)
  YESTERDAY        0.0           0.0  2002   0.0    0.0      0.0
                                      2001
  MONTH TO DATE    0.0                       0.0    0.0      0.0
  SINCE OCT 1     32.8                      25.8    7.0     50.3
  SINCE JUL 1     32.8                      25.8    7.0     50.3
  SNOW DEPTH       0

DEGREE DAYS
 HEATING
  YESTERDAY        0                         3     -3        0
  MONTH TO DATE  161                       124     37       37
  SINCE MAR 1   1014                      1195   -181     1182
  SINCE JUL 1   3761                      4717   -956     4941

 COOLING
  YESTERDAY       10                         3      7       10
  MONTH TO DATE   16                        38    -22       87
  SINCE MAR 1     35                        50    -15       92
  SINCE JAN 1     35                        50    -15       92
..................................................................


WIND (MPH)
  HIGHEST WIND SPEED    10   HIGHEST WIND DIRECTION    SW (240)
  HIGHEST GUST SPEED    16   HIGHEST GUST DIRECTION     W (250)
  AVERAGE WIND SPEED     4.3


SKY COVER
  AVERAGE SKY COVER 0.0


WEATHER CONDITIONS
 THE FOLLOWING WEATHER WAS RECORDED YESTERDAY.
  NO SIGNIFICANT WEATHER WAS OBSERVED.


RELATIVE HUMIDITY (PERCENT)
 HIGHEST    72           400 AM
 LOWEST     20           200 PM
 AVERAGE    46

..........................................................


THE CENTRAL PARK NY CLIMATE NORMALS FOR TODAY
                         NORMAL    RECORD    YEAR
 MAXIMUM TEMPERATURE (F)   74        95      1880
 MINIMUM TEMPERATURE (F)   57        42      1967


SUNRISE AND SUNSET
MAY 26 2016...........SUNRISE   530 AM EDT   SUNSET   817 PM EDT
MAY 27 2016...........SUNRISE   529 AM EDT   SUNSET   818 PM EDT


-  INDICATES NEGATIVE NUMBERS.
R  INDICATES RECORD WAS SET OR TIED.
MM INDICATES DATA IS MISSING.
T  INDICATES TRACE AMOUNT.




$$
