000
CDUS41 KOKX 222036
CLINYC


CLIMATE REPORT
NATIONAL WEATHER SERVICE NEW YORK NY
436 PM EDT TUE AUG 22 2017


...................................

...THE CENTRAL PARK NY CLIMATE SUMMARY FOR AUGUST 22 2017...
VALID TODAY AS OF 0400 PM LOCAL TIME.

CLIMATE NORMAL PERIOD 1981 TO 2010
CLIMATE RECORD PERIOD 1869 TO 2017


WEATHER ITEM   OBSERVED TIME   RECORD YEAR NORMAL DEPARTURE LAST
                VALUE   (LST)  VALUE       VALUE  FROM      YEAR
                                                  NORMAL
..................................................................
TEMPERATURE (F)
 TODAY
  MAXIMUM         89    259 PM  95    1916  82      7       79
  MINIMUM         75    604 AM  52    1895  67      8       65
  AVERAGE         82                        75      7       72

PRECIPITATION (IN)
  TODAY            0.00          1.85 1994   0.14  -0.14     0.00
  MONTH TO DATE    2.74                      3.28  -0.54     1.96
  SINCE JUN 1     11.69                     12.29  -0.60    11.58
  SINCE JAN 1     34.47                     32.08   2.39    26.92

SNOWFALL (IN)
  TODAY            0.0           0.0  2002   0.0    0.0      0.0
                                      2001
  MONTH TO DATE    0.0                       0.0    0.0      0.0
  SINCE OCT 1     30.2                      25.8    4.4     32.8
  SINCE JUL 1      0.0                       0.0    0.0      0.0
  SNOW DEPTH       0

DEGREE DAYS
 HEATING
  TODAY            0                         0      0        0
  MONTH TO DATE    0                         0      0        0
  SINCE JUN 1     24                        19      5        7
  SINCE JUL 1      0                         0      0        0

 COOLING
  TODAY           17                        10      7        7
  MONTH TO DATE  239                       236      3      318
  SINCE JUN 1    853                       803     50      982
  SINCE JAN 1    942                       872     70     1101
..................................................................


WIND (MPH)
  HIGHEST WIND SPEED    12   HIGHEST WIND DIRECTION    SW (220)
  HIGHEST GUST SPEED    18   HIGHEST GUST DIRECTION    SW (240)
  AVERAGE WIND SPEED     4.2


SKY COVER
  AVERAGE SKY COVER 0.2


WEATHER CONDITIONS
 THE FOLLOWING WEATHER WAS RECORDED TODAY.
  FOG
  HAZE


RELATIVE HUMIDITY (PERCENT)
 HIGHEST    87           200 AM
 LOWEST     63          1200 PM
 AVERAGE    75

..........................................................


THE CENTRAL PARK NY CLIMATE NORMALS FOR TOMORROW
                         NORMAL    RECORD    YEAR
 MAXIMUM TEMPERATURE (F)   82        92      1916
 MINIMUM TEMPERATURE (F)   67        51      1923


SUNRISE AND SUNSET
AUGUST 22 2017........SUNRISE   613 AM EDT   SUNSET   743 PM EDT
AUGUST 23 2017........SUNRISE   614 AM EDT   SUNSET   742 PM EDT


-  INDICATES NEGATIVE NUMBERS.
R  INDICATES RECORD WAS SET OR TIED.
MM INDICATES DATA IS MISSING.
T  INDICATES TRACE AMOUNT.




$$
