000
CDUS41 KOKX 250616
CLINYC


CLIMATE REPORT
NATIONAL WEATHER SERVICE NEW YORK NY
216 AM EDT SUN SEP 25 2016


...................................

...THE CENTRAL PARK NY CLIMATE SUMMARY FOR SEPTEMBER 24 2016...

CLIMATE NORMAL PERIOD 1981 TO 2010
CLIMATE RECORD PERIOD 1869 TO 2016


WEATHER ITEM   OBSERVED TIME   RECORD YEAR NORMAL DEPARTURE LAST
                VALUE   (LST)  VALUE       VALUE  FROM      YEAR
                                                  NORMAL
..................................................................
TEMPERATURE (F)
 YESTERDAY
  MAXIMUM         71    150 PM  89    1959  72     -1       82
  MINIMUM         58    732 AM  40    1963  58      0       60
  AVERAGE         65                        65      0       71

PRECIPITATION (IN)
  YESTERDAY        0.20          2.26 1975   0.15   0.05     0.00
  MONTH TO DATE    2.17                      3.36  -1.19     1.91
  SINCE SEP 1      2.17                      3.36  -1.19     1.91
  SINCE JAN 1     29.10                     36.60  -7.50    28.96

SNOWFALL (IN)
  YESTERDAY        0.0           0.0  2002   0.0    0.0      0.0
                                      2001
  MONTH TO DATE    0.0                       0.0    0.0      0.0
  SINCE OCT 1     32.8                      25.8    7.0     50.3
  SINCE JUL 1      0.0                       0.0    0.0      0.0
  SNOW DEPTH       0

DEGREE DAYS
 HEATING
  YESTERDAY        0                         2     -2        0
  MONTH TO DATE    0                        21    -21        0
  SINCE SEP 1      0                        21    -21        0
  SINCE JUL 1      0                        23    -23        0

 COOLING
  YESTERDAY        0                         2     -2        6
  MONTH TO DATE  224                       121    103      262
  SINCE SEP 1    224                       121    103      262
  SINCE JAN 1   1456                      1075    381     1527
..................................................................


WIND (MPH)
  HIGHEST WIND SPEED    14   HIGHEST WIND DIRECTION    NE (60)
  HIGHEST GUST SPEED    23   HIGHEST GUST DIRECTION    NE (50)
  AVERAGE WIND SPEED     5.1


SKY COVER
  AVERAGE SKY COVER 0.5


WEATHER CONDITIONS
 THE FOLLOWING WEATHER WAS RECORDED YESTERDAY.
  HEAVY RAIN
  RAIN
  LIGHT RAIN
  FOG


RELATIVE HUMIDITY (PERCENT)
 HIGHEST    93           100 AM
 LOWEST     37           200 PM
 AVERAGE    65

..........................................................


THE CENTRAL PARK NY CLIMATE NORMALS FOR TODAY
                         NORMAL    RECORD    YEAR
 MAXIMUM TEMPERATURE (F)   72        90      1970
 MINIMUM TEMPERATURE (F)   57        40      1887


SUNRISE AND SUNSET
SEPTEMBER 25 2016.....SUNRISE   647 AM EDT   SUNSET   647 PM EDT
SEPTEMBER 26 2016.....SUNRISE   648 AM EDT   SUNSET   645 PM EDT


-  INDICATES NEGATIVE NUMBERS.
R  INDICATES RECORD WAS SET OR TIED.
MM INDICATES DATA IS MISSING.
T  INDICATES TRACE AMOUNT.




$$
