000
CDUS41 KOKX 030639
CLINYC


CLIMATE REPORT
NATIONAL WEATHER SERVICE NEW YORK NY
138 AM EST TUE MAR 3 2015


...................................

...THE CENTRAL PARK NY CLIMATE SUMMARY FOR MARCH 2 2015...

CLIMATE NORMAL PERIOD 1981 TO 2010
CLIMATE RECORD PERIOD 1869 TO 2015


WEATHER ITEM   OBSERVED TIME   RECORD YEAR NORMAL DEPARTURE LAST
                VALUE   (LST)  VALUE       VALUE  FROM      YEAR
                                                  NORMAL
..................................................................
TEMPERATURE (F)
 YESTERDAY
  MAXIMUM         39    304 PM  72    1972  45     -6       40
  MINIMUM         27   1159 PM   9    1891  32     -5       32
  AVERAGE         33                        38     -5       36

PRECIPITATION (IN)
  YESTERDAY        0.00          2.41 2007   0.12  -0.12      T
  MONTH TO DATE    0.52                      0.25   0.27      T
  SINCE MAR 1      0.52                      0.25   0.27      T
  SINCE JAN 1      7.79                      6.99   0.80     8.27

SNOWFALL (IN)
  YESTERDAY        0.0          10.0  1896   0.2   -0.2       T
  MONTH TO DATE    4.8                       0.4    4.4       T
  SINCE OCT 1     33.2                      21.7   11.5     57.3
  SINCE JUL 1     33.2                      21.7   11.5     57.3
  SNOW DEPTH      15

DEGREE DAYS
 HEATING
  YESTERDAY       32                        27      5       29
  MONTH TO DATE   69                        54     15       65
  SINCE MAR 1     69                        54     15       65
  SINCE JUL 1   3828                      3576    252     3735

 COOLING
  YESTERDAY        0                         0      0        0
  MONTH TO DATE    0                         0      0        0
  SINCE MAR 1      0                         0      0        0
  SINCE JAN 1      0                         0      0        0
..................................................................


WIND (MPH)
  HIGHEST WIND SPEED    18   HIGHEST WIND DIRECTION    NW (310)
  HIGHEST GUST SPEED    34   HIGHEST GUST DIRECTION    NW (300)
  AVERAGE WIND SPEED     8.0


SKY COVER
  AVERAGE SKY COVER 0.5


WEATHER CONDITIONS
 THE FOLLOWING WEATHER WAS RECORDED YESTERDAY.
  HAZE


RELATIVE HUMIDITY (PERCENT)
 HIGHEST    78           100 AM
 LOWEST     32           300 PM
 AVERAGE    55

..........................................................


THE CENTRAL PARK NY CLIMATE NORMALS FOR TODAY
                         NORMAL    RECORD    YEAR
 MAXIMUM TEMPERATURE (F)   45        65      1991
 MINIMUM TEMPERATURE (F)   32        11      2003
                                             1962
                                             1950


SUNRISE AND SUNSET
MARCH  3 2015.........SUNRISE   627 AM EST   SUNSET   549 PM EST
MARCH  4 2015.........SUNRISE   626 AM EST   SUNSET   550 PM EST


-  INDICATES NEGATIVE NUMBERS.
R  INDICATES RECORD WAS SET OR TIED.
MM INDICATES DATA IS MISSING.
T  INDICATES TRACE AMOUNT.




$$
