000
CDUS45 KPSR 280819
CLINYL

CLIMATE REPORT
NATIONAL WEATHER SERVICE PHOENIX AZ
117 AM MST FRI APR 28 2017


...................................

...THE YUMA AZ CLIMATE SUMMARY FOR APRIL 27 2017...

CLIMATE NORMAL PERIOD 1981 TO 2010
CLIMATE RECORD PERIOD 1876 TO 2017


WEATHER ITEM   OBSERVED TIME   RECORD YEAR NORMAL DEPARTURE LAST
                VALUE   (LST)  VALUE       VALUE  FROM      YEAR
                                                  NORMAL
..................................................................
TEMPERATURE (F)
 YESTERDAY
  MAXIMUM         93    334 PM 104    1992  90      3       86
  MINIMUM         65    511 AM  46    1955  63      2       59
  AVERAGE         79                        76      3       73

PRECIPITATION (IN)
  YESTERDAY        0.00          0.07 1883   0.00   0.00     0.00
                                      1882
  MONTH TO DATE    0.00                      0.14  -0.14     0.31
  SINCE OCT 1      2.51                      2.17   0.34     0.94
  SINCE JAN 1      1.56                      1.23   0.33     0.80

DEGREE DAYS
 HEATING
  YESTERDAY        0                         0      0        0
  MONTH TO DATE    0                        12    -12        1
  SINCE MAR 1     13                        62    -49       22
  SINCE JUL 1    526                       685   -159      598

 COOLING
  YESTERDAY       14                        11      3        8
  MONTH TO DATE  300                       217     83      255
  SINCE MAR 1    530                       334    196      435
  SINCE JAN 1    571                       370    201      571
..................................................................


WIND (MPH)
  HIGHEST WIND SPEED    15   HIGHEST WIND DIRECTION     S (160)
  HIGHEST GUST SPEED    17   HIGHEST GUST DIRECTION     S (200)
  AVERAGE WIND SPEED     6.1


SKY COVER
  AVERAGE SKY COVER 0.3


WEATHER CONDITIONS
 THE FOLLOWING WEATHER WAS RECORDED YESTERDAY.
  NO SIGNIFICANT WEATHER WAS OBSERVED.


RELATIVE HUMIDITY (PERCENT)
 HIGHEST    47
 LOWEST     14
 AVERAGE    31

..........................................................


THE YUMA AZ CLIMATE NORMALS FOR TODAY
                         NORMAL    RECORD    YEAR
 MAXIMUM TEMPERATURE (F)   90       106      1992
 MINIMUM TEMPERATURE (F)   63        45      1911


SUNRISE AND SUNSET
APRIL 28 2017.........SUNRISE   554 AM MST   SUNSET   718 PM MST
APRIL 29 2017.........SUNRISE   553 AM MST   SUNSET   719 PM MST


-  INDICATES NEGATIVE NUMBERS.
R  INDICATES RECORD WAS SET OR TIED.
MM INDICATES DATA IS MISSING.
T  INDICATES TRACE AMOUNT.

$$
