000
CDUS45 KPSR 292315
CLINYL

CLIMATE REPORT
NATIONAL WEATHER SERVICE PHOENIX AZ
414 PM MST THU JAN 29 2015


...................................

...THE YUMA AZ CLIMATE SUMMARY FOR JANUARY 29 2015...
VALID TODAY AS OF 0400 PM LOCAL TIME.

CLIMATE NORMAL PERIOD 1981 TO 2010
CLIMATE RECORD PERIOD 1876 TO 2015


WEATHER ITEM   OBSERVED TIME   RECORD YEAR NORMAL DEPARTURE LAST
                VALUE   (LST)  VALUE       VALUE  FROM      YEAR
                                                  NORMAL
..................................................................
TEMPERATURE (F)
 TODAY
  MAXIMUM         74    155 PM  84    1986  71      3       81
  MINIMUM         59    423 AM  26    1948  48     11       52
  AVERAGE         67                        60      7       67

PRECIPITATION (IN)
  TODAY            0.00          1.82 1915   0.01  -0.01     0.00
  MONTH TO DATE    0.17                      0.35  -0.18      T
  SINCE OCT 1      0.61                      1.29  -0.68     1.11
  SINCE JAN 1      0.17                      0.35  -0.18      T

DEGREE DAYS
 HEATING
  TODAY            0                         6     -6        0
  MONTH TO DATE   35                       194   -159       65
  SINCE DEC 1     35                       430   -395      267
  SINCE JUL 1     50                       498   -448      306

 COOLING
  TODAY            2                         0      2        2
  MONTH TO DATE    2                         0      2       13
  SINCE DEC 1      2                         2      0       14
  SINCE JAN 1      2                         0      2       13
..................................................................


WIND (MPH)
  RESULTANT WIND SPEED   5   RESULTANT WIND DIRECTION   N (350)
  HIGHEST WIND SPEED    14   HIGHEST WIND DIRECTION     N (350)
  HIGHEST GUST SPEED    16   HIGHEST GUST DIRECTION     N (360)
  AVERAGE WIND SPEED     5.8


SKY COVER
  AVERAGE SKY COVER 0.6


WEATHER CONDITIONS
 THE FOLLOWING WEATHER WAS RECORDED TODAY.
  NO SIGNIFICANT WEATHER WAS OBSERVED.


RELATIVE HUMIDITY (PERCENT)
 HIGHEST    69
 LOWEST     38
 AVERAGE    54

..........................................................


THE YUMA AZ CLIMATE NORMALS FOR TOMORROW
                         NORMAL    RECORD    YEAR
 MAXIMUM TEMPERATURE (F)   71        84      1953
 MINIMUM TEMPERATURE (F)   48        28      1949


SUNRISE AND SUNSET
JANUARY 29 2015.......SUNRISE   735 AM MST   SUNSET   608 PM MST
JANUARY 30 2015.......SUNRISE   735 AM MST   SUNSET   609 PM MST


-  INDICATES NEGATIVE NUMBERS.
R  INDICATES RECORD WAS SET OR TIED.
MM INDICATES DATA IS MISSING.
T  INDICATES TRACE AMOUNT.

$$
