251
CDUS45 KPSR 290012 RRA
CLINYL

CLIMATE REPORT
NATIONAL WEATHER SERVICE PHOENIX AZ
511 PM MST WED SEP 28 2016


...................................

...THE YUMA AZ CLIMATE SUMMARY FOR SEPTEMBER 28 2016...
VALID TODAY AS OF 0500 PM LOCAL TIME.

CLIMATE NORMAL PERIOD 1981 TO 2010
CLIMATE RECORD PERIOD 1876 TO 2016


WEATHER ITEM   OBSERVED TIME   RECORD YEAR NORMAL DEPARTURE LAST
                VALUE   (LST)  VALUE       VALUE  FROM      YEAR
                                                  NORMAL
..................................................................
TEMPERATURE (F)
 TODAY
  MAXIMUM         96    459 PM 108    1994  97     -1      105
                                      1992
                                      1963
  MINIMUM         73    638 AM  54    1936  72      1       81
  AVERAGE         85                        85      0       93

PRECIPITATION (IN)
  TODAY            0.00          0.28 1905   0.01  -0.01     0.00
  MONTH TO DATE    0.12                      0.50  -0.38     0.95
  SINCE OCT 1      2.01                      3.53  -1.52     2.63
  SINCE JAN 1      1.87                      2.59  -0.72     2.19

DEGREE DAYS
 HEATING
  TODAY            0                         0      0        0
  MONTH TO DATE    0                         0      0        0
  SINCE SEP 1      0                         0      0        0
  SINCE JUL 1      0                         0      0        0

 COOLING
  TODAY           20                        20      0       28
  MONTH TO DATE  622                       684    -62      743
  SINCE SEP 1    622                       684    -62      743
  SINCE JAN 1   4369                      4137    232     4530
..................................................................


WIND (MPH)
  HIGHEST WIND SPEED    13   HIGHEST WIND DIRECTION    NE (60)
  HIGHEST GUST SPEED    15   HIGHEST GUST DIRECTION    NE (30)
  AVERAGE WIND SPEED     6.1


SKY COVER
  AVERAGE SKY COVER 0.2


WEATHER CONDITIONS
 THE FOLLOWING WEATHER WAS RECORDED TODAY.
  NO SIGNIFICANT WEATHER WAS OBSERVED.


RELATIVE HUMIDITY (PERCENT)
 HIGHEST    49
 LOWEST     20
 AVERAGE    35

..........................................................


THE YUMA AZ CLIMATE NORMALS FOR TOMORROW
                         NORMAL    RECORD    YEAR
 MAXIMUM TEMPERATURE (F)   97       110      1980
 MINIMUM TEMPERATURE (F)   72        50      1894


SUNRISE AND SUNSET
SEPTEMBER 28 2016.....SUNRISE   631 AM MST   SUNSET   626 PM MST
SEPTEMBER 29 2016.....SUNRISE   632 AM MST   SUNSET   625 PM MST


-  INDICATES NEGATIVE NUMBERS.
R  INDICATES RECORD WAS SET OR TIED.
MM INDICATES DATA IS MISSING.
T  INDICATES TRACE AMOUNT.

$$
