000
CDUS45 KPSR 300825
CLINYL

CLIMATE REPORT
NATIONAL WEATHER SERVICE PHOENIX AZ
124 AM MST TUE AUG 30 2016


...................................

...THE YUMA AZ CLIMATE SUMMARY FOR AUGUST 29 2016...

CLIMATE NORMAL PERIOD 1981 TO 2010
CLIMATE RECORD PERIOD 1876 TO 2016


WEATHER ITEM   OBSERVED TIME   RECORD YEAR NORMAL DEPARTURE LAST
                VALUE   (LST)  VALUE       VALUE  FROM      YEAR
                                                  NORMAL
..................................................................
TEMPERATURE (F)
 YESTERDAY
  MAXIMUM        110    507 PM 117    1954 106      4      113
  MINIMUM         81    649 AM  64    1947  81      0       88
  AVERAGE         96                        93      3      101

PRECIPITATION (IN)
  YESTERDAY        0.00          0.93 1931   0.01  -0.01     0.00
  MONTH TO DATE    0.08                      0.44  -0.36      T
  SINCE OCT 1      1.89                      3.00  -1.11     1.68
  SINCE JAN 1      1.75                      2.06  -0.31     1.24

DEGREE DAYS
 HEATING
  YESTERDAY        0                         0      0        0
  MONTH TO DATE    0                         0      0        0
  SINCE JUN 1      0                         0      0        0
  SINCE JUL 1      0                         0      0        0

 COOLING
  YESTERDAY       31                        28      3       36
  MONTH TO DATE  878                       852     26      958
  SINCE JUN 1   2682                      2486    196     2643
  SINCE JAN 1   3683                      3398    285     3722
..................................................................


WIND (MPH)
  HIGHEST WIND SPEED    13   HIGHEST WIND DIRECTION    NE (50)
  HIGHEST GUST SPEED    19   HIGHEST GUST DIRECTION    NE (40)
  AVERAGE WIND SPEED     4.1


SKY COVER
  AVERAGE SKY COVER 0.1


WEATHER CONDITIONS
 THE FOLLOWING WEATHER WAS RECORDED YESTERDAY.
  HAZE


RELATIVE HUMIDITY (PERCENT)
 HIGHEST    31
 LOWEST     11
 AVERAGE    21

..........................................................


THE YUMA AZ CLIMATE NORMALS FOR TODAY
                         NORMAL    RECORD    YEAR
 MAXIMUM TEMPERATURE (F)  106       114      1998
                                             1984
                                             1950
 MINIMUM TEMPERATURE (F)   81        58      1907


SUNRISE AND SUNSET
AUGUST 30 2016........SUNRISE   612 AM MST   SUNSET   705 PM MST
AUGUST 31 2016........SUNRISE   613 AM MST   SUNSET   704 PM MST


-  INDICATES NEGATIVE NUMBERS.
R  INDICATES RECORD WAS SET OR TIED.
MM INDICATES DATA IS MISSING.
T  INDICATES TRACE AMOUNT.

$$
