000
CDUS45 KPSR 010015
CLINYL

CLIMATE REPORT
NATIONAL WEATHER SERVICE PHOENIX AZ
513 PM MST TUE JUN 30 2015


...................................

...THE YUMA AZ CLIMATE SUMMARY FOR JUNE 30 2015...
VALID TODAY AS OF 0500 PM LOCAL TIME.

CLIMATE NORMAL PERIOD 1981 TO 2010
CLIMATE RECORD PERIOD 1876 TO 2015


WEATHER ITEM   OBSERVED TIME   RECORD YEAR NORMAL DEPARTURE LAST
                VALUE   (LST)  VALUE       VALUE  FROM      YEAR
                                                  NORMAL
..................................................................
TEMPERATURE (F)
 TODAY
  MAXIMUM        101    459 PM 117    1950 106     -5      109
  MINIMUM         85   1144 AM  61    1910  79      6       81
  AVERAGE         93                        93      0       95

PRECIPITATION (IN)
  TODAY            0.02          0.06 1924   0.00   0.02     0.00
  MONTH TO DATE    0.33                      0.01   0.32     0.00
  SINCE OCT 1      1.59                      2.27  -0.68     1.18
  SINCE JAN 1      1.15                      1.33  -0.18     0.07

DEGREE DAYS
 HEATING
  TODAY            0                         0      0        0
  MONTH TO DATE    0                         0      0        0
  SINCE JUN 1      0                         0      0        0
  SINCE JUL 1     86                       686   -600      370

 COOLING
  TODAY           28                        28      0       30
  MONTH TO DATE  789                       721     68      809
  SINCE JUN 1    789                       721     68      809
  SINCE JAN 1   1868                      1633    235     1971
..................................................................


WIND (MPH)
  RESULTANT WIND SPEED  11   RESULTANT WIND DIRECTION   S (170)
  HIGHEST WIND SPEED    33   HIGHEST WIND DIRECTION     S (180)
  HIGHEST GUST SPEED    40   HIGHEST GUST DIRECTION     S (170)
  AVERAGE WIND SPEED    12.3


SKY COVER
  AVERAGE SKY COVER 0.4


WEATHER CONDITIONS
 THE FOLLOWING WEATHER WAS RECORDED TODAY.
  THUNDERSTORM
  RAIN
  HAZE
  SANDSTORM


RELATIVE HUMIDITY (PERCENT)
 HIGHEST    56
 LOWEST     31
 AVERAGE    44

..........................................................


THE YUMA AZ CLIMATE NORMALS FOR TOMORROW
                         NORMAL    RECORD    YEAR
 MAXIMUM TEMPERATURE (F)  106       116      1985
 MINIMUM TEMPERATURE (F)   79        63      1888


SUNRISE AND SUNSET
JUNE 30 2015..........SUNRISE   534 AM MST   SUNSET   750 PM MST
JULY  1 2015..........SUNRISE   534 AM MST   SUNSET   750 PM MST


-  INDICATES NEGATIVE NUMBERS.
R  INDICATES RECORD WAS SET OR TIED.
MM INDICATES DATA IS MISSING.
T  INDICATES TRACE AMOUNT.

$$
