000
CDUS46 KMTR 160842
CLIOAK


CLIMATE REPORT
NATIONAL WEATHER SERVICE SAN FRANCISCO BAY AREA
1242 AM PST MON JAN 16 2017


...................................

...THE OAKLAND AIRPORT CLIMATE SUMMARY FOR JANUARY 15 2017...

CLIMATE NORMAL PERIOD 1981 TO 2010
CLIMATE RECORD PERIOD 1948 TO 2017


WEATHER ITEM   OBSERVED TIME   RECORD YEAR NORMAL DEPARTURE LAST
                VALUE   (LST)  VALUE       VALUE  FROM      YEAR
                                                  NORMAL
..................................................................
TEMPERATURE (F)
 YESTERDAY
  MAXIMUM         55   1234 PM  77    2014  57     -2       60
  MINIMUM         38    721 AM  30    1950  42     -4       46
  AVERAGE         47                        49     -2       53

PRECIPITATION (IN)
  YESTERDAY        0.00          1.38 1956   0.10  -0.10     0.24
  MONTH TO DATE    4.85                      2.71   2.14     2.35
  SINCE OCT 1     13.28                     10.02   3.26     7.57
  SINCE JAN 1      4.85                      2.71   2.14     2.35

SNOWFALL (IN)
  YESTERDAY        0.0                                       0.0
  MONTH TO DATE    0.0                                       0.0
  SINCE DEC 1      0.0                                       0.0
  SINCE JUL 1      0.0                                       0.0

DEGREE DAYS
 HEATING
  YESTERDAY       18                        16      2       12
  MONTH TO DATE  205                       245    -40      203
  SINCE DEC 1    644                       742    -98      690
  SINCE JUL 1   1014                      1417   -403     1087

 COOLING
  YESTERDAY        0                         0      0        0
  MONTH TO DATE    0                         0      0        0
  SINCE DEC 1      0                         0      0        0
  SINCE JAN 1      0                         0      0        0
..................................................................


WIND (MPH)
  RESULTANT WIND SPEED   2   RESULTANT WIND DIRECTION   N (350)
  HIGHEST WIND SPEED    15   HIGHEST WIND DIRECTION    NW (300)
  HIGHEST GUST SPEED    17   HIGHEST GUST DIRECTION    NW (300)
  AVERAGE WIND SPEED     2.7


SKY COVER
  POSSIBLE SUNSHINE  MM
  AVERAGE SKY COVER 0.4


WEATHER CONDITIONS
 THE FOLLOWING WEATHER WAS RECORDED YESTERDAY.
  FOG
  FOG W/VISIBILITY <= 1/4 MILE


RELATIVE HUMIDITY (PERCENT)
 HIGHEST   100           500 AM
 LOWEST     66           100 PM
 AVERAGE    83

..........................................................


THE OAKLAND AIRPORT CLIMATE NORMALS FOR TODAY
                         NORMAL    RECORD    YEAR
 MAXIMUM TEMPERATURE (F)   57        69      2014
 MINIMUM TEMPERATURE (F)   42        28      2007


SUNRISE AND SUNSET
JANUARY 16 2017.......SUNRISE   722 AM PST   SUNSET   515 PM PST
JANUARY 17 2017.......SUNRISE   722 AM PST   SUNSET   517 PM PST


-  INDICATES NEGATIVE NUMBERS.
R  INDICATES RECORD WAS SET OR TIED.
MM INDICATES DATA IS MISSING.
T  INDICATES TRACE AMOUNT.




$$
