000
CDUS46 KMTR 270830
CLIOAK


CLIMATE REPORT
NATIONAL WEATHER SERVICE SAN FRANCISCO BAY AREA
129 AM PDT WED AUG 27 2014


...................................

...THE OAKLAND AIRPORT CLIMATE SUMMARY FOR AUGUST 26 2014...

CLIMATE NORMAL PERIOD 1981 TO 2010
CLIMATE RECORD PERIOD 1948 TO 2014


WEATHER ITEM   OBSERVED TIME   RECORD YEAR NORMAL DEPARTURE LAST
                VALUE   (LST)  VALUE       VALUE  FROM      YEAR
                                                  NORMAL
..................................................................
TEMPERATURE (F)
 YESTERDAY
  MAXIMUM         75    258 PM  84    1963  74      1       72
  MINIMUM         62    323 AM  49    2002  56      6       61
  AVERAGE         69                        65      4       67

PRECIPITATION (IN)
  YESTERDAY        0.00          0.03 1954   0.00   0.00     0.00
  MONTH TO DATE    T                         0.03  -0.03      T
  SINCE JUL 1      0.01                      0.04  -0.03      T
  SINCE JAN 1      7.99                     13.26  -5.27     2.82

SNOWFALL (IN)
  YESTERDAY        0.0                                       0.0
  MONTH TO DATE    0.0                                       0.0
  SINCE JUN 1      0.0                                       0.0
  SINCE JUL 1      0.0                                       0.0

DEGREE DAYS
 HEATING
  YESTERDAY        0                         2     -2        0
  MONTH TO DATE    4                        52    -48       43
  SINCE JUN 1     96                       238   -142      147
  SINCE JUL 1     25                       135   -110       87

 COOLING
  YESTERDAY        4                         1      3        2
  MONTH TO DATE   48                        18     30       24
  SINCE JUN 1    137                        54     83       88
  SINCE JAN 1    181                        70    111      129
..................................................................


WIND (MPH)
  RESULTANT WIND SPEED   9   RESULTANT WIND DIRECTION   W (280)
  HIGHEST WIND SPEED    18   HIGHEST WIND DIRECTION     W (290)
  HIGHEST GUST SPEED    23   HIGHEST GUST DIRECTION    NW (310)
  AVERAGE WIND SPEED     9.1


SKY COVER
  POSSIBLE SUNSHINE  MM
  AVERAGE SKY COVER 0.3


WEATHER CONDITIONS
 THE FOLLOWING WEATHER WAS RECORDED YESTERDAY.
  NO SIGNIFICANT WEATHER WAS OBSERVED.


RELATIVE HUMIDITY (PERCENT)
 HIGHEST    78          1000 PM
 LOWEST     49           100 PM
 AVERAGE    64

..........................................................


THE OAKLAND AIRPORT CLIMATE NORMALS FOR TODAY
                         NORMAL    RECORD    YEAR
 MAXIMUM TEMPERATURE (F)   75        95      1962
 MINIMUM TEMPERATURE (F)   56        51      2005


SUNRISE AND SUNSET
AUGUST 27 2014........SUNRISE   635 AM PDT   SUNSET   745 PM PDT
AUGUST 28 2014........SUNRISE   636 AM PDT   SUNSET   744 PM PDT


-  INDICATES NEGATIVE NUMBERS.
R  INDICATES RECORD WAS SET OR TIED.
MM INDICATES DATA IS MISSING.
T  INDICATES TRACE AMOUNT.




$$
