000
CDUS46 KMTR 210034
CLIOAK


CLIMATE REPORT
NATIONAL WEATHER SERVICE SAN FRANCISCO BAY AREA
434 PM PST MON NOV 20 2017


...................................

...THE OAKLAND AIRPORT CLIMATE SUMMARY FOR NOVEMBER 20 2017...
VALID TODAY AS OF 0400 PM LOCAL TIME.

CLIMATE NORMAL PERIOD 1981 TO 2010
CLIMATE RECORD PERIOD 1948 TO 2017


WEATHER ITEM   OBSERVED TIME   RECORD YEAR NORMAL DEPARTURE LAST
                VALUE   (LST)  VALUE       VALUE  FROM      YEAR
                                                  NORMAL
..................................................................
TEMPERATURE (F)
 TODAY
  MAXIMUM         66    349 PM  70    2001  62      4       62
  MINIMUM         54    556 AM  34    2000  44     10       52
  AVERAGE         60                        53      7       57

PRECIPITATION (IN)
  TODAY            0.00          0.84 1978   0.10  -0.10     0.14
  MONTH TO DATE    2.62                      1.61   1.01     0.33
  SINCE OCT 1      2.75                      2.81  -0.06     3.22
  SINCE JAN 1     22.87                     16.31   6.56    14.56

SNOWFALL (IN)
  TODAY            0.0           0.0  1985
  MONTH TO DATE    0.0
  SINCE SEP 1      0.0
  SINCE JUL 1      0.0

DEGREE DAYS
 HEATING
  TODAY            5                        12     -7        8
  MONTH TO DATE  183                       191     -8       92
  SINCE SEP 1    324                       403    -79      195
  SINCE JUL 1    376                       543   -167      251

 COOLING
  TODAY            0                         0      0        0
  MONTH TO DATE    0                         0      0        0
  SINCE SEP 1    144                        57     87       70
  SINCE JAN 1    312                       137    175      168
..................................................................


WIND (MPH)
  RESULTANT WIND SPEED   1   RESULTANT WIND DIRECTION   E (100)
  HIGHEST WIND SPEED     8   HIGHEST WIND DIRECTION     S (170)
  HIGHEST GUST SPEED    16   HIGHEST GUST DIRECTION     S (170)
  AVERAGE WIND SPEED     2.5


SKY COVER
  POSSIBLE SUNSHINE  MM
  AVERAGE SKY COVER 1.0


WEATHER CONDITIONS
 THE FOLLOWING WEATHER WAS RECORDED TODAY.
  NO SIGNIFICANT WEATHER WAS OBSERVED.


RELATIVE HUMIDITY (PERCENT)
 HIGHEST    89           600 AM
 LOWEST     60          1200 PM
 AVERAGE    75

..........................................................


THE OAKLAND AIRPORT CLIMATE NORMALS FOR TOMORROW
                         NORMAL    RECORD    YEAR
 MAXIMUM TEMPERATURE (F)   62        73      2015
 MINIMUM TEMPERATURE (F)   44        38      2009
                                             1975


SUNRISE AND SUNSET
NOVEMBER 20 2017......SUNRISE   655 AM PST   SUNSET   454 PM PST
NOVEMBER 21 2017......SUNRISE   656 AM PST   SUNSET   454 PM PST


-  INDICATES NEGATIVE NUMBERS.
R  INDICATES RECORD WAS SET OR TIED.
MM INDICATES DATA IS MISSING.
T  INDICATES TRACE AMOUNT.




$$
