000
CDUS46 KMTR 270026
CLIOAK


CLIMATE REPORT
NATIONAL WEATHER SERVICE SAN FRANCISCO BAY AREA
526 PM PDT THU MAR 26 2015


...................................

...THE OAKLAND AIRPORT CLIMATE SUMMARY FOR MARCH 26 2015...
VALID TODAY AS OF 0500 PM LOCAL TIME.

CLIMATE NORMAL PERIOD 1981 TO 2010
CLIMATE RECORD PERIOD 1948 TO 2015


WEATHER ITEM   OBSERVED TIME   RECORD YEAR NORMAL DEPARTURE LAST
                VALUE   (LST)  VALUE       VALUE  FROM      YEAR
                                                  NORMAL
..................................................................
TEMPERATURE (F)
 TODAY
  MAXIMUM         79    300 PM  80    1952  64     15       62
  MINIMUM         50    614 AM  41    2006  47      3       53
  AVERAGE         65                        55     10       58

PRECIPITATION (IN)
  TODAY            0.00          0.94 1985   0.09  -0.09     0.63
  MONTH TO DATE    0.09                      2.68  -2.59     1.20
  SINCE OCT 1     13.31                     17.93  -4.62     6.36
  SINCE JAN 1      2.09                     10.62  -8.53     4.90

SNOWFALL (IN)
  TODAY            0.0           0.0  1985
  MONTH TO DATE    0.0
  SINCE MAR 1      0.0
  SINCE JUL 1      0.0

DEGREE DAYS
 HEATING
  TODAY            0                        10    -10        7
  MONTH TO DATE  171                       284   -113      150
  SINCE MAR 1    171                       284   -113      150
  SINCE JUL 1   1480                      2306   -826     1971

 COOLING
  TODAY            0                         0      0        0
  MONTH TO DATE    1                         0      1        1
  SINCE MAR 1      1                         0      1        1
  SINCE JAN 1      1                         0      1        1
..................................................................


WIND (MPH)
  RESULTANT WIND SPEED   2   RESULTANT WIND DIRECTION   W (280)
  HIGHEST WIND SPEED    14   HIGHEST WIND DIRECTION    NW (300)
  HIGHEST GUST SPEED    15   HIGHEST GUST DIRECTION    NW (300)
  AVERAGE WIND SPEED     4.2


SKY COVER
  POSSIBLE SUNSHINE  MM
  AVERAGE SKY COVER 0.1


WEATHER CONDITIONS
 THE FOLLOWING WEATHER WAS RECORDED TODAY.
  NO SIGNIFICANT WEATHER WAS OBSERVED.


RELATIVE HUMIDITY (PERCENT)
 HIGHEST    93           700 AM
 LOWEST     42           400 PM
 AVERAGE    68

..........................................................


THE OAKLAND AIRPORT CLIMATE NORMALS FOR TOMORROW
                         NORMAL    RECORD    YEAR
 MAXIMUM TEMPERATURE (F)   64        82      1951
 MINIMUM TEMPERATURE (F)   47        40      1959


SUNRISE AND SUNSET
MARCH 26 2015.........SUNRISE   704 AM PDT   SUNSET   726 PM PDT
MARCH 27 2015.........SUNRISE   702 AM PDT   SUNSET   727 PM PDT


-  INDICATES NEGATIVE NUMBERS.
R  INDICATES RECORD WAS SET OR TIED.
MM INDICATES DATA IS MISSING.
T  INDICATES TRACE AMOUNT.




$$
