000
CDUS46 KMTR 180027
CLIOAK


CLIMATE REPORT
NATIONAL WEATHER SERVICE SAN FRANCISCO BAY AREA
527 PM PDT THU APR 17 2014


...................................

...THE OAKLAND AIRPORT CLIMATE SUMMARY FOR APRIL 17 2014...
VALID TODAY AS OF 0500 PM LOCAL TIME.

CLIMATE NORMAL PERIOD 1981 TO 2010
CLIMATE RECORD PERIOD 1948 TO 2014


WEATHER ITEM   OBSERVED TIME   RECORD YEAR NORMAL DEPARTURE LAST
                VALUE   (LST)  VALUE       VALUE  FROM      YEAR
                                                  NORMAL
..................................................................
TEMPERATURE (F)
 TODAY
  MAXIMUM         64    359 PM  87    1954  67     -3       73
  MINIMUM         51    517 AM  38    1963  48      3       54
  AVERAGE         58                        58      0       64

PRECIPITATION (IN)
  TODAY            0.00          0.42 1957   0.05  -0.05     0.00
  MONTH TO DATE    1.01                      0.84   0.17     1.33
  SINCE JUL 1      9.43                     19.45 -10.02    13.62
  SINCE JAN 1      7.36                     11.86  -4.50     2.63

SNOWFALL (IN)
  TODAY            0.0           0.0  1985
  MONTH TO DATE    0.0
  SINCE MAR 1      0.0
  SINCE JUL 1      0.0

DEGREE DAYS
 HEATING
  TODAY            7                         8     -1        1
  MONTH TO DATE  105                       143    -38       76
  SINCE MAR 1    290                       474   -184      327
  SINCE JUL 1   2111                      2496   -385     2233

 COOLING
  TODAY            0                         0      0        0
  MONTH TO DATE    2                         0      2        4
  SINCE MAR 1      3                         1      2        4
  SINCE JAN 1      3                         1      2        4
..................................................................


WIND (MPH)
  RESULTANT WIND SPEED   5   RESULTANT WIND DIRECTION   W (250)
  HIGHEST WIND SPEED    17   HIGHEST WIND DIRECTION     W (260)
  HIGHEST GUST SPEED    29   HIGHEST GUST DIRECTION     W (290)
  AVERAGE WIND SPEED     6.0


SKY COVER
  POSSIBLE SUNSHINE  MM
  AVERAGE SKY COVER 0.3


WEATHER CONDITIONS
 THE FOLLOWING WEATHER WAS RECORDED TODAY.
  NO SIGNIFICANT WEATHER WAS OBSERVED.


RELATIVE HUMIDITY (PERCENT)
 HIGHEST    89           600 AM
 LOWEST     60          1200 PM
 AVERAGE    75

..........................................................


THE OAKLAND AIRPORT CLIMATE NORMALS FOR TOMORROW
                         NORMAL    RECORD    YEAR
 MAXIMUM TEMPERATURE (F)   67        81      1950
 MINIMUM TEMPERATURE (F)   49        42      2006


SUNRISE AND SUNSET
APRIL 17 2014.........SUNRISE   631 AM PDT   SUNSET   746 PM PDT
APRIL 18 2014.........SUNRISE   630 AM PDT   SUNSET   747 PM PDT


-  INDICATES NEGATIVE NUMBERS.
R  INDICATES RECORD WAS SET OR TIED.
MM INDICATES DATA IS MISSING.
T  INDICATES TRACE AMOUNT.




$$
