000
CDUS43 KOAX 212233
CLIOAX


CLIMATE REPORT
NATIONAL WEATHER SERVICE OMAHA NEBRASKA
433 PM CST SAT JAN 21 2017


...................................

...THE VALLEY  NWS, NEBRASKA CLIMATE SUMMARY FOR JANUARY 21 2017...
VALID TODAY AS OF 0400 PM LOCAL TIME.

CLIMATE NORMAL PERIOD 1981 TO 2010
CLIMATE RECORD PERIOD 1997 TO 2017


WEATHER ITEM   OBSERVED TIME   NORMAL DEPARTURE LAST
                VALUE   (LST)  VALUE  FROM      YEAR
                                      NORMAL
......................................................
TEMPERATURE (F)
 TODAY
  MAXIMUM         50    316 PM  33     17       27
  MINIMUM         35    808 AM  14     21       21
  AVERAGE         43            23     20       24

PRECIPITATION (IN)
  TODAY            T             0.03  -0.03     0.00
  MONTH TO DATE    0.84          0.49   0.35     0.70
  SINCE DEC 1      2.15          1.60   0.55     5.81
  SINCE JAN 1      0.84          0.49   0.35     0.70

SNOWFALL (IN)
  TODAY            0.0                           0.0
  MONTH TO DATE    0.5                           5.7
  SINCE JUL 1      3.1                          18.1
  SNOW DEPTH       0

DEGREE DAYS
 HEATING
  TODAY           22            42    -20       41
  MONTH TO DATE  833           882    -49      900
  SINCE DEC 1   2011          2092    -81     1864
  SINCE JUL 1   2800          3362   -562     2749

 COOLING
  TODAY            0             0      0        0
  MONTH TO DATE    0             0      0        0
  SINCE DEC 1      0             0      0        0
  SINCE JAN 1      0             0      0        0
......................................................


WIND (MPH)
  HIGHEST WIND SPEED    MM   HIGHEST WIND DIRECTION    MM
  HIGHEST GUST SPEED    15   HIGHEST GUST DIRECTION    MM



WEATHER CONDITIONS
 THE FOLLOWING WEATHER WAS RECORDED TODAY.
  LIGHT RAIN
  FOG
  FOG W/VISIBILITY <= 1/4 MILE


..........................................................


THE VALLEY  NWS, NEBRASKA CLIMATE NORMALS FOR TOMORROW
                         NORMAL
 MAXIMUM TEMPERATURE (F)   33
 MINIMUM TEMPERATURE (F)   14


SUNRISE AND SUNSET
JANUARY 21 2017.......SUNRISE   746 AM CST   SUNSET   529 PM CST
JANUARY 22 2017.......SUNRISE   745 AM CST   SUNSET   530 PM CST


-  INDICATES NEGATIVE NUMBERS.
R  INDICATES RECORD WAS SET OR TIED.
MM INDICATES DATA IS MISSING.
T  INDICATES TRACE AMOUNT.




$$
