000
CDUS43 KOAX 270625
CLIOAX


CLIMATE REPORT
NATIONAL WEATHER SERVICE OMAHA NEBRASKA
123 AM CDT WED AUG 27 2014


...................................

...THE VALLEY  NWS, NEBRASKA CLIMATE SUMMARY FOR AUGUST 26 2014...

CLIMATE NORMAL PERIOD 1981 TO 2010
CLIMATE RECORD PERIOD 1997 TO 2014


WEATHER ITEM   OBSERVED TIME   NORMAL DEPARTURE LAST
                VALUE   (LST)  VALUE  FROM      YEAR
                                      NORMAL
......................................................
TEMPERATURE (F)
 YESTERDAY
  MAXIMUM         78    123 PM  83     -5       96
  MINIMUM         62   1218 AM  62      0       74
  AVERAGE         70            72     -2       85

PRECIPITATION (IN)
  YESTERDAY        2.72          0.13   2.59     0.00
  MONTH TO DATE    4.08          3.43   0.65     2.13
  SINCE JUN 1     16.65         12.97   3.68     6.88
  SINCE JAN 1     25.56         24.29   1.27    21.04

SNOWFALL (IN)
  YESTERDAY        0.0                           0.0
  MONTH TO DATE    0.0                           0.0
  SINCE JUL 1      0.0                           0.0
  SNOW DEPTH       0

DEGREE DAYS
 HEATING
  YESTERDAY        0             0      0        0
  MONTH TO DATE    0             0      0        1
  SINCE JUN 1      5            17    -12       22
  SINCE JUL 1      1             1      0        5

 COOLING
  YESTERDAY        5             8     -3       20
  MONTH TO DATE  266           251     15      256
  SINCE JUN 1    753           844    -91      830
  SINCE JAN 1    883           916    -33      916
......................................................


WIND (MPH)
  HIGHEST WIND SPEED    MM   HIGHEST WIND DIRECTION    MM
  HIGHEST GUST SPEED    26   HIGHEST GUST DIRECTION    MM


SKY COVER
  POSSIBLE SUNSHINE  MM


WEATHER CONDITIONS
 THE FOLLOWING WEATHER WAS RECORDED YESTERDAY.
  THUNDERSTORM
  HEAVY RAIN
  RAIN
  LIGHT RAIN


..........................................................


THE VALLEY  NWS, NEBRASKA CLIMATE NORMALS FOR TODAY
                         NORMAL
 MAXIMUM TEMPERATURE (F)   82
 MINIMUM TEMPERATURE (F)   62


SUNRISE AND SUNSET
AUGUST 27 2014........SUNRISE   647 AM CDT   SUNSET   806 PM CDT
AUGUST 28 2014........SUNRISE   648 AM CDT   SUNSET   805 PM CDT


-  INDICATES NEGATIVE NUMBERS.
R  INDICATES RECORD WAS SET OR TIED.
MM INDICATES DATA IS MISSING.
T  INDICATES TRACE AMOUNT.




$$
