000
CDUS43 KOAX 221026 CCA
CLIOAX

CLIMATE REPORT...CORRECTION
NATIONAL WEATHER SERVICE OMAHA NEBRASKA
1238 AM CST MON DEC 22 2014

...CORRECTED LOW TEMPERATURE FROM 33 TO 35...


...................................

...THE VALLEY  NWS, NEBRASKA CLIMATE SUMMARY FOR DECEMBER 21 2014...

CLIMATE NORMAL PERIOD 1981 TO 2010
CLIMATE RECORD PERIOD 1997 TO 2014


WEATHER ITEM   OBSERVED TIME   NORMAL DEPARTURE LAST
                VALUE   (LST)  VALUE  FROM      YEAR
                                      NORMAL
......................................................
TEMPERATURE (F)
 YESTERDAY
  MAXIMUM         42   1159 PM  33      9       24
  MINIMUM         35   1202 AM  16     19       17
  AVERAGE         39            24     15       21

PRECIPITATION (IN)
  YESTERDAY        T             0.03  -0.03      T
  MONTH TO DATE    1.10          0.81   0.29     0.18
  SINCE DEC 1      1.10          0.81   0.29     0.18
  SINCE JAN 1     37.58         32.34   5.24    29.09

SNOWFALL (IN)
  YESTERDAY        0.0                            T
  MONTH TO DATE    0.1                           3.4
  SINCE JUL 1      3.1                           4.1
  SNOW DEPTH       0

DEGREE DAYS
 HEATING
  YESTERDAY       26            41    -15       44
  MONTH TO DATE  646           795   -149      894
  SINCE DEC 1    646           795   -149      894
  SINCE JUL 1   1963          2065   -102     2113

 COOLING
  YESTERDAY        0             0      0        0
  MONTH TO DATE    0             0      0        0
  SINCE DEC 1      0             0      0        0
  SINCE JAN 1   1039          1075    -36     1237
......................................................


WIND (MPH)
  HIGHEST WIND SPEED    MM   HIGHEST WIND DIRECTION    MM
  HIGHEST GUST SPEED    31   HIGHEST GUST DIRECTION    MM


SKY COVER
  POSSIBLE SUNSHINE  MM


WEATHER CONDITIONS
 THE FOLLOWING WEATHER WAS RECORDED YESTERDAY.
  LIGHT RAIN
  FOG


..........................................................


THE VALLEY  NWS, NEBRASKA CLIMATE NORMALS FOR TODAY
                         NORMAL
 MAXIMUM TEMPERATURE (F)   33
 MINIMUM TEMPERATURE (F)   16


SUNRISE AND SUNSET
DECEMBER 22 2014......SUNRISE   748 AM CST   SUNSET   500 PM CST
DECEMBER 23 2014......SUNRISE   749 AM CST   SUNSET   500 PM CST


-  INDICATES NEGATIVE NUMBERS.
R  INDICATES RECORD WAS SET OR TIED.
MM INDICATES DATA IS MISSING.
T  INDICATES TRACE AMOUNT.




$$

COR BY KLISH
