000
CDUS43 KOAX 040635
CLIOAX


CLIMATE REPORT
NATIONAL WEATHER SERVICE OMAHA NEBRASKA
134 AM CDT WED MAY 4 2016


...................................

...THE VALLEY  NWS, NEBRASKA CLIMATE SUMMARY FOR MAY 3 2016...

CLIMATE NORMAL PERIOD 1981 TO 2010
CLIMATE RECORD PERIOD 1997 TO 2016


WEATHER ITEM   OBSERVED TIME   NORMAL DEPARTURE LAST
                VALUE   (LST)  VALUE  FROM      YEAR
                                      NORMAL
......................................................
TEMPERATURE (F)
 YESTERDAY
  MAXIMUM         71    548 PM  68      3       80
  MINIMUM         43    530 AM  47     -4       60
  AVERAGE         57            57      0       70

PRECIPITATION (IN)
  YESTERDAY        0.00          0.14  -0.14     0.13
  MONTH TO DATE    0.02          0.43  -0.41     1.04
  SINCE MAR 1      7.81          5.46   2.35     5.22
  SINCE JAN 1      9.55          7.17   2.38     6.79

SNOWFALL (IN)
  YESTERDAY        0.0                           0.0
  MONTH TO DATE    0.0                           0.0
  SINCE JUL 1     28.7                          19.3
  SNOW DEPTH       0

DEGREE DAYS
 HEATING
  YESTERDAY        8             8      0        0
  MONTH TO DATE   37            26     11        1
  SINCE MAR 1    919          1293   -374      989
  SINCE JUL 1   4907          6124  -1217     5718

 COOLING
  YESTERDAY        0             1     -1        5
  MONTH TO DATE    0             3     -3        6
  SINCE MAR 1      0            10    -10       10
  SINCE JAN 1      0            10    -10       10
......................................................


WIND (MPH)
  HIGHEST WIND SPEED    MM   HIGHEST WIND DIRECTION    MM
  HIGHEST GUST SPEED    25   HIGHEST GUST DIRECTION    MM


SKY COVER
  POSSIBLE SUNSHINE  MM


WEATHER CONDITIONS
 THE FOLLOWING WEATHER WAS RECORDED YESTERDAY.
  NO SIGNIFICANT WEATHER WAS OBSERVED.


..........................................................


THE VALLEY  NWS, NEBRASKA CLIMATE NORMALS FOR TODAY
                         NORMAL
 MAXIMUM TEMPERATURE (F)   68
 MINIMUM TEMPERATURE (F)   47


SUNRISE AND SUNSET
MAY  4 2016...........SUNRISE   618 AM CDT   SUNSET   827 PM CDT
MAY  5 2016...........SUNRISE   617 AM CDT   SUNSET   828 PM CDT


-  INDICATES NEGATIVE NUMBERS.
R  INDICATES RECORD WAS SET OR TIED.
MM INDICATES DATA IS MISSING.
T  INDICATES TRACE AMOUNT.




$$
