000
CDUS43 KGID 240645
CLIODX


CLIMATE REPORT
NATIONAL WEATHER SERVICE HASTINGS NE
145 AM CDT THU JUL 24 2014


...................................

...THE ORD NE CLIMATE SUMMARY FOR JULY 23 2014...

CLIMATE NORMAL PERIOD 1981 TO 2010
CLIMATE RECORD PERIOD 1895 TO 2014


WEATHER ITEM   OBSERVED TIME   NORMAL DEPARTURE LAST
                VALUE   (LST)  VALUE  FROM      YEAR
                                      NORMAL
......................................................
TEMPERATURE (F)
 YESTERDAY
  MAXIMUM         83    424 PM  88     -5       81
  MINIMUM         59    527 AM  62     -3       63
  AVERAGE         71            75     -4       72

PRECIPITATION (IN)
  YESTERDAY        0.00          0.08  -0.08     0.53
  MONTH TO DATE    1.71          1.93  -0.22     2.88
  SINCE JUN 1      9.79          6.05   3.74     4.81
  SINCE JAN 1     12.01         14.71  -2.70    14.95

DEGREE DAYS
 HEATING
  YESTERDAY        0             0      0        0
  MONTH TO DATE   19             0     19        1
  SINCE JUN 1     51            37     14       48
  SINCE JUL 1     19             0     19        1

 COOLING
  YESTERDAY        6            10     -4        7
  MONTH TO DATE  127           217    -90      246
  SINCE JUN 1    273           379   -106      412
  SINCE JAN 1    342           420    -78      459
......................................................


WIND (MPH)
  HIGHEST WIND SPEED    14   HIGHEST WIND DIRECTION     E (110)
  HIGHEST GUST SPEED    18   HIGHEST GUST DIRECTION    SE (120)
  AVERAGE WIND SPEED     6.4


SKY COVER
  AVERAGE SKY COVER 0.0


WEATHER CONDITIONS
 THE FOLLOWING WEATHER WAS RECORDED YESTERDAY.
  FOG


RELATIVE HUMIDITY (PERCENT)
 HIGHEST    93          1200 AM
 LOWEST     40           300 PM
 AVERAGE    67

..........................................................


THE ORD NE CLIMATE NORMALS FOR TODAY
                         NORMAL
 MAXIMUM TEMPERATURE (F)   88
 MINIMUM TEMPERATURE (F)   62


SUNRISE AND SUNSET
JULY 24 2014..........SUNRISE   623 AM CDT   SUNSET   901 PM CDT
JULY 25 2014..........SUNRISE   624 AM CDT   SUNSET   901 PM CDT


-  INDICATES NEGATIVE NUMBERS.
R  INDICATES RECORD WAS SET OR TIED.
MM INDICATES DATA IS MISSING.
T  INDICATES TRACE AMOUNT.




$$
