000
CDUS43 KGID 312222
CLIODX


CLIMATE REPORT
NATIONAL WEATHER SERVICE HASTINGS NE
521 PM CDT WED AUG 31 2016


...................................

...THE ORD NE CLIMATE SUMMARY FOR AUGUST 31 2016...
VALID TODAY AS OF 0500 PM LOCAL TIME.

CLIMATE NORMAL PERIOD 1981 TO 2010
CLIMATE RECORD PERIOD 1895 TO 2016


WEATHER ITEM   OBSERVED TIME   NORMAL DEPARTURE LAST
                VALUE   (LST)  VALUE  FROM      YEAR
                                      NORMAL
......................................................
TEMPERATURE (F)
 TODAY
  MAXIMUM         83    359 PM  83      0       92
  MINIMUM         60   1218 AM  57      3       59
  AVERAGE         72            70      2       76

PRECIPITATION (IN)
  TODAY            0.00          0.09  -0.09     0.00
  MONTH TO DATE    0.44          3.16  -2.72     2.13
  SINCE JUN 1     10.62         10.25   0.37     8.08
  SINCE JAN 1     27.16         18.91   8.25    14.54

DEGREE DAYS
 HEATING
  TODAY            0             1     -1        0
  MONTH TO DATE    6             4      2       18
  SINCE JUN 1     16            51    -35       29
  SINCE JUL 1     14            14      0       23

 COOLING
  TODAY            7             6      1       11
  MONTH TO DATE  232           257    -25      194
  SINCE JUN 1    786           716     70      654
  SINCE JAN 1    808           757     51      663
......................................................


WIND (MPH)
  HIGHEST WIND SPEED    10   HIGHEST WIND DIRECTION     E (90)
  HIGHEST GUST SPEED    14   HIGHEST GUST DIRECTION     E (110)
  AVERAGE WIND SPEED     3.6


SKY COVER
  AVERAGE SKY COVER 0.7


WEATHER CONDITIONS
 THE FOLLOWING WEATHER WAS RECORDED TODAY.
  FOG
  FOG W/VISIBILITY <= 1/4 MILE


RELATIVE HUMIDITY (PERCENT)
 HIGHEST   100           500 AM
 LOWEST     40           300 PM
 AVERAGE    70

..........................................................


THE ORD NE CLIMATE NORMALS FOR TOMORROW
                         NORMAL
 MAXIMUM TEMPERATURE (F)   83
 MINIMUM TEMPERATURE (F)   56


SUNRISE AND SUNSET
AUGUST 31 2016........SUNRISE   701 AM CDT   SUNSET   810 PM CDT
SEPTEMBER  1 2016.....SUNRISE   702 AM CDT   SUNSET   808 PM CDT


-  INDICATES NEGATIVE NUMBERS.
R  INDICATES RECORD WAS SET OR TIED.
MM INDICATES DATA IS MISSING.
T  INDICATES TRACE AMOUNT.




$$
