000
CDUS43 KGID 240626
CLIODX


CLIMATE REPORT
NATIONAL WEATHER SERVICE HASTINGS NE
125 AM CDT SUN JUL 24 2016


...................................

...THE ORD NE CLIMATE SUMMARY FOR JULY 23 2016...

CLIMATE NORMAL PERIOD 1981 TO 2010
CLIMATE RECORD PERIOD 1895 TO 2016


WEATHER ITEM   OBSERVED TIME   NORMAL DEPARTURE LAST
                VALUE   (LST)  VALUE  FROM      YEAR
                                      NORMAL
......................................................
TEMPERATURE (F)
 YESTERDAY
  MAXIMUM         92    519 PM  88      4       91
  MINIMUM         70    417 AM  62      8       65
  AVERAGE         81            75      6       78

PRECIPITATION (IN)
  YESTERDAY        0.34          0.08   0.26     0.00
  MONTH TO DATE    3.54          1.93   1.61     2.07
  SINCE JUN 1      7.06          6.05   1.01     5.34
  SINCE JAN 1     23.60         14.71   8.89    11.80

DEGREE DAYS
 HEATING
  YESTERDAY        0             0      0        0
  MONTH TO DATE    8             0      8        5
  SINCE JUN 1     10            37    -27       11
  SINCE JUL 1      8             0      8        5

 COOLING
  YESTERDAY       16            10      6       13
  MONTH TO DATE  224           217      7      216
  SINCE JUN 1    489           379    110      376
  SINCE JAN 1    511           420     91      385
......................................................


WIND (MPH)
  HIGHEST WIND SPEED    32   HIGHEST WIND DIRECTION    SW (220)
  HIGHEST GUST SPEED    44   HIGHEST GUST DIRECTION    SW (220)
  AVERAGE WIND SPEED     8.9


SKY COVER
  AVERAGE SKY COVER 0.1


WEATHER CONDITIONS
 THE FOLLOWING WEATHER WAS RECORDED YESTERDAY.
  THUNDERSTORM
  HEAVY RAIN
  RAIN
  LIGHT RAIN


RELATIVE HUMIDITY (PERCENT)
 HIGHEST    91          1200 AM
 LOWEST     52           100 PM
 AVERAGE    72

..........................................................


THE ORD NE CLIMATE NORMALS FOR TODAY
                         NORMAL
 MAXIMUM TEMPERATURE (F)   88
 MINIMUM TEMPERATURE (F)   62


SUNRISE AND SUNSET
JULY 24 2016..........SUNRISE   623 AM CDT   SUNSET   901 PM CDT
JULY 25 2016..........SUNRISE   624 AM CDT   SUNSET   900 PM CDT


-  INDICATES NEGATIVE NUMBERS.
R  INDICATES RECORD WAS SET OR TIED.
MM INDICATES DATA IS MISSING.
T  INDICATES TRACE AMOUNT.




$$
