000
CDUS43 KGID 290628
CLIODX


CLIMATE REPORT
NATIONAL WEATHER SERVICE HASTINGS NE
128 AM CDT THU SEP 29 2016


...................................

...THE ORD NE CLIMATE SUMMARY FOR SEPTEMBER 28 2016...

CLIMATE NORMAL PERIOD 1981 TO 2010
CLIMATE RECORD PERIOD 1895 TO 2016


WEATHER ITEM   OBSERVED TIME   NORMAL DEPARTURE LAST
                VALUE   (LST)  VALUE  FROM      YEAR
                                      NORMAL
......................................................
TEMPERATURE (F)
 YESTERDAY
  MAXIMUM         71    309 PM  72     -1       81
  MINIMUM         40   1145 PM  43     -3       53
  AVERAGE         56            58     -2       67

PRECIPITATION (IN)
  YESTERDAY        0.00          0.06  -0.06     0.65
  MONTH TO DATE    1.70          2.33  -0.63     3.79
  SINCE SEP 1      1.70          2.33  -0.63     3.79
  SINCE JAN 1     28.86         21.24   7.62    18.33

DEGREE DAYS
 HEATING
  YESTERDAY        9             8      1        0
  MONTH TO DATE   67           105    -38       25
  SINCE SEP 1     67           105    -38       25
  SINCE JUL 1     81           119    -38       48

 COOLING
  YESTERDAY        0             1     -1        2
  MONTH TO DATE   77            80     -3      150
  SINCE SEP 1     77            80     -3      150
  SINCE JAN 1    883           837     46      813
......................................................


WIND (MPH)
  HIGHEST WIND SPEED    16   HIGHEST WIND DIRECTION    NE (30)
  HIGHEST GUST SPEED    22   HIGHEST GUST DIRECTION    NE (30)
  AVERAGE WIND SPEED     6.6


SKY COVER
  AVERAGE SKY COVER 0.0


WEATHER CONDITIONS
 THE FOLLOWING WEATHER WAS RECORDED YESTERDAY.
  NO SIGNIFICANT WEATHER WAS OBSERVED.


RELATIVE HUMIDITY (PERCENT)
 HIGHEST    89           500 AM
 LOWEST     22          1200 PM
 AVERAGE    56

..........................................................


THE ORD NE CLIMATE NORMALS FOR TODAY
                         NORMAL
 MAXIMUM TEMPERATURE (F)   72
 MINIMUM TEMPERATURE (F)   43


SUNRISE AND SUNSET
SEPTEMBER 29 2016.....SUNRISE   731 AM CDT   SUNSET   720 PM CDT
SEPTEMBER 30 2016.....SUNRISE   732 AM CDT   SUNSET   718 PM CDT


-  INDICATES NEGATIVE NUMBERS.
R  INDICATES RECORD WAS SET OR TIED.
MM INDICATES DATA IS MISSING.
T  INDICATES TRACE AMOUNT.




$$
