000
CDUS43 KGID 010636
CLIODX


CLIMATE REPORT
NATIONAL WEATHER SERVICE HASTINGS NE
134 AM CDT SUN MAY 1 2016


...................................

...THE ORD NE CLIMATE SUMMARY FOR APRIL 30 2016...

CLIMATE NORMAL PERIOD 1981 TO 2010
CLIMATE RECORD PERIOD 1895 TO 2016


WEATHER ITEM   OBSERVED TIME   NORMAL DEPARTURE LAST
                VALUE   (LST)  VALUE  FROM      YEAR
                                      NORMAL
......................................................
TEMPERATURE (F)
 YESTERDAY
  MAXIMUM         45    506 PM  66    -21       77
  MINIMUM         40    818 AM  41     -1       35
  AVERAGE         43            54    -11       56

PRECIPITATION (IN)
  YESTERDAY        1.57          0.11   1.46     0.00
  MONTH TO DATE    8.99          2.59   6.40     2.71
  SINCE MAR 1     10.34          4.04   6.30     2.74
  SINCE JAN 1     11.49          4.85   6.64     3.48

DEGREE DAYS
 HEATING
  YESTERDAY       22            12     10        9
  MONTH TO DATE  437           489    -52      423
  SINCE MAR 1   1118          1336   -218     1149
  SINCE JUL 1   5467          6353   -886     6281

 COOLING
  YESTERDAY        0             0      0        0
  MONTH TO DATE    0             2     -2        4
  SINCE MAR 1      0             2     -2        4
  SINCE JAN 1      0             2     -2        4
......................................................


WIND (MPH)
  HIGHEST WIND SPEED    28   HIGHEST WIND DIRECTION    NE (60)
  HIGHEST GUST SPEED    34   HIGHEST GUST DIRECTION    NE (60)
  AVERAGE WIND SPEED    14.7


SKY COVER
  AVERAGE SKY COVER 1.0


WEATHER CONDITIONS
 THE FOLLOWING WEATHER WAS RECORDED YESTERDAY.
  HEAVY RAIN
  RAIN
  LIGHT RAIN
  FOG


RELATIVE HUMIDITY (PERCENT)
 HIGHEST   100           300 AM
 LOWEST     86           800 AM
 AVERAGE    93

..........................................................


THE ORD NE CLIMATE NORMALS FOR TODAY
                         NORMAL
 MAXIMUM TEMPERATURE (F)   67
 MINIMUM TEMPERATURE (F)   41


SUNRISE AND SUNSET
MAY  1 2016...........SUNRISE   632 AM CDT   SUNSET   834 PM CDT
MAY  2 2016...........SUNRISE   631 AM CDT   SUNSET   835 PM CDT


-  INDICATES NEGATIVE NUMBERS.
R  INDICATES RECORD WAS SET OR TIED.
MM INDICATES DATA IS MISSING.
T  INDICATES TRACE AMOUNT.

$$

HALBLAUB
