000
CDUS43 KGID 200624
CLIODX


CLIMATE REPORT
NATIONAL WEATHER SERVICE HASTINGS NE
124 AM CDT SUN AUG 20 2017


...................................

...THE ORD NE CLIMATE SUMMARY FOR AUGUST 19 2017...

CLIMATE NORMAL PERIOD 1981 TO 2010
CLIMATE RECORD PERIOD 1895 TO 2017


WEATHER ITEM   OBSERVED TIME   NORMAL DEPARTURE LAST
                VALUE   (LST)  VALUE  FROM      YEAR
                                      NORMAL
......................................................
TEMPERATURE (F)
 YESTERDAY
  MAXIMUM         88    509 PM  85      3       74
  MINIMUM         56    625 AM  60     -4       59
  AVERAGE         72            73     -1       67

PRECIPITATION (IN)
  YESTERDAY        0.41          0.10   0.31      T
  MONTH TO DATE    5.33          2.00   3.33     0.38
  SINCE JUN 1      8.45          9.09  -0.64    10.56
  SINCE JAN 1     19.57         17.75   1.82    27.10

DEGREE DAYS
 HEATING
  YESTERDAY        0             0      0        0
  MONTH TO DATE    8             0      8        0
  SINCE JUN 1     18            42    -24       10
  SINCE JUL 1      8             5      3        8

 COOLING
  YESTERDAY        7             8     -1        2
  MONTH TO DATE   72           175   -103      172
  SINCE JUN 1    669           634     35      726
  SINCE JAN 1    683           675      8      748
......................................................


WIND (MPH)
  HIGHEST WIND SPEED    22   HIGHEST WIND DIRECTION     S (170)
  HIGHEST GUST SPEED    28   HIGHEST GUST DIRECTION     S (170)
  AVERAGE WIND SPEED     8.5


SKY COVER
  AVERAGE SKY COVER 0.1


WEATHER CONDITIONS
 THE FOLLOWING WEATHER WAS RECORDED YESTERDAY.
  THUNDERSTORM
  HEAVY RAIN
  LIGHT RAIN
  FOG


RELATIVE HUMIDITY (PERCENT)
 HIGHEST    93           200 AM
 LOWEST     48           200 PM
 AVERAGE    71

..........................................................


THE ORD NE CLIMATE NORMALS FOR TODAY
                         NORMAL
 MAXIMUM TEMPERATURE (F)   85
 MINIMUM TEMPERATURE (F)   60


SUNRISE AND SUNSET
AUGUST 20 2017........SUNRISE   650 AM CDT   SUNSET   828 PM CDT
AUGUST 21 2017........SUNRISE   651 AM CDT   SUNSET   826 PM CDT


-  INDICATES NEGATIVE NUMBERS.
R  INDICATES RECORD WAS SET OR TIED.
MM INDICATES DATA IS MISSING.
T  INDICATES TRACE AMOUNT.




$$
