000
CDUS43 KGID 230647
CLIODX


CLIMATE REPORT
NATIONAL WEATHER SERVICE HASTINGS NE
145 AM CDT TUE MAY 23 2017


...................................

...THE ORD NE CLIMATE SUMMARY FOR MAY 22 2017...

CLIMATE NORMAL PERIOD 1981 TO 2010
CLIMATE RECORD PERIOD 1895 TO 2017


WEATHER ITEM   OBSERVED TIME   NORMAL DEPARTURE LAST
                VALUE   (LST)  VALUE  FROM      YEAR
                                      NORMAL
......................................................
TEMPERATURE (F)
 YESTERDAY
  MAXIMUM         70   1211 PM  74     -4       79
  MINIMUM         42    428 AM  49     -7       59
  AVERAGE         56            61     -5       69

PRECIPITATION (IN)
  YESTERDAY        0.00          0.14  -0.14     0.00
  MONTH TO DATE    2.99          2.51   0.48     2.86
  SINCE MAR 1      9.07          6.55   2.52    13.20
  SINCE JAN 1     11.01          7.36   3.65    14.35

DEGREE DAYS
 HEATING
  YESTERDAY        9             5      4        0
  MONTH TO DATE  197           181     16      219
  SINCE MAR 1   1375          1517   -142     1337
  SINCE JUL 1   5886          6534   -648     5686

 COOLING
  YESTERDAY        0             2     -2        4
  MONTH TO DATE   14            21     -7        6
  SINCE MAR 1     14            23     -9        6
  SINCE JAN 1     14            23     -9        6
......................................................


WIND (MPH)
  HIGHEST WIND SPEED    32   HIGHEST WIND DIRECTION     N (340)
  HIGHEST GUST SPEED    42   HIGHEST GUST DIRECTION    NW (320)
  AVERAGE WIND SPEED    10.5


SKY COVER
  AVERAGE SKY COVER 0.1


WEATHER CONDITIONS
 THE FOLLOWING WEATHER WAS RECORDED YESTERDAY.
  NO SIGNIFICANT WEATHER WAS OBSERVED.


RELATIVE HUMIDITY (PERCENT)
 HIGHEST    89           400 AM
 LOWEST     39          1200 PM
 AVERAGE    64

..........................................................


THE ORD NE CLIMATE NORMALS FOR TODAY
                         NORMAL
 MAXIMUM TEMPERATURE (F)   74
 MINIMUM TEMPERATURE (F)   50


SUNRISE AND SUNSET
MAY 23 2017...........SUNRISE   609 AM CDT   SUNSET   856 PM CDT
MAY 24 2017...........SUNRISE   609 AM CDT   SUNSET   857 PM CDT


-  INDICATES NEGATIVE NUMBERS.
R  INDICATES RECORD WAS SET OR TIED.
MM INDICATES DATA IS MISSING.
T  INDICATES TRACE AMOUNT.




$$
