000
CDUS43 KGID 220631
CLIODX


CLIMATE REPORT
NATIONAL WEATHER SERVICE HASTINGS NE
1229 AM CST SAT NOV 22 2014


...................................

...THE ORD NE CLIMATE SUMMARY FOR NOVEMBER 21 2014...

CLIMATE NORMAL PERIOD 1981 TO 2010
CLIMATE RECORD PERIOD 1895 TO 2014


WEATHER ITEM   OBSERVED TIME   NORMAL DEPARTURE LAST
                VALUE   (LST)  VALUE  FROM      YEAR
                                      NORMAL
......................................................
TEMPERATURE (F)
 YESTERDAY
  MAXIMUM         51    300 PM  46      5       33
  MINIMUM         14    357 AM  21     -7       13
  AVERAGE         33            34     -1       23

PRECIPITATION (IN)
  YESTERDAY        0.00          0.03  -0.03     0.03
  MONTH TO DATE    0.06          0.81  -0.75     0.50
  SINCE SEP 1      2.88          5.18  -2.30     4.92
  SINCE JAN 1     20.52         24.09  -3.57    24.35

DEGREE DAYS
 HEATING
  YESTERDAY       32            31      1       42
  MONTH TO DATE  730           555    175      554
  SINCE SEP 1   1281          1161    120     1121
  SINCE JUL 1   1300          1175    125     1128

 COOLING
  YESTERDAY        0             0      0        0
  MONTH TO DATE    0             0      0        0
  SINCE SEP 1     57            88    -31      147
  SINCE JAN 1    692           845   -153      907
......................................................


WIND (MPH)
  HIGHEST WIND SPEED    22   HIGHEST WIND DIRECTION     S (200)
  HIGHEST GUST SPEED    26   HIGHEST GUST DIRECTION     S (190)
  AVERAGE WIND SPEED     8.8


SKY COVER
  AVERAGE SKY COVER 0.1


WEATHER CONDITIONS
 THE FOLLOWING WEATHER WAS RECORDED YESTERDAY.
  NO SIGNIFICANT WEATHER WAS OBSERVED.


RELATIVE HUMIDITY (PERCENT)
 HIGHEST    96           400 AM
 LOWEST     46           300 PM
 AVERAGE    71

..........................................................


THE ORD NE CLIMATE NORMALS FOR TODAY
                         NORMAL
 MAXIMUM TEMPERATURE (F)   45
 MINIMUM TEMPERATURE (F)   21


SUNRISE AND SUNSET
NOVEMBER 22 2014......SUNRISE   733 AM CST   SUNSET   510 PM CST
NOVEMBER 23 2014......SUNRISE   734 AM CST   SUNSET   510 PM CST


-  INDICATES NEGATIVE NUMBERS.
R  INDICATES RECORD WAS SET OR TIED.
MM INDICATES DATA IS MISSING.
T  INDICATES TRACE AMOUNT.

$$

HALBLAUB
