000
CDUS43 KGID 270639
CLIODX


CLIMATE REPORT
NATIONAL WEATHER SERVICE HASTINGS NE
138 AM CDT WED AUG 27 2014


...................................

...THE ORD NE CLIMATE SUMMARY FOR AUGUST 26 2014...

CLIMATE NORMAL PERIOD 1981 TO 2010
CLIMATE RECORD PERIOD 1895 TO 2014


WEATHER ITEM   OBSERVED TIME   NORMAL DEPARTURE LAST
                VALUE   (LST)  VALUE  FROM      YEAR
                                      NORMAL
......................................................
TEMPERATURE (F)
 YESTERDAY
  MAXIMUM         76    430 PM  84     -8       95
  MINIMUM         57    338 AM  59     -2       72
  AVERAGE         67            71     -4       84

PRECIPITATION (IN)
  YESTERDAY        1.03          0.10   0.93     0.00
  MONTH TO DATE    4.54          2.74   1.80     3.75
  SINCE JUN 1     14.69          9.83   4.86     9.27
  SINCE JAN 1     16.91         18.49  -1.58    19.41

DEGREE DAYS
 HEATING
  YESTERDAY        0             0      0        0
  MONTH TO DATE    0             0      0        0
  SINCE JUN 1     51            42      9       54
  SINCE JUL 1     19             5     14        7

 COOLING
  YESTERDAY        2             7     -5       19
  MONTH TO DATE  208           227    -19      202
  SINCE JUN 1    539           686   -147      643
  SINCE JAN 1    608           727   -119      690
......................................................


WIND (MPH)
  HIGHEST WIND SPEED    17   HIGHEST WIND DIRECTION    SW (240)
  HIGHEST GUST SPEED    21   HIGHEST GUST DIRECTION    SW (240)
  AVERAGE WIND SPEED     4.1


SKY COVER
  AVERAGE SKY COVER 0.4


WEATHER CONDITIONS
 THE FOLLOWING WEATHER WAS RECORDED YESTERDAY.
  THUNDERSTORM
  HEAVY RAIN
  RAIN
  LIGHT RAIN
  FOG


RELATIVE HUMIDITY (PERCENT)
 HIGHEST   100          1100 PM
 LOWEST     64           400 PM
 AVERAGE    82

..........................................................


THE ORD NE CLIMATE NORMALS FOR TODAY
                         NORMAL
 MAXIMUM TEMPERATURE (F)   84
 MINIMUM TEMPERATURE (F)   58


SUNRISE AND SUNSET
AUGUST 27 2014........SUNRISE   657 AM CDT   SUNSET   817 PM CDT
AUGUST 28 2014........SUNRISE   658 AM CDT   SUNSET   815 PM CDT


-  INDICATES NEGATIVE NUMBERS.
R  INDICATES RECORD WAS SET OR TIED.
MM INDICATES DATA IS MISSING.
T  INDICATES TRACE AMOUNT.




$$
