000
CDUS43 KGID 010636
CLIODX


CLIMATE REPORT
NATIONAL WEATHER SERVICE HASTINGS NE
1234 AM CST SUN FEB 1 2015


...................................

...THE ORD NE CLIMATE SUMMARY FOR JANUARY 31 2015...

CLIMATE NORMAL PERIOD 1981 TO 2010
CLIMATE RECORD PERIOD 1895 TO 2015


WEATHER ITEM   OBSERVED TIME   NORMAL DEPARTURE LAST
                VALUE   (LST)  VALUE  FROM      YEAR
                                      NORMAL
......................................................
TEMPERATURE (F)
 YESTERDAY
  MAXIMUM         39   1209 AM  38      1       24
  MINIMUM         23   1159 PM  13     10       15
  AVERAGE         31            26      5       20

PRECIPITATION (IN)
  YESTERDAY       MM             0.01  MM         T
  MONTH TO DATE    0.07          0.37  -0.30     0.06
  SINCE DEC 1      1.63          0.96   0.67     0.06
  SINCE JAN 1      0.07          0.37  -0.30     0.06

DEGREE DAYS
 HEATING
  YESTERDAY       34            39     -5       45
  MONTH TO DATE 1206          1251    -45     1259
  SINCE DEC 1   2387          2495   -108     2432
  SINCE JUL 1   3973          3976     -3     3912

 COOLING
  YESTERDAY        0             0      0        0
  MONTH TO DATE    0             0      0        0
  SINCE DEC 1      0             0      0        0
  SINCE JAN 1      0             0      0        0
......................................................


WIND (MPH)
  HIGHEST WIND SPEED    22   HIGHEST WIND DIRECTION     N (360)
  HIGHEST GUST SPEED    29   HIGHEST GUST DIRECTION     N (340)
  AVERAGE WIND SPEED     8.3


SKY COVER
  AVERAGE SKY COVER 0.9


WEATHER CONDITIONS
 THE FOLLOWING WEATHER WAS RECORDED YESTERDAY.
  SNOW
  LIGHT SNOW
  FOG
  FOG W/VISIBILITY <= 1/4 MILE


RELATIVE HUMIDITY (PERCENT)
 HIGHEST    92           500 PM
 LOWEST     70          1200 AM
 AVERAGE    81

..........................................................


THE ORD NE CLIMATE NORMALS FOR TODAY
                         NORMAL
 MAXIMUM TEMPERATURE (F)   38
 MINIMUM TEMPERATURE (F)   13


SUNRISE AND SUNSET
FEBRUARY  1 2015......SUNRISE   748 AM CST   SUNSET   551 PM CST
FEBRUARY  2 2015......SUNRISE   747 AM CST   SUNSET   553 PM CST


-  INDICATES NEGATIVE NUMBERS.
R  INDICATES RECORD WAS SET OR TIED.
MM INDICATES DATA IS MISSING.
T  INDICATES TRACE AMOUNT.




$$
