000
CDUS43 KGID 260625
CLIODX


CLIMATE REPORT
NATIONAL WEATHER SERVICE HASTINGS NE
125 AM CDT MON JUN 26 2017


...................................

...THE ORD NE CLIMATE SUMMARY FOR JUNE 25 2017...

CLIMATE NORMAL PERIOD 1981 TO 2010
CLIMATE RECORD PERIOD 1895 TO 2017


WEATHER ITEM   OBSERVED TIME   NORMAL DEPARTURE LAST
                VALUE   (LST)  VALUE  FROM      YEAR
                                      NORMAL
......................................................
TEMPERATURE (F)
 YESTERDAY
  MAXIMUM         78    423 PM  84     -6       84
  MINIMUM         47    220 AM  60    -13       61
  AVERAGE         63            72     -9       73

PRECIPITATION (IN)
  YESTERDAY        0.00          0.09  -0.09      T
  MONTH TO DATE    0.41          3.68  -3.27     3.26
  SINCE JUN 1      0.41          3.68  -3.27     3.26
  SINCE JAN 1     11.53         12.34  -0.81    19.80

DEGREE DAYS
 HEATING
  YESTERDAY        2             1      1        0
  MONTH TO DATE    9            37    -28        2
  SINCE JUN 1      9            37    -28        2
  SINCE JUL 1   5957          6607   -650     5689

 COOLING
  YESTERDAY        0             7     -7        8
  MONTH TO DATE  190           122     68      229
  SINCE JUN 1    190           122     68      229
  SINCE JAN 1    204           163     41      251
......................................................


WIND (MPH)
  HIGHEST WIND SPEED    13   HIGHEST WIND DIRECTION     S (160)
  HIGHEST GUST SPEED    18   HIGHEST GUST DIRECTION    NE (30)
  AVERAGE WIND SPEED     5.4


SKY COVER
  AVERAGE SKY COVER 0.1


WEATHER CONDITIONS
 THE FOLLOWING WEATHER WAS RECORDED YESTERDAY.
  NO SIGNIFICANT WEATHER WAS OBSERVED.


RELATIVE HUMIDITY (PERCENT)
 HIGHEST    71          1200 AM
 LOWEST     18           200 PM
 AVERAGE    45

..........................................................


THE ORD NE CLIMATE NORMALS FOR TODAY
                         NORMAL
 MAXIMUM TEMPERATURE (F)   84
 MINIMUM TEMPERATURE (F)   60


SUNRISE AND SUNSET
JUNE 26 2017..........SUNRISE   603 AM CDT   SUNSET   914 PM CDT
JUNE 27 2017..........SUNRISE   604 AM CDT   SUNSET   914 PM CDT


-  INDICATES NEGATIVE NUMBERS.
R  INDICATES RECORD WAS SET OR TIED.
MM INDICATES DATA IS MISSING.
T  INDICATES TRACE AMOUNT.




$$
