000
CDUS43 KOAX 260647
CLIOFK


CLIMATE REPORT
NATIONAL WEATHER SERVICE OMAHA NEBRASKA
146 AM CDT SAT JUL 26 2014


...................................

...THE NORFOLK, NEBRASKA CLIMATE SUMMARY FOR JULY 25 2014...

CLIMATE NORMAL PERIOD 1981 TO 2010
CLIMATE RECORD PERIOD 1888 TO 2014


WEATHER ITEM   OBSERVED TIME   RECORD YEAR NORMAL DEPARTURE LAST
                VALUE   (LST)  VALUE       VALUE  FROM      YEAR
                                                  NORMAL
..................................................................
TEMPERATURE (F)
 YESTERDAY
  MAXIMUM         92    321 PM 112    1936  86      6       90
  MINIMUM         71    534 AM  44    1911  64      7       64
  AVERAGE         82                        75      7       77

PRECIPITATION (IN)
  YESTERDAY        T             2.64 1981   0.11  -0.11     0.42
  MONTH TO DATE    0.94                      2.71  -1.77     1.06
  SINCE JUN 1     12.33                      6.97   5.36     3.24
  SINCE JAN 1     17.82                     16.67   1.15    14.66

SNOWFALL (IN)
  YESTERDAY        0.0                       0.0    0.0      0.0
  MONTH TO DATE    0.0                       0.0    0.0      0.0
  SINCE JUL 1      0.0                       0.0    0.0      0.0
  SNOW DEPTH       0

DEGREE DAYS
 HEATING
  YESTERDAY        0                         0      0        0
  MONTH TO DATE   12                         0     12        0
  SINCE JUN 1     37                        30      7       42
  SINCE JUL 1     12                         0     12        0

 COOLING
  YESTERDAY       17                        10      7       12
  MONTH TO DATE  167                       248    -81      279
  SINCE JUN 1    361                       434    -73      462
  SINCE JAN 1    458                       495    -37      526
..................................................................


WIND (MPH)
  HIGHEST WIND SPEED    26   HIGHEST WIND DIRECTION     S (190)
  HIGHEST GUST SPEED    35   HIGHEST GUST DIRECTION     S (180)
  AVERAGE WIND SPEED     9.4


SKY COVER
  POSSIBLE SUNSHINE  MM
  AVERAGE SKY COVER 0.1


WEATHER CONDITIONS
 THE FOLLOWING WEATHER WAS RECORDED YESTERDAY.
  LIGHT RAIN
  HAZE


RELATIVE HUMIDITY (PERCENT)
 HIGHEST    90           600 AM
 LOWEST     49           400 PM
 AVERAGE    70

..........................................................


THE NORFOLK, NEBRASKA CLIMATE NORMALS FOR TODAY
                         NORMAL    RECORD    YEAR
 MAXIMUM TEMPERATURE (F)   86       110      1936
 MINIMUM TEMPERATURE (F)   64        46      1962


SUNRISE AND SUNSET
JULY 26 2014..........SUNRISE   617 AM CDT   SUNSET   855 PM CDT
JULY 27 2014..........SUNRISE   618 AM CDT   SUNSET   854 PM CDT


-  INDICATES NEGATIVE NUMBERS.
R  INDICATES RECORD WAS SET OR TIED.
MM INDICATES DATA IS MISSING.
T  INDICATES TRACE AMOUNT.




$$
