000
CDUS43 KOAX 220633
CLIOFK


CLIMATE REPORT
NATIONAL WEATHER SERVICE OMAHA NEBRASKA
1231 AM CST WED FEB 22 2017


...................................

...THE NORFOLK, NEBRASKA CLIMATE SUMMARY FOR FEBRUARY 21 2017...

CLIMATE NORMAL PERIOD 1981 TO 2010
CLIMATE RECORD PERIOD 1888 TO 2017


WEATHER ITEM   OBSERVED TIME   RECORD YEAR NORMAL DEPARTURE LAST
                VALUE   (LST)  VALUE       VALUE  FROM      YEAR
                                                  NORMAL
..................................................................
TEMPERATURE (F)
 YESTERDAY
  MAXIMUM         74R   358 PM  74    1995  39     35       49
  MINIMUM         29    331 AM -19    1918  18     11       36
  AVERAGE         52                        28     24       43

PRECIPITATION (IN)
  YESTERDAY        0.00          0.53 2013   0.03  -0.03     0.07
  MONTH TO DATE    0.45                      0.54  -0.09     1.56
  SINCE DEC 1      2.54                      1.88   0.66     4.40
  SINCE JAN 1      1.70                      1.13   0.57     2.13

SNOWFALL (IN)
  YESTERDAY        0.0                       0.2   -0.2      0.0
  MONTH TO DATE    5.0                       4.3    0.7     16.3
  SINCE JUL 1     22.1                      21.6    0.5     40.8
  SNOW DEPTH       0

DEGREE DAYS
 HEATING
  YESTERDAY       13                        37    -24       22
  MONTH TO DATE  625                       824   -199      724
  SINCE DEC 1   3178                      3401   -223     3067
  SINCE JUL 1   4223                      4846   -623     4088

 COOLING
  YESTERDAY        0                         0      0        0
  MONTH TO DATE    0                         0      0        0
  SINCE DEC 1      0                         0      0        0
  SINCE JAN 1      0                         0      0        0
..................................................................


WIND (MPH)
  HIGHEST WIND SPEED    30   HIGHEST WIND DIRECTION    SW (210)
  HIGHEST GUST SPEED    38   HIGHEST GUST DIRECTION    SW (220)
  AVERAGE WIND SPEED    13.2


SKY COVER
  POSSIBLE SUNSHINE  MM
  AVERAGE SKY COVER 0.0


WEATHER CONDITIONS
 THE FOLLOWING WEATHER WAS RECORDED YESTERDAY.
  FOG


RELATIVE HUMIDITY (PERCENT)
 HIGHEST    92          1200 AM
 LOWEST     17           300 PM
 AVERAGE    55

..........................................................


THE NORFOLK, NEBRASKA CLIMATE NORMALS FOR TODAY
                         NORMAL    RECORD    YEAR
 MAXIMUM TEMPERATURE (F)   39        72      1995
 MINIMUM TEMPERATURE (F)   19       -14      1962


SUNRISE AND SUNSET
FEBRUARY 22 2017......SUNRISE   715 AM CST   SUNSET   612 PM CST
FEBRUARY 23 2017......SUNRISE   714 AM CST   SUNSET   613 PM CST


-  INDICATES NEGATIVE NUMBERS.
R  INDICATES RECORD WAS SET OR TIED.
MM INDICATES DATA IS MISSING.
T  INDICATES TRACE AMOUNT.




$$
