000
CDUS43 KOAX 220654
CLIOFK


CLIMATE REPORT
NATIONAL WEATHER SERVICE OMAHA NEBRASKA
1251 AM CST SUN JAN 22 2017


...................................

...THE NORFOLK, NEBRASKA CLIMATE SUMMARY FOR JANUARY 21 2017...

CLIMATE NORMAL PERIOD 1981 TO 2010
CLIMATE RECORD PERIOD 1888 TO 2017


WEATHER ITEM   OBSERVED TIME   RECORD YEAR NORMAL DEPARTURE LAST
                VALUE   (LST)  VALUE       VALUE  FROM      YEAR
                                                  NORMAL
..................................................................
TEMPERATURE (F)
 YESTERDAY
  MAXIMUM         49    439 PM  62    1992  33     16       28
  MINIMUM         24   1159 PM -18    1966  12     12       20
                                      1930
  AVERAGE         37                        23     14       24

PRECIPITATION (IN)
  YESTERDAY        0.00          0.50 1917   0.02  -0.02      T
  MONTH TO DATE    0.69                      0.39   0.30     0.50
  SINCE DEC 1      1.53                      1.14   0.39     2.77
  SINCE JAN 1      0.69                      0.39   0.30     0.50

SNOWFALL (IN)
  YESTERDAY        0.0                       0.2   -0.2       T
  MONTH TO DATE    2.4                       4.1   -1.7      4.4
  SINCE JUL 1      8.5                      15.0   -6.5     24.4
  SNOW DEPTH       0

DEGREE DAYS
 HEATING
  YESTERDAY       28                        42    -14       41
  MONTH TO DATE  917                       901     16      935
  SINCE DEC 1   2202                      2162     40     1997
  SINCE JUL 1   3247                      3607   -360     3018

 COOLING
  YESTERDAY        0                         0      0        0
  MONTH TO DATE    0                         0      0        0
  SINCE DEC 1      0                         0      0        0
  SINCE JAN 1      0                         0      0        0
..................................................................


WIND (MPH)
  HIGHEST WIND SPEED    16   HIGHEST WIND DIRECTION     W (280)
  HIGHEST GUST SPEED    20   HIGHEST GUST DIRECTION     W (280)
  AVERAGE WIND SPEED     6.4


SKY COVER
  POSSIBLE SUNSHINE  MM
  AVERAGE SKY COVER 0.3


WEATHER CONDITIONS
 THE FOLLOWING WEATHER WAS RECORDED YESTERDAY.
  FOG
  FOG W/VISIBILITY <= 1/4 MILE


RELATIVE HUMIDITY (PERCENT)
 HIGHEST   100          1200 AM
 LOWEST     56           300 PM
 AVERAGE    78

..........................................................


THE NORFOLK, NEBRASKA CLIMATE NORMALS FOR TODAY
                         NORMAL    RECORD    YEAR
 MAXIMUM TEMPERATURE (F)   33        64      1989
 MINIMUM TEMPERATURE (F)   12       -23      1966


SUNRISE AND SUNSET
JANUARY 22 2017.......SUNRISE   751 AM CST   SUNSET   532 PM CST
JANUARY 23 2017.......SUNRISE   750 AM CST   SUNSET   534 PM CST


-  INDICATES NEGATIVE NUMBERS.
R  INDICATES RECORD WAS SET OR TIED.
MM INDICATES DATA IS MISSING.
T  INDICATES TRACE AMOUNT.




$$
