000
CDUS43 KOAX 230748
CLIOFK


CLIMATE REPORT
NATIONAL WEATHER SERVICE OMAHA NEBRASKA
229 AM CDT FRI JUN 23 2017


...................................

...THE NORFOLK, NEBRASKA CLIMATE SUMMARY FOR JUNE 22 2017...

CLIMATE NORMAL PERIOD 1981 TO 2010
CLIMATE RECORD PERIOD 1888 TO 2017


WEATHER ITEM   OBSERVED TIME   RECORD YEAR NORMAL DEPARTURE LAST
                VALUE   (LST)  VALUE       VALUE  FROM      YEAR
                                                  NORMAL
..................................................................
TEMPERATURE (F)
 YESTERDAY
  MAXIMUM         86    126 PM 103    1930  84      2       88
  MINIMUM         63   1159 PM  43    1902  61      2       66
  AVERAGE         75                        72      3       77

PRECIPITATION (IN)
  YESTERDAY        0.00          2.07 1969   0.14  -0.14     0.00
  MONTH TO DATE    1.56                      3.14  -1.58     3.21
  SINCE JUN 1      1.56                      3.14  -1.58     3.21
  SINCE JAN 1     13.17                     12.84   0.33    19.66

SNOWFALL (IN)
  YESTERDAY        0.0                       0.0    0.0      0.0
  MONTH TO DATE    0.0                       0.0    0.0      0.0
  SINCE JUL 1     32.2                      30.5    1.7     53.0
  SNOW DEPTH       0

DEGREE DAYS
 HEATING
  YESTERDAY        0                         0      0        0
  MONTH TO DATE    0                        28    -28        3
  SINCE JUN 1      0                        28    -28        3
  SINCE JUL 1   5896                      6641   -745     5579

 COOLING
  YESTERDAY       10                         8      2       12
  MONTH TO DATE  213                       117     96      207
  SINCE JUN 1    213                       117     96      207
  SINCE JAN 1    241                       178     63      245
..................................................................


WIND (MPH)
  HIGHEST WIND SPEED    25   HIGHEST WIND DIRECTION     N (360)
  HIGHEST GUST SPEED    32   HIGHEST GUST DIRECTION     N (350)
  AVERAGE WIND SPEED    10.1


SKY COVER
  POSSIBLE SUNSHINE  MM
  AVERAGE SKY COVER 0.3


WEATHER CONDITIONS
 THE FOLLOWING WEATHER WAS RECORDED YESTERDAY.
  NO SIGNIFICANT WEATHER WAS OBSERVED.


RELATIVE HUMIDITY (PERCENT)
 HIGHEST    78          1000 PM
 LOWEST     43          1200 AM
 AVERAGE    61

..........................................................


THE NORFOLK, NEBRASKA CLIMATE NORMALS FOR TODAY
                         NORMAL    RECORD    YEAR
 MAXIMUM TEMPERATURE (F)   84       108      1937
 MINIMUM TEMPERATURE (F)   61        44      1942


SUNRISE AND SUNSET
JUNE 23 2017..........SUNRISE   555 AM CDT   SUNSET   909 PM CDT
JUNE 24 2017..........SUNRISE   555 AM CDT   SUNSET   909 PM CDT


-  INDICATES NEGATIVE NUMBERS.
R  INDICATES RECORD WAS SET OR TIED.
MM INDICATES DATA IS MISSING.
T  INDICATES TRACE AMOUNT.




$$
