000
CDUS43 KOAX 110710
CLIOFK


CLIMATE REPORT
NATIONAL WEATHER SERVICE OMAHA NEBRASKA
110 AM CST MON DEC 11 2017


...................................

...THE NORFOLK, NEBRASKA CLIMATE SUMMARY FOR DECEMBER 10 2017...

CLIMATE NORMAL PERIOD 1981 TO 2010
CLIMATE RECORD PERIOD 1888 TO 2017


WEATHER ITEM   OBSERVED TIME   RECORD YEAR NORMAL DEPARTURE LAST
                VALUE   (LST)  VALUE       VALUE  FROM      YEAR
                                                  NORMAL
..................................................................
TEMPERATURE (F)
 YESTERDAY
  MAXIMUM         56    305 PM  62    1990  35     21       27
  MINIMUM         32    856 PM -26    1919  15     17       11
  AVERAGE         44                        25     19       19

PRECIPITATION (IN)
  YESTERDAY        0.00          0.37 1970   0.03  -0.03     0.09
  MONTH TO DATE    T                         0.29  -0.29     0.11
  SINCE DEC 1      T                         0.29  -0.29     0.11
  SINCE JAN 1     27.47                     26.95   0.52    30.70

SNOWFALL (IN)
  YESTERDAY        0.0                       0.2   -0.2      1.0
  MONTH TO DATE    T                         2.0   -2.0      1.0
  SINCE JUL 1      T                         6.9   -6.9      3.5
  SNOW DEPTH       0

DEGREE DAYS
 HEATING
  YESTERDAY       21                        40    -19       46
  MONTH TO DATE  305                       385    -80      408
  SINCE DEC 1    305                       385    -80      408
  SINCE JUL 1   1611                      1830   -219     1453

 COOLING
  YESTERDAY        0                         0      0        0
  MONTH TO DATE    0                         0      0        0
  SINCE DEC 1      0                         0      0        0
  SINCE JAN 1    879                       915    -36      963
..................................................................


WIND (MPH)
  HIGHEST WIND SPEED    23   HIGHEST WIND DIRECTION    NW (320)
  HIGHEST GUST SPEED    31   HIGHEST GUST DIRECTION    NW (310)
  AVERAGE WIND SPEED    11.3


SKY COVER
  POSSIBLE SUNSHINE  MM
  AVERAGE SKY COVER 0.0


WEATHER CONDITIONS
 THE FOLLOWING WEATHER WAS RECORDED YESTERDAY.
  NO SIGNIFICANT WEATHER WAS OBSERVED.


RELATIVE HUMIDITY (PERCENT)
 HIGHEST    61           100 AM
 LOWEST     24           300 PM
 AVERAGE    43

..........................................................


THE NORFOLK, NEBRASKA CLIMATE NORMALS FOR TODAY
                         NORMAL    RECORD    YEAR
 MAXIMUM TEMPERATURE (F)   35        62      1905
 MINIMUM TEMPERATURE (F)   15       -13      1989


SUNRISE AND SUNSET
DECEMBER 11 2017......SUNRISE   748 AM CST   SUNSET   458 PM CST
DECEMBER 12 2017......SUNRISE   749 AM CST   SUNSET   459 PM CST


-  INDICATES NEGATIVE NUMBERS.
R  INDICATES RECORD WAS SET OR TIED.
MM INDICATES DATA IS MISSING.
T  INDICATES TRACE AMOUNT.




$$
