000
CDUS43 KOAX 030709
CLIOFK


CLIMATE REPORT
NATIONAL WEATHER SERVICE OMAHA NEBRASKA
108 AM CST TUE MAR 3 2015


...................................

...THE NORFOLK, NEBRASKA CLIMATE SUMMARY FOR MARCH 2 2015...

CLIMATE NORMAL PERIOD 1981 TO 2010
CLIMATE RECORD PERIOD 1888 TO 2015


WEATHER ITEM   OBSERVED TIME   RECORD YEAR NORMAL DEPARTURE LAST
                VALUE   (LST)  VALUE       VALUE  FROM      YEAR
                                                  NORMAL
..................................................................
TEMPERATURE (F)
 YESTERDAY
  MAXIMUM         41    350 PM  78    1992  42     -1        0
  MINIMUM         11    623 AM -15    1913  22    -11      -11
  AVERAGE         26                        32     -6       -5

PRECIPITATION (IN)
  YESTERDAY        0.00          0.66 1951   0.03  -0.03     0.00
  MONTH TO DATE    0.00                      0.07  -0.07     0.15
  SINCE MAR 1      0.00                      0.07  -0.07     0.15
  SINCE JAN 1      0.88                      1.42  -0.54     0.71

SNOWFALL (IN)
  YESTERDAY        0.0                       0.2   -0.2      0.0
  MONTH TO DATE    0.0                       0.4   -0.4      3.2
  SINCE JUL 1     20.3                      23.2   -2.9     14.6
  SNOW DEPTH       0

DEGREE DAYS
 HEATING
  YESTERDAY       39                        33      6       70
  MONTH TO DATE   77                        67     10      130
  SINCE MAR 1     77                        67     10      130
  SINCE JUL 1   5123                      5160    -37     5480

 COOLING
  YESTERDAY        0                         0      0        0
  MONTH TO DATE    0                         0      0        0
  SINCE MAR 1      0                         0      0        0
  SINCE JAN 1      0                         0      0        0
..................................................................


WIND (MPH)
  HIGHEST WIND SPEED    28   HIGHEST WIND DIRECTION     S (160)
  HIGHEST GUST SPEED    34   HIGHEST GUST DIRECTION     S (160)
  AVERAGE WIND SPEED    11.5


SKY COVER
  POSSIBLE SUNSHINE  MM
  AVERAGE SKY COVER 0.5


WEATHER CONDITIONS
 THE FOLLOWING WEATHER WAS RECORDED YESTERDAY.
  NO SIGNIFICANT WEATHER WAS OBSERVED.


RELATIVE HUMIDITY (PERCENT)
 HIGHEST    84           600 AM
 LOWEST     40           400 PM
 AVERAGE    62

..........................................................


THE NORFOLK, NEBRASKA CLIMATE NORMALS FOR TODAY
                         NORMAL    RECORD    YEAR
 MAXIMUM TEMPERATURE (F)   43        77      1921
                                             1905
 MINIMUM TEMPERATURE (F)   22       -14      2014


SUNRISE AND SUNSET
MARCH  3 2015.........SUNRISE   702 AM CST   SUNSET   622 PM CST
MARCH  4 2015.........SUNRISE   700 AM CST   SUNSET   623 PM CST


-  INDICATES NEGATIVE NUMBERS.
R  INDICATES RECORD WAS SET OR TIED.
MM INDICATES DATA IS MISSING.
T  INDICATES TRACE AMOUNT.




$$
