000
CDUS43 KOAX 310638
CLIOFK


CLIMATE REPORT
NATIONAL WEATHER SERVICE OMAHA NEBRASKA
136 AM CDT FRI OCT 31 2014


...................................

...THE NORFOLK, NEBRASKA CLIMATE SUMMARY FOR OCTOBER 30 2014...

CLIMATE NORMAL PERIOD 1981 TO 2010
CLIMATE RECORD PERIOD 1888 TO 2014


WEATHER ITEM   OBSERVED TIME   RECORD YEAR NORMAL DEPARTURE LAST
                VALUE   (LST)  VALUE       VALUE  FROM      YEAR
                                                  NORMAL
..................................................................
TEMPERATURE (F)
 YESTERDAY
  MAXIMUM         59   1248 PM  90    1950  57      2       44
  MINIMUM         36    308 AM   2    1925  33      3       30
  AVERAGE         48                        45      3       37

PRECIPITATION (IN)
  YESTERDAY        0.00          1.90 1979   0.04  -0.04     0.06
  MONTH TO DATE    0.97                      2.02  -1.05     4.70
  SINCE SEP 1      2.97                      4.71  -1.74     5.55
  SINCE JAN 1     28.19                     25.24   2.95    23.96

SNOWFALL (IN)
  YESTERDAY        0.0                       0.0    0.0      0.0
  MONTH TO DATE    0.0                       0.7   -0.7      0.0
  SINCE JUL 1      0.0                       0.7   -0.7      0.0
  SNOW DEPTH       0

DEGREE DAYS
 HEATING
  YESTERDAY       17                        20     -3       28
  MONTH TO DATE  341                       423    -82      455
  SINCE SEP 1    458                       549    -91      484
  SINCE JUL 1    470                       565    -95      500

 COOLING
  YESTERDAY        0                         0      0        0
  MONTH TO DATE    4                         8     -4        9
  SINCE SEP 1     85                        98    -13      181
  SINCE JAN 1    812                       914   -102     1005
..................................................................


WIND (MPH)
  HIGHEST WIND SPEED    31   HIGHEST WIND DIRECTION     N (350)
  HIGHEST GUST SPEED    39   HIGHEST GUST DIRECTION     N (350)
  AVERAGE WIND SPEED    16.1


SKY COVER
  POSSIBLE SUNSHINE  MM
  AVERAGE SKY COVER 0.4


WEATHER CONDITIONS
 THE FOLLOWING WEATHER WAS RECORDED YESTERDAY.
  NO SIGNIFICANT WEATHER WAS OBSERVED.


RELATIVE HUMIDITY (PERCENT)
 HIGHEST    85           300 AM
 LOWEST     47           200 PM
 AVERAGE    66

..........................................................


THE NORFOLK, NEBRASKA CLIMATE NORMALS FOR TODAY
                         NORMAL    RECORD    YEAR
 MAXIMUM TEMPERATURE (F)   56        82      1933
 MINIMUM TEMPERATURE (F)   33        10      1923
                                             1913


SUNRISE AND SUNSET
OCTOBER 31 2014.......SUNRISE   801 AM CDT   SUNSET   625 PM CDT
NOVEMBER  1 2014......SUNRISE   802 AM CDT   SUNSET   624 PM CDT


-  INDICATES NEGATIVE NUMBERS.
R  INDICATES RECORD WAS SET OR TIED.
MM INDICATES DATA IS MISSING.
T  INDICATES TRACE AMOUNT.




$$
