000
CDUS43 KOAX 060624
CLIOFK


CLIMATE REPORT
NATIONAL WEATHER SERVICE OMAHA NEBRASKA
122 AM CDT MON JUL 6 2015


...................................

...THE NORFOLK, NEBRASKA CLIMATE SUMMARY FOR JULY 5 2015...

CLIMATE NORMAL PERIOD 1981 TO 2010
CLIMATE RECORD PERIOD 1888 TO 2015


WEATHER ITEM   OBSERVED TIME   RECORD YEAR NORMAL DEPARTURE LAST
                VALUE   (LST)  VALUE       VALUE  FROM      YEAR
                                                  NORMAL
..................................................................
TEMPERATURE (F)
 YESTERDAY
  MAXIMUM         90    435 PM 108    1936  86      4       89
  MINIMUM         68    813 AM  44    1972  63      5       68
                                      1915
  AVERAGE         79                        75      4       79

PRECIPITATION (IN)
  YESTERDAY        0.73          1.97 2000   0.11   0.62      T
  MONTH TO DATE    1.80                      0.59   1.21      T
  SINCE JUN 1      6.40                      4.85   1.55    11.39
  SINCE JAN 1     13.36                     14.55  -1.19    16.88

SNOWFALL (IN)
  YESTERDAY        0.0                       0.0    0.0      0.0
  MONTH TO DATE    0.0                       0.0    0.0      0.0
  SINCE JUL 1      0.0                       0.0    0.0      0.0
  SNOW DEPTH       0

DEGREE DAYS
 HEATING
  YESTERDAY        0                         0      0        0
  MONTH TO DATE    0                         0      0        3
  SINCE JUN 1      3                        30    -27       28
  SINCE JUL 1      0                         0      0        3

 COOLING
  YESTERDAY       14                        10      4       14
  MONTH TO DATE   31                        48    -17       21
  SINCE JUN 1    217                       234    -17      215
  SINCE JAN 1    250                       295    -45      312
..................................................................


WIND (MPH)
  HIGHEST WIND SPEED    24   HIGHEST WIND DIRECTION    SE (150)
  HIGHEST GUST SPEED    34   HIGHEST GUST DIRECTION    SE (120)
  AVERAGE WIND SPEED    15.0


SKY COVER
  POSSIBLE SUNSHINE  MM
  AVERAGE SKY COVER 0.2


WEATHER CONDITIONS
 THE FOLLOWING WEATHER WAS RECORDED YESTERDAY.
  THUNDERSTORM
  HEAVY RAIN
  RAIN
  LIGHT RAIN
  FOG


RELATIVE HUMIDITY (PERCENT)
 HIGHEST    84           100 AM
 LOWEST     62          1000 AM
 AVERAGE    73

..........................................................


THE NORFOLK, NEBRASKA CLIMATE NORMALS FOR TODAY
                         NORMAL    RECORD    YEAR
 MAXIMUM TEMPERATURE (F)   86       106      1937
 MINIMUM TEMPERATURE (F)   63        51      2006


SUNRISE AND SUNSET
JULY  6 2015..........SUNRISE   601 AM CDT   SUNSET   908 PM CDT
JULY  7 2015..........SUNRISE   601 AM CDT   SUNSET   908 PM CDT


-  INDICATES NEGATIVE NUMBERS.
R  INDICATES RECORD WAS SET OR TIED.
MM INDICATES DATA IS MISSING.
T  INDICATES TRACE AMOUNT.




$$
