000
CDUS43 KOAX 290643
CLIOFK


CLIMATE REPORT
NATIONAL WEATHER SERVICE OMAHA NEBRASKA
142 AM CDT FRI APR 29 2016


...................................

...THE NORFOLK, NEBRASKA CLIMATE SUMMARY FOR APRIL 28 2016...

CLIMATE NORMAL PERIOD 1981 TO 2010
CLIMATE RECORD PERIOD 1888 TO 2016


WEATHER ITEM   OBSERVED TIME   RECORD YEAR NORMAL DEPARTURE LAST
                VALUE   (LST)  VALUE       VALUE  FROM      YEAR
                                                  NORMAL
..................................................................
TEMPERATURE (F)
 YESTERDAY
  MAXIMUM         47    341 PM 102    1910  67    -20       69
  MINIMUM         41    516 AM  24    1926  42     -1       38
  AVERAGE         44                        54    -10       54

PRECIPITATION (IN)
  YESTERDAY        0.04          1.38 1903   0.10  -0.06     0.00
  MONTH TO DATE    4.09                      2.45   1.64     1.94
  SINCE MAR 1      6.50                      4.22   2.28     2.76
  SINCE JAN 1      8.65                      5.57   3.08     3.64

SNOWFALL (IN)
  YESTERDAY        0.0                       0.0    0.0      0.0
  MONTH TO DATE    T                         2.5   -2.5      0.2
  SINCE JUL 1     53.0                      30.4   22.6     20.7
  SNOW DEPTH       0

DEGREE DAYS
 HEATING
  YESTERDAY       21                        11     10       11
  MONTH TO DATE  376                       451    -75      351
  SINCE MAR 1   1039                      1307   -268     1034
  SINCE JUL 1   5340                      6400  -1060     6080

 COOLING
  YESTERDAY        0                         1     -1        0
  MONTH TO DATE    0                        10    -10        5
  SINCE MAR 1      0                        10    -10        5
  SINCE JAN 1      0                        10    -10        5
..................................................................


WIND (MPH)
  HIGHEST WIND SPEED    20   HIGHEST WIND DIRECTION    NW (330)
  HIGHEST GUST SPEED    24   HIGHEST GUST DIRECTION    NW (320)
  AVERAGE WIND SPEED    11.3


SKY COVER
  POSSIBLE SUNSHINE  MM
  AVERAGE SKY COVER 1.0


WEATHER CONDITIONS
 THE FOLLOWING WEATHER WAS RECORDED YESTERDAY.
  LIGHT RAIN
  FOG


RELATIVE HUMIDITY (PERCENT)
 HIGHEST    96           100 AM
 LOWEST     71          1200 PM
 AVERAGE    84

..........................................................


THE NORFOLK, NEBRASKA CLIMATE NORMALS FOR TODAY
                         NORMAL    RECORD    YEAR
 MAXIMUM TEMPERATURE (F)   67        93      1926
 MINIMUM TEMPERATURE (F)   43        25      1958


SUNRISE AND SUNSET
APRIL 29 2016.........SUNRISE   628 AM CDT   SUNSET   827 PM CDT
APRIL 30 2016.........SUNRISE   626 AM CDT   SUNSET   828 PM CDT


-  INDICATES NEGATIVE NUMBERS.
R  INDICATES RECORD WAS SET OR TIED.
MM INDICATES DATA IS MISSING.
T  INDICATES TRACE AMOUNT.




$$
