614
CDUS43 KOAX 120650
CLIOFK


CLIMATE REPORT
NATIONAL WEATHER SERVICE OMAHA NEBRASKA
1249 AM CST FRI FEB 12 2016


...................................

...THE NORFOLK, NEBRASKA CLIMATE SUMMARY FOR FEBRUARY 11 2016...

CLIMATE NORMAL PERIOD 1981 TO 2010
CLIMATE RECORD PERIOD 1888 TO 2016


WEATHER ITEM   OBSERVED TIME   RECORD YEAR NORMAL DEPARTURE LAST
                VALUE   (LST)  VALUE       VALUE  FROM      YEAR
                                                  NORMAL
..................................................................
TEMPERATURE (F)
 YESTERDAY
  MAXIMUM         27    902 PM  65    1987  36     -9       35
                                      1977
  MINIMUM         19    909 AM -35    1899  15      4       11
  AVERAGE         23                        26     -3       23

PRECIPITATION (IN)
  YESTERDAY        0.01          0.61 1908   0.02  -0.01      T
  MONTH TO DATE    1.30                      0.27   1.03     0.26
  SINCE DEC 1      4.14                      1.61   2.53     2.03
  SINCE JAN 1      1.87                      0.86   1.01     0.83

SNOWFALL (IN)
  YESTERDAY        0.2                       0.2    0.0       T
  MONTH TO DATE   14.4                       2.4   12.0      3.7
  SINCE JUL 1     38.9                      19.7   19.2     20.0
  SNOW DEPTH       4

DEGREE DAYS
 HEATING
  YESTERDAY       42                        39      3       42
  MONTH TO DATE  425                       445    -20      431
  SINCE DEC 1   2768                      3022   -254     2769
  SINCE JUL 1   3789                      4467   -678     4262

 COOLING
  YESTERDAY        0                         0      0        0
  MONTH TO DATE    0                         0      0        0
  SINCE DEC 1      0                         0      0        0
  SINCE JAN 1      0                         0      0        0
..................................................................


WIND (MPH)
  HIGHEST WIND SPEED    18   HIGHEST WIND DIRECTION    SE (150)
  HIGHEST GUST SPEED    21   HIGHEST GUST DIRECTION    SE (150)
  AVERAGE WIND SPEED     8.4


SKY COVER
  POSSIBLE SUNSHINE  MM
  AVERAGE SKY COVER 1.0


WEATHER CONDITIONS
 THE FOLLOWING WEATHER WAS RECORDED YESTERDAY.
  LIGHT SNOW
  FOG
  HAZE


RELATIVE HUMIDITY (PERCENT)
 HIGHEST    84          1200 AM
 LOWEST     77           200 AM
 AVERAGE    81

..........................................................


THE NORFOLK, NEBRASKA CLIMATE NORMALS FOR TODAY
                         NORMAL    RECORD    YEAR
 MAXIMUM TEMPERATURE (F)   36        59      1990
 MINIMUM TEMPERATURE (F)   16       -30      1899


SUNRISE AND SUNSET
FEBRUARY 12 2016......SUNRISE   730 AM CST   SUNSET   558 PM CST
FEBRUARY 13 2016......SUNRISE   729 AM CST   SUNSET   600 PM CST


-  INDICATES NEGATIVE NUMBERS.
R  INDICATES RECORD WAS SET OR TIED.
MM INDICATES DATA IS MISSING.
T  INDICATES TRACE AMOUNT.




$$
