000
CDUS42 KCAE 260603
CLIOGB


CLIMATE REPORT
NATIONAL WEATHER SERVICE COLUMBIA SC
203 AM EDT SUN OCT 26 2014


...................................

...THE ORANGEBURG AIRPORT SC CLIMATE SUMMARY FOR OCTOBER 25 2014...

CLIMATE NORMAL PERIOD 1981 TO 2010
CLIMATE RECORD PERIOD 9999 TO 9999


WEATHER ITEM   OBSERVED TIME   RECORD YEAR NORMAL DEPARTURE LAST
                VALUE   (LST)  VALUE       VALUE  FROM      YEAR
                                                  NORMAL
..................................................................
TEMPERATURE (F)
 YESTERDAY
  MAXIMUM         76    338 PM  MM      MM  74      2       61
  MINIMUM         43    706 AM  MM      MM  50     -7       43
  AVERAGE         60                        62     -2       52

PRECIPITATION (IN)
  YESTERDAY        0.00         MM      MM   0.07  -0.07     0.00
  MONTH TO DATE    1.27                      2.97  -1.70     0.41
  SINCE SEP 1      5.13                      6.76  -1.63     2.01
  SINCE JAN 1     40.15                     40.07   0.08    49.32

DEGREE DAYS
 HEATING
  YESTERDAY        5                         4      1       13
  MONTH TO DATE   50                        55     -5       31
  SINCE SEP 1     54                        59     -5       31
  SINCE JUL 1     54                        59     -5       31

 COOLING
  YESTERDAY        0                         2     -2        0
  MONTH TO DATE  105                        85     20      115
  SINCE SEP 1    436                       386     50      429
  SINCE JAN 1   2227                      2079    148     2021
..................................................................


WIND (MPH)
  HIGHEST WIND SPEED     9   HIGHEST WIND DIRECTION    NE (30)
  HIGHEST GUST SPEED    13   HIGHEST GUST DIRECTION    NW (330)
  AVERAGE WIND SPEED     1.7


SKY COVER
  AVERAGE SKY COVER 0.0


WEATHER CONDITIONS
 THE FOLLOWING WEATHER WAS RECORDED YESTERDAY.
  FOG


RELATIVE HUMIDITY (PERCENT)
 HIGHEST    93           100 AM
 LOWEST     25           400 PM

..........................................................


THE ORANGEBURG AIRPORT SC CLIMATE NORMALS FOR TODAY
                         NORMAL    RECORD    YEAR
 MAXIMUM TEMPERATURE (F)   74        MM        MM
 MINIMUM TEMPERATURE (F)   50        MM        MM


SUNRISE AND SUNSET
OCTOBER 26 2014.......SUNRISE   737 AM EDT   SUNSET   637 PM EDT
OCTOBER 27 2014.......SUNRISE   738 AM EDT   SUNSET   636 PM EDT


-  INDICATES NEGATIVE NUMBERS.
R  INDICATES RECORD WAS SET OR TIED.
MM INDICATES DATA IS MISSING.
T  INDICATES TRACE AMOUNT.




$$
