000
CDUS42 KCAE 240649
CLIOGB


CLIMATE REPORT
NATIONAL WEATHER SERVICE COLUMBIA SC
148 AM EST SAT FEB 24 2018


...................................

...THE ORANGEBURG AIRPORT SC CLIMATE SUMMARY FOR FEBRUARY 23 2018...

CLIMATE NORMAL PERIOD 1981 TO 2010
CLIMATE RECORD PERIOD 9999 TO 9999


WEATHER ITEM   OBSERVED TIME   NORMAL DEPARTURE LAST
                VALUE   (LST)  VALUE  FROM      YEAR
                                      NORMAL
......................................................
TEMPERATURE (F)
 YESTERDAY
  MAXIMUM         80    353 PM  63     17       77
  MINIMUM         63   1159 PM  40     23       57
  AVERAGE         72            51     21       67

PRECIPITATION (IN)
  YESTERDAY        0.00          0.15  -0.15     0.00
  MONTH TO DATE    1.16          2.83  -1.67     1.41
  SINCE DEC 1      4.49         10.13  -5.64    11.05
  SINCE JAN 1      2.75          6.81  -4.06     6.65

DEGREE DAYS
 HEATING
  YESTERDAY        0            14    -14        0
  MONTH TO DATE  166           369   -203      199
  SINCE DEC 1   1313          1497   -184      981
  SINCE JUL 1   1677          1866   -189     1286

 COOLING
  YESTERDAY        7             0      7        2
  MONTH TO DATE   45             0     45        5
  SINCE DEC 1     46             5     41       16
  SINCE JAN 1     46             1     45       12
......................................................


WIND (MPH)
  HIGHEST WIND SPEED    14   HIGHEST WIND DIRECTION     S (190)
  HIGHEST GUST SPEED    17   HIGHEST GUST DIRECTION    SW (210)
  AVERAGE WIND SPEED     4.2


SKY COVER
  AVERAGE SKY COVER 0.4


WEATHER CONDITIONS
 THE FOLLOWING WEATHER WAS RECORDED YESTERDAY.
  FOG


RELATIVE HUMIDITY (PERCENT)
 HIGHEST   100           300 AM
 LOWEST     45           400 PM

..........................................................


THE ORANGEBURG AIRPORT SC CLIMATE NORMALS FOR TODAY
                         NORMAL    RECORD    YEAR
 MAXIMUM TEMPERATURE (F)   63        MM        MM
 MINIMUM TEMPERATURE (F)   40        MM        MM


SUNRISE AND SUNSET
FEBRUARY 24 2018......SUNRISE   658 AM EST   SUNSET   616 PM EST
FEBRUARY 25 2018......SUNRISE   656 AM EST   SUNSET   617 PM EST


-  INDICATES NEGATIVE NUMBERS.
R  INDICATES RECORD WAS SET OR TIED.
MM INDICATES DATA IS MISSING.
T  INDICATES TRACE AMOUNT.




$$
