000
CDUS42 KCAE 222214
CLIOGB


CLIMATE REPORT
NATIONAL WEATHER SERVICE COLUMBIA SC
512 PM EST MON DEC 22 2014


...................................

...THE ORANGEBURG AIRPORT SC CLIMATE SUMMARY FOR DECEMBER 22 2014...
VALID TODAY AS OF 0500 PM LOCAL TIME.

CLIMATE NORMAL PERIOD 1981 TO 2010
CLIMATE RECORD PERIOD 9999 TO 9999


WEATHER ITEM   OBSERVED TIME   NORMAL DEPARTURE LAST
                VALUE   (LST)  VALUE  FROM      YEAR
                                      NORMAL
......................................................
TEMPERATURE (F)
 TODAY
  MAXIMUM         46    316 PM  57    -11       80
  MINIMUM         44   1242 PM  36      8       70
  AVERAGE         45            46     -1       75

PRECIPITATION (IN)
  TODAY            0.42          0.11   0.31      T
  MONTH TO DATE    0.95          2.47  -1.52     2.47
  SINCE DEC 1      0.95          2.47  -1.52     2.47
  SINCE JAN 1     44.76         45.88  -1.12    53.63

DEGREE DAYS
 HEATING
  TODAY           20            19      1        0
  MONTH TO DATE  314           363    -49      250
  SINCE DEC 1    314           363    -49      250
  SINCE JUL 1    786           732     54      646

 COOLING
  TODAY            0             0      0       10
  MONTH TO DATE    0             0      0       17
  SINCE DEC 1      0             0      0       17
  SINCE JAN 1   2250          2102    148     2059
......................................................


WIND (MPH)
  HIGHEST WIND SPEED    13   HIGHEST WIND DIRECTION     N (350)
  HIGHEST GUST SPEED    19   HIGHEST GUST DIRECTION     E (90)
  AVERAGE WIND SPEED     6.8


SKY COVER
  AVERAGE SKY COVER 1.0


WEATHER CONDITIONS
 THE FOLLOWING WEATHER WAS RECORDED TODAY.
  THUNDERSTORM
  HEAVY RAIN
  RAIN
  LIGHT RAIN
  FOG


RELATIVE HUMIDITY (PERCENT)
 HIGHEST    92          1000 AM
 LOWEST     86           100 AM

..........................................................


THE ORANGEBURG AIRPORT SC CLIMATE NORMALS FOR TOMORROW
                         NORMAL
 MAXIMUM TEMPERATURE (F)   57
 MINIMUM TEMPERATURE (F)   36


SUNRISE AND SUNSET
DECEMBER 22 2014......SUNRISE   724 AM EST   SUNSET   520 PM EST
DECEMBER 23 2014......SUNRISE   724 AM EST   SUNSET   521 PM EST


-  INDICATES NEGATIVE NUMBERS.
R  INDICATES RECORD WAS SET OR TIED.
MM INDICATES DATA IS MISSING.
T  INDICATES TRACE AMOUNT.




$$
