000
CDUS42 KCAE 230626
CLIOGB


CLIMATE REPORT
NATIONAL WEATHER SERVICE COLUMBIA SC
124 AM EST MON JAN 23 2017


...................................

...THE ORANGEBURG AIRPORT SC CLIMATE SUMMARY FOR JANUARY 22 2017...

CLIMATE NORMAL PERIOD 1981 TO 2010
CLIMATE RECORD PERIOD 9999 TO 9999


WEATHER ITEM   OBSERVED TIME   NORMAL DEPARTURE LAST
                VALUE   (LST)  VALUE  FROM      YEAR
                                      NORMAL
......................................................
TEMPERATURE (F)
 YESTERDAY
  MAXIMUM         64    224 PM  57      7       47
  MINIMUM         59    717 AM  36     23       34
  AVERAGE         62            46     16       41

PRECIPITATION (IN)
  YESTERDAY        1.20          0.14   1.06     0.62
  MONTH TO DATE    5.08          2.66   2.42     1.66
  SINCE DEC 1      9.48          5.98   3.50     6.45
  SINCE JAN 1      5.08          2.66   2.42     1.66

DEGREE DAYS
 HEATING
  YESTERDAY        3            19    -16       24
  MONTH TO DATE  217           430   -213      442
  SINCE DEC 1    664           965   -301      593
  SINCE JUL 1    969          1334   -365      814

 COOLING
  YESTERDAY        0             0      0        0
  MONTH TO DATE    7             0      7        0
  SINCE DEC 1     11             4      7       69
  SINCE JAN 1      7             0      7        0
......................................................


WIND (MPH)
  HIGHEST WIND SPEED    25   HIGHEST WIND DIRECTION    SW (240)
  HIGHEST GUST SPEED    41   HIGHEST GUST DIRECTION     W (250)
  AVERAGE WIND SPEED     8.1


SKY COVER
  AVERAGE SKY COVER 1.0


WEATHER CONDITIONS
 THE FOLLOWING WEATHER WAS RECORDED YESTERDAY.
  THUNDERSTORM
  HEAVY RAIN
  RAIN
  LIGHT RAIN
  FOG


RELATIVE HUMIDITY (PERCENT)
 HIGHEST   100           500 AM
 LOWEST     84           200 PM

..........................................................


THE ORANGEBURG AIRPORT SC CLIMATE NORMALS FOR TODAY
                         NORMAL    RECORD    YEAR
 MAXIMUM TEMPERATURE (F)   57        MM        MM
 MINIMUM TEMPERATURE (F)   36        MM        MM


SUNRISE AND SUNSET
JANUARY 23 2017.......SUNRISE   725 AM EST   SUNSET   546 PM EST
JANUARY 24 2017.......SUNRISE   724 AM EST   SUNSET   547 PM EST


-  INDICATES NEGATIVE NUMBERS.
R  INDICATES RECORD WAS SET OR TIED.
MM INDICATES DATA IS MISSING.
T  INDICATES TRACE AMOUNT.




$$
