000
CDUS42 KCAE 272124
CLIOGB


CLIMATE REPORT
NATIONAL WEATHER SERVICE COLUMBIA SC
524 PM EDT FRI MAY 27 2016


...................................

...THE ORANGEBURG AIRPORT SC CLIMATE SUMMARY FOR MAY 27 2016...
VALID TODAY AS OF 0500 PM LOCAL TIME.

CLIMATE NORMAL PERIOD 1981 TO 2010
CLIMATE RECORD PERIOD 9999 TO 9999


WEATHER ITEM   OBSERVED TIME   NORMAL DEPARTURE LAST
                VALUE   (LST)  VALUE  FROM      YEAR
                                      NORMAL
......................................................
TEMPERATURE (F)
 TODAY
  MAXIMUM         87    358 PM  86      1       84
  MINIMUM         63    557 AM  63      0       68
  AVERAGE         75            74      1       76

PRECIPITATION (IN)
  TODAY            0.00          0.14  -0.14      T
  MONTH TO DATE    1.35          2.59  -1.24     2.32
  SINCE MAR 1      4.96          9.42  -4.46     8.41
  SINCE JAN 1     12.13         16.99  -4.86    15.26

DEGREE DAYS
 HEATING
  TODAY            0             0      0        0
  MONTH TO DATE    8            10     -2        7
  SINCE MAR 1    228           395   -167      252
  SINCE JUL 1   1629          2327   -698     2326

 COOLING
  TODAY           10            10      0       11
  MONTH TO DATE  192           178     14      209
  SINCE MAR 1    353           260     93      331
  SINCE JAN 1    359           263     96      331
......................................................


WIND (MPH)
  HIGHEST WIND SPEED    14   HIGHEST WIND DIRECTION    SE (130)
  HIGHEST GUST SPEED    19   HIGHEST GUST DIRECTION    SE (140)
  AVERAGE WIND SPEED     3.8


SKY COVER
  AVERAGE SKY COVER 0.1


WEATHER CONDITIONS
 THE FOLLOWING WEATHER WAS RECORDED TODAY.
  NO SIGNIFICANT WEATHER WAS OBSERVED.


RELATIVE HUMIDITY (PERCENT)
 HIGHEST    93           400 AM
 LOWEST     34           400 PM

..........................................................


THE ORANGEBURG AIRPORT SC CLIMATE NORMALS FOR TOMORROW
                         NORMAL
 MAXIMUM TEMPERATURE (F)   86
 MINIMUM TEMPERATURE (F)   64


SUNRISE AND SUNSET
MAY 27 2016...........SUNRISE   616 AM EDT   SUNSET   825 PM EDT
MAY 28 2016...........SUNRISE   616 AM EDT   SUNSET   826 PM EDT


-  INDICATES NEGATIVE NUMBERS.
R  INDICATES RECORD WAS SET OR TIED.
MM INDICATES DATA IS MISSING.
T  INDICATES TRACE AMOUNT.




$$
