000
CDHW42 PHFO 020252
CLIOGG


CLIMATE REPORT
NATIONAL WEATHER SERVICE HONOLULU HI
441 PM HST WED JUL 1 2015


...................................

...THE KAHULUI HI CLIMATE SUMMARY FOR JULY 1 2015...
VALID TODAY AS OF 0400 PM LOCAL TIME.

CLIMATE NORMAL PERIOD 1981 TO 2010
CLIMATE RECORD PERIOD 1946 TO 2015


WEATHER ITEM   OBSERVED TIME   RECORD YEAR NORMAL DEPARTURE LAST
                VALUE   (LST)  VALUE       VALUE  FROM      YEAR
                                                  NORMAL
..................................................................
TEMPERATURE (F)
 TODAY
  MAXIMUM         92R   258 PM  91    1980  87      5       89
  MINIMUM         71    628 AM  60    1952  71      0       73
  AVERAGE         82                        79      3       81

PRECIPITATION (IN)
  TODAY            0.00          0.11 1985   0.01  -0.01     0.02
  MONTH TO DATE    0.00                      0.01  -0.01     0.02
  SINCE JUN 1      0.10                      0.21  -0.11     0.31
  SINCE JAN 1     19.06                      9.71   9.35    14.27

SNOWFALL (IN)
  TODAY            0.0
  MONTH TO DATE    0.0
  SINCE JUN 1      0.0
  SINCE JUL 1      0.0
  SNOW DEPTH       0

DEGREE DAYS
 HEATING
  TODAY            0                         0      0        0
  MONTH TO DATE    0                         0      0        0
  SINCE JUN 1      0                         0      0        0
  SINCE JUL 1      0                         0      0        0

 COOLING
  TODAY           17                        14      3       16
  MONTH TO DATE   17                        14      3       16
  SINCE JUN 1    433                       402     31      435
  SINCE JAN 1   1760                      1661     99     1931
..................................................................


WIND (MPH)
  HIGHEST WIND SPEED    15   HIGHEST WIND DIRECTION    NE (30)
  HIGHEST GUST SPEED    18   HIGHEST GUST DIRECTION    NE (30)
  AVERAGE WIND SPEED     6.3


SKY COVER
  POSSIBLE SUNSHINE  MM
  AVERAGE SKY COVER 0.2


WEATHER CONDITIONS
 THE FOLLOWING WEATHER WAS RECORDED TODAY.
  NO SIGNIFICANT WEATHER WAS OBSERVED.


RELATIVE HUMIDITY (PERCENT)
 HIGHEST    90           300 AM
 LOWEST     49           300 PM
 AVERAGE    70

..........................................................


THE KAHULUI HI CLIMATE NORMALS FOR TOMORROW
                         NORMAL    RECORD    YEAR
 MAXIMUM TEMPERATURE (F)   87        91      1951
 MINIMUM TEMPERATURE (F)   71        60      1975
                                             1952


SUNRISE AND SUNSET
JULY  1 2015..........SUNRISE   548 AM HST   SUNSET   711 PM HST
JULY  2 2015..........SUNRISE   548 AM HST   SUNSET   711 PM HST


-  INDICATES NEGATIVE NUMBERS.
R  INDICATES RECORD WAS SET OR TIED.
MM INDICATES DATA IS MISSING.
T  INDICATES TRACE AMOUNT.




$$
