000
CDHW42 PHFO 290230
CLIOGG


CLIMATE REPORT
NATIONAL WEATHER SERVICE HONOLULU HI
428 PM HST SUN MAY 28 2017


...................................

...THE KAHULUI HI CLIMATE SUMMARY FOR MAY 28 2017...
VALID TODAY AS OF 0400 PM LOCAL TIME.

CLIMATE NORMAL PERIOD 1981 TO 2010
CLIMATE RECORD PERIOD 1946 TO 2017


WEATHER ITEM   OBSERVED TIME   RECORD YEAR NORMAL DEPARTURE LAST
                VALUE   (LST)  VALUE       VALUE  FROM      YEAR
                                                  NORMAL
..................................................................
TEMPERATURE (F)
 TODAY
  MAXIMUM         86   1220 PM  93    1953  85      1       89
  MINIMUM         64    526 AM  60    2003  68     -4       68
                                      1983
                                      1975
  AVERAGE         75                        77     -2       79

PRECIPITATION (IN)
  TODAY            0.00          0.08 1978   0.02  -0.02     0.00
  MONTH TO DATE    0.08                      0.71  -0.63     2.96
  SINCE MAR 1     11.99                      4.71   7.28     6.11
  SINCE JAN 1     14.47                      9.47   5.00     7.66

SNOWFALL (IN)
  TODAY            0.0
  MONTH TO DATE    0.0
  SINCE MAR 1      0.0
  SINCE JUL 1      0.0
  SNOW DEPTH      MM

DEGREE DAYS
 HEATING
  TODAY            0                         0      0        0
  MONTH TO DATE    0                         0      0        0
  SINCE MAR 1      0                         0      0        0
  SINCE JUL 1      0                         0      0        0

 COOLING
  TODAY           10                        12     -2       14
  MONTH TO DATE  320                       299     21      350
  SINCE MAR 1    853                       816     37      987
  SINCE JAN 1   1324                      1225     99     1455
..................................................................


WIND (MPH)
  HIGHEST WIND SPEED    24   HIGHEST WIND DIRECTION    NE (30)
  HIGHEST GUST SPEED    27   HIGHEST GUST DIRECTION    NE (30)
  AVERAGE WIND SPEED    MM


SKY COVER
  POSSIBLE SUNSHINE  MM
  AVERAGE SKY COVER  MM


WEATHER CONDITIONS
 THE FOLLOWING WEATHER WAS RECORDED TODAY.
  NO SIGNIFICANT WEATHER WAS OBSERVED.


RELATIVE HUMIDITY (PERCENT)
 HIGHEST    MM
 LOWEST     MM
 AVERAGE    MM

..........................................................


THE KAHULUI HI CLIMATE NORMALS FOR TOMORROW
                         NORMAL    RECORD    YEAR
 MAXIMUM TEMPERATURE (F)   85        92      1992
 MINIMUM TEMPERATURE (F)   68        60      1979


SUNRISE AND SUNSET
MAY 28 2017...........SUNRISE   544 AM HST   SUNSET   702 PM HST
MAY 29 2017...........SUNRISE   544 AM HST   SUNSET   702 PM HST


-  INDICATES NEGATIVE NUMBERS.
R  INDICATES RECORD WAS SET OR TIED.
MM INDICATES DATA IS MISSING.
T  INDICATES TRACE AMOUNT.




$$
