000
CDHW42 PHFO 260226
CLIOGG


CLIMATE REPORT
NATIONAL WEATHER SERVICE HONOLULU HI
426 PM HST SUN SEP 25 2016


...................................

...THE KAHULUI HI CLIMATE SUMMARY FOR SEPTEMBER 25 2016...
VALID TODAY AS OF 0400 PM LOCAL TIME.

CLIMATE NORMAL PERIOD 1981 TO 2010
CLIMATE RECORD PERIOD 1946 TO 2016


WEATHER ITEM   OBSERVED TIME   RECORD YEAR NORMAL DEPARTURE LAST
                VALUE   (LST)  VALUE       VALUE  FROM      YEAR
                                                  NORMAL
..................................................................
TEMPERATURE (F)
 TODAY
  MAXIMUM         88   1202 PM  94    1953  88      0       90
  MINIMUM         69    428 AM  60    2011  70     -1       77
  AVERAGE         79                        79      0       84

PRECIPITATION (IN)
  TODAY            0.00          0.05 1983   0.02  -0.02      T
  MONTH TO DATE    1.21                      0.30   0.91     0.28
  SINCE SEP 1      1.21                      0.30   0.91     0.28
  SINCE JAN 1     11.02                     11.00   0.02    20.84

SNOWFALL (IN)
  TODAY            0.0
  MONTH TO DATE    0.0
  SINCE SEP 1      0.0
  SINCE JUL 1      0.0
  SNOW DEPTH       0

DEGREE DAYS
 HEATING
  TODAY            0                         0      0        0
  MONTH TO DATE    0                         0      0        0
  SINCE SEP 1      0                         0      0        0
  SINCE JUL 1      0                         0      0        0

 COOLING
  TODAY           14                        14      0       19
  MONTH TO DATE  401                       352     49      444
  SINCE SEP 1    401                       352     49      444
  SINCE JAN 1   3302                      2894    408     3079
..................................................................


WIND (MPH)
  HIGHEST WIND SPEED    26   HIGHEST WIND DIRECTION    NE (40)
  HIGHEST GUST SPEED    31   HIGHEST GUST DIRECTION    NE (40)
  AVERAGE WIND SPEED    15.0


SKY COVER
  POSSIBLE SUNSHINE  MM
  AVERAGE SKY COVER 0.3


WEATHER CONDITIONS
 THE FOLLOWING WEATHER WAS RECORDED TODAY.
  NO SIGNIFICANT WEATHER WAS OBSERVED.


RELATIVE HUMIDITY (PERCENT)
 HIGHEST    82           600 AM
 LOWEST     51          1100 AM
 AVERAGE    67

..........................................................


THE KAHULUI HI CLIMATE NORMALS FOR TOMORROW
                         NORMAL    RECORD    YEAR
 MAXIMUM TEMPERATURE (F)   88        95      1953
 MINIMUM TEMPERATURE (F)   70        61      2011
                                             1967


SUNRISE AND SUNSET
SEPTEMBER 25 2016.....SUNRISE   615 AM HST   SUNSET   618 PM HST
SEPTEMBER 26 2016.....SUNRISE   616 AM HST   SUNSET   618 PM HST


-  INDICATES NEGATIVE NUMBERS.
R  INDICATES RECORD WAS SET OR TIED.
MM INDICATES DATA IS MISSING.
T  INDICATES TRACE AMOUNT.




$$
