000
CDHW42 PHFO 241245
CLIOGG


CLIMATE REPORT
NATIONAL WEATHER SERVICE HONOLULU HI
245 AM HST MON JUL 24 2017


...................................

...THE KAHULUI HI CLIMATE SUMMARY FOR JULY 23 2017...

CLIMATE NORMAL PERIOD 1981 TO 2010
CLIMATE RECORD PERIOD 1946 TO 2017


WEATHER ITEM   OBSERVED TIME   RECORD YEAR NORMAL DEPARTURE LAST
                VALUE   (LST)  VALUE       VALUE  FROM      YEAR
                                                  NORMAL
..................................................................
TEMPERATURE (F)
 YESTERDAY
  MAXIMUM         88    151 PM  97    1951  87      1       83
  MINIMUM         75   1035 PM  61    1955  71      4       74
  AVERAGE         82                        79      3       79

PRECIPITATION (IN)
  YESTERDAY        0.10          0.51 2016   0.02   0.08     0.51
  MONTH TO DATE    0.18                      0.35  -0.17     0.99
  SINCE JUN 1      0.30                      0.55  -0.25     1.35
  SINCE JAN 1     14.77                     10.05   4.72     9.08

SNOWFALL (IN)
  YESTERDAY        0.0
  MONTH TO DATE    0.0
  SINCE JUN 1      0.0
  SINCE JUL 1      0.0
  SNOW DEPTH      MM

DEGREE DAYS
 HEATING
  YESTERDAY        0                         0      0        0
  MONTH TO DATE    0                         0      0        0
  SINCE JUN 1      0                         0      0        0
  SINCE JUL 1      0                         0      0        0

 COOLING
  YESTERDAY       17                        14      3       14
  MONTH TO DATE  349                       322     27      350
  SINCE JUN 1    789                       710     79      776
  SINCE JAN 1   2152                      1969    183     2265
..................................................................


WIND (MPH)
  HIGHEST WIND SPEED    25   HIGHEST WIND DIRECTION    NE (30)
  HIGHEST GUST SPEED    30   HIGHEST GUST DIRECTION    NE (40)
  AVERAGE WIND SPEED    14.3


SKY COVER
  POSSIBLE SUNSHINE  MM
  AVERAGE SKY COVER  MM


WEATHER CONDITIONS
 THE FOLLOWING WEATHER WAS RECORDED YESTERDAY.
  FOG


RELATIVE HUMIDITY (PERCENT)
 HIGHEST    MM
 LOWEST     MM
 AVERAGE    MM

..........................................................


THE KAHULUI HI CLIMATE NORMALS FOR TODAY
                         NORMAL    RECORD    YEAR
 MAXIMUM TEMPERATURE (F)   87        96      1951
 MINIMUM TEMPERATURE (F)   71        63      1952


SUNRISE AND SUNSET
JULY 24 2017..........SUNRISE   557 AM HST   SUNSET   707 PM HST
JULY 25 2017..........SUNRISE   557 AM HST   SUNSET   707 PM HST


-  INDICATES NEGATIVE NUMBERS.
R  INDICATES RECORD WAS SET OR TIED.
MM INDICATES DATA IS MISSING.
T  INDICATES TRACE AMOUNT.




$$
