000
CDUS43 KEAX 230633
CLIOJC


CLIMATE REPORT
NATIONAL WEATHER SERVICE KANSAS CITY/PLEASANT HILL MO
132 AM CDT TUE MAY 23 2017


...................................

...THE JOHNSON COUNTY EXECUTIVE KS CLIMATE SUMMARY FOR MAY 22 2017...

CLIMATE NORMAL PERIOD 1981 TO 2010
CLIMATE RECORD PERIOD 9999 TO 9999


WEATHER ITEM   OBSERVED TIME   NORMAL DEPARTURE LAST
                VALUE   (LST)  VALUE  FROM      YEAR
                                      NORMAL
......................................................
TEMPERATURE (F)
 YESTERDAY
  MAXIMUM         71    208 PM  76     -5       78
  MINIMUM         50   1201 AM  57     -7       55
  AVERAGE         61            67     -6       67

PRECIPITATION (IN)
  YESTERDAY        0.04          0.18  -0.14     0.00
  MONTH TO DATE    3.08          3.93  -0.85     3.03
  SINCE MAR 1     11.19         10.55   0.64     9.62
  SINCE JAN 1     12.11         13.24  -1.13    10.87

DEGREE DAYS
 HEATING
  YESTERDAY        4             2      2        0
  MONTH TO DATE   80            81     -1      131
  SINCE MAR 1    858          1019   -161      794
  SINCE JUL 1   3998          4912   -914     4139

 COOLING
  YESTERDAY        0             4     -4        2
  MONTH TO DATE   50            44      6       12
  SINCE MAR 1     76            62     14       18
  SINCE JAN 1     76            62     14       18
......................................................


WIND (MPH)
  HIGHEST WIND SPEED    18   HIGHEST WIND DIRECTION     N (360)
  HIGHEST GUST SPEED    22   HIGHEST GUST DIRECTION     N (350)
  AVERAGE WIND SPEED     6.6


SKY COVER
  AVERAGE SKY COVER 0.5


WEATHER CONDITIONS
 THE FOLLOWING WEATHER WAS RECORDED YESTERDAY.
  THUNDERSTORM
  LIGHT RAIN
  FOG


RELATIVE HUMIDITY (PERCENT)
 HIGHEST   100          1200 AM
 LOWEST     57           200 PM
 AVERAGE    79

..........................................................


THE JOHNSON COUNTY EXECUTIVE KS CLIMATE NORMALS FOR TODAY
                         NORMAL
 MAXIMUM TEMPERATURE (F)   77
 MINIMUM TEMPERATURE (F)   57


SUNRISE AND SUNSET
MAY 23 2017...........SUNRISE   600 AM CDT   SUNSET   832 PM CDT
MAY 24 2017...........SUNRISE   600 AM CDT   SUNSET   832 PM CDT


-  INDICATES NEGATIVE NUMBERS.
R  INDICATES RECORD WAS SET OR TIED.
MM INDICATES DATA IS MISSING.
T  INDICATES TRACE AMOUNT.




$$
