000
CDUS43 KEAX 050635
CLIOJC


CLIMATE REPORT
NATIONAL WEATHER SERVICE KANSAS CITY/PLEASANT HILL MO
134 AM CDT THU MAY 5 2016


...................................

...THE JOHNSON COUNTY EXECUTIVE KS CLIMATE SUMMARY FOR MAY 4 2016...

CLIMATE NORMAL PERIOD 1981 TO 2010
CLIMATE RECORD PERIOD 9999 TO 9999


WEATHER ITEM   OBSERVED TIME   NORMAL DEPARTURE LAST
                VALUE   (LST)  VALUE  FROM      YEAR
                                      NORMAL
......................................................
TEMPERATURE (F)
 YESTERDAY
  MAXIMUM         70    309 PM  71     -1       83
  MINIMUM         52    543 AM  51      1       60
  AVERAGE         61            61      0       72

PRECIPITATION (IN)
  YESTERDAY        0.00          0.20  -0.20     0.11
  MONTH TO DATE    T             0.77  -0.77     0.11
  SINCE MAR 1      6.59          7.39  -0.80     4.14
  SINCE JAN 1      7.84         10.08  -2.24     5.73

DEGREE DAYS
 HEATING
  YESTERDAY        4             5     -1        0
  MONTH TO DATE   39            22     17        3
  SINCE MAR 1    702           960   -258      760
  SINCE JUL 1   4047          4853   -806     4795

 COOLING
  YESTERDAY        0             1     -1        7
  MONTH TO DATE    0             4     -4       14
  SINCE MAR 1      6            22    -16       23
  SINCE JAN 1      6            22    -16       23
......................................................


WIND (MPH)
  HIGHEST WIND SPEED    21   HIGHEST WIND DIRECTION    NW (330)
  HIGHEST GUST SPEED    30   HIGHEST GUST DIRECTION    NW (320)
  AVERAGE WIND SPEED    10.4


SKY COVER
  AVERAGE SKY COVER 0.0


WEATHER CONDITIONS
 THE FOLLOWING WEATHER WAS RECORDED YESTERDAY.
  NO SIGNIFICANT WEATHER WAS OBSERVED.


RELATIVE HUMIDITY (PERCENT)
 HIGHEST    71           200 AM
 LOWEST     28           200 PM
 AVERAGE    50

..........................................................


THE JOHNSON COUNTY EXECUTIVE KS CLIMATE NORMALS FOR TODAY
                         NORMAL
 MAXIMUM TEMPERATURE (F)   71
 MINIMUM TEMPERATURE (F)   52


SUNRISE AND SUNSET
MAY  5 2016...........SUNRISE   616 AM CDT   SUNSET   816 PM CDT
MAY  6 2016...........SUNRISE   615 AM CDT   SUNSET   817 PM CDT


-  INDICATES NEGATIVE NUMBERS.
R  INDICATES RECORD WAS SET OR TIED.
MM INDICATES DATA IS MISSING.
T  INDICATES TRACE AMOUNT.




$$
