000
CDUS43 KEAX 270038
CLIOJC


CLIMATE REPORT
NATIONAL WEATHER SERVICE KANSAS CITY/PLEASANT HILL MO
638 PM CST FRI DEC 26 2014


...................................

...THE JOHNSON COUNTY EXECUTIVE KS CLIMATE SUMMARY FOR DECEMBER 26 2014...
VALID TODAY AS OF 0600 PM LOCAL TIME.

CLIMATE NORMAL PERIOD 1981 TO 2010
CLIMATE RECORD PERIOD 9999 TO 9999


WEATHER ITEM   OBSERVED TIME   NORMAL DEPARTURE LAST
                VALUE   (LST)  VALUE  FROM      YEAR
                                      NORMAL
......................................................
TEMPERATURE (F)
 TODAY
  MAXIMUM         54   1253 PM  39     15       46
  MINIMUM         43    559 PM  22     21       20
  AVERAGE         49            30     19       33

PRECIPITATION (IN)
  TODAY            0.00          0.06  -0.06     0.00
  MONTH TO DATE    2.11          1.38   0.73     0.35
  SINCE DEC 1      2.11          1.38   0.73     0.35
  SINCE JAN 1     32.31         39.78  -7.47    36.54

DEGREE DAYS
 HEATING
  TODAY           16            35    -19       32
  MONTH TO DATE  703           836   -133      937
  SINCE DEC 1    703           836   -133      937
  SINCE JUL 1   1761          1791    -30     1997

 COOLING
  TODAY            0             0      0        0
  MONTH TO DATE    0             0      0        0
  SINCE DEC 1      0             0      0        0
  SINCE JAN 1   1237          1349   -112     1360
......................................................


WIND (MPH)
  HIGHEST WIND SPEED    17   HIGHEST WIND DIRECTION     S (200)
  HIGHEST GUST SPEED    25   HIGHEST GUST DIRECTION     S (190)
  AVERAGE WIND SPEED    10.4


SKY COVER
  AVERAGE SKY COVER 0.4


WEATHER CONDITIONS
 THE FOLLOWING WEATHER WAS RECORDED TODAY.
  NO SIGNIFICANT WEATHER WAS OBSERVED.


RELATIVE HUMIDITY (PERCENT)
 HIGHEST    83           900 AM
 LOWEST     53          1200 AM
 AVERAGE    68

..........................................................


THE JOHNSON COUNTY EXECUTIVE KS CLIMATE NORMALS FOR TOMORROW
                         NORMAL
 MAXIMUM TEMPERATURE (F)   39
 MINIMUM TEMPERATURE (F)   22


SUNRISE AND SUNSET
DECEMBER 26 2014......SUNRISE   736 AM CST   SUNSET   503 PM CST
DECEMBER 27 2014......SUNRISE   736 AM CST   SUNSET   504 PM CST


-  INDICATES NEGATIVE NUMBERS.
R  INDICATES RECORD WAS SET OR TIED.
MM INDICATES DATA IS MISSING.
T  INDICATES TRACE AMOUNT.




$$
