000
CDUS43 KEAX 210633
CLIOJC


CLIMATE REPORT
NATIONAL WEATHER SERVICE KANSAS CITY/PLEASANT HILL MO
132 AM CDT TUE OCT 21 2014


...................................

...THE JOHNSON COUNTY EXECUTIVE KS CLIMATE SUMMARY FOR OCTOBER 20 2014...

CLIMATE NORMAL PERIOD 1981 TO 2010
CLIMATE RECORD PERIOD 9999 TO 9999


WEATHER ITEM   OBSERVED TIME   NORMAL DEPARTURE LAST
                VALUE   (LST)  VALUE  FROM      YEAR
                                      NORMAL
......................................................
TEMPERATURE (F)
 YESTERDAY
  MAXIMUM         75    339 PM  66      9       69
  MINIMUM         51   1159 PM  46      5       43
  AVERAGE         63            56      7       56

PRECIPITATION (IN)
  YESTERDAY        0.00          0.10  -0.10     0.00
  MONTH TO DATE    4.93          2.40   2.53     1.06
  SINCE SEP 1      7.63          6.91   0.72     4.05
  SINCE JAN 1     29.58         34.87  -5.29    30.56

DEGREE DAYS
 HEATING
  YESTERDAY        2            10     -8        9
  MONTH TO DATE  138           144     -6      147
  SINCE SEP 1    195           192      3      174
  SINCE JUL 1    196           193      3      174

 COOLING
  YESTERDAY        0             1     -1        0
  MONTH TO DATE   10            27    -17       31
  SINCE SEP 1    139           183    -44      247
  SINCE JAN 1   1228          1348   -120     1360
......................................................


WIND (MPH)
  HIGHEST WIND SPEED    12   HIGHEST WIND DIRECTION     E (70)
  HIGHEST GUST SPEED    14   HIGHEST GUST DIRECTION     N (20)
  AVERAGE WIND SPEED     4.7


SKY COVER
  AVERAGE SKY COVER 0.0


WEATHER CONDITIONS
 THE FOLLOWING WEATHER WAS RECORDED YESTERDAY.
  FOG
  HAZE


RELATIVE HUMIDITY (PERCENT)
 HIGHEST   100           700 AM
 LOWEST     35           400 PM
 AVERAGE    68

..........................................................


THE JOHNSON COUNTY EXECUTIVE KS CLIMATE NORMALS FOR TODAY
                         NORMAL
 MAXIMUM TEMPERATURE (F)   65
 MINIMUM TEMPERATURE (F)   45


SUNRISE AND SUNSET
OCTOBER 21 2014.......SUNRISE   734 AM CDT   SUNSET   632 PM CDT
OCTOBER 22 2014.......SUNRISE   735 AM CDT   SUNSET   631 PM CDT


-  INDICATES NEGATIVE NUMBERS.
R  INDICATES RECORD WAS SET OR TIED.
MM INDICATES DATA IS MISSING.
T  INDICATES TRACE AMOUNT.




$$
