000
CDUS43 KEAX 230632
CLIOJC


CLIMATE REPORT
NATIONAL WEATHER SERVICE KANSAS CITY/PLEASANT HILL MO
131 AM CDT SUN APR 23 2017


...................................

...THE JOHNSON COUNTY EXECUTIVE KS CLIMATE SUMMARY FOR APRIL 22 2017...

CLIMATE NORMAL PERIOD 1981 TO 2010
CLIMATE RECORD PERIOD 9999 TO 9999


WEATHER ITEM   OBSERVED TIME   NORMAL DEPARTURE LAST
                VALUE   (LST)  VALUE  FROM      YEAR
                                      NORMAL
......................................................
TEMPERATURE (F)
 YESTERDAY
  MAXIMUM         66    309 PM  67     -1       70
  MINIMUM         47    642 AM  47      0       51
  AVERAGE         57            57      0       61

PRECIPITATION (IN)
  YESTERDAY        T             0.15  -0.15     0.00
  MONTH TO DATE    2.56          2.61  -0.05     1.26
  SINCE MAR 1      4.87          5.24  -0.37     3.35
  SINCE JAN 1      5.79          7.93  -2.14     4.60

DEGREE DAYS
 HEATING
  YESTERDAY        8             9     -1        4
  MONTH TO DATE  165           257    -92      193
  SINCE MAR 1    682           881   -199      627
  SINCE JUL 1   3822          4774   -952     3972

 COOLING
  YESTERDAY        0             1     -1        0
  MONTH TO DATE   17            14      3        2
  SINCE MAR 1     26            15     11        2
  SINCE JAN 1     26            15     11        2
......................................................


WIND (MPH)
  HIGHEST WIND SPEED    26   HIGHEST WIND DIRECTION     N (20)
  HIGHEST GUST SPEED    33   HIGHEST GUST DIRECTION    NE (40)
  AVERAGE WIND SPEED    12.6


SKY COVER
  AVERAGE SKY COVER 0.3


WEATHER CONDITIONS
 THE FOLLOWING WEATHER WAS RECORDED YESTERDAY.
  LIGHT RAIN


RELATIVE HUMIDITY (PERCENT)
 HIGHEST    76           500 AM
 LOWEST     25           500 PM
 AVERAGE    51

..........................................................


THE JOHNSON COUNTY EXECUTIVE KS CLIMATE NORMALS FOR TODAY
                         NORMAL
 MAXIMUM TEMPERATURE (F)   67
 MINIMUM TEMPERATURE (F)   48


SUNRISE AND SUNSET
APRIL 23 2017.........SUNRISE   631 AM CDT   SUNSET   804 PM CDT
APRIL 24 2017.........SUNRISE   630 AM CDT   SUNSET   805 PM CDT


-  INDICATES NEGATIVE NUMBERS.
R  INDICATES RECORD WAS SET OR TIED.
MM INDICATES DATA IS MISSING.
T  INDICATES TRACE AMOUNT.




$$
