000
CDUS43 KEAX 240034
CLIOJC


CLIMATE REPORT
NATIONAL WEATHER SERVICE KANSAS CITY/PLEASANT HILL MO
733 PM CDT WED AUG 23 2017


...................................

...THE JOHNSON COUNTY EXECUTIVE KS CLIMATE SUMMARY FOR AUGUST 23 2017...
VALID TODAY AS OF 0700 PM LOCAL TIME.

CLIMATE NORMAL PERIOD 1981 TO 2010
CLIMATE RECORD PERIOD 9999 TO 9999


WEATHER ITEM   OBSERVED TIME   NORMAL DEPARTURE LAST
                VALUE   (LST)  VALUE  FROM      YEAR
                                      NORMAL
......................................................
TEMPERATURE (F)
 TODAY
  MAXIMUM         79    412 PM  87     -8       84
  MINIMUM         54    438 AM  67    -13       63
  AVERAGE         67            77    -10       74

PRECIPITATION (IN)
  TODAY            0.00          0.15  -0.15     0.00
  MONTH TO DATE    9.02          2.54   6.48     1.46
  SINCE JUN 1     24.69         12.04  12.65     7.46
  SINCE JAN 1     38.05         26.78  11.27    22.86

DEGREE DAYS
 HEATING
  TODAY            0             0      0        0
  MONTH TO DATE    3             0      3        0
  SINCE JUN 1      8             8      0        0
  SINCE JUL 1      3             0      3        0

 COOLING
  TODAY            2            12    -10        9
  MONTH TO DATE  183           308   -125      280
  SINCE JUN 1    868           976   -108     1084
  SINCE JAN 1    964          1080   -116     1138
......................................................


WIND (MPH)
  HIGHEST WIND SPEED    10   HIGHEST WIND DIRECTION    NE (40)
  HIGHEST GUST SPEED    13   HIGHEST GUST DIRECTION    NE (50)
  AVERAGE WIND SPEED     3.7


SKY COVER
  AVERAGE SKY COVER 0.0


WEATHER CONDITIONS
 THE FOLLOWING WEATHER WAS RECORDED TODAY.
  NO SIGNIFICANT WEATHER WAS OBSERVED.


RELATIVE HUMIDITY (PERCENT)
 HIGHEST    86           600 AM
 LOWEST     42           300 PM
 AVERAGE    64

..........................................................


THE JOHNSON COUNTY EXECUTIVE KS CLIMATE NORMALS FOR TOMORROW
                         NORMAL
 MAXIMUM TEMPERATURE (F)   86
 MINIMUM TEMPERATURE (F)   67


SUNRISE AND SUNSET
AUGUST 23 2017........SUNRISE   640 AM CDT   SUNSET   802 PM CDT
AUGUST 24 2017........SUNRISE   641 AM CDT   SUNSET   801 PM CDT


-  INDICATES NEGATIVE NUMBERS.
R  INDICATES RECORD WAS SET OR TIED.
MM INDICATES DATA IS MISSING.
T  INDICATES TRACE AMOUNT.




$$
