000
CDUS43 KEAX 280639
CLIOJC


CLIMATE REPORT
NATIONAL WEATHER SERVICE KANSAS CITY/PLEASANT HILL MO
137 AM CDT THU MAY 28 2015


...................................

...THE JOHNSON COUNTY EXECUTIVE KS CLIMATE SUMMARY FOR MAY 27 2015...

CLIMATE NORMAL PERIOD 1981 TO 2010
CLIMATE RECORD PERIOD 9999 TO 9999


WEATHER ITEM   OBSERVED TIME   NORMAL DEPARTURE LAST
                VALUE   (LST)  VALUE  FROM      YEAR
                                      NORMAL
......................................................
TEMPERATURE (F)
 YESTERDAY
  MAXIMUM         81   1241 PM  78      3       82
  MINIMUM         60    529 AM  59      1       61
  AVERAGE         71            68      3       72

PRECIPITATION (IN)
  YESTERDAY        0.00          0.17  -0.17     0.03
  MONTH TO DATE    9.74          4.74   5.00     0.89
  SINCE MAR 1     13.77         11.36   2.41     6.61
  SINCE JAN 1     15.36         14.05   1.31     7.10

DEGREE DAYS
 HEATING
  YESTERDAY        0             1     -1        0
  MONTH TO DATE   78            89    -11      113
  SINCE MAR 1    835          1027   -192     1211
  SINCE JUL 1   4870          4920    -50     5692

 COOLING
  YESTERDAY        6             5      1        7
  MONTH TO DATE   64            65     -1      107
  SINCE MAR 1     73            83    -10      112
  SINCE JAN 1     73            83    -10      112
......................................................


WIND (MPH)
  HIGHEST WIND SPEED    12   HIGHEST WIND DIRECTION     S (170)
  HIGHEST GUST SPEED    15   HIGHEST GUST DIRECTION     S (180)
  AVERAGE WIND SPEED     4.2


SKY COVER
  AVERAGE SKY COVER 0.0


WEATHER CONDITIONS
 THE FOLLOWING WEATHER WAS RECORDED YESTERDAY.
  HAZE


RELATIVE HUMIDITY (PERCENT)
 HIGHEST    93           100 AM
 LOWEST     39           100 PM
 AVERAGE    66

..........................................................


THE JOHNSON COUNTY EXECUTIVE KS CLIMATE NORMALS FOR TODAY
                         NORMAL
 MAXIMUM TEMPERATURE (F)   78
 MINIMUM TEMPERATURE (F)   59


SUNRISE AND SUNSET
MAY 28 2015...........SUNRISE   558 AM CDT   SUNSET   835 PM CDT
MAY 29 2015...........SUNRISE   557 AM CDT   SUNSET   836 PM CDT


-  INDICATES NEGATIVE NUMBERS.
R  INDICATES RECORD WAS SET OR TIED.
MM INDICATES DATA IS MISSING.
T  INDICATES TRACE AMOUNT.




$$
