000
CDUS46 KSGX 240019
CLIOKB


CLIMATE REPORT
NATIONAL WEATHER SERVICE SAN DIEGO, CA
518 PM PDT MON OCT 23 2017


...................................

...THE OCEANSIDE AIRPORT CA CLIMATE SUMMARY FOR OCTOBER 23 2017...
VALID TODAY AS OF 0500 PM LOCAL TIME.

CLIMATE NORMAL PERIOD 1981 TO 2010
CLIMATE RECORD PERIOD 1999 TO 2017


WEATHER ITEM   OBSERVED TIME   RECORD YEAR NORMAL DEPARTURE LAST
                VALUE   (LST)  VALUE       VALUE  FROM      YEAR
                                                  NORMAL
..................................................................
TEMPERATURE (F)
 TODAY
  MAXIMUM         93R  1015 AM  91    2008  73     20       80
  MINIMUM         51    604 AM  44    1999  50      1       51
  AVERAGE         72                        62     10       66

PRECIPITATION (IN)
  TODAY            0.00          0.01 2003   0.03  -0.03      T
                                      2003
                                      2012
  MONTH TO DATE    T                         0.45  -0.45     0.04
  SINCE OCT 1      T                         0.45  -0.45     0.04
  SINCE JAN 1      9.84                     10.23  -0.39     5.23

DEGREE DAYS
 HEATING
  TODAY            0                         4     -4        0
  MONTH TO DATE   12                        51    -39       19
  SINCE SEP 1     22                        61    -39       31
  SINCE JUL 1     22                        66    -44       31

 COOLING
  TODAY            7                         0      7        1
  MONTH TO DATE   45                        18     27       32
  SINCE SEP 1    193                       112     81      166
  SINCE JAN 1    712                       412    300      623
..................................................................


WIND (MPH)
  RESULTANT WIND SPEED   3   RESULTANT WIND DIRECTION  SW (240)
  HIGHEST WIND SPEED    14   HIGHEST WIND DIRECTION     W (260)
  HIGHEST GUST SPEED    18   HIGHEST GUST DIRECTION     W (260)
  AVERAGE WIND SPEED     3.4


SKY COVER
  POSSIBLE SUNSHINE  MM
  AVERAGE SKY COVER 0.0


WEATHER CONDITIONS
 THE FOLLOWING WEATHER WAS RECORDED TODAY.
  NO SIGNIFICANT WEATHER WAS OBSERVED.


RELATIVE HUMIDITY (PERCENT)
 HIGHEST    77           100 AM
 LOWEST     17          1200 PM
 AVERAGE    47

..........................................................


THE OCEANSIDE AIRPORT CA CLIMATE NORMALS FOR TOMORROW
                         NORMAL    RECORD    YEAR
 MAXIMUM TEMPERATURE (F)   73        89      2007
 MINIMUM TEMPERATURE (F)   50        43      2008


SUNRISE AND SUNSET
OCTOBER 23 2017.......SUNRISE   700 AM PDT   SUNSET   606 PM PDT
OCTOBER 24 2017.......SUNRISE   701 AM PDT   SUNSET   605 PM PDT


-  INDICATES NEGATIVE NUMBERS.
R  INDICATES RECORD WAS SET OR TIED.
MM INDICATES DATA IS MISSING.
T  INDICATES TRACE AMOUNT.




$$
