000
CDUS46 KSGX 301435
CLIOKB


CLIMATE REPORT
NATIONAL WEATHER SERVICE SAN DIEGO, CA
735 AM PDT SAT MAY 30 2015


...................................

...THE OCEANSIDE AIRPORT CA CLIMATE SUMMARY FOR MAY 29 2015...

CLIMATE NORMAL PERIOD 1981 TO 2010
CLIMATE RECORD PERIOD 1999 TO 2015


WEATHER ITEM   OBSERVED TIME   RECORD YEAR NORMAL DEPARTURE LAST
                VALUE   (LST)  VALUE       VALUE  FROM      YEAR
                                                  NORMAL
..................................................................
TEMPERATURE (F)
 YESTERDAY
  MAXIMUM         71    152 PM  75    2013  70      1       73
  MINIMUM         61    555 AM  44    2010  56      5       55
  AVERAGE         66                        63      3       64

PRECIPITATION (IN)
  YESTERDAY        0.00          0.03 2009   0.00   0.00     0.00
                                      2009
                                      2011
  MONTH TO DATE    1.46                      0.26   1.20      T
  SINCE OCT 1      7.38                     13.04  -5.66     4.19
  SINCE JAN 1      2.98                      9.16  -6.18     2.60

SNOWFALL (IN)
  YESTERDAY        0.0
  MONTH TO DATE    0.0
  SINCE MAR 1      0.0
  SINCE JUL 1      0.0
  SNOW DEPTH       0

DEGREE DAYS
 HEATING
  YESTERDAY        0                         2     -2        1
  MONTH TO DATE   79                       103    -24       35
  SINCE MAR 1    329                       589   -260      364
  SINCE JUL 1   1203                      1997   -794     1536

 COOLING
  YESTERDAY        1                         0      1        0
  MONTH TO DATE    4                         0      4       76
  SINCE MAR 1     38                         3     35       92
  SINCE JAN 1     38                         3     35       92
..................................................................


WIND (MPH)
  RESULTANT WIND SPEED   4   RESULTANT WIND DIRECTION  SW (230)
  HIGHEST WIND SPEED    15   HIGHEST WIND DIRECTION    SW (240)
  HIGHEST GUST SPEED    19   HIGHEST GUST DIRECTION    SW (230)
  AVERAGE WIND SPEED     4.6


SKY COVER
  POSSIBLE SUNSHINE  MM
  AVERAGE SKY COVER 0.7


WEATHER CONDITIONS
 THE FOLLOWING WEATHER WAS RECORDED YESTERDAY.
  FOG
  HAZE


RELATIVE HUMIDITY (PERCENT)
 HIGHEST    90           500 AM
 LOWEST     61           200 PM
 AVERAGE    76

..........................................................


THE OCEANSIDE AIRPORT CA CLIMATE NORMALS FOR TODAY
                         NORMAL    RECORD    YEAR
 MAXIMUM TEMPERATURE (F)   70        76      2004
 MINIMUM TEMPERATURE (F)   56        45      2011


SUNRISE AND SUNSET
MAY 30 2015...........SUNRISE   542 AM PDT   SUNSET   752 PM PDT
MAY 31 2015...........SUNRISE   542 AM PDT   SUNSET   753 PM PDT


-  INDICATES NEGATIVE NUMBERS.
R  INDICATES RECORD WAS SET OR TIED.
MM INDICATES DATA IS MISSING.
T  INDICATES TRACE AMOUNT.




$$
