000
CDUS46 KSGX 190018
CLIOKB


CLIMATE REPORT
NATIONAL WEATHER SERVICE SAN DIEGO, CA
418 PM PST THU JAN 18 2018


...................................

...THE OCEANSIDE AIRPORT CA CLIMATE SUMMARY FOR JANUARY 18 2018...
VALID TODAY AS OF 0400 PM LOCAL TIME.

CLIMATE NORMAL PERIOD 1981 TO 2010
CLIMATE RECORD PERIOD 1999 TO 2018


WEATHER ITEM   OBSERVED TIME   RECORD YEAR NORMAL DEPARTURE LAST
                VALUE   (LST)  VALUE       VALUE  FROM      YEAR
                                                  NORMAL
..................................................................
TEMPERATURE (F)
 TODAY
  MAXIMUM         73   1148 AM  85    2009  66      7       61
  MINIMUM         44    706 AM  31    2007  40      4       40
                                      2001
  AVERAGE         59                        53      6       51

PRECIPITATION (IN)
  TODAY            0.00          1.38 2010   0.07  -0.07      T
  MONTH TO DATE    2.63                      1.85   0.78     1.43
  SINCE OCT 1      2.67                      5.73  -3.06     6.58
  SINCE JAN 1      2.63                      1.85   0.78     1.43

DEGREE DAYS
 HEATING
  TODAY            6                        12     -6       14
  MONTH TO DATE  112                       221   -109      174
  SINCE DEC 1    355                       605   -250      454
  SINCE JUL 1    524                       955   -431      640

 COOLING
  TODAY            0                         0      0        0
  MONTH TO DATE    2                         0      2        0
  SINCE DEC 1      4                         0      4        0
  SINCE JAN 1      2                         0      2        0
..................................................................


WIND (MPH)
  RESULTANT WIND SPEED   2   RESULTANT WIND DIRECTION   W (250)
  HIGHEST WIND SPEED    15   HIGHEST WIND DIRECTION     W (250)
  HIGHEST GUST SPEED    18   HIGHEST GUST DIRECTION     W (250)
  AVERAGE WIND SPEED     3.7


SKY COVER
  POSSIBLE SUNSHINE  MM
  AVERAGE SKY COVER 0.1


WEATHER CONDITIONS
 THE FOLLOWING WEATHER WAS RECORDED TODAY.
  FOG
  HAZE


RELATIVE HUMIDITY (PERCENT)
 HIGHEST    93           100 AM
 LOWEST     48          1000 AM
 AVERAGE    71

..........................................................


THE OCEANSIDE AIRPORT CA CLIMATE NORMALS FOR TOMORROW
                         NORMAL    RECORD    YEAR
 MAXIMUM TEMPERATURE (F)   66        87      2005
 MINIMUM TEMPERATURE (F)   40        31      2012


SUNRISE AND SUNSET
JANUARY 18 2018.......SUNRISE   652 AM PST   SUNSET   508 PM PST
JANUARY 19 2018.......SUNRISE   652 AM PST   SUNSET   509 PM PST


-  INDICATES NEGATIVE NUMBERS.
R  INDICATES RECORD WAS SET OR TIED.
MM INDICATES DATA IS MISSING.
T  INDICATES TRACE AMOUNT.




$$
