000
CDUS46 KSGX 292318
CLIOKB


CLIMATE REPORT
NATIONAL WEATHER SERVICE SAN DIEGO, CA
417 PM PDT FRI JUL 29 2016


...................................

...THE OCEANSIDE AIRPORT CA CLIMATE SUMMARY FOR JULY 29 2016...
VALID TODAY AS OF 0400 PM LOCAL TIME.

CLIMATE NORMAL PERIOD 1981 TO 2010
CLIMATE RECORD PERIOD 1999 TO 2016


WEATHER ITEM   OBSERVED TIME   RECORD YEAR NORMAL DEPARTURE LAST
                VALUE   (LST)  VALUE       VALUE  FROM      YEAR
                                                  NORMAL
..................................................................
TEMPERATURE (F)
 TODAY
  MAXIMUM         80    111 PM  84    2014  77      3       79
  MINIMUM         66    532 AM  54    2002  62      4       64
  AVERAGE         73                        69      4       72

PRECIPITATION (IN)
  TODAY            0.00          0.00 2006   0.01  -0.01     0.00
  MONTH TO DATE    0.00                      0.12  -0.12     0.77
  SINCE OCT 1      7.12                     13.27  -6.15     8.17
  SINCE JAN 1      4.95                      9.39  -4.44     3.77

DEGREE DAYS
 HEATING
  TODAY            0                         0      0        0
  MONTH TO DATE    0                         0      0        0
  SINCE JUN 1      2                        27    -25        4
  SINCE JUL 1      0                         0      0        0

 COOLING
  TODAY            8                         4      4        7
  MONTH TO DATE  173                       105     68      196
  SINCE JUN 1    253                       143    110      295
  SINCE JAN 1    273                       153    120      334
..................................................................


WIND (MPH)
  RESULTANT WIND SPEED   4   RESULTANT WIND DIRECTION   W (250)
  HIGHEST WIND SPEED    14   HIGHEST WIND DIRECTION     W (250)
  HIGHEST GUST SPEED    17   HIGHEST GUST DIRECTION     W (260)
  AVERAGE WIND SPEED     4.2


SKY COVER
  POSSIBLE SUNSHINE  MM
  AVERAGE SKY COVER 0.2


WEATHER CONDITIONS
 THE FOLLOWING WEATHER WAS RECORDED TODAY.
  FOG
  HAZE


RELATIVE HUMIDITY (PERCENT)
 HIGHEST    93           500 AM
 LOWEST     62          1200 PM
 AVERAGE    78

..........................................................


THE OCEANSIDE AIRPORT CA CLIMATE NORMALS FOR TOMORROW
                         NORMAL    RECORD    YEAR
 MAXIMUM TEMPERATURE (F)   77        81      2014
 MINIMUM TEMPERATURE (F)   62        57      2013


SUNRISE AND SUNSET
JULY 29 2016..........SUNRISE   601 AM PDT   SUNSET   751 PM PDT
JULY 30 2016..........SUNRISE   601 AM PDT   SUNSET   750 PM PDT


-  INDICATES NEGATIVE NUMBERS.
R  INDICATES RECORD WAS SET OR TIED.
MM INDICATES DATA IS MISSING.
T  INDICATES TRACE AMOUNT.




$$
