000
CDUS44 KOUN 240636
CLIOKC

CLIMATE REPORT
NATIONAL WEATHER SERVICE NORMAN OK
127 AM CDT MON APR 24 2017


...................................

...THE OKLAHOMA CITY CLIMATE SUMMARY FOR APRIL 23 2017...

CLIMATE NORMAL PERIOD 1981 TO 2010
CLIMATE RECORD PERIOD 1890 TO 2017


WEATHER ITEM   OBSERVED TIME   RECORD YEAR NORMAL DEPARTURE LAST
                VALUE   (LST)  VALUE       VALUE  FROM      YEAR
                                                  NORMAL
..................................................................
TEMPERATURE (F)
 YESTERDAY
  MAXIMUM         71    434 PM  91    2006  74     -3       79
  MINIMUM         41    603 AM  33    1909  52    -11       51
  AVERAGE         56                        63     -7       65

PRECIPITATION (IN)
  YESTERDAY        0.00          0.96 1945   0.12  -0.12     0.00
  MONTH TO DATE    3.49                      2.17   1.32     6.30
  SINCE JAN 1     10.78                      8.20   2.58     8.78

DEGREE DAYS
 HEATING
  YESTERDAY        9                         4      5        0
  MONTH TO DATE   89                       150    -61       96
  SINCE JUL 1   2593                      3309   -716     2745

 COOLING
  YESTERDAY        0                         2     -2        0
  MONTH TO DATE   36                        34      2       15
  SINCE JAN 1     93                        47     46       27
..................................................................


WIND (MPH)
  HIGHEST WIND SPEED    12   HIGHEST WIND DIRECTION     E (110)
  HIGHEST GUST SPEED    17   HIGHEST GUST DIRECTION     N (20)
  AVERAGE WIND SPEED     6.9


SKY COVER
  AVERAGE SKY COVER 0.2


WEATHER CONDITIONS
 THE FOLLOWING WEATHER WAS RECORDED YESTERDAY.
  NO SIGNIFICANT WEATHER WAS OBSERVED.


RELATIVE HUMIDITY (PERCENT)
 HIGHEST    86           600 AM
 LOWEST     26           500 PM
 AVERAGE    56

..........................................................


THE OKLAHOMA CITY CLIMATE NORMALS FOR TODAY
                         NORMAL    RECORD    YEAR
 MAXIMUM TEMPERATURE (F)   75        89      1901
 MINIMUM TEMPERATURE (F)   53        31      2013


SUNRISE AND SUNSET
APRIL 24 2017.........SUNRISE   646 AM CDT   SUNSET   811 PM CDT
APRIL 25 2017.........SUNRISE   645 AM CDT   SUNSET   812 PM CDT


-  INDICATES NEGATIVE NUMBERS.
R  INDICATES RECORD WAS SET OR TIED.
MM INDICATES DATA IS MISSING.
T  INDICATES TRACE AMOUNT.

$$
