000
CDUS44 KOUN 232207
CLIOKC

CLIMATE REPORT
NATIONAL WEATHER SERVICE NORMAN OK
507 PM CDT SAT MAY 23 2015


...................................

...THE OKLAHOMA CITY CLIMATE SUMMARY FOR MAY 23 2015...
VALID TODAY AS OF 0500 PM LOCAL TIME.

CLIMATE NORMAL PERIOD 1981 TO 2010
CLIMATE RECORD PERIOD 1890 TO 2015


WEATHER ITEM   OBSERVED TIME   RECORD YEAR NORMAL DEPARTURE LAST
                VALUE   (LST)  VALUE       VALUE  FROM      YEAR
                                                  NORMAL
..................................................................
TEMPERATURE (F)
 TODAY
  MAXIMUM         70    359 PM 100    2000  82    -12       83
  MINIMUM         57   1235 AM  42    1892  62     -5       65
  AVERAGE         64                        72     -8       74

PRECIPITATION (IN)
  TODAY            0.04          4.16 1908   0.15  -0.11     0.35
  MONTH TO DATE   14.50                      3.37  11.13     1.60
  SINCE JAN 1     23.68                     12.47  11.21     4.29

DEGREE DAYS
 COOLING
  TODAY            0                         7     -7        9
  MONTH TO DATE   89                       116    -27      156
  SINCE JAN 1    151                       182    -31      222
..................................................................


WIND (MPH)
  HIGHEST WIND SPEED    22   HIGHEST WIND DIRECTION    SE (140)
  HIGHEST GUST SPEED    29   HIGHEST GUST DIRECTION    SE (150)
  AVERAGE WIND SPEED    13.1


SKY COVER
  AVERAGE SKY COVER 0.8


WEATHER CONDITIONS
 THE FOLLOWING WEATHER WAS RECORDED TODAY.
  LIGHT RAIN
  FOG


RELATIVE HUMIDITY (PERCENT)
 HIGHEST    97           600 AM
 LOWEST     93           400 AM
 AVERAGE    95

..........................................................


THE OKLAHOMA CITY CLIMATE NORMALS FOR TOMORROW
                         NORMAL    RECORD    YEAR
 MAXIMUM TEMPERATURE (F)   82        98      2000
 MINIMUM TEMPERATURE (F)   62        42      1935


SUNRISE AND SUNSET
MAY 23 2015...........SUNRISE   621 AM CDT   SUNSET   834 PM CDT
MAY 24 2015...........SUNRISE   620 AM CDT   SUNSET   835 PM CDT


-  INDICATES NEGATIVE NUMBERS.
R  INDICATES RECORD WAS SET OR TIED.
MM INDICATES DATA IS MISSING.
T  INDICATES TRACE AMOUNT.

$$
