000
CDUS44 KOUN 050649
CLIOKC

CLIMATE REPORT
NATIONAL WEATHER SERVICE NORMAN OK
1249 AM CST MON DEC 5 2016

...................................

...THE OKLAHOMA CITY CLIMATE SUMMARY FOR DECEMBER 4 2016...

CLIMATE NORMAL PERIOD 1981 TO 2010
CLIMATE RECORD PERIOD 1890 TO 2016


WEATHER ITEM   OBSERVED TIME   RECORD YEAR NORMAL DEPARTURE LAST
                VALUE   (LST)  VALUE       VALUE  FROM      YEAR
                                                  NORMAL
..................................................................
TEMPERATURE (F)
 YESTERDAY
  MAXIMUM         54    351 PM  75    1954  53      1       60
  MINIMUM         33   1051 PM   6    1897  33      0       31
  AVERAGE         44                        43      1       46

PRECIPITATION (IN)
  YESTERDAY        0.09          2.59 1930   0.06   0.03     0.00
  MONTH TO DATE    0.62                      0.25   0.37     0.00
  SINCE JAN 1     26.12                     34.89  -8.77    51.99

SNOWFALL (IN)
  YESTERDAY        0.0           4.6  1984   0.1   -0.1      0.0
  MONTH TO DATE    0.0                       0.2   -0.2      0.0
  SINCE JUL 1      T                         0.6   -0.6       T
  SNOW DEPTH       0

DEGREE DAYS
 HEATING
  YESTERDAY       21                        22     -1       19
  MONTH TO DATE   80                        86     -6       88
  SINCE JUL 1    403                       685   -282      573
..................................................................


WIND (MPH)
  HIGHEST WIND SPEED    16   HIGHEST WIND DIRECTION     N (350)
  HIGHEST GUST SPEED    20   HIGHEST GUST DIRECTION     N (350)
  AVERAGE WIND SPEED     6.7


SKY COVER
  AVERAGE SKY COVER 0.7


WEATHER CONDITIONS
 THE FOLLOWING WEATHER WAS RECORDED YESTERDAY.
  LIGHT RAIN
  FOG


RELATIVE HUMIDITY (PERCENT)
 HIGHEST   100           600 AM
 LOWEST     54           400 PM
 AVERAGE    77

..........................................................


THE OKLAHOMA CITY CLIMATE NORMALS FOR TODAY
                         NORMAL    RECORD    YEAR
 MAXIMUM TEMPERATURE (F)   53        77      1975
 MINIMUM TEMPERATURE (F)   33         9      1950


SUNRISE AND SUNSET
DECEMBER  5 2016......SUNRISE   725 AM CST   SUNSET   518 PM CST
DECEMBER  6 2016......SUNRISE   726 AM CST   SUNSET   518 PM CST


-  INDICATES NEGATIVE NUMBERS.
R  INDICATES RECORD WAS SET OR TIED.
MM INDICATES DATA IS MISSING.
T  INDICATES TRACE AMOUNT.




$$
