000
CDUS44 KOUN 270630
CLIOKC

CLIMATE REPORT
NATIONAL WEATHER SERVICE NORMAN OK
128 AM CDT MON MAR 27 2017


...................................

...THE OKLAHOMA CITY CLIMATE SUMMARY FOR MARCH 26 2017...

CLIMATE NORMAL PERIOD 1981 TO 2010
CLIMATE RECORD PERIOD 1890 TO 2017


WEATHER ITEM   OBSERVED TIME   RECORD YEAR NORMAL DEPARTURE LAST
                VALUE   (LST)  VALUE       VALUE  FROM      YEAR
                                                  NORMAL
..................................................................
TEMPERATURE (F)
 YESTERDAY
  MAXIMUM         77    509 PM  85    1972  67     10       74
                                      1956
                                      1918
  MINIMUM         41    525 AM  13    1955  44     -3       49
  AVERAGE         59                        55      4       62

PRECIPITATION (IN)
  YESTERDAY        T             2.02 1938   0.10  -0.10     0.00
  MONTH TO DATE    0.09                      2.54  -2.45     0.87
  SINCE JAN 1      4.78                      5.51  -0.73     2.33

SNOWFALL (IN)
  YESTERDAY        0.0           7.6  1913   0.0    0.0      0.0
  MONTH TO DATE    0.0                       0.8   -0.8      0.0
  SINCE JUL 1      2.1                       7.5   -5.4      1.2
  SNOW DEPTH       0

DEGREE DAYS
 HEATING
  YESTERDAY        6                        11     -5        3
  MONTH TO DATE  239                       361   -122      247
  SINCE JUL 1   2459                      3111   -652     2604

 COOLING
  YESTERDAY        0                         1     -1        0
  MONTH TO DATE   48                         5     43        0
  SINCE JAN 1     57                         6     51        4
..................................................................


WIND (MPH)
  HIGHEST WIND SPEED    29   HIGHEST WIND DIRECTION    SE (140)
  HIGHEST GUST SPEED    34   HIGHEST GUST DIRECTION    SE (150)
  AVERAGE WIND SPEED    13.0


SKY COVER
  AVERAGE SKY COVER 0.6


WEATHER CONDITIONS
 THE FOLLOWING WEATHER WAS RECORDED YESTERDAY.
  THUNDERSTORM


RELATIVE HUMIDITY (PERCENT)
 HIGHEST    96           300 AM
 LOWEST     44          1200 PM
 AVERAGE    70

..........................................................


THE OKLAHOMA CITY CLIMATE NORMALS FOR TODAY
                         NORMAL    RECORD    YEAR
 MAXIMUM TEMPERATURE (F)   67        90      1895
 MINIMUM TEMPERATURE (F)   44        13      1913


SUNRISE AND SUNSET
MARCH 27 2017.........SUNRISE   724 AM CDT   SUNSET   748 PM CDT
MARCH 28 2017.........SUNRISE   722 AM CDT   SUNSET   749 PM CDT


-  INDICATES NEGATIVE NUMBERS.
R  INDICATES RECORD WAS SET OR TIED.
MM INDICATES DATA IS MISSING.
T  INDICATES TRACE AMOUNT.




$$
