000
CDUS44 KOUN 012217
CLIOKC

CLIMATE REPORT
NATIONAL WEATHER SERVICE NORMAN OK
516 PM CDT SUN MAY 1 2016


...................................

...THE OKLAHOMA CITY CLIMATE SUMMARY FOR MAY 1 2016...
VALID TODAY AS OF 0500 PM LOCAL TIME.

CLIMATE NORMAL PERIOD 1981 TO 2010
CLIMATE RECORD PERIOD 1890 TO 2016


WEATHER ITEM   OBSERVED TIME   RECORD YEAR NORMAL DEPARTURE LAST
                VALUE   (LST)  VALUE       VALUE  FROM      YEAR
                                                  NORMAL
..................................................................
TEMPERATURE (F)
 TODAY
  MAXIMUM         65    307 PM  93    1948  77    -12       80
  MINIMUM         46    605 AM  33    1909  55     -9       53
  AVERAGE         56                        66    -10       67

PRECIPITATION (IN)
  TODAY            0.00          1.63 1954   0.14  -0.14     0.00
  MONTH TO DATE    0.00                      0.14  -0.14     0.00
  SINCE JAN 1      9.79                      9.24   0.55     9.18

SNOWFALL (IN)
  TODAY            0.0           0.0  2002   0.0    0.0      0.0
  MONTH TO DATE    0.0                       0.0    0.0      0.0
  SINCE JUL 1      1.2                       7.6   -6.4     13.6
  SNOW DEPTH       0

DEGREE DAYS
 HEATING
  TODAY            9                         2      7        0
  MONTH TO DATE    9                         2      7        0
  SINCE JUL 1   2766                      3334   -568     3249

 COOLING
  TODAY            0                         3     -3        2
  MONTH TO DATE    0                         3     -3        2
  SINCE JAN 1     42                        69    -27       64
..................................................................


WIND (MPH)
  HIGHEST WIND SPEED    25   HIGHEST WIND DIRECTION    NW (330)
  HIGHEST GUST SPEED    30   HIGHEST GUST DIRECTION     N (340)
  AVERAGE WIND SPEED    15.4


SKY COVER
  AVERAGE SKY COVER 0.3


WEATHER CONDITIONS
 THE FOLLOWING WEATHER WAS RECORDED TODAY.
  NO SIGNIFICANT WEATHER WAS OBSERVED.


RELATIVE HUMIDITY (PERCENT)
 HIGHEST    71          1200 AM
 LOWEST     48           100 PM
 AVERAGE    60

..........................................................


THE OKLAHOMA CITY CLIMATE NORMALS FOR TOMORROW
                         NORMAL    RECORD    YEAR
 MAXIMUM TEMPERATURE (F)   77        94      1943
 MINIMUM TEMPERATURE (F)   55        37      2013


SUNRISE AND SUNSET
MAY  1 2016...........SUNRISE   638 AM CDT   SUNSET   817 PM CDT
MAY  2 2016...........SUNRISE   637 AM CDT   SUNSET   818 PM CDT


-  INDICATES NEGATIVE NUMBERS.
R  INDICATES RECORD WAS SET OR TIED.
MM INDICATES DATA IS MISSING.
T  INDICATES TRACE AMOUNT.




$$
