000
CDUS44 KOUN 020639
CLIOKC

CLIMATE REPORT
NATIONAL WEATHER SERVICE NORMAN OK
1238 AM CST MON MAR 2 2015


...................................

...THE OKLAHOMA CITY CLIMATE SUMMARY FOR MARCH 1 2015...

CLIMATE NORMAL PERIOD 1981 TO 2010
CLIMATE RECORD PERIOD 1890 TO 2015


WEATHER ITEM   OBSERVED TIME   RECORD YEAR NORMAL DEPARTURE LAST
                VALUE   (LST)  VALUE       VALUE  FROM      YEAR
                                                  NORMAL
..................................................................
TEMPERATURE (F)
 YESTERDAY
  MAXIMUM         34    703 PM  92    2006  59    -25       46
  MINIMUM         28    422 AM   4    1913  37     -9       22
  AVERAGE         31                        48    -17       34

PRECIPITATION (IN)
  YESTERDAY        T             1.71 1948   0.08  -0.08      T
  MONTH TO DATE    T                         0.08  -0.08      T
  SINCE JAN 1      2.21                      3.05  -0.84     0.43

SNOWFALL (IN)
  YESTERDAY        0.0           3.5  1995   0.0    0.0       T
  MONTH TO DATE    0.0                       0.0    0.0       T
  SINCE JUL 1     10.6                       6.7    3.9      8.7
  SNOW DEPTH       1

DEGREE DAYS
 HEATING
  YESTERDAY       34                        17     17       31
  MONTH TO DATE   34                        17     17       31
  SINCE JUL 1   2809                      2767     42     3119
..................................................................


WIND (MPH)
  HIGHEST WIND SPEED    14   HIGHEST WIND DIRECTION     N (20)
  HIGHEST GUST SPEED    16   HIGHEST GUST DIRECTION     N (10)
  AVERAGE WIND SPEED     6.5


SKY COVER
  AVERAGE SKY COVER 1.0


WEATHER CONDITIONS
 THE FOLLOWING WEATHER WAS RECORDED YESTERDAY.
  LT FREEZING RAIN
  FOG
  HAZE


RELATIVE HUMIDITY (PERCENT)
 HIGHEST    92           700 AM
 LOWEST     66           800 PM
 AVERAGE    79

..........................................................


THE OKLAHOMA CITY CLIMATE NORMALS FOR TODAY
                         NORMAL    RECORD    YEAR
 MAXIMUM TEMPERATURE (F)   59        88      1904
 MINIMUM TEMPERATURE (F)   37         6      1922


SUNRISE AND SUNSET
MARCH  2 2015.........SUNRISE   659 AM CST   SUNSET   627 PM CST
MARCH  3 2015.........SUNRISE   658 AM CST   SUNSET   627 PM CST


-  INDICATES NEGATIVE NUMBERS.
R  INDICATES RECORD WAS SET OR TIED.
MM INDICATES DATA IS MISSING.
T  INDICATES TRACE AMOUNT.




$$
