414
CDUS44 KOUN 200628
CLIOKC

CLIMATE REPORT
NATIONAL WEATHER SERVICE NORMAN OK
128 AM CDT WED SEP 20 2017


...................................

...THE OKLAHOMA CITY CLIMATE SUMMARY FOR SEPTEMBER 19 2017...

CLIMATE NORMAL PERIOD 1981 TO 2010
CLIMATE RECORD PERIOD 1890 TO 2017


WEATHER ITEM   OBSERVED TIME   RECORD YEAR NORMAL DEPARTURE LAST
                VALUE   (LST)  VALUE       VALUE  FROM      YEAR
                                                  NORMAL
..................................................................
TEMPERATURE (F)
 YESTERDAY
  MAXIMUM         94    305 PM  98    1954  83     11       95
  MINIMUM         69    307 AM  44    1971  62      7       69
  AVERAGE         82                        73      9       82

PRECIPITATION (IN)
  YESTERDAY        0.00          1.81 1942   0.14  -0.14     0.00
  MONTH TO DATE    0.47                      2.57  -2.10     3.63
  SINCE SEP 1      0.47                      2.57  -2.10     3.63
  SINCE JAN 1     23.68                     27.46  -3.78    23.54

SNOWFALL (IN)
  YESTERDAY        0.0

DEGREE DAYS
 HEATING
  YESTERDAY        0                         1     -1        0
  MONTH TO DATE    0                         4     -4        0
  SINCE SEP 1      0                         4     -4        0
  SINCE JUL 1      0                         4     -4        0

 COOLING
  YESTERDAY       17                         8      9       17
  MONTH TO DATE  156                       215    -59      247
  SINCE SEP 1    156                       215    -59      247
  SINCE JAN 1   1727                      1952   -225     1973
..................................................................


WIND (MPH)
  HIGHEST WIND SPEED    25   HIGHEST WIND DIRECTION     S (190)
  HIGHEST GUST SPEED    32   HIGHEST GUST DIRECTION     S (180)
  AVERAGE WIND SPEED    14.7


SKY COVER
  AVERAGE SKY COVER 0.4


WEATHER CONDITIONS
 THE FOLLOWING WEATHER WAS RECORDED YESTERDAY.
  NO SIGNIFICANT WEATHER WAS OBSERVED.


RELATIVE HUMIDITY (PERCENT)
 HIGHEST   100           600 AM
 LOWEST     41           300 PM
 AVERAGE    71

..........................................................


THE OKLAHOMA CITY CLIMATE NORMALS FOR TODAY
                         NORMAL    RECORD    YEAR
 MAXIMUM TEMPERATURE (F)   83       100      1954
 MINIMUM TEMPERATURE (F)   62        41      1971
                                             1901


SUNRISE AND SUNSET
SEPTEMBER 20 2017.....SUNRISE   717 AM CDT   SUNSET   730 PM CDT
SEPTEMBER 21 2017.....SUNRISE   718 AM CDT   SUNSET   728 PM CDT


-  INDICATES NEGATIVE NUMBERS.
R  INDICATES RECORD WAS SET OR TIED.
MM INDICATES DATA IS MISSING.
T  INDICATES TRACE AMOUNT.




$$
