000
CDUS44 KOUN 190640
CLIOKC

CLIMATE REPORT
NATIONAL WEATHER SERVICE NORMAN OK
138 AM CDT SAT APR 19 2014


...................................

...THE OKLAHOMA CITY CLIMATE SUMMARY FOR APRIL 18 2014...

CLIMATE NORMAL PERIOD 1981 TO 2010
CLIMATE RECORD PERIOD 1890 TO 2014


WEATHER ITEM   OBSERVED TIME   RECORD YEAR NORMAL DEPARTURE LAST
                VALUE   (LST)  VALUE       VALUE  FROM      YEAR
                                                  NORMAL
..................................................................
TEMPERATURE (F)
 YESTERDAY
  MAXIMUM         76    252 PM  96    1925  73      3       47
  MINIMUM         42    608 AM  30    1953  50     -8       36
  AVERAGE         59                        62     -3       42

PRECIPITATION (IN)
  YESTERDAY        0.00          2.97 1942   0.10  -0.10      T
  MONTH TO DATE    0.57                      1.63  -1.06     6.59
  SINCE JAN 1      2.26                      7.66  -5.40    11.54

SNOWFALL (IN)
  YESTERDAY        0.0           0.0    MM   0.0    0.0      0.0
  MONTH TO DATE    T                         0.0    0.0       T
  SINCE JUL 1     10.2                       7.6    2.6      7.7
  SNOW DEPTH       0

DEGREE DAYS
 HEATING
  YESTERDAY        6                         5      1       23
  MONTH TO DATE  135                       128      7      212
  SINCE JUL 1   3737                      3287    450     3257

 COOLING
  YESTERDAY        0                         2     -2        0
  MONTH TO DATE   26                        24      2       10
  SINCE JAN 1     37                        37      0       14
..................................................................


WIND (MPH)
  HIGHEST WIND SPEED    14   HIGHEST WIND DIRECTION    SE (150)
  HIGHEST GUST SPEED    17   HIGHEST GUST DIRECTION    SE (150)
  AVERAGE WIND SPEED     7.3


SKY COVER
  AVERAGE SKY COVER 0.3


WEATHER CONDITIONS
 THE FOLLOWING WEATHER WAS RECORDED YESTERDAY.
  HAZE


RELATIVE HUMIDITY (PERCENT)
 HIGHEST    82           600 AM
 LOWEST     29           300 PM
 AVERAGE    56

..........................................................


THE OKLAHOMA CITY CLIMATE NORMALS FOR TODAY
                         NORMAL    RECORD    YEAR
 MAXIMUM TEMPERATURE (F)   73        94      1987
 MINIMUM TEMPERATURE (F)   51        33      2013


SUNRISE AND SUNSET
APRIL 19 2014.........SUNRISE   653 AM CDT   SUNSET   807 PM CDT
APRIL 20 2014.........SUNRISE   652 AM CDT   SUNSET   807 PM CDT


-  INDICATES NEGATIVE NUMBERS.
R  INDICATES RECORD WAS SET OR TIED.
MM INDICATES DATA IS MISSING.
T  INDICATES TRACE AMOUNT.




$$
