100
CDUS45 KGGW 180028
CLIOLF


CLIMATE REPORT
NATIONAL WEATHER SERVICE GLASGOW MT
527 PM MST SUN DEC 17 2017


...................................

...THE WOLF POINT MT CLIMATE SUMMARY FOR DECEMBER 17 2017...
VALID TODAY AS OF 0500 PM LOCAL TIME.

CLIMATE NORMAL PERIOD 1981 TO 2010
CLIMATE RECORD PERIOD 9999 TO 9999


WEATHER ITEM   OBSERVED RECORD YEAR NORMAL DEPARTURE
                VALUE   VALUE       VALUE  FROM
                                           NORMAL
........................................................
TEMPERATURE (F)
 TODAY
  MAXIMUM         40     MM      MM  26
  MINIMUM          6     MM      MM   3
  AVERAGE         23

PRECIPITATION (IN)
  TODAY            0.00  MM      MM   0.01  -0.01
  MONTH TO DATE    T                  0.14  -0.14
  SINCE OCT 1      0.64               1.34  -0.70
  SINCE JAN 1      4.36              12.02  -7.66

SNOWFALL (IN)
  TODAY            0.0   MM      MM  MM
  MONTH TO DATE    0.0               MM
  SINCE DEC 1      0.0               MM
  SINCE JUL 1      0.0               MM

DEGREE DAYS
 HEATING
  TODAY           42

 COOLING
  TODAY            0
........................................................







THE WOLF POINT MT CLIMATE NORMALS FOR TOMORROW
                         NORMAL    RECORD    YEAR
 MAXIMUM TEMPERATURE (F)   26        MM        MM
 MINIMUM TEMPERATURE (F)    3        MM        MM


SUNRISE AND SUNSET
DECEMBER 17 2017......SUNRISE   748 AM MST   SUNSET   410 PM MST
DECEMBER 18 2017......SUNRISE   748 AM MST   SUNSET   410 PM MST


-  INDICATES NEGATIVE NUMBERS.
R  INDICATES RECORD WAS SET OR TIED.
MM INDICATES DATA IS MISSING.
T  INDICATES TRACE AMOUNT.




$$
