000
CDUS45 KGGW 261238
CLIOLF


CLIMATE REPORT
NATIONAL WEATHER SERVICE GLASGOW MT
638 AM MDT THU MAY 26 2016


...................................

...THE WOLF POINT MT CLIMATE SUMMARY FOR MAY 26 2016...
VALID AS OF 0600 AM LOCAL TIME.

CLIMATE NORMAL PERIOD 1981 TO 2010
CLIMATE RECORD PERIOD 9999 TO 9999


WEATHER ITEM   OBSERVED RECORD YEAR NORMAL DEPARTURE
                VALUE   VALUE       VALUE  FROM
                                           NORMAL
........................................................
TEMPERATURE (F)
 TODAY
  MAXIMUM         46     MM      MM  72
  MINIMUM         42     MM      MM  43
  AVERAGE         44

PRECIPITATION (IN)
  TODAY            0.00  MM      MM   0.08  -0.08
  MONTH TO DATE    1.30               1.30   0.00
  SINCE OCT 1      6.25               4.72   1.53
  SINCE JAN 1      4.58               3.22   1.36

SNOWFALL (IN)
  TODAY            0.0   MM      MM  MM
  MONTH TO DATE    0.0               MM
  SINCE MAR 1      0.0               MM
  SINCE JUL 1      0.0               MM

DEGREE DAYS
 HEATING
  TODAY           21

 COOLING
  TODAY            0
........................................................







THE WOLF POINT MT CLIMATE NORMALS FOR TOMORROW
                         NORMAL    RECORD    YEAR
 MAXIMUM TEMPERATURE (F)   72        MM        MM
 MINIMUM TEMPERATURE (F)   43        MM        MM


SUNRISE AND SUNSET
MAY 26 2016...........SUNRISE   511 AM MDT   SUNSET   849 PM MDT
MAY 27 2016...........SUNRISE   510 AM MDT   SUNSET   850 PM MDT


-  INDICATES NEGATIVE NUMBERS.
R  INDICATES RECORD WAS SET OR TIED.
MM INDICATES DATA IS MISSING.
T  INDICATES TRACE AMOUNT.




$$
