000
CDUS46 KSEW 180833
CLIOLM


CLIMATE REPORT
NATIONAL WEATHER SERVICE SEATTLE WA
133 AM PDT WED OCT 18 2017


...................................

...THE OLYMPIA WA AIRPORT CLIMATE SUMMARY FOR OCTOBER 17 2017...

CLIMATE NORMAL PERIOD 1981 TO 2010
CLIMATE RECORD PERIOD 1948 TO 2017


WEATHER ITEM   OBSERVED TIME   RECORD YEAR NORMAL DEPARTURE LAST
                VALUE   (LST)  VALUE       VALUE  FROM      YEAR
                                                  NORMAL
..................................................................
TEMPERATURE (F)
 YESTERDAY
  MAXIMUM         60    317 PM  72    2002  60      0       60
  MINIMUM         41   1018 PM  25    1971  40      1       50
  AVERAGE         51                        50      1       55

PRECIPITATION (IN)
  YESTERDAY        0.12          1.19 2009   0.15  -0.03     0.34
                                      1956
  MONTH TO DATE    0.70                      1.94  -1.24     7.40
  SINCE OCT 1      0.70                      1.94  -1.24     7.40
  SINCE JAN 1     36.37                     31.25   5.12    36.77

DEGREE DAYS
 HEATING
  YESTERDAY       14                        15     -1       10
  MONTH TO DATE  265                       218     47      189
  SINCE SEP 1    401                       408     -7      389
  SINCE JUL 1    457                       558   -101      499

 COOLING
  YESTERDAY        0                         0      0        0
  MONTH TO DATE    0                         0      0        0
  SINCE SEP 1     38                         7     31        0
  SINCE JAN 1    204                       106     98      145
..................................................................


WIND (MPH)
  RESULTANT WIND SPEED   6   RESULTANT WIND DIRECTION  SW (210)
  HIGHEST WIND SPEED    20   HIGHEST WIND DIRECTION    SW (210)
  HIGHEST GUST SPEED    30   HIGHEST GUST DIRECTION    SW (240)
  AVERAGE WIND SPEED     8.1


SKY COVER
  AVERAGE SKY COVER 0.3


WEATHER CONDITIONS
 THE FOLLOWING WEATHER WAS RECORDED YESTERDAY.
  LIGHT RAIN
  FOG


RELATIVE HUMIDITY (PERCENT)
 HIGHEST   100           300 AM
 LOWEST     53           300 PM
 AVERAGE    77

..........................................................


THE OLYMPIA WA AIRPORT CLIMATE NORMALS FOR TODAY
                         NORMAL    RECORD    YEAR
 MAXIMUM TEMPERATURE (F)   59        72      1952
 MINIMUM TEMPERATURE (F)   40        23      1976


SUNRISE AND SUNSET
OCTOBER 18 2017.......SUNRISE   734 AM PDT   SUNSET   618 PM PDT
OCTOBER 19 2017.......SUNRISE   736 AM PDT   SUNSET   616 PM PDT


-  INDICATES NEGATIVE NUMBERS.
R  INDICATES RECORD WAS SET OR TIED.
MM INDICATES DATA IS MISSING.
T  INDICATES TRACE AMOUNT.




$$
