886
CDUS46 KSEW 250131
CLIOLM


CLIMATE REPORT
NATIONAL WEATHER SERVICE SEATTLE WA
531 PM PST TUE JAN 24 2017


...................................

...THE OLYMPIA WA AIRPORT CLIMATE SUMMARY FOR JANUARY 24 2017...
VALID TODAY AS OF 0500 PM LOCAL TIME.

CLIMATE NORMAL PERIOD 1981 TO 2010
CLIMATE RECORD PERIOD 1948 TO 2017


WEATHER ITEM   OBSERVED TIME   RECORD YEAR NORMAL DEPARTURE LAST
                VALUE   (LST)  VALUE       VALUE  FROM      YEAR
                                                  NORMAL
..................................................................
TEMPERATURE (F)
 TODAY
  MAXIMUM         41    431 PM  58    2015  47     -6       49
  MINIMUM         25   1222 AM   1    1949  34     -9       32
  AVERAGE         33                        40     -7       41

PRECIPITATION (IN)
  TODAY            0.00          2.47 2002   0.24  -0.24     0.00
  MONTH TO DATE    3.78                      6.21  -2.43     6.28
  SINCE OCT 1     31.88                     26.90   4.98    39.28
  SINCE JAN 1      3.78                      6.21  -2.43     6.28

DEGREE DAYS
 HEATING
  TODAY           32                        25      7       24
  MONTH TO DATE  741                       610    131      621
  SINCE DEC 1   1653                      1435    218     1370
  SINCE JUL 1   2850                      2880    -30     2646

 COOLING
  TODAY            0                         0      0        0
  MONTH TO DATE    0                         0      0        0
  SINCE DEC 1      0                         0      0        0
  SINCE JAN 1      0                         0      0        0
..................................................................


WIND (MPH)
  RESULTANT WIND SPEED   0   RESULTANT WIND DIRECTION   W (290)
  HIGHEST WIND SPEED     5   HIGHEST WIND DIRECTION     W (260)
  HIGHEST GUST SPEED     8   HIGHEST GUST DIRECTION    SW (220)
  AVERAGE WIND SPEED     1.0


SKY COVER
  AVERAGE SKY COVER 0.9


WEATHER CONDITIONS
 THE FOLLOWING WEATHER WAS RECORDED TODAY.
  FOG
  FOG W/VISIBILITY <= 1/4 MILE


RELATIVE HUMIDITY (PERCENT)
 HIGHEST   100          1200 AM
 LOWEST     85           100 PM
 AVERAGE    93

..........................................................


THE OLYMPIA WA AIRPORT CLIMATE NORMALS FOR TOMORROW
                         NORMAL    RECORD    YEAR
 MAXIMUM TEMPERATURE (F)   47        57      2003
 MINIMUM TEMPERATURE (F)   34         2      1950


SUNRISE AND SUNSET
JANUARY 24 2017.......SUNRISE   745 AM PST   SUNSET   503 PM PST
JANUARY 25 2017.......SUNRISE   744 AM PST   SUNSET   505 PM PST


-  INDICATES NEGATIVE NUMBERS.
R  INDICATES RECORD WAS SET OR TIED.
MM INDICATES DATA IS MISSING.
T  INDICATES TRACE AMOUNT.




$$
