000
CDUS46 KSEW 040832
CLIOLM


CLIMATE REPORT
NATIONAL WEATHER SERVICE SEATTLE WA
132 AM PDT WED MAY 4 2016


...................................

...THE OLYMPIA WA AIRPORT CLIMATE SUMMARY FOR MAY 3 2016...

CLIMATE NORMAL PERIOD 1981 TO 2010
CLIMATE RECORD PERIOD 1948 TO 2016


WEATHER ITEM   OBSERVED TIME   RECORD YEAR NORMAL DEPARTURE LAST
                VALUE   (LST)  VALUE       VALUE  FROM      YEAR
                                                  NORMAL
..................................................................
TEMPERATURE (F)
 YESTERDAY
  MAXIMUM         72    114 PM  80    1992  63      9       72
  MINIMUM         53   1159 PM  30    1980  40     13       34
  AVERAGE         63                        52     11       53

PRECIPITATION (IN)
  YESTERDAY        T             1.09 2012   0.08  -0.08     0.00
  MONTH TO DATE    T                         0.25  -0.25     0.00
  SINCE OCT 1     58.23                     42.88  15.35    38.85
  SINCE JAN 1     25.23                     22.19   3.04    19.82

DEGREE DAYS
 HEATING
  YESTERDAY        2                        14    -12       12
  MONTH TO DATE    9                        42    -33       35
  SINCE MAR 1    936                      1179   -243     1047
  SINCE JUL 1   4294                      4901   -607     4082

 COOLING
  YESTERDAY        0                         0      0        0
  MONTH TO DATE    0                         0      0        0
  SINCE MAR 1      1                         0      1        0
  SINCE JAN 1      1                         0      1        0
..................................................................


WIND (MPH)
  RESULTANT WIND SPEED   4   RESULTANT WIND DIRECTION  SW (210)
  HIGHEST WIND SPEED    12   HIGHEST WIND DIRECTION    SW (240)
  HIGHEST GUST SPEED    16   HIGHEST GUST DIRECTION    SW (230)
  AVERAGE WIND SPEED     5.1


SKY COVER
  AVERAGE SKY COVER 0.2


WEATHER CONDITIONS
 THE FOLLOWING WEATHER WAS RECORDED YESTERDAY.
  LIGHT RAIN


RELATIVE HUMIDITY (PERCENT)
 HIGHEST    86           600 AM
 LOWEST     51           200 PM
 AVERAGE    69

..........................................................


THE OLYMPIA WA AIRPORT CLIMATE NORMALS FOR TODAY
                         NORMAL    RECORD    YEAR
 MAXIMUM TEMPERATURE (F)   63        89      1992
 MINIMUM TEMPERATURE (F)   41        29      1962
                                             1949


SUNRISE AND SUNSET
MAY  4 2016...........SUNRISE   551 AM PDT   SUNSET   827 PM PDT
MAY  5 2016...........SUNRISE   549 AM PDT   SUNSET   828 PM PDT


-  INDICATES NEGATIVE NUMBERS.
R  INDICATES RECORD WAS SET OR TIED.
MM INDICATES DATA IS MISSING.
T  INDICATES TRACE AMOUNT.




$$
