000
CDUS46 KSEW 300827
CLIOLM


CLIMATE REPORT
NATIONAL WEATHER SERVICE SEATTLE WA
126 AM PDT WED JUL 30 2014


...................................

...THE OLYMPIA WA AIRPORT CLIMATE SUMMARY FOR JULY 29 2014...

CLIMATE NORMAL PERIOD 1981 TO 2010
CLIMATE RECORD PERIOD 1948 TO 2014


WEATHER ITEM   OBSERVED TIME   RECORD YEAR NORMAL DEPARTURE LAST
                VALUE   (LST)  VALUE       VALUE  FROM      YEAR
                                                  NORMAL
..................................................................
TEMPERATURE (F)
 YESTERDAY
  MAXIMUM         89    521 PM 104    2009  79     10       77
  MINIMUM         50    449 AM  41    1954  52     -2       47
  AVERAGE         70                        65      5       62

PRECIPITATION (IN)
  YESTERDAY        0.00          0.12 2008   0.01  -0.01     0.00
  MONTH TO DATE    0.27                      0.60  -0.33      T
  SINCE OCT 1     39.80                     47.32  -7.52    48.38
  SINCE JAN 1     30.96                     26.63   4.33    21.42

DEGREE DAYS
 HEATING
  YESTERDAY        0                         2     -2        3
  MONTH TO DATE   33                        76    -43       56
  SINCE JUN 1    188                       264    -76      192
  SINCE JUL 1     33                        76    -43       56

 COOLING
  YESTERDAY        5                         2      3        0
  MONTH TO DATE   85                        42     43       36
  SINCE JUN 1     86                        53     33       62
  SINCE JAN 1     87                        56     31       64
..................................................................


WIND (MPH)
  RESULTANT WIND SPEED   1   RESULTANT WIND DIRECTION   N (10)
  HIGHEST WIND SPEED    12   HIGHEST WIND DIRECTION     N (20)
  HIGHEST GUST SPEED    15   HIGHEST GUST DIRECTION     N (10)
  AVERAGE WIND SPEED     3.8


SKY COVER
  AVERAGE SKY COVER 0.0


WEATHER CONDITIONS
 THE FOLLOWING WEATHER WAS RECORDED YESTERDAY.
  NO SIGNIFICANT WEATHER WAS OBSERVED.


RELATIVE HUMIDITY (PERCENT)
 HIGHEST    96           500 AM
 LOWEST     27           200 PM
 AVERAGE    62

..........................................................


THE OLYMPIA WA AIRPORT CLIMATE NORMALS FOR TODAY
                         NORMAL    RECORD    YEAR
 MAXIMUM TEMPERATURE (F)   79        97      1965
 MINIMUM TEMPERATURE (F)   52        42      1969
                                             1956


SUNRISE AND SUNSET
JULY 30 2014..........SUNRISE   549 AM PDT   SUNSET   846 PM PDT
JULY 31 2014..........SUNRISE   550 AM PDT   SUNSET   845 PM PDT


-  INDICATES NEGATIVE NUMBERS.
R  INDICATES RECORD WAS SET OR TIED.
MM INDICATES DATA IS MISSING.
T  INDICATES TRACE AMOUNT.




$$
