000
CDUS46 KSEW 290831
CLIOLM


CLIMATE REPORT
NATIONAL WEATHER SERVICE SEATTLE WA
130 AM PDT WED MAR 29 2017


...................................

...THE OLYMPIA WA AIRPORT CLIMATE SUMMARY FOR MARCH 28 2017...

CLIMATE NORMAL PERIOD 1981 TO 2010
CLIMATE RECORD PERIOD 1948 TO 2017


WEATHER ITEM   OBSERVED TIME   RECORD YEAR NORMAL DEPARTURE LAST
                VALUE   (LST)  VALUE       VALUE  FROM      YEAR
                                                  NORMAL
..................................................................
TEMPERATURE (F)
 YESTERDAY
  MAXIMUM         50    638 PM  76    1994  56     -6       56
  MINIMUM         44   1156 PM  23    1996  36      8       28
  AVERAGE         47                        46      1       42

PRECIPITATION (IN)
  YESTERDAY        0.49          1.13 1963   0.16   0.33     0.00
  MONTH TO DATE   10.62                      4.83   5.79     8.51
  SINCE OCT 1     51.72                     38.63  13.09    56.65
  SINCE JAN 1     23.62                     17.94   5.68    23.65

DEGREE DAYS
 HEATING
  YESTERDAY       18                        19     -1       23
  MONTH TO DATE  581                       579      2      536
  SINCE MAR 1    581                       579      2      536
  SINCE JUL 1   4309                      4301      8     3894

 COOLING
  YESTERDAY        0                         0      0        0
  MONTH TO DATE    0                         0      0        0
  SINCE MAR 1      0                         0      0        0
  SINCE JAN 1      0                         0      0        0
..................................................................


WIND (MPH)
  RESULTANT WIND SPEED  12   RESULTANT WIND DIRECTION   S (190)
  HIGHEST WIND SPEED    23   HIGHEST WIND DIRECTION     S (200)
  HIGHEST GUST SPEED    31   HIGHEST GUST DIRECTION    SW (210)
  AVERAGE WIND SPEED    12.3


SKY COVER
  AVERAGE SKY COVER 1.0


WEATHER CONDITIONS
 THE FOLLOWING WEATHER WAS RECORDED YESTERDAY.
  RAIN
  LIGHT RAIN
  FOG


RELATIVE HUMIDITY (PERCENT)
 HIGHEST   100           700 AM
 LOWEST     76          1000 PM
 AVERAGE    88

..........................................................


THE OLYMPIA WA AIRPORT CLIMATE NORMALS FOR TODAY
                         NORMAL    RECORD    YEAR
 MAXIMUM TEMPERATURE (F)   56        79      2004
 MINIMUM TEMPERATURE (F)   36        20      1954


SUNRISE AND SUNSET
MARCH 29 2017.........SUNRISE   656 AM PDT   SUNSET   737 PM PDT
MARCH 30 2017.........SUNRISE   654 AM PDT   SUNSET   739 PM PDT


-  INDICATES NEGATIVE NUMBERS.
R  INDICATES RECORD WAS SET OR TIED.
MM INDICATES DATA IS MISSING.
T  INDICATES TRACE AMOUNT.




$$
