000
CDUS46 KSEW 270826
CLIOLM


CLIMATE REPORT
NATIONAL WEATHER SERVICE SEATTLE WA
126 AM PDT WED AUG 27 2014


...................................

...THE OLYMPIA WA AIRPORT CLIMATE SUMMARY FOR AUGUST 26 2014...

CLIMATE NORMAL PERIOD 1981 TO 2010
CLIMATE RECORD PERIOD 1948 TO 2014


WEATHER ITEM   OBSERVED TIME   RECORD YEAR NORMAL DEPARTURE LAST
                VALUE   (LST)  VALUE       VALUE  FROM      YEAR
                                                  NORMAL
..................................................................
TEMPERATURE (F)
 YESTERDAY
  MAXIMUM         90    438 PM  95    1967  77     13       76
  MINIMUM         52    549 AM  39    1993  50      2       58
                                      1991
                                      1981
  AVERAGE         71                        63      8       67

PRECIPITATION (IN)
  YESTERDAY        0.00          0.92 1997   0.05  -0.05     0.06
  MONTH TO DATE    0.85                      0.71   0.14     0.35
  SINCE OCT 1     40.65                     48.06  -7.41    48.73
  SINCE JAN 1     31.81                     27.37   4.44    21.77

DEGREE DAYS
 HEATING
  YESTERDAY        0                         3     -3        0
  MONTH TO DATE   14                        54    -40       20
  SINCE JUN 1    202                       322   -120      213
  SINCE JUL 1     47                       134    -87       77

 COOLING
  YESTERDAY        6                         1      5        2
  MONTH TO DATE   77                        42     35       40
  SINCE JUN 1    174                        96     78      102
  SINCE JAN 1    175                        99     76      104
..................................................................


WIND (MPH)
  RESULTANT WIND SPEED   2   RESULTANT WIND DIRECTION  NE (30)
  HIGHEST WIND SPEED    10   HIGHEST WIND DIRECTION    NW (320)
  HIGHEST GUST SPEED    17   HIGHEST GUST DIRECTION    NE (40)
  AVERAGE WIND SPEED     2.3


SKY COVER
  AVERAGE SKY COVER 0.0


WEATHER CONDITIONS
 THE FOLLOWING WEATHER WAS RECORDED YESTERDAY.
  FOG


RELATIVE HUMIDITY (PERCENT)
 HIGHEST    93           300 AM
 LOWEST     24           300 PM
 AVERAGE    59

..........................................................


THE OLYMPIA WA AIRPORT CLIMATE NORMALS FOR TODAY
                         NORMAL    RECORD    YEAR
 MAXIMUM TEMPERATURE (F)   77        92      2009
                                             1967
 MINIMUM TEMPERATURE (F)   50        38      1955


SUNRISE AND SUNSET
AUGUST 27 2014........SUNRISE   625 AM PDT   SUNSET   800 PM PDT
AUGUST 28 2014........SUNRISE   626 AM PDT   SUNSET   759 PM PDT


-  INDICATES NEGATIVE NUMBERS.
R  INDICATES RECORD WAS SET OR TIED.
MM INDICATES DATA IS MISSING.
T  INDICATES TRACE AMOUNT.




$$
