000
CDUS46 KSEW 160830
CLIOLM


CLIMATE REPORT
NATIONAL WEATHER SERVICE SEATTLE WA
130 AM PDT TUE SEP 16 2014


...................................

...THE OLYMPIA WA AIRPORT CLIMATE SUMMARY FOR SEPTEMBER 15 2014...

CLIMATE NORMAL PERIOD 1981 TO 2010
CLIMATE RECORD PERIOD 1948 TO 2014


WEATHER ITEM   OBSERVED TIME   RECORD YEAR NORMAL DEPARTURE LAST
                VALUE   (LST)  VALUE       VALUE  FROM      YEAR
                                                  NORMAL
..................................................................
TEMPERATURE (F)
 YESTERDAY
  MAXIMUM         88    422 PM  94    1967  72     16       65
  MINIMUM         41    610 AM  32    1970  46     -5       53
                                      1969
  AVERAGE         65                        59      6       59

PRECIPITATION (IN)
  YESTERDAY        0.00          1.00 1955   0.05  -0.05     0.03
  MONTH TO DATE    T                         0.76  -0.76     2.24
  SINCE OCT 1     41.25                     49.05  -7.80    52.46
  SINCE JAN 1     32.41                     28.36   4.05    25.50

DEGREE DAYS
 HEATING
  YESTERDAY        0                         6     -6        6
  MONTH TO DATE   55                        69    -14       11
  SINCE SEP 1     55                        69    -14       11
  SINCE JUL 1    108                       219   -111       88

 COOLING
  YESTERDAY        0                         0      0        0
  MONTH TO DATE    4                         4      0       26
  SINCE SEP 1      4                         4      0       26
  SINCE JAN 1    185                       103     82      147
..................................................................


WIND (MPH)
  RESULTANT WIND SPEED   2   RESULTANT WIND DIRECTION  NE (30)
  HIGHEST WIND SPEED     8   HIGHEST WIND DIRECTION     N (20)
  HIGHEST GUST SPEED    12   HIGHEST GUST DIRECTION     N (20)
  AVERAGE WIND SPEED     2.1


SKY COVER
  AVERAGE SKY COVER 0.0


WEATHER CONDITIONS
 THE FOLLOWING WEATHER WAS RECORDED YESTERDAY.
  NO SIGNIFICANT WEATHER WAS OBSERVED.


RELATIVE HUMIDITY (PERCENT)
 HIGHEST    96           500 AM
 LOWEST     19           500 PM
 AVERAGE    58

..........................................................


THE OLYMPIA WA AIRPORT CLIMATE NORMALS FOR TODAY
                         NORMAL    RECORD    YEAR
 MAXIMUM TEMPERATURE (F)   72        90      1967
 MINIMUM TEMPERATURE (F)   46        33      1992
                                             1973


SUNRISE AND SUNSET
SEPTEMBER 16 2014.....SUNRISE   651 AM PDT   SUNSET   721 PM PDT
SEPTEMBER 17 2014.....SUNRISE   652 AM PDT   SUNSET   719 PM PDT


-  INDICATES NEGATIVE NUMBERS.
R  INDICATES RECORD WAS SET OR TIED.
MM INDICATES DATA IS MISSING.
T  INDICATES TRACE AMOUNT.




$$
