000
CDUS46 KSEW 040827
CLIOLM


CLIMATE REPORT
NATIONAL WEATHER SERVICE SEATTLE WA
1226 AM PST WED MAR 4 2015


...................................

...THE OLYMPIA WA AIRPORT CLIMATE SUMMARY FOR MARCH 3 2015...

CLIMATE NORMAL PERIOD 1981 TO 2010
CLIMATE RECORD PERIOD 1948 TO 2015


WEATHER ITEM   OBSERVED TIME   RECORD YEAR NORMAL DEPARTURE LAST
                VALUE   (LST)  VALUE       VALUE  FROM      YEAR
                                                  NORMAL
..................................................................
TEMPERATURE (F)
 YESTERDAY
  MAXIMUM         53    352 PM  66    1965  52      1       56
  MINIMUM         22    652 AM   9    1989  34    -12       46
  AVERAGE         38                        43     -5       51

PRECIPITATION (IN)
  YESTERDAY        0.00          2.18 1987   0.19  -0.19     0.61
  MONTH TO DATE    0.01                      0.57  -0.56     1.16
  SINCE OCT 1     31.00                     34.37  -3.37    23.04
  SINCE JAN 1     11.97                     13.68  -1.71    14.20

DEGREE DAYS
 HEATING
  YESTERDAY       27                        22      5       14
  MONTH TO DATE   76                        67      9       57
  SINCE MAR 1     76                        67      9       57
  SINCE JUL 1   3111                      3789   -678     3840

 COOLING
  YESTERDAY        0                         0      0        0
  MONTH TO DATE    0                         0      0        0
  SINCE MAR 1      0                         0      0        0
  SINCE JAN 1      0                         0      0        0
..................................................................


WIND (MPH)
  RESULTANT WIND SPEED   2   RESULTANT WIND DIRECTION  NE (50)
  HIGHEST WIND SPEED    12   HIGHEST WIND DIRECTION     E (70)
  HIGHEST GUST SPEED    14   HIGHEST GUST DIRECTION    NE (60)
  AVERAGE WIND SPEED     2.3


SKY COVER
  AVERAGE SKY COVER 0.0


WEATHER CONDITIONS
 THE FOLLOWING WEATHER WAS RECORDED YESTERDAY.
  FOG
  FOG W/VISIBILITY <= 1/4 MILE


RELATIVE HUMIDITY (PERCENT)
 HIGHEST   100           600 AM
 LOWEST     26           200 PM
 AVERAGE    63

..........................................................


THE OLYMPIA WA AIRPORT CLIMATE NORMALS FOR TODAY
                         NORMAL    RECORD    YEAR
 MAXIMUM TEMPERATURE (F)   52        66      1965
 MINIMUM TEMPERATURE (F)   34        18      1955


SUNRISE AND SUNSET
MARCH  4 2015.........SUNRISE   646 AM PST   SUNSET   601 PM PST
MARCH  5 2015.........SUNRISE   644 AM PST   SUNSET   603 PM PST


-  INDICATES NEGATIVE NUMBERS.
R  INDICATES RECORD WAS SET OR TIED.
MM INDICATES DATA IS MISSING.
T  INDICATES TRACE AMOUNT.




$$
