000
CDUS46 KSEW 050830
CLIOLM


CLIMATE REPORT
NATIONAL WEATHER SERVICE SEATTLE WA
1229 AM PST MON DEC 5 2016


...................................

...THE OLYMPIA WA AIRPORT CLIMATE SUMMARY FOR DECEMBER 4 2016...

CLIMATE NORMAL PERIOD 1981 TO 2010
CLIMATE RECORD PERIOD 1948 TO 2016


WEATHER ITEM   OBSERVED TIME   RECORD YEAR NORMAL DEPARTURE LAST
                VALUE   (LST)  VALUE       VALUE  FROM      YEAR
                                                  NORMAL
..................................................................
TEMPERATURE (F)
 YESTERDAY
  MAXIMUM         48    134 PM  56    2007  45      3       50
                                      1989
  MINIMUM         33   1159 PM   6    1994  33      0       36
  AVERAGE         41                        39      2       43

PRECIPITATION (IN)
  YESTERDAY        0.14          2.27 1989   0.28  -0.14     0.36
  MONTH TO DATE    0.89                      1.13  -0.24     1.69
  SINCE OCT 1     22.60                     14.36   8.24    20.19
  SINCE JAN 1     51.97                     43.67   8.30    44.71

DEGREE DAYS
 HEATING
  YESTERDAY       24                        26     -2       22
  MONTH TO DATE   92                       102    -10       84
  SINCE DEC 1     92                       102    -10       84
  SINCE JUL 1   1289                      1547   -258     1360

 COOLING
  YESTERDAY        0                         0      0        0
  MONTH TO DATE    0                         0      0        0
  SINCE DEC 1      0                         0      0        0
  SINCE JAN 1    145                       106     39      264
..................................................................


WIND (MPH)
  RESULTANT WIND SPEED   5   RESULTANT WIND DIRECTION  SW (240)
  HIGHEST WIND SPEED    15   HIGHEST WIND DIRECTION     W (280)
  HIGHEST GUST SPEED    21   HIGHEST GUST DIRECTION     W (280)
  AVERAGE WIND SPEED     7.8


SKY COVER
  AVERAGE SKY COVER 0.5


WEATHER CONDITIONS
 THE FOLLOWING WEATHER WAS RECORDED YESTERDAY.
  LIGHT RAIN
  FOG


RELATIVE HUMIDITY (PERCENT)
 HIGHEST   100          1200 AM
 LOWEST     49           100 PM
 AVERAGE    75

..........................................................


THE OLYMPIA WA AIRPORT CLIMATE NORMALS FOR TODAY
                         NORMAL    RECORD    YEAR
 MAXIMUM TEMPERATURE (F)   45        54      1981
                                             1954
 MINIMUM TEMPERATURE (F)   33        12      1994


SUNRISE AND SUNSET
DECEMBER  5 2016......SUNRISE   742 AM PST   SUNSET   423 PM PST
DECEMBER  6 2016......SUNRISE   743 AM PST   SUNSET   423 PM PST


-  INDICATES NEGATIVE NUMBERS.
R  INDICATES RECORD WAS SET OR TIED.
MM INDICATES DATA IS MISSING.
T  INDICATES TRACE AMOUNT.




$$
