000
CDUS46 KSEW 290830
CLIOLM


CLIMATE REPORT
NATIONAL WEATHER SERVICE SEATTLE WA
130 AM PDT THU JUN 29 2017


...................................

...THE OLYMPIA WA AIRPORT CLIMATE SUMMARY FOR JUNE 28 2017...

CLIMATE NORMAL PERIOD 1981 TO 2010
CLIMATE RECORD PERIOD 1948 TO 2017


WEATHER ITEM   OBSERVED TIME   RECORD YEAR NORMAL DEPARTURE LAST
                VALUE   (LST)  VALUE       VALUE  FROM      YEAR
                                                  NORMAL
..................................................................
TEMPERATURE (F)
 YESTERDAY
  MAXIMUM         68    341 PM  92    2008  73     -5       75
                                      2003
                                      1978
  MINIMUM         49    332 AM  36    1964  49      0       48
  AVERAGE         59                        61     -2       62

PRECIPITATION (IN)
  YESTERDAY        T             1.01 2002   0.04  -0.04     0.00
  MONTH TO DATE    1.33                      1.68  -0.35     1.24
  SINCE OCT 1     62.37                     46.64  15.73    59.62
  SINCE JAN 1     34.27                     25.95   8.32    26.62

DEGREE DAYS
 HEATING
  YESTERDAY        6                         5      1        3
  MONTH TO DATE  148                       179    -31      162
  SINCE JUN 1    148                       179    -31      162
  SINCE JUL 1   5309                      5375    -66     4682

 COOLING
  YESTERDAY        0                         1     -1        0
  MONTH TO DATE   19                         7     12       34
  SINCE JUN 1     19                         7     12       34
  SINCE JAN 1     29                        10     19       35
..................................................................


WIND (MPH)
  RESULTANT WIND SPEED   5   RESULTANT WIND DIRECTION  SW (220)
  HIGHEST WIND SPEED    15   HIGHEST WIND DIRECTION     W (260)
  HIGHEST GUST SPEED    19   HIGHEST GUST DIRECTION     W (260)
  AVERAGE WIND SPEED     6.2


SKY COVER
  AVERAGE SKY COVER 0.6


WEATHER CONDITIONS
 THE FOLLOWING WEATHER WAS RECORDED YESTERDAY.
  LIGHT RAIN


RELATIVE HUMIDITY (PERCENT)
 HIGHEST    96           400 AM
 LOWEST     58           200 PM
 AVERAGE    77

..........................................................


THE OLYMPIA WA AIRPORT CLIMATE NORMALS FOR TODAY
                         NORMAL    RECORD    YEAR
 MAXIMUM TEMPERATURE (F)   73        95      1951
 MINIMUM TEMPERATURE (F)   49        37      1966


SUNRISE AND SUNSET
JUNE 29 2017..........SUNRISE   520 AM PDT   SUNSET   910 PM PDT
JUNE 30 2017..........SUNRISE   520 AM PDT   SUNSET   910 PM PDT


-  INDICATES NEGATIVE NUMBERS.
R  INDICATES RECORD WAS SET OR TIED.
MM INDICATES DATA IS MISSING.
T  INDICATES TRACE AMOUNT.




$$
