000
CDUS43 KOAX 010657
CLIOMA


CLIMATE REPORT
NATIONAL WEATHER SERVICE OMAHA NEBRASKA
155 AM CDT SAT AUG 1 2015


...................................

...THE OMAHA EPPLEY, NEBRASKA CLIMATE SUMMARY FOR JULY 31 2015...

CLIMATE NORMAL PERIOD 1981 TO 2010
CLIMATE RECORD PERIOD 1871 TO 2015


WEATHER ITEM   OBSERVED TIME   RECORD YEAR NORMAL DEPARTURE LAST
                VALUE   (LST)  VALUE       VALUE  FROM      YEAR
                                                  NORMAL
..................................................................
TEMPERATURE (F)
 YESTERDAY
  MAXIMUM         93    205 PM 107    1955  87      6       86
  MINIMUM         69    403 AM  51    1992  66      3       58
                                      1971
  AVERAGE         81                        76      5       72

PRECIPITATION (IN)
  YESTERDAY        0.07          2.08 1896   0.13  -0.06     0.00
  MONTH TO DATE    2.40                      3.83  -1.43     1.72
  SINCE JUN 1      7.01                      8.01  -1.00    12.24
  SINCE JAN 1     17.70                     19.29  -1.59    19.06

SNOWFALL (IN)
  YESTERDAY        0.0                       0.0    0.0      0.0
  MONTH TO DATE    0.0                       0.0    0.0      0.0
  SINCE JUL 1      0.0                       0.0    0.0      0.0
  SNOW DEPTH       0

DEGREE DAYS
 HEATING
  YESTERDAY        0                         0      0        0
  MONTH TO DATE    1                         0      1        4
  SINCE JUN 1      1                        18    -17       10
  SINCE JUL 1      1                         1      0        4

 COOLING
  YESTERDAY       16                        11      5        7
  MONTH TO DATE  380                       365     15      281
  SINCE JUN 1    642                       595     47      548
  SINCE JAN 1    688                       677     11      691
..................................................................


WIND (MPH)
  HIGHEST WIND SPEED    14   HIGHEST WIND DIRECTION     W (270)
  HIGHEST GUST SPEED    19   HIGHEST GUST DIRECTION     W (250)
  AVERAGE WIND SPEED     5.7


SKY COVER
  POSSIBLE SUNSHINE  MM
  AVERAGE SKY COVER 0.5


WEATHER CONDITIONS
 THE FOLLOWING WEATHER WAS RECORDED YESTERDAY.
  THUNDERSTORM
  LIGHT RAIN
  FOG


RELATIVE HUMIDITY (PERCENT)
 HIGHEST    90           300 AM
 LOWEST     52          1100 AM
 AVERAGE    71

..........................................................


THE OMAHA EPPLEY, NEBRASKA CLIMATE NORMALS FOR TODAY
                         NORMAL    RECORD    YEAR
 MAXIMUM TEMPERATURE (F)   87       103      1964
 MINIMUM TEMPERATURE (F)   66        55      1973
                                             1968
                                             1898


SUNRISE AND SUNSET
AUGUST  1 2015........SUNRISE   619 AM CDT   SUNSET   841 PM CDT
AUGUST  2 2015........SUNRISE   620 AM CDT   SUNSET   840 PM CDT


-  INDICATES NEGATIVE NUMBERS.
R  INDICATES RECORD WAS SET OR TIED.
MM INDICATES DATA IS MISSING.
T  INDICATES TRACE AMOUNT.




$$
