000
CDUS43 KOAX 260636
CLIOMA


CLIMATE REPORT
NATIONAL WEATHER SERVICE OMAHA NEBRASKA
135 AM CDT THU MAY 26 2016


...................................

...THE OMAHA EPPLEY, NEBRASKA CLIMATE SUMMARY FOR MAY 25 2016...

CLIMATE NORMAL PERIOD 1981 TO 2010
CLIMATE RECORD PERIOD 1871 TO 2016


WEATHER ITEM   OBSERVED TIME   RECORD YEAR NORMAL DEPARTURE LAST
                VALUE   (LST)  VALUE       VALUE  FROM      YEAR
                                                  NORMAL
..................................................................
TEMPERATURE (F)
 YESTERDAY
  MAXIMUM         82    229 PM  97    1967  77      5       81
  MINIMUM         64    612 AM  40    1925  54     10       61
  AVERAGE         73                        65      8       71

PRECIPITATION (IN)
  YESTERDAY        0.50          2.35 1904   0.15   0.35     0.00
  MONTH TO DATE    4.30                      3.79   0.51     4.98
  SINCE MAR 1     10.73                      8.74   1.99     9.19
  SINCE JAN 1     12.45                     10.31   2.14    10.33

SNOWFALL (IN)
  YESTERDAY        0.0                       0.0    0.0      0.0
  MONTH TO DATE    0.0                       0.1   -0.1      0.0
  SINCE JUL 1     27.4                      26.5    0.9     13.8
  SNOW DEPTH       0

DEGREE DAYS
 HEATING
  YESTERDAY        0                         3     -3        0
  MONTH TO DATE  121                       134    -13      125
  SINCE MAR 1    961                      1338   -377     1096
  SINCE JUL 1   4927                      6136  -1209     5807

 COOLING
  YESTERDAY        8                         3      5        6
  MONTH TO DATE   32                        44    -12       32
  SINCE MAR 1     45                        60    -15       37
  SINCE JAN 1     45                        60    -15       37
..................................................................


WIND (MPH)
  HIGHEST WIND SPEED    35   HIGHEST WIND DIRECTION     W (250)
  HIGHEST GUST SPEED    49   HIGHEST GUST DIRECTION     W (250)
  AVERAGE WIND SPEED     8.7


SKY COVER
  POSSIBLE SUNSHINE  MM
  AVERAGE SKY COVER 0.8


WEATHER CONDITIONS
 THE FOLLOWING WEATHER WAS RECORDED YESTERDAY.
  THUNDERSTORM
  HEAVY RAIN
  LIGHT RAIN
  FOG


RELATIVE HUMIDITY (PERCENT)
 HIGHEST    87           800 AM
 LOWEST     58           100 PM
 AVERAGE    73

..........................................................


THE OMAHA EPPLEY, NEBRASKA CLIMATE NORMALS FOR TODAY
                         NORMAL    RECORD    YEAR
 MAXIMUM TEMPERATURE (F)   77        96      1912
 MINIMUM TEMPERATURE (F)   54        41      1992


SUNRISE AND SUNSET
MAY 26 2016...........SUNRISE   556 AM CDT   SUNSET   846 PM CDT
MAY 27 2016...........SUNRISE   555 AM CDT   SUNSET   847 PM CDT


-  INDICATES NEGATIVE NUMBERS.
R  INDICATES RECORD WAS SET OR TIED.
MM INDICATES DATA IS MISSING.
T  INDICATES TRACE AMOUNT.




$$

KLISH
