000
CDUS43 KOAX 280628
CLIOMA


CLIMATE REPORT
NATIONAL WEATHER SERVICE OMAHA NEBRASKA
1228 AM CST TUE FEB 28 2017


...................................

...THE OMAHA EPPLEY, NEBRASKA CLIMATE SUMMARY FOR FEBRUARY 27 2017...

CLIMATE NORMAL PERIOD 1981 TO 2010
CLIMATE RECORD PERIOD 1871 TO 2017


WEATHER ITEM   OBSERVED TIME   RECORD YEAR NORMAL DEPARTURE LAST
                VALUE   (LST)  VALUE       VALUE  FROM      YEAR
                                                  NORMAL
..................................................................
TEMPERATURE (F)
 YESTERDAY
  MAXIMUM         57    353 PM  75    2016  43     14       75
                                      1976
  MINIMUM         23    617 AM  -6    1962  22      1       29
                                      1890
  AVERAGE         40                        32      8       52

PRECIPITATION (IN)
  YESTERDAY        0.00          1.02 1948   0.04  -0.04     0.00
  MONTH TO DATE    1.01                      0.81   0.20     0.61
  SINCE DEC 1      3.34                      2.57   0.77     6.98
  SINCE JAN 1      1.87                      1.53   0.34     1.72

SNOWFALL (IN)
  YESTERDAY        0.0                       0.2   -0.2      0.0
  MONTH TO DATE    5.2                       5.9   -0.7      6.3
  SINCE JUL 1     11.1                      21.0   -9.9     27.4
  SNOW DEPTH       0

DEGREE DAYS
 HEATING
  YESTERDAY       25                        33     -8       13
  MONTH TO DATE  733                      1000   -267      849
  SINCE DEC 1   3053                      3495   -442     3051
  SINCE JUL 1   3804                      4765   -961     3929

 COOLING
  YESTERDAY        0                         0      0        0
  MONTH TO DATE    0                         0      0        0
  SINCE DEC 1      0                         0      0        0
  SINCE JAN 1      0                         0      0        0
..................................................................


WIND (MPH)
  HIGHEST WIND SPEED    28   HIGHEST WIND DIRECTION    SE (150)
  HIGHEST GUST SPEED    34   HIGHEST GUST DIRECTION    SE (150)
  AVERAGE WIND SPEED     8.0


SKY COVER
  POSSIBLE SUNSHINE  MM
  AVERAGE SKY COVER 0.4


WEATHER CONDITIONS
 THE FOLLOWING WEATHER WAS RECORDED YESTERDAY.
  NO SIGNIFICANT WEATHER WAS OBSERVED.


RELATIVE HUMIDITY (PERCENT)
 HIGHEST    81           300 AM
 LOWEST     29           500 PM
 AVERAGE    55

..........................................................


THE OMAHA EPPLEY, NEBRASKA CLIMATE NORMALS FOR TODAY
                         NORMAL    RECORD    YEAR
 MAXIMUM TEMPERATURE (F)   43        77      1972
 MINIMUM TEMPERATURE (F)   22       -14      1962


SUNRISE AND SUNSET
FEBRUARY 28 2017......SUNRISE   659 AM CST   SUNSET   614 PM CST
MARCH  1 2017.........SUNRISE   658 AM CST   SUNSET   615 PM CST


-  INDICATES NEGATIVE NUMBERS.
R  INDICATES RECORD WAS SET OR TIED.
MM INDICATES DATA IS MISSING.
T  INDICATES TRACE AMOUNT.




$$
