000
CDUS43 KOAX 220630
CLIOMA


CLIMATE REPORT
NATIONAL WEATHER SERVICE OMAHA NEBRASKA
128 AM CDT TUE AUG 22 2017


...................................

...THE OMAHA EPPLEY, NEBRASKA CLIMATE SUMMARY FOR AUGUST 21 2017...

CLIMATE NORMAL PERIOD 1981 TO 2010
CLIMATE RECORD PERIOD 1871 TO 2017


WEATHER ITEM   OBSERVED TIME   RECORD YEAR NORMAL DEPARTURE LAST
                VALUE   (LST)  VALUE       VALUE  FROM      YEAR
                                                  NORMAL
..................................................................
TEMPERATURE (F)
 YESTERDAY
  MAXIMUM         83    514 PM 100    1975  85     -2       81
                                      1898
  MINIMUM         66   1151 PM  50    2004  63      3       55
  AVERAGE         75                        74      1       68

PRECIPITATION (IN)
  YESTERDAY        1.07          2.18 1998   0.13   0.94     0.00
  MONTH TO DATE    2.65                      2.68  -0.03     3.43
  SINCE JUN 1      7.02                     10.69  -3.67    10.98
  SINCE JAN 1     18.33                     21.97  -3.64    23.97

SNOWFALL (IN)
  YESTERDAY        0.0                       0.0    0.0      0.0
  MONTH TO DATE    0.0                       0.0    0.0      0.0
  SINCE JUL 1      0.0                       0.0    0.0       T
  SNOW DEPTH      MM

DEGREE DAYS
 HEATING
  YESTERDAY        0                         0      0        0
  MONTH TO DATE    0                         0      0        0
  SINCE JUN 1      0                        18    -18        0
  SINCE JUL 1      0                         1     -1        0

 COOLING
  YESTERDAY       10                         9      1        3
  MONTH TO DATE  175                       219    -44      258
  SINCE JUN 1    978                       814    164     1077
  SINCE JAN 1   1063                       896    167     1160
..................................................................


WIND (MPH)
  HIGHEST WIND SPEED    32   HIGHEST WIND DIRECTION     E (090)
  HIGHEST GUST SPEED    40   HIGHEST GUST DIRECTION     E (100)
  AVERAGE WIND SPEED    16.5


SKY COVER
  POSSIBLE SUNSHINE  MM
  AVERAGE SKY COVER 0.8


WEATHER CONDITIONS
 THE FOLLOWING WEATHER WAS RECORDED YESTERDAY.
  THUNDERSTORM
  HEAVY RAIN
  RAIN
  LIGHT RAIN
  FOG


RELATIVE HUMIDITY (PERCENT)
 HIGHEST    79          1200 AM
 LOWEST     62          1100 AM
 AVERAGE    71

..........................................................


THE OMAHA EPPLEY, NEBRASKA CLIMATE NORMALS FOR TODAY
                         NORMAL    RECORD    YEAR
 MAXIMUM TEMPERATURE (F)   85       100      1975
                                             1914
                                             1898
 MINIMUM TEMPERATURE (F)   63        48      1923


SUNRISE AND SUNSET
AUGUST 22 2017........SUNRISE   640 AM CDT   SUNSET   812 PM CDT
AUGUST 23 2017........SUNRISE   641 AM CDT   SUNSET   810 PM CDT


-  INDICATES NEGATIVE NUMBERS.
R  INDICATES RECORD WAS SET OR TIED.
MM INDICATES DATA IS MISSING.
T  INDICATES TRACE AMOUNT.




$$
