000
CDUS43 KOAX 232128
CLIOMA


CLIMATE REPORT
NATIONAL WEATHER SERVICE OMAHA NEBRASKA
427 PM CDT MON OCT 23 2017


...................................

...THE OMAHA EPPLEY, NEBRASKA CLIMATE SUMMARY FOR OCTOBER 23 2017...
VALID TODAY AS OF 0400 PM LOCAL TIME.

CLIMATE NORMAL PERIOD 1981 TO 2010
CLIMATE RECORD PERIOD 1871 TO 2017


WEATHER ITEM   OBSERVED TIME   RECORD YEAR NORMAL DEPARTURE LAST
                VALUE   (LST)  VALUE       VALUE  FROM      YEAR
                                                  NORMAL
..................................................................
TEMPERATURE (F)
 TODAY
  MAXIMUM         66    112 PM  84    1899  62      4       71
  MINIMUM         46    529 AM  20    1981  39      7       44
  AVERAGE         56                        50      6       58

PRECIPITATION (IN)
  TODAY            T             0.84 1906   0.06  -0.06     0.00
  MONTH TO DATE    4.06                      1.65   2.41     1.66
  SINCE SEP 1      6.65                      4.33   2.32     6.08
  SINCE JAN 1     25.62                     27.44  -1.82    32.40

SNOWFALL (IN)
  TODAY           MM                         0.1   MM        0.0
  MONTH TO DATE    0.0                       0.2   -0.2      0.0
  SINCE JUL 1      0.0                       0.2   -0.2       T
  SNOW DEPTH       0

DEGREE DAYS
 HEATING
  TODAY            9                        15     -6        7
  MONTH TO DATE  134                       250   -116      150
  SINCE SEP 1    161                       345   -184      177
  SINCE JUL 1    161                       353   -192      177

 COOLING
  TODAY            0                         0      0        0
  MONTH TO DATE   17                        12      5       18
  SINCE SEP 1    220                       129     91      225
  SINCE JAN 1   1349                      1109    240     1472
..................................................................


WIND (MPH)
  HIGHEST WIND SPEED    38   HIGHEST WIND DIRECTION    NW (330)
  HIGHEST GUST SPEED    47   HIGHEST GUST DIRECTION    NW (320)
  AVERAGE WIND SPEED    16.3


SKY COVER
  POSSIBLE SUNSHINE  MM
  AVERAGE SKY COVER 0.6


WEATHER CONDITIONS
 THE FOLLOWING WEATHER WAS RECORDED TODAY.
  NO SIGNIFICANT WEATHER WAS OBSERVED.


RELATIVE HUMIDITY (PERCENT)
 HIGHEST    65           100 AM
 LOWEST     34           100 PM
 AVERAGE    50

..........................................................


THE OMAHA EPPLEY, NEBRASKA CLIMATE NORMALS FOR TOMORROW
                         NORMAL    RECORD    YEAR
 MAXIMUM TEMPERATURE (F)   61        85      1927
 MINIMUM TEMPERATURE (F)   39        18      1887


SUNRISE AND SUNSET
OCTOBER 23 2017.......SUNRISE   745 AM CDT   SUNSET   630 PM CDT
OCTOBER 24 2017.......SUNRISE   746 AM CDT   SUNSET   629 PM CDT


-  INDICATES NEGATIVE NUMBERS.
R  INDICATES RECORD WAS SET OR TIED.
MM INDICATES DATA IS MISSING.
T  INDICATES TRACE AMOUNT.




$$
