000
CDUS43 KOAX 292243
CLIOMA


CLIMATE REPORT
NATIONAL WEATHER SERVICE OMAHA NEBRASKA
437 PM CST THU JAN 29 2015


...................................

...THE OMAHA EPPLEY, NEBRASKA CLIMATE SUMMARY FOR JANUARY 29 2015...
VALID TODAY AS OF 400 PM LOCAL TIME.

CLIMATE NORMAL PERIOD 1981 TO 2010
CLIMATE RECORD PERIOD 1871 TO 2015


WEATHER ITEM   OBSERVED TIME   RECORD YEAR NORMAL DEPARTURE LAST
                VALUE   (LST)  VALUE       VALUE  FROM      YEAR
                                                  NORMAL
..................................................................
TEMPERATURE (F)
 TODAY
  MAXIMUM         43   1201 AM  63    1931  34      9       45
  MINIMUM         35    353 AM -17    1966  14     21        2
  AVERAGE         39                        24     15       24

PRECIPITATION (IN)
  TODAY            T             0.71 1880   0.03  -0.03     0.00
  MONTH TO DATE    0.07                      0.67  -0.60     0.11
  SINCE DEC 1      1.75                      1.71   0.04     0.31
  SINCE JAN 1      0.07                      0.67  -0.60     0.11

SNOWFALL (IN)
  TODAY            0.0                       0.3   -0.3      0.0
  MONTH TO DATE    1.3                       5.7   -4.4      1.5
  SINCE JUL 1      4.4                      14.7  -10.3      5.0
  SNOW DEPTH       0

DEGREE DAYS
 HEATING
  TODAY           26                        41    -15       41
  MONTH TO DATE 1075                      1210   -135     1279
  SINCE DEC 1   2105                      2419   -314     2597
  SINCE JUL 1   3406                      3689   -283     3823

 COOLING
  TODAY            0                         0      0        0
  MONTH TO DATE    0                         0      0        0
  SINCE DEC 1      0                         0      0        0
  SINCE JAN 1      0                         0      0        0
..................................................................


WIND (MPH)
  HIGHEST WIND SPEED    38   HIGHEST WIND DIRECTION     N (340)
  HIGHEST GUST SPEED    47   HIGHEST GUST DIRECTION     N (340)
  AVERAGE WIND SPEED    24.2


SKY COVER
  POSSIBLE SUNSHINE  MM
  AVERAGE SKY COVER 1.0


WEATHER CONDITIONS
 THE FOLLOWING WEATHER WAS RECORDED TODAY.
  LIGHT RAIN


RELATIVE HUMIDITY (PERCENT)
 HIGHEST    82           100 AM
 LOWEST     59          1200 PM
 AVERAGE    71

..........................................................


THE OMAHA EPPLEY, NEBRASKA CLIMATE NORMALS FOR TOMORROW
                         NORMAL    RECORD    YEAR
 MAXIMUM TEMPERATURE (F)   34        69      2012
 MINIMUM TEMPERATURE (F)   14       -16      1965


SUNRISE AND SUNSET
JANUARY 29 2015.......SUNRISE   738 AM CST   SUNSET   536 PM CST
JANUARY 30 2015.......SUNRISE   737 AM CST   SUNSET   537 PM CST


-  INDICATES NEGATIVE NUMBERS.
R  INDICATES RECORD WAS SET OR TIED.
MM INDICATES DATA IS MISSING.
T  INDICATES TRACE AMOUNT.




$$

KLISH
