000
CDUS43 KOAX 180626
CLIOMA


CLIMATE REPORT
NATIONAL WEATHER SERVICE OMAHA NEBRASKA
123 AM CDT FRI APR 18 2014


...................................

...THE OMAHA EPPLEY, NEBRASKA CLIMATE SUMMARY FOR APRIL 17 2014...

CLIMATE NORMAL PERIOD 1981 TO 2010
CLIMATE RECORD PERIOD 1871 TO 2014


WEATHER ITEM   OBSERVED TIME   RECORD YEAR NORMAL DEPARTURE LAST
                VALUE   (LST)  VALUE       VALUE  FROM      YEAR
                                                  NORMAL
..................................................................
TEMPERATURE (F)
 YESTERDAY
  MAXIMUM         57    505 PM  89    2004  64     -7       47
                                      1994
  MINIMUM         32    639 AM  22    1910  40     -8       37
  AVERAGE         45                        52     -7       42

PRECIPITATION (IN)
  YESTERDAY        0.00          1.61 1878   0.09  -0.09     0.88
  MONTH TO DATE    1.56                      1.50   0.06     3.06
  SINCE MAR 1      1.77                      3.49  -1.72     5.04
  SINCE JAN 1      2.63                      5.06  -2.43     6.33

SNOWFALL (IN)
  YESTERDAY        0.0                       0.1   -0.1      0.0
  MONTH TO DATE    0.6                       0.8   -0.2      0.1
  SINCE JUL 1     17.8                      26.2   -8.4     32.6
  SNOW DEPTH       0

DEGREE DAYS
 HEATING
  YESTERDAY       20                        13      7       23
  MONTH TO DATE  299                       272     27      337
  SINCE MAR 1   1178                      1063    115     1283
  SINCE JUL 1   6283                      5861    422     5764

 COOLING
  YESTERDAY        0                         1     -1        0
  MONTH TO DATE    6                         1      5        0
  SINCE MAR 1      6                         2      4        0
  SINCE JAN 1      6                         2      4        0
..................................................................


WIND (MPH)
  HIGHEST WIND SPEED    25   HIGHEST WIND DIRECTION     N (340)
  HIGHEST GUST SPEED    31   HIGHEST GUST DIRECTION     N (350)
  AVERAGE WIND SPEED     8.6


SKY COVER
  POSSIBLE SUNSHINE  MM
  AVERAGE SKY COVER 0.5


WEATHER CONDITIONS
 THE FOLLOWING WEATHER WAS RECORDED YESTERDAY.
  NO SIGNIFICANT WEATHER WAS OBSERVED.


RELATIVE HUMIDITY (PERCENT)
 HIGHEST    75          1200 AM
 LOWEST     30           400 PM
 AVERAGE    53

..........................................................


THE OMAHA EPPLEY, NEBRASKA CLIMATE NORMALS FOR TODAY
                         NORMAL    RECORD    YEAR
 MAXIMUM TEMPERATURE (F)   65        93      1994
 MINIMUM TEMPERATURE (F)   41        22      1953


SUNRISE AND SUNSET
APRIL 18 2014.........SUNRISE   639 AM CDT   SUNSET   807 PM CDT
APRIL 19 2014.........SUNRISE   638 AM CDT   SUNSET   808 PM CDT


-  INDICATES NEGATIVE NUMBERS.
R  INDICATES RECORD WAS SET OR TIED.
MM INDICATES DATA IS MISSING.
T  INDICATES TRACE AMOUNT.




$$
