000
CDUS43 KOAX 220623
CLIOMA


CLIMATE REPORT
NATIONAL WEATHER SERVICE OMAHA NEBRASKA
121 AM CDT THU JUN 22 2017


...................................

...THE OMAHA EPPLEY, NEBRASKA CLIMATE SUMMARY FOR JUNE 21 2017...

CLIMATE NORMAL PERIOD 1981 TO 2010
CLIMATE RECORD PERIOD 1871 TO 2017


WEATHER ITEM   OBSERVED TIME   RECORD YEAR NORMAL DEPARTURE LAST
                VALUE   (LST)  VALUE       VALUE  FROM      YEAR
                                                  NORMAL
..................................................................
TEMPERATURE (F)
 YESTERDAY
  MAXIMUM         97    430 PM 104    1988  85     12       90
  MINIMUM         69    500 AM  45    1972  63      6       66
  AVERAGE         83                        74      9       78

PRECIPITATION (IN)
  YESTERDAY        0.00          2.18 1997   0.14  -0.14     0.06
  MONTH TO DATE    1.99                      3.03  -1.04     0.86
  SINCE JUN 1      1.99                      3.03  -1.04     0.86
  SINCE JAN 1     13.30                     14.31  -1.01    13.85

SNOWFALL (IN)
  YESTERDAY        0.0                       0.0    0.0      0.0
  MONTH TO DATE    0.0                       0.0    0.0      0.0
  SINCE JUL 1     11.4                      26.4  -15.0     27.4
  SNOW DEPTH       0

DEGREE DAYS
 HEATING
  YESTERDAY        0                         0      0        0
  MONTH TO DATE    0                        15    -15        0
  SINCE JUN 1      0                        15    -15        0
  SINCE JUL 1   4938                      6165  -1227     4927

 COOLING
  YESTERDAY       18                         9      9       13
  MONTH TO DATE  267                       138    129      289
  SINCE JUN 1    267                       138    129      289
  SINCE JAN 1    352                       220    132      372
..................................................................


WIND (MPH)
  HIGHEST WIND SPEED    26   HIGHEST WIND DIRECTION     S (180)
  HIGHEST GUST SPEED    36   HIGHEST GUST DIRECTION     S (180)
  AVERAGE WIND SPEED    15.0


SKY COVER
  POSSIBLE SUNSHINE  MM
  AVERAGE SKY COVER 0.3


WEATHER CONDITIONS
 THE FOLLOWING WEATHER WAS RECORDED YESTERDAY.
  NO SIGNIFICANT WEATHER WAS OBSERVED.


RELATIVE HUMIDITY (PERCENT)
 HIGHEST    68           600 AM
 LOWEST     33           400 PM
 AVERAGE    51

..........................................................


THE OMAHA EPPLEY, NEBRASKA CLIMATE NORMALS FOR TODAY
                         NORMAL    RECORD    YEAR
 MAXIMUM TEMPERATURE (F)   85       100      1930
 MINIMUM TEMPERATURE (F)   63        46      1972


SUNRISE AND SUNSET
JUNE 22 2017..........SUNRISE   551 AM CDT   SUNSET   900 PM CDT
JUNE 23 2017..........SUNRISE   551 AM CDT   SUNSET   901 PM CDT


-  INDICATES NEGATIVE NUMBERS.
R  INDICATES RECORD WAS SET OR TIED.
MM INDICATES DATA IS MISSING.
T  INDICATES TRACE AMOUNT.




$$
