000
CDUS43 KOAX 230628
CLIOMA


CLIMATE REPORT
NATIONAL WEATHER SERVICE OMAHA NEBRASKA
128 AM CDT SAT JUL 23 2016


...................................

...THE OMAHA EPPLEY, NEBRASKA CLIMATE SUMMARY FOR JULY 22 2016...

CLIMATE NORMAL PERIOD 1981 TO 2010
CLIMATE RECORD PERIOD 1871 TO 2016


WEATHER ITEM   OBSERVED TIME   RECORD YEAR NORMAL DEPARTURE LAST
                VALUE   (LST)  VALUE       VALUE  FROM      YEAR
                                                  NORMAL
..................................................................
TEMPERATURE (F)
 YESTERDAY
  MAXIMUM         94    601 PM 105    2012  87      7       83
  MINIMUM         81    702 AM  53    1970  67     14       64
  AVERAGE         88                        77     11       74

PRECIPITATION (IN)
  YESTERDAY        0.00          2.66 2004   0.12  -0.12     0.00
  MONTH TO DATE    6.47                      2.71   3.76     1.47
  SINCE JUN 1      7.41                      6.89   0.52     6.08
  SINCE JAN 1     20.40                     18.17   2.23    16.77

SNOWFALL (IN)
  YESTERDAY        0.0                       0.0    0.0      0.0
  MONTH TO DATE    T                         0.0    0.0      0.0
  SINCE JUL 1      T                         0.0    0.0      0.0
  SNOW DEPTH       0

DEGREE DAYS
 HEATING
  YESTERDAY        0                         0      0        0
  MONTH TO DATE    0                         0      0        1
  SINCE JUN 1      0                        17    -17        1
  SINCE JUL 1      0                         0      0        1

 COOLING
  YESTERDAY       23                        12     11        9
  MONTH TO DATE  285                       260     25      243
  SINCE JUN 1    703                       490    213      505
  SINCE JAN 1    786                       572    214      551
..................................................................


WIND (MPH)
  HIGHEST WIND SPEED    21   HIGHEST WIND DIRECTION    SE (150)
  HIGHEST GUST SPEED    26   HIGHEST GUST DIRECTION    SE (150)
  AVERAGE WIND SPEED    12.4


SKY COVER
  POSSIBLE SUNSHINE  MM
  AVERAGE SKY COVER 0.6


WEATHER CONDITIONS
 THE FOLLOWING WEATHER WAS RECORDED YESTERDAY.
  NO SIGNIFICANT WEATHER WAS OBSERVED.


RELATIVE HUMIDITY (PERCENT)
 HIGHEST    82          1100 PM
 LOWEST     60          1200 PM
 AVERAGE    71

..........................................................


THE OMAHA EPPLEY, NEBRASKA CLIMATE NORMALS FOR TODAY
                         NORMAL    RECORD    YEAR
 MAXIMUM TEMPERATURE (F)   87       105      2012
                                             2005
 MINIMUM TEMPERATURE (F)   67        54      1948
                                             1904


SUNRISE AND SUNSET
JULY 23 2016..........SUNRISE   611 AM CDT   SUNSET   849 PM CDT
JULY 24 2016..........SUNRISE   612 AM CDT   SUNSET   848 PM CDT


-  INDICATES NEGATIVE NUMBERS.
R  INDICATES RECORD WAS SET OR TIED.
MM INDICATES DATA IS MISSING.
T  INDICATES TRACE AMOUNT.




$$
