000
CDUS43 KOAX 270624
CLIOMA


CLIMATE REPORT
NATIONAL WEATHER SERVICE OMAHA NEBRASKA
121 AM CDT THU APR 27 2017


...................................

...THE OMAHA EPPLEY, NEBRASKA CLIMATE SUMMARY FOR APRIL 26 2017...

CLIMATE NORMAL PERIOD 1981 TO 2010
CLIMATE RECORD PERIOD 1871 TO 2017


WEATHER ITEM   OBSERVED TIME   RECORD YEAR NORMAL DEPARTURE LAST
                VALUE   (LST)  VALUE       VALUE  FROM      YEAR
                                                  NORMAL
..................................................................
TEMPERATURE (F)
 YESTERDAY
  MAXIMUM         45    218 PM  94    1989  67    -22       76
  MINIMUM         37    758 AM  29    1931  44     -7       52
  AVERAGE         41                        56    -15       64

PRECIPITATION (IN)
  YESTERDAY        T             1.73 1991   0.12  -0.12     0.20
  MONTH TO DATE    0.99                      2.47  -1.48     2.95
  SINCE MAR 1      3.38                      4.46  -1.08     3.98
  SINCE JAN 1      5.28                      6.03  -0.75     5.70

SNOWFALL (IN)
  YESTERDAY        0.0                       0.0    0.0      0.0
  MONTH TO DATE    0.0                       0.9   -0.9       T
  SINCE JUL 1     11.4                      26.3  -14.9     27.4
  SNOW DEPTH       0

DEGREE DAYS
 HEATING
  YESTERDAY       24                        10     14        1
  MONTH TO DATE  236                       375   -139      244
  SINCE MAR 1    899                      1166   -267      781
  SINCE JUL 1   4726                      5964  -1238     4747

 COOLING
  YESTERDAY        0                         1     -1        0
  MONTH TO DATE    8                        10     -2       11
  SINCE MAR 1      8                        11     -3       13
  SINCE JAN 1      8                        11     -3       13
..................................................................


WIND (MPH)
  HIGHEST WIND SPEED    26   HIGHEST WIND DIRECTION    NW (320)
  HIGHEST GUST SPEED    33   HIGHEST GUST DIRECTION    NW (320)
  AVERAGE WIND SPEED    17.4


SKY COVER
  POSSIBLE SUNSHINE  MM
  AVERAGE SKY COVER 1.0


WEATHER CONDITIONS
 THE FOLLOWING WEATHER WAS RECORDED YESTERDAY.
  LIGHT RAIN
  FOG


RELATIVE HUMIDITY (PERCENT)
 HIGHEST    85           200 AM
 LOWEST     62           800 PM
 AVERAGE    74

..........................................................


THE OMAHA EPPLEY, NEBRASKA CLIMATE NORMALS FOR TODAY
                         NORMAL    RECORD    YEAR
 MAXIMUM TEMPERATURE (F)   68        92      1989
 MINIMUM TEMPERATURE (F)   44        30      1950
                                             1908


SUNRISE AND SUNSET
APRIL 27 2017.........SUNRISE   626 AM CDT   SUNSET   817 PM CDT
APRIL 28 2017.........SUNRISE   625 AM CDT   SUNSET   818 PM CDT


-  INDICATES NEGATIVE NUMBERS.
R  INDICATES RECORD WAS SET OR TIED.
MM INDICATES DATA IS MISSING.
T  INDICATES TRACE AMOUNT.


$$

BCM
