000
CDUS43 KOAX 050627
CLIOMA


CLIMATE REPORT
NATIONAL WEATHER SERVICE OMAHA NEBRASKA
1226 AM CST THU MAR 5 2015


...................................

...THE OMAHA EPPLEY, NEBRASKA CLIMATE SUMMARY FOR MARCH 4 2015...

CLIMATE NORMAL PERIOD 1981 TO 2010
CLIMATE RECORD PERIOD 1871 TO 2015


WEATHER ITEM   OBSERVED TIME   RECORD YEAR NORMAL DEPARTURE LAST
                VALUE   (LST)  VALUE       VALUE  FROM      YEAR
                                                  NORMAL
..................................................................
TEMPERATURE (F)
 YESTERDAY
  MAXIMUM         32   1210 PM  80    1921  45    -13       35
  MINIMUM          8   1159 PM -13    1978  24    -16       12
                                      1960
  AVERAGE         20                        34    -14       24

PRECIPITATION (IN)
  YESTERDAY        0.01          0.78 1915   0.05  -0.04     0.00
  MONTH TO DATE    0.02                      0.19  -0.17     0.04
  SINCE MAR 1      0.02                      0.19  -0.17     0.04
  SINCE JAN 1      1.16                      1.76  -0.60     0.90

SNOWFALL (IN)
  YESTERDAY        0.2                       0.2    0.0      0.0
  MONTH TO DATE    0.2                       0.7   -0.5      1.1
  SINCE JUL 1     13.8                      21.9   -8.1     16.0
  SNOW DEPTH       T

DEGREE DAYS
 HEATING
  YESTERDAY       45                        31     14       41
  MONTH TO DATE  153                       125     28      219
  SINCE MAR 1    153                       125     28      219
  SINCE JUL 1   4864                      4923    -59     5324

 COOLING
  YESTERDAY        0                         0      0        0
  MONTH TO DATE    0                         0      0        0
  SINCE MAR 1      0                         0      0        0
  SINCE JAN 1      0                         0      0        0
..................................................................


WIND (MPH)
  HIGHEST WIND SPEED    31   HIGHEST WIND DIRECTION    NW (330)
  HIGHEST GUST SPEED    42   HIGHEST GUST DIRECTION    NW (300)
  AVERAGE WIND SPEED    12.3


SKY COVER
  POSSIBLE SUNSHINE  MM
  AVERAGE SKY COVER 0.5


WEATHER CONDITIONS
 THE FOLLOWING WEATHER WAS RECORDED YESTERDAY.
  LIGHT SNOW
  HAZE


RELATIVE HUMIDITY (PERCENT)
 HIGHEST    73           700 AM
 LOWEST     24           300 PM
 AVERAGE    49

..........................................................


THE OMAHA EPPLEY, NEBRASKA CLIMATE NORMALS FOR TODAY
                         NORMAL    RECORD    YEAR
 MAXIMUM TEMPERATURE (F)   46        72      2000
                                             1921
                                             1910
 MINIMUM TEMPERATURE (F)   24       -14      1960


SUNRISE AND SUNSET
MARCH  5 2015.........SUNRISE   652 AM CST   SUNSET   619 PM CST
MARCH  6 2015.........SUNRISE   650 AM CST   SUNSET   620 PM CST


-  INDICATES NEGATIVE NUMBERS.
R  INDICATES RECORD WAS SET OR TIED.
MM INDICATES DATA IS MISSING.
T  INDICATES TRACE AMOUNT.




$$
