849
CDUS43 KOAX 162247
CLIOMA


CLIMATE REPORT
NATIONAL WEATHER SERVICE OMAHA NEBRASKA
445 PM CST MON JAN 16 2017


...................................

...THE OMAHA EPPLEY, NEBRASKA CLIMATE SUMMARY FOR JANUARY 16 2017...
VALID TODAY AS OF 400 PM LOCAL TIME.

CLIMATE NORMAL PERIOD 1981 TO 2010
CLIMATE RECORD PERIOD 1871 TO 2017


WEATHER ITEM   OBSERVED TIME   RECORD YEAR NORMAL DEPARTURE LAST
                VALUE   (LST)  VALUE       VALUE  FROM      YEAR
                                                  NORMAL
..................................................................
TEMPERATURE (F)
 TODAY
  MAXIMUM         35    359 PM  61    1894  33      2       26
  MINIMUM         32    120 AM -21    1977  13     19        6
  AVERAGE         34                        23     11       16

PRECIPITATION (IN)
  TODAY            0.38          0.55 1915   0.02   0.36     0.03
  MONTH TO DATE    0.69                      0.35   0.34     0.75
  SINCE DEC 1      2.16                      1.39   0.77     6.01
  SINCE JAN 1      0.69                      0.35   0.34     0.75

SNOWFALL (IN)
  TODAY            0.0                       0.2   -0.2      0.7
  MONTH TO DATE    0.6                       3.1   -2.5      2.5
  SINCE JUL 1      3.8                      12.1   -8.3     16.7
  SNOW DEPTH       0

DEGREE DAYS
 HEATING
  TODAY           31                        42    -11       49
  MONTH TO DATE  688                       672     16      657
  SINCE DEC 1   1861                      1881    -20     1604
  SINCE JUL 1   2612                      3151   -539     2482

 COOLING
  TODAY            0                         0      0        0
  MONTH TO DATE    0                         0      0        0
  SINCE DEC 1      0                         0      0        0
  SINCE JAN 1      0                         0      0        0
..................................................................


WIND (MPH)
  HIGHEST WIND SPEED    16   HIGHEST WIND DIRECTION    NE (060)
  HIGHEST GUST SPEED    22   HIGHEST GUST DIRECTION    NE (060)
  AVERAGE WIND SPEED     7.9


SKY COVER
  POSSIBLE SUNSHINE  MM
  AVERAGE SKY COVER 0.8


WEATHER CONDITIONS
 THE FOLLOWING WEATHER WAS RECORDED TODAY.
  LIGHT RAIN
  LT FREEZING RAIN
  FOG


RELATIVE HUMIDITY (PERCENT)
 HIGHEST    89           100 PM
 LOWEST     82           400 AM
 AVERAGE    86

..........................................................


THE OMAHA EPPLEY, NEBRASKA CLIMATE NORMALS FOR TOMORROW
                         NORMAL    RECORD    YEAR
 MAXIMUM TEMPERATURE (F)   33        59      1989
 MINIMUM TEMPERATURE (F)   13       -16      1930


SUNRISE AND SUNSET
JANUARY 16 2017.......SUNRISE   747 AM CST   SUNSET   521 PM CST
JANUARY 17 2017.......SUNRISE   746 AM CST   SUNSET   522 PM CST


-  INDICATES NEGATIVE NUMBERS.
R  INDICATES RECORD WAS SET OR TIED.
MM INDICATES DATA IS MISSING.
T  INDICATES TRACE AMOUNT.




$$

KLISH
