000
CDAK49 PAOM 251029
CLIOME

CLIMATE REPORT
NATIONAL WEATHER SERVICE NOME, AK
230 AM AKDT FRI JUL 25 2014

...................................
...THE NOME WSO AP CLIMATE SUMMARY FOR JULY 24 2014...

CLIMATE NORMAL PERIOD  1981 TO  2010
CLIMATE RECORD PERIOD  1906 TO  2014

WEATHER ITEM   OBSERVED TIME    RECORD YEAR NORMAL DEPARTURE LAST
               VALUE    (LST)   VALUE       VALUE  FROM      YEAR
                                                   NORMAL
...................................................................
TEMPERATURE
YESTERDAY
 MAXIMUM            59  0341 PM    76  2006     58       1     59
 MINIMUM            41  0555 AM    30  1914     46      -5     47
 AVERAGE            50                          52      -2     53

PRECIPITATION
(INCHES)
 YESTERDAY        0.00           1.64  1942   0.08   -0.08   0.00
 MONTH TO DATE    2.37                        1.48    0.89   2.06
 SINCE JUN 1      2.59                        2.46    0.13   4.59
 SINCE JAN 1      7.06                        6.60    0.46   8.84

SNOWFALL
(INCHES)
 YESTERDAY         0.0                         0.0     0.0    0.0
 MONTH TO DATE     0.0                         0.0     0.0    0.0
 SINCE JUN 1       0.0                         0.3    -0.3    0.1
 SINCE JUL 1       0.0                         0.0     0.0    0.0
 SNOW DEPTH (IN)     0                                          0

DEGREE DAYS
 HEATING
  YESTERDAY         15                          13       2     12
  MONTH TO DATE    321                         309      12    344
  SINCE JUN 1      889                         825      64    820
  SINCE JUL 1      321                         309      12    344

 COOLING
  YESTERDAY          0                           0       0      0
  MONTH TO DATE      2                           0       2      0
  SINCE JUN 1        2                           0       2      7
  SINCE JAN 1        2                           0       2      7
...................................................................

WIND (MPH)
 HIGHEST WIND SPEED    18     HIGHEST WIND DIRECTION    340
 HIGHEST GUST SPEED    24     HIGHEST GUST DIRECTION    340
 AVERAGE WIND SPEED   9.9

SKY COVER
  POSSIBLE SUNSHINE    MM          AVERAGE SKY COVER     MM

WEATHER CONDITIONS
 THE FOLLOWING WEATHER WAS RECORDED YESTERDAY.
  NO SIGNIFICANT WEATHER WAS OBSERVED.

RELATIVE HUMIDITY
 HIGHEST RH     MM PERCENT       MM
 LOWEST  RH     MM PERCENT       MM
 AVERAGE RH     MM PERCENT       MM
...................................................................

THE NOME CLIMATE NORMALS FOR TODAY
                           NORMAL    RECORD   YEAR
 MAXIMUM TEMPERATURE (F)     58        76     1966
 MINIMUM TEMPERATURE (F)     46        32     1931

SUNRISE AND SUNSET
 JUL 25 2014..........SUNRISE  5:43 AM      SUNSET 12:32 AM
 JUL 26 2014..........SUNRISE  5:46 AM      SUNSET 12:29 AM

-  INDICATES NEGATIVE NUMBERS.
R  INDICATES RECORD HAS BEEN SET OR TIED.
MM INDICATES DATA IS MISSING.
T  INDICATES TRACE OF PRECIPITATION.

&&
-------------------------------------------------------------------

AMOUNT OF DAYLIGHT TODAY  (HOUR:MIN)........18 HOURS 49 MINUTES
GAIN/LOSS SINCE YESTERDAY (HOUR:MIN:SEC)....-0:06:36

TIDE INFORMATION FOR 7/25/2014

HIGH 6:27 AM 1.2 FT
LOW 10:07 AM 1.0 FT
HIGH 4:08 PM 1.3 FT
LOW 11:39 PM 0.0 FT

$$
JAS JUL 14
