815
CDAK49 PAFG 280939
CLIOME

CLIMATE REPORT
NATIONAL WEATHER SERVICE FAIRBANKS AK
139 AM AKDT FRI JUL 28 2017


...................................

...THE NOME AK CLIMATE SUMMARY FOR JULY 27 2017...

CLIMATE NORMAL PERIOD 1981 TO 2010
CLIMATE RECORD PERIOD 1906 TO 2017


WEATHER ITEM   OBSERVED TIME   RECORD YEAR NORMAL DEPARTURE LAST
                VALUE   (LST)  VALUE       VALUE  FROM      YEAR
                                                  NORMAL
..................................................................
TEMPERATURE (F)
 YESTERDAY
  MAXIMUM         54    559 PM  80    1968  58     -4       55
  MINIMUM         44    437 AM  32    2008  46     -2       43
  AVERAGE         49                        52     -3       49

PRECIPITATION (IN)
  YESTERDAY        0.19          1.19 1954   0.09   0.10     0.02
  MONTH TO DATE    3.49                      1.73   1.76     2.22
  SINCE JUN 1      4.67                      2.71   1.96     2.56
  SINCE JAN 1      7.52                      6.85   0.67     5.65

SNOWFALL (IN)
  YESTERDAY        0.0           0.0    MM   0.0    0.0     MM
  MONTH TO DATE    0.0                       0.0    0.0      0.0
  SINCE JUN 1      0.0                       0.3   -0.3      0.0
  SINCE JUL 1      0.0                       0.0    0.0      0.0
  SNOW DEPTH       0

DEGREE DAYS
 HEATING
  YESTERDAY       16                        13      3       16
  MONTH TO DATE  312                       348    -36      316
  SINCE JUN 1    677                       865   -188      763
  SINCE JUL 1    312                       348    -36      316

 COOLING
  YESTERDAY        0                         0      0        0
  MONTH TO DATE    0                         0      0        0
  SINCE JUN 1      4                         1      3        0
  SINCE JAN 1      4                         1      3        0
..................................................................


WIND (MPH)
  HIGHEST GUST SPEED    29   HIGHEST GUST DIRECTION     S (160)


SKY COVER
  AVERAGE SKY COVER 0.8


WEATHER CONDITIONS
 THE FOLLOWING WEATHER WAS RECORDED YESTERDAY.
  LIGHT RAIN
  FOG
  FOG W/VISIBILITY <= 1/4 MILE


RELATIVE HUMIDITY (PERCENT)
 HIGHEST   100
 LOWEST     93
 AVERAGE    97

..........................................................


THE NOME AK CLIMATE NORMALS FOR TODAY
                         NORMAL    RECORD    YEAR
 MAXIMUM TEMPERATURE (F)   58        75      1953
 MINIMUM TEMPERATURE (F)   46        31      1973


SUNRISE AND SUNSET
JULY 28 2017..........SUNRISE   554 AM AKDT  SUNSET  1221 AM AKDT
JULY 29 2017..........SUNRISE   557 AM AKDT  SUNSET  1218 AM AKDT

-  INDICATES NEGATIVE NUMBERS.
R  INDICATES RECORD WAS SET OR TIED.
MM INDICATES DATA IS MISSING.
T  INDICATES TRACE AMOUNT.

&&

SNOW DEPTH IS MEASURED AT 3AM AKST/4AM AKDT.

----------------------------
AVAILABLE DAYLIGHT

AMOUNT OF DAYLIGHT TODAY  (HOUR:MIN)........18:31
GAIN/LOSS SINCE YESTERDAY (HOUR:MIN:SEC)....-0:06:41

NOME TIDAL INFORMATION FOR 28 JULY 2017
0303  -0.1
1014  +1.5
1551  +0.6
2138  +1.2

$$
SDB JUL 17
