000
CDAK49 PAOM 150930
CLIOME

CLIMATE REPORT
NATIONAL WEATHER SERVICE NOME, AK
130 AM AKDT MON SEP 15 2014

...................................
...THE NOME WSO AP CLIMATE SUMMARY FOR SEPTEMBER 14 2014...

CLIMATE NORMAL PERIOD  1981 TO  2010
CLIMATE RECORD PERIOD  1906 TO  2014

WEATHER ITEM   OBSERVED TIME    RECORD YEAR NORMAL DEPARTURE LAST
               VALUE    (LST)   VALUE       VALUE  FROM      YEAR
                                                   NORMAL
...................................................................
TEMPERATURE
YESTERDAY
 MAXIMUM            59  0515 PM    63  1965     50       9     46
 MINIMUM            50  1159 PM    24  1992     38      12     34
 AVERAGE            55                          44      11     40

PRECIPITATION
(INCHES)
 YESTERDAY        0.34           0.87  1985   0.08    0.26   0.02
 MONTH TO DATE    2.04                        1.26    0.78   1.63
 SINCE SEP 1      2.04                        1.26    0.78   1.63
 SINCE JAN 1     11.06                       11.71   -0.65  14.74

SNOWFALL
(INCHES)
 YESTERDAY         0.0            0.1  1942    0.0     0.0    0.0
 MONTH TO DATE     0.0                         0.1    -0.1    0.0
 SINCE SEP 1       0.0                         0.1    -0.1    0.0
 SINCE JUL 1       0.0                         0.1    -0.1    0.0
 SNOW DEPTH (IN)     0                                          0

DEGREE DAYS
 HEATING
  YESTERDAY         10                          21     -11     25
  MONTH TO DATE    229                         265     -36    274
  SINCE SEP 1      229                         265     -36    274
  SINCE JUL 1      932                        1129    -197   1048

 COOLING
  YESTERDAY          0                           0       0      0
  MONTH TO DATE      0                           0       0      0
  SINCE SEP 1        0                           0       0      0
  SINCE JAN 1        3                           0       3      7
...................................................................

WIND (MPH)
 HIGHEST WIND SPEED    17     HIGHEST WIND DIRECTION     90
 HIGHEST GUST SPEED    21     HIGHEST GUST DIRECTION    100
 AVERAGE WIND SPEED   9.4

SKY COVER
  POSSIBLE SUNSHINE    MM          AVERAGE SKY COVER     MM

WEATHER CONDITIONS
 THE FOLLOWING WEATHER WAS RECORDED YESTERDAY.
  PATCHY FOG
  THUNDERSTORM
  LIGHT RAINFALL
  MODERATE RAINFALL
  HEAVY RAINFALL

RELATIVE HUMIDITY
 HIGHEST RH     MM PERCENT       MM
 LOWEST  RH     MM PERCENT       MM
 AVERAGE RH     MM PERCENT       MM
...................................................................

THE NOME CLIMATE NORMALS FOR TODAY
                           NORMAL    RECORD   YEAR
 MAXIMUM TEMPERATURE (F)     49        62     1949
 MINIMUM TEMPERATURE (F)     38        24     1996

SUNRISE AND SUNSET
 SEP 15 2014..........SUNRISE  8:25 AM      SUNSET  9:27 PM
 SEP 16 2014..........SUNRISE  8:28 AM      SUNSET  9:24 PM

-  INDICATES NEGATIVE NUMBERS.
R  INDICATES RECORD HAS BEEN SET OR TIED.
MM INDICATES DATA IS MISSING.
T  INDICATES TRACE OF PRECIPITATION.

&&
-------------------------------------------------------------------

AMOUNT OF DAYLIGHT TODAY  (HOUR:MIN)........13 HOURS 2 MINUTES
GAIN/LOSS SINCE YESTERDAY (HOUR:MIN:SEC)....-0:06:32

NOME TIDAL INFORMATION FOR 15 SEPTEMBER 2014
03:53 AM +0.5
10:10 AM +1.4
04:56 PM +0.1
11:30 PM +1.2

$$

CKC SEP 14
