000
CDAK49 PAFG 181017
CLIOME

CLIMATE REPORT
NATIONAL WEATHER SERVICE FAIRBANKS AK
117 AM AKST WED JAN 18 2017


...................................

...THE NOME AK CLIMATE SUMMARY FOR JANUARY 17 2017...

CLIMATE NORMAL PERIOD 1981 TO 2010
CLIMATE RECORD PERIOD 1906 TO 2017


WEATHER ITEM   OBSERVED TIME   RECORD YEAR NORMAL DEPARTURE LAST
                VALUE   (LST)  VALUE       VALUE  FROM      YEAR
                                                  NORMAL
..................................................................
TEMPERATURE (F)
 YESTERDAY
  MAXIMUM        -17        MM  42    1963  13    -30       23
  MINIMUM        -27        MM -34    1973  -3    -24       15
  AVERAGE        -22                         5    -27       19

PRECIPITATION (IN)
  YESTERDAY        0.00          0.38 1921   0.03  -0.03     0.00
  MONTH TO DATE    0.32                      0.53  -0.21     0.23
  SINCE DEC 1      1.39                      1.61  -0.22     0.23
  SINCE JAN 1      0.32                      0.53  -0.21     0.23

SNOWFALL (IN)
  YESTERDAY        0.0           5.0  2008   0.4   -0.4      0.0
  MONTH TO DATE    3.0                       7.3   -4.3      3.2
  SINCE DEC 1     19.0                      21.8   -2.8      3.2
  SINCE JUL 1     27.6                      39.1  -11.5      3.2
  SNOW DEPTH      17

DEGREE DAYS
 HEATING
  YESTERDAY       87                        60     27       46
  MONTH TO DATE  973                      1013    -40      689
  SINCE DEC 1   2575                      2733   -158      689
  SINCE JUL 1   6190                      6826   -636      689

 COOLING
  YESTERDAY        0                         0      0        0
  MONTH TO DATE    0                         0      0        0
  SINCE DEC 1      0                         0      0        0
  SINCE JAN 1      0                         0      0        0
..................................................................


WIND (MPH)
  HIGHEST GUST SPEED    MM   HIGHEST GUST DIRECTION    MM


SKY COVER
  AVERAGE SKY COVER 0.0


WEATHER CONDITIONS
 THE FOLLOWING WEATHER WAS RECORDED YESTERDAY.
  NO SIGNIFICANT WEATHER WAS OBSERVED.


RELATIVE HUMIDITY (PERCENT)
 HIGHEST    86
 LOWEST     70
 AVERAGE    78

..........................................................


THE NOME AK CLIMATE NORMALS FOR TODAY
                         NORMAL    RECORD    YEAR
 MAXIMUM TEMPERATURE (F)   13        38      1963
 MINIMUM TEMPERATURE (F)   -3       -35      1989


SUNRISE AND SUNSET
JANUARY 18 2017.......SUNRISE  1125 AM AKST  SUNSET   502 PM AKST
JANUARY 19 2017.......SUNRISE  1122 AM AKST  SUNSET   505 PM AKST

-  INDICATES NEGATIVE NUMBERS.
R  INDICATES RECORD WAS SET OR TIED.
MM INDICATES DATA IS MISSING.
T  INDICATES TRACE AMOUNT.

&&

SNOW DEPTH IS MEASURED AT 3AM AKST/4AM AKDT.

----------------------------
AVAILABLE DAYLIGHT

AMOUNT OF DAYLIGHT TODAY  (HOUR:MIN)........5:37
GAIN/LOSS SINCE YESTERDAY (HOUR:MIN:SEC)....+0:05:54

NOME TIDAL INFORMATION FOR 18 JANUARY 2017
0308  +1.7
1525  +0.5
2209  +1.8

$$
JAN 17
