734
CDAK49 PAFG 280945
CLIOME

CLIMATE REPORT
NATIONAL WEATHER SERVICE FAIRBANKS AK
145 AM AKDT TUE MAR 28 2017


...................................

...THE NOME AK CLIMATE SUMMARY FOR MARCH 27 2017...

CLIMATE NORMAL PERIOD 1981 TO 2010
CLIMATE RECORD PERIOD 1906 TO 2017


WEATHER ITEM   OBSERVED TIME   RECORD YEAR NORMAL DEPARTURE LAST
                VALUE   (LST)  VALUE       VALUE  FROM      YEAR
                                                  NORMAL
..................................................................
TEMPERATURE (F)
 YESTERDAY
  MAXIMUM         18    318 PM  40    1926  20     -2       15
  MINIMUM        -10    634 AM -33    1920   3    -13       -6
  AVERAGE          4                        12     -8        5

PRECIPITATION (IN)
  YESTERDAY        0.00          0.43 1948   0.02  -0.02     0.00
  MONTH TO DATE    0.01                      0.57  -0.56     0.04
  SINCE MAR 1      0.01                      0.57  -0.56     0.04
  SINCE JAN 1      1.76                      2.44  -0.68     1.07

SNOWFALL (IN)
  YESTERDAY        0.0           4.4  1994   0.3   -0.3      0.0
  MONTH TO DATE    0.9                       7.9   -7.0      0.0
  SINCE MAR 1      0.9                       7.9   -7.0      0.0
  SINCE JUL 1     53.1                      64.6  -11.5     15.5
  SNOW DEPTH      36

DEGREE DAYS
 HEATING
  YESTERDAY       61                        53      8       60
  MONTH TO DATE 1741                      1485    256     1418
  SINCE MAR 1   1741                      1485    256     1418
  SINCE JUL 1  10536                     10764   -228     4209

 COOLING
  YESTERDAY        0                         0      0        0
  MONTH TO DATE    0                         0      0        0
  SINCE MAR 1      0                         0      0        0
  SINCE JAN 1      0                         0      0        0
..................................................................


WIND (MPH)
  HIGHEST GUST SPEED    10   HIGHEST GUST DIRECTION     W (290)


SKY COVER
  AVERAGE SKY COVER 0.1


WEATHER CONDITIONS
 THE FOLLOWING WEATHER WAS RECORDED YESTERDAY.
  NO SIGNIFICANT WEATHER WAS OBSERVED.


RELATIVE HUMIDITY (PERCENT)
 HIGHEST    83
 LOWEST     59
 AVERAGE    71

..........................................................


THE NOME AK CLIMATE NORMALS FOR TODAY
                         NORMAL    RECORD    YEAR
 MAXIMUM TEMPERATURE (F)   20        39      1926
 MINIMUM TEMPERATURE (F)    4       -33      1920


SUNRISE AND SUNSET
MARCH 28 2017.........SUNRISE   832 AM AKDT  SUNSET   944 PM AKDT
MARCH 29 2017.........SUNRISE   828 AM AKDT  SUNSET   947 PM AKDT

-  INDICATES NEGATIVE NUMBERS.
R  INDICATES RECORD WAS SET OR TIED.
MM INDICATES DATA IS MISSING.
T  INDICATES TRACE AMOUNT.

&&

SNOW DEPTH IS MEASURED AT 3AM AKST/4AM AKDT.

----------------------------
AVAILABLE DAYLIGHT

AMOUNT OF DAYLIGHT TODAY  (HOUR:MIN)........13:12
GAIN/LOSS SINCE YESTERDAY (HOUR:MIN:SEC)....+0:06:38

NOME TIDAL INFORMATION FOR 28 MARCH 2017
0549  +1.0
1145  +0.1
1819  +1.0

$$
MAR 17
