000
CDAK49 PAOM 280916
CLIOME

CLIMATE REPORT
NATIONAL WEATHER SERVICE NOME, AK
116 AM AKDT THU MAY 28 2015

...................................
...THE NOME WSO AP CLIMATE SUMMARY FOR MAY 27 2015...

CLIMATE NORMAL PERIOD  1981 TO  2010
CLIMATE RECORD PERIOD  1906 TO  2015

WEATHER ITEM   OBSERVED TIME    RECORD YEAR NORMAL DEPARTURE LAST
               VALUE    (LST)   VALUE       VALUE  FROM      YEAR
                                                   NORMAL
...................................................................
TEMPERATURE
YESTERDAY
 MAXIMUM            50  0310 AM    71  2011     48       2     46
 MINIMUM            42  0852 PM    20  1907     35       7     36
 AVERAGE            46                          41       5     41

PRECIPITATION
(INCHES)
 YESTERDAY        0.06           0.63  1948   0.03    0.03   0.26
 MONTH TO DATE    1.46                        0.75    0.71   0.85
 SINCE MAR 1      2.77                        2.16    0.61   1.83
 SINCE JAN 1      4.41                        4.03    0.38   4.00

SNOWFALL
(INCHES)
 YESTERDAY         0.0            1.8  2008    0.1    -0.1    0.0
 MONTH TO DATE       T                         2.2    -2.2    2.6
 SINCE MAR 1      16.4                        18.6    -2.2   18.0
 SINCE JUL 1      59.7                        75.3   -15.6   72.3
 SNOW DEPTH (IN)     0                                          0

DEGREE DAYS
 HEATING
  YESTERDAY         19                          24      -5     24
  MONTH TO DATE    689                         784     -95    829
  SINCE MAR 1     3796                        3815     -19   3549
  SINCE JUL 1    11960                       13097   -1137  11703

 COOLING
  YESTERDAY          0                           0       0      0
  MONTH TO DATE      0                           0       0      0
  SINCE MAR 1        0                           0       0      0
  SINCE JAN 1        0                           0       0      0
...................................................................

WIND (MPH)
 HIGHEST WIND SPEED    22     HIGHEST WIND DIRECTION    120
 HIGHEST GUST SPEED    27     HIGHEST GUST DIRECTION    120
 AVERAGE WIND SPEED   9.8

SKY COVER
  POSSIBLE SUNSHINE    MM          AVERAGE SKY COVER     MM

WEATHER CONDITIONS
 THE FOLLOWING WEATHER WAS RECORDED YESTERDAY.
  FOG
RAIN


RELATIVE HUMIDITY
 HIGHEST RH     MM PERCENT       MM
 LOWEST  RH     MM PERCENT       MM
 AVERAGE RH     MM PERCENT       MM
...................................................................

THE NOME CLIMATE NORMALS FOR TODAY
                           NORMAL    RECORD   YEAR
 MAXIMUM TEMPERATURE (F)     49        75     2011
 MINIMUM TEMPERATURE (F)     35        17     1934

SUNRISE AND SUNSET
 MAY 28 2015..........SUNRISE  5:02 AM      SUNSET  1:00 AM
 MAY 29 2015..........SUNRISE  4:59 AM      SUNSET  1:03 AM

-  INDICATES NEGATIVE NUMBERS.
R  INDICATES RECORD HAS BEEN SET OR TIED.
MM INDICATES DATA IS MISSING.
T  INDICATES TRACE OF PRECIPITATION.

&&
-------------------------------------------------------------------

AMOUNT OF DAYLIGHT TODAY  (HOUR:MIN)........19 HOURS 58 MINUTES
GAIN/LOSS SINCE YESTERDAY (HOUR:MIN:SEC)....+0:06:13

TIDE INFORMATION FOR 5/28/2015

HIGH 1:52 AM 1.0 FT
LOW  7:22 AM 0.3 FT
HIGH 2:17 PM 1.4 FT
LOW  9:18 PM 0.4 FT

$$
JAS MAY 15
