000
CDAK49 PAOM 260915
CLIOME

CLIMATE REPORT
NATIONAL WEATHER SERVICE NOME, AK
1215 AM AKST WED NOV 26 2014

...................................
...THE NOME WSO AP CLIMATE SUMMARY FOR NOVEMBER 25 2014...

CLIMATE NORMAL PERIOD  1981 TO  2010
CLIMATE RECORD PERIOD  1906 TO  2014

WEATHER ITEM   OBSERVED TIME    RECORD YEAR NORMAL DEPARTURE LAST
               VALUE    (LST)   VALUE       VALUE  FROM      YEAR
                                                   NORMAL
...................................................................
TEMPERATURE
YESTERDAY
 MAXIMUM            19  1159 PM    37  1943     21      -2     24
 MINIMUM            11  0513 PM   -26  1928      8       3      5
 AVERAGE            15                          14       1     15

PRECIPITATION
(INCHES)
 YESTERDAY           T           0.24  1990   0.04   -0.04   0.00
 MONTH TO DATE    0.65                        1.05   -0.40   1.58
 SINCE SEP 1      3.86                        5.11   -1.25   7.11
 SINCE JAN 1     12.88                       15.56   -2.68  20.22

SNOWFALL
(INCHES)
 YESTERDAY         0.1            2.7  1979    0.4    -0.3    0.0
 MONTH TO DATE     2.7                        10.1    -7.4   10.8
 SINCE SEP 1       7.6                        15.3    -7.7   12.4
 SINCE JUL 1       7.6                        15.3    -7.7   12.4
 SNOW DEPTH (IN)     T                                          6

DEGREE DAYS
 HEATING
  YESTERDAY         50                          51      -1     50
  MONTH TO DATE    964                        1184    -220   1117
  SINCE SEP 1     2651                        2975    -324   2767
  SINCE JUL 1     3354                        3839    -485   3541

 COOLING
  YESTERDAY          0                           0       0      0
  MONTH TO DATE      0                           0       0      0
  SINCE SEP 1        0                           0       0      0
  SINCE JAN 1        3                           0       3      7
...................................................................

WIND (MPH)
 HIGHEST WIND SPEED    15     HIGHEST WIND DIRECTION     70
 HIGHEST GUST SPEED    20     HIGHEST GUST DIRECTION     70
 AVERAGE WIND SPEED   8.9

SKY COVER
  POSSIBLE SUNSHINE    MM          AVERAGE SKY COVER     MM

WEATHER CONDITIONS
 THE FOLLOWING WEATHER WAS RECORDED YESTERDAY.
  PATCHY FOG
  LIGHT SNOWFALL

RELATIVE HUMIDITY
 HIGHEST RH     MM PERCENT       MM
 LOWEST  RH     MM PERCENT       MM
 AVERAGE RH     MM PERCENT       MM
...................................................................

THE NOME CLIMATE NORMALS FOR TODAY
                           NORMAL    RECORD   YEAR
 MAXIMUM TEMPERATURE (F)     20        37     1943
 MINIMUM TEMPERATURE (F)      7       -20     1928

SUNRISE AND SUNSET
 NOV 26 2014..........SUNRISE 11:11 AM      SUNSET  4:27 PM
 NOV 27 2014..........SUNRISE 11:14 AM      SUNSET  4:25 PM

-  INDICATES NEGATIVE NUMBERS.
R  INDICATES RECORD HAS BEEN SET OR TIED.
MM INDICATES DATA IS MISSING.
T  INDICATES TRACE OF PRECIPITATION.

&&
-------------------------------------------------------------------

AMOUNT OF DAYLIGHT TODAY  (HOUR:MIN)........5 HOURS 16 MINUTES
GAIN/LOSS SINCE YESTERDAY (HOUR:MIN:SEC)....-0:05:37

NOME TIDAL INFORMATION FOR 26 NOVEMBER 2014
12:33 AM +0.8
05:58 AM +1.4
01:28 PM -0.1
08:25 PM +1.3

$$

CKC NOV 14
