705
CDAK49 PAFG 250100
CLIOME

CLIMATE REPORT
NATIONAL WEATHER SERVICE FAIRBANKS AK
400 PM AKST FRI NOV 24 2017


...................................

...THE NOME AK CLIMATE SUMMARY FOR NOVEMBER 24 2017...
VALID TODAY AS OF 0300 PM LOCAL TIME.

CLIMATE NORMAL PERIOD 1981 TO 2010
CLIMATE RECORD PERIOD 1906 TO 2017


WEATHER ITEM   OBSERVED TIME   RECORD YEAR NORMAL DEPARTURE LAST
                VALUE   (LST)  VALUE       VALUE  FROM      YEAR
                                                  NORMAL
..................................................................
TEMPERATURE (F)
 TODAY
  MAXIMUM         17    307 AM  43    1947  21     -4       17
  MINIMUM          2   1215 PM -27    1948   8     -6       -4
  AVERAGE         10                        14     -4        7

PRECIPITATION (IN)
  TODAY            T             0.42 1950   0.04  -0.04      T
  MONTH TO DATE    1.90                      1.01   0.89     0.71
  SINCE SEP 1      7.72                      5.07   2.65     4.70
  SINCE JAN 1     17.45                     15.52   1.93    14.96

SNOWFALL (IN)
  TODAY            T            14.0  1916   0.5   -0.5       T
  MONTH TO DATE   21.7                       9.7   12.0      8.2
  SINCE SEP 1     31.1                      14.9   16.2      8.3
  SINCE JUL 1     31.1                      14.9   16.2      8.3
  SNOW DEPTH      10

DEGREE DAYS
 HEATING
  TODAY           55                        51      4       58
  MONTH TO DATE  942                      1133   -191     1067
  SINCE SEP 1   2651                      2923   -272     2532
  SINCE JUL 1   3497                      3783   -286     3217

 COOLING
  TODAY            0                         0      0        0
  MONTH TO DATE    0                         0      0        0
  SINCE SEP 1      0                         0      0        0
  SINCE JAN 1      4                         3      1        0
..................................................................


WIND (MPH)
  HIGHEST GUST SPEED    18   HIGHEST GUST DIRECTION    NW (320)


SKY COVER
  AVERAGE SKY COVER 0.3


WEATHER CONDITIONS
 THE FOLLOWING WEATHER WAS RECORDED TODAY.
  FOG
  HAZE


RELATIVE HUMIDITY (PERCENT)
 HIGHEST    92
 LOWEST     70
 AVERAGE    81

..........................................................


THE NOME AK CLIMATE NORMALS FOR TOMORROW
                         NORMAL    RECORD    YEAR
 MAXIMUM TEMPERATURE (F)   21        37      1943
 MINIMUM TEMPERATURE (F)    8       -26      1928


SUNRISE AND SUNSET
NOVEMBER 24 2017......SUNRISE  1106 AM AKST  SUNSET   432 PM AKST
NOVEMBER 25 2017......SUNRISE  1109 AM AKST  SUNSET   429 PM AKST

-  INDICATES NEGATIVE NUMBERS.
R  INDICATES RECORD WAS SET OR TIED.
MM INDICATES DATA IS MISSING.
T  INDICATES TRACE AMOUNT.

&&

SNOW DEPTH IS MEASURED AT 3AM AKST/4AM AKDT.

----------------------------
AVAILABLE DAYLIGHT

AMOUNT OF DAYLIGHT TODAY  (HOUR:MIN)........5:26
GAIN/LOSS SINCE YESTERDAY (HOUR:MIN:SEC)....-0:05:47

NOME TIDAL INFORMATION FOR 25 NOVEMBER 2017
0201  +1.5
0729  +1.7
1505  +0.7
2210  +1.7

$$
NOV 17
