000
CDAK49 PAOM 300902
CLIOME

CLIMATE REPORT
NATIONAL WEATHER SERVICE NOME, AK
102 AM AKDT WED JUL 30 2014

...................................
...THE NOME WSO AP CLIMATE SUMMARY FOR JULY 29 2014...

CLIMATE NORMAL PERIOD  1981 TO  2010
CLIMATE RECORD PERIOD  1906 TO  2014

WEATHER ITEM   OBSERVED TIME    RECORD YEAR NORMAL DEPARTURE LAST
               VALUE    (LST)   VALUE       VALUE  FROM      YEAR
                                                   NORMAL
...................................................................
TEMPERATURE
YESTERDAY
 MAXIMUM            65  0900 PM    72  1997     57       8     56
 MINIMUM            46  0543 AM    32  1929     46       0     51
 AVERAGE            56                          52       4     54

PRECIPITATION
(INCHES)
 YESTERDAY        0.00           1.21  1991   0.09   -0.09   0.04
 MONTH TO DATE    2.48                        1.91    0.57   2.12
 SINCE JUN 1      2.70                        2.89   -0.19   4.65
 SINCE JAN 1      7.17                        7.03    0.14   8.90

SNOWFALL
(INCHES)
 YESTERDAY         0.0            0.0  2014    0.0     0.0    0.0
 MONTH TO DATE     0.0                         0.0     0.0    0.0
 SINCE JUN 1       0.0                         0.3    -0.3    0.1
 SINCE JUL 1       0.0                         0.0     0.0    0.0
 SNOW DEPTH (IN)     0                                          0

DEGREE DAYS
 HEATING
  YESTERDAY          9                          13      -4     11
  MONTH TO DATE    397                         374      23    395
  SINCE JUN 1      965                         890      75    871
  SINCE JUL 1      397                         374      23    395

 COOLING
  YESTERDAY          0                           0       0      0
  MONTH TO DATE      2                           0       2      0
  SINCE JUN 1        2                           0       2      7
  SINCE JAN 1        2                           0       2      7
...................................................................

WIND (MPH)
 HIGHEST WIND SPEED    18     HIGHEST WIND DIRECTION    260
 HIGHEST GUST SPEED    22     HIGHEST GUST DIRECTION    260
 AVERAGE WIND SPEED   8.1

SKY COVER
  POSSIBLE SUNSHINE    MM          AVERAGE SKY COVER     MM

WEATHER CONDITIONS
 THE FOLLOWING WEATHER WAS RECORDED YESTERDAY.
  NO SIGNIFICANT WEATHER WAS OBSERVED.

RELATIVE HUMIDITY
 HIGHEST RH     MM PERCENT       MM
 LOWEST  RH     MM PERCENT       MM
 AVERAGE RH     MM PERCENT       MM
...................................................................

THE NOME CLIMATE NORMALS FOR TODAY
                           NORMAL    RECORD   YEAR
 MAXIMUM TEMPERATURE (F)     57        84     1977
 MINIMUM TEMPERATURE (F)     46        33     1929

SUNRISE AND SUNSET
 JUL 30 2014..........SUNRISE  5:59 AM      SUNSET 12:15 AM
 JUL 31 2014..........SUNRISE  6:03 AM      SUNSET 12:12 AM

-  INDICATES NEGATIVE NUMBERS.
R  INDICATES RECORD HAS BEEN SET OR TIED.
MM INDICATES DATA IS MISSING.
T  INDICATES TRACE OF PRECIPITATION.

&&
-------------------------------------------------------------------

AMOUNT OF DAYLIGHT TODAY  (HOUR:MIN)........18 HOURS 16 MINUTES
GAIN/LOSS SINCE YESTERDAY (HOUR:MIN:SEC)....-0:06:42

TIDE INFORMATION FOR WEDNESDAY JULY 30 2014

2:04 AM LOW  0.0 FT
9:15 AM HIGH 1.3 FT
2:28 PM LOW  0.8 FT
8:05 PM HIGH 1.2 FT

$$
RWM JUL 14
