000
CDAK49 PAFG 231005
CLIOME

CLIMATE REPORT
NATIONAL WEATHER SERVICE FAIRBANKS AK
205 AM AKDT SAT SEP 23 2017


...................................

...THE NOME AK CLIMATE SUMMARY FOR SEPTEMBER 22 2017...

CLIMATE NORMAL PERIOD 1981 TO 2010
CLIMATE RECORD PERIOD 1906 TO 2017


WEATHER ITEM   OBSERVED TIME   RECORD YEAR NORMAL DEPARTURE LAST
                VALUE   (LST)  VALUE       VALUE  FROM      YEAR
                                                  NORMAL
..................................................................
TEMPERATURE (F)
 YESTERDAY
  MAXIMUM         47    244 PM  59    1929  46      1       48
  MINIMUM         34    848 AM  18    2015  34      0       34
  AVERAGE         41                        40      1       41

PRECIPITATION (IN)
  YESTERDAY        T             0.72 1934   0.07  -0.07     0.00
  MONTH TO DATE    2.73                      1.88   0.85     1.15
  SINCE SEP 1      2.73                      1.88   0.85     1.15
  SINCE JAN 1     12.46                     12.33   0.13    11.41

SNOWFALL (IN)
  YESTERDAY        0.0           0.4  2004   0.1   -0.1      0.0
  MONTH TO DATE    T                         0.3   -0.3      0.0
  SINCE SEP 1      T                         0.3   -0.3      0.0
  SINCE JUL 1      T                         0.3   -0.3      0.0
  SNOW DEPTH       0

DEGREE DAYS
 HEATING
  YESTERDAY       24                        25     -1       24
  MONTH TO DATE  474                       450     24      443
  SINCE SEP 1    474                       450     24      443
  SINCE JUL 1   1320                      1310     10     1128

 COOLING
  YESTERDAY        0                         0      0        0
  MONTH TO DATE    0                         0      0        0
  SINCE SEP 1      0                         0      0        0
  SINCE JAN 1      4                         3      1        0
..................................................................


WIND (MPH)
  HIGHEST GUST SPEED    31   HIGHEST GUST DIRECTION    NE (40)


SKY COVER
  AVERAGE SKY COVER 0.5


WEATHER CONDITIONS
 THE FOLLOWING WEATHER WAS RECORDED YESTERDAY.
  LIGHT RAIN


RELATIVE HUMIDITY (PERCENT)
 HIGHEST    92
 LOWEST     58
 AVERAGE    75

..........................................................


THE NOME AK CLIMATE NORMALS FOR TODAY
                         NORMAL    RECORD    YEAR
 MAXIMUM TEMPERATURE (F)   46        58      1929
                                             1926
 MINIMUM TEMPERATURE (F)   34        15      1992


SUNRISE AND SUNSET
SEPTEMBER 23 2017.....SUNRISE   850 AM AKDT  SUNSET   857 PM AKDT
SEPTEMBER 24 2017.....SUNRISE   852 AM AKDT  SUNSET   854 PM AKDT

-  INDICATES NEGATIVE NUMBERS.
R  INDICATES RECORD WAS SET OR TIED.
MM INDICATES DATA IS MISSING.
T  INDICATES TRACE AMOUNT.

&&

SNOW DEPTH IS MEASURED AT 3AM AKST/4AM AKDT.

----------------------------
AVAILABLE DAYLIGHT

AMOUNT OF DAYLIGHT TODAY  (HOUR:MIN)........12:08
GAIN/LOSS SINCE YESTERDAY (HOUR:MIN:SEC)....-0:06:32

NOME TIDAL INFORMATION FOR 23 SEPTEMBER 2017
0116  +0.4
0803  +1.6
1355  +0.7
2014  +1.5

$$
CCC SEP 17
