000
CDUS46 KOTX 010824
CLIOMK


CLIMATE REPORT
NATIONAL WEATHER SERVICE SPOKANE, WA
123 AM PDT WED OCT 1 2014


...................................

...THE OMAK WA AIRPORT CLIMATE SUMMARY FOR SEPTEMBER 30 2014...

CLIMATE NORMAL PERIOD 1981 TO 2010
CLIMATE RECORD PERIOD 9999 TO 9999


WEATHER ITEM   OBSERVED TIME   RECORD YEAR NORMAL DEPARTURE LAST
                VALUE   (LST)  VALUE       VALUE  FROM      YEAR
                                                  NORMAL
..................................................................
TEMPERATURE (F)
 YESTERDAY
  MAXIMUM         72   1237 PM  85    1993  71      1       64
  MINIMUM         40   1155 PM  28    1933  42     -2       45
  AVERAGE         56                        56      0       55

PRECIPITATION (IN)
  YESTERDAY        T             0.71 2007   0.02  -0.02     0.00
  MONTH TO DATE    0.77                      0.58   0.19     1.41
  SINCE OCT 1      8.18                     15.05  -6.87    15.82
  SINCE JAN 1      7.01                      9.60  -2.59     8.83

SNOWFALL (IN)
  YESTERDAY       MM            MM      MM  MM     MM       MM
  MONTH TO DATE   MM                        MM     MM       MM
  SINCE SEP 1     MM                        MM     MM       MM
  SINCE JUL 1     MM                        MM     MM       MM
  SNOW DEPTH      MM

DEGREE DAYS
 HEATING
  YESTERDAY        9                         9      0       10
  MONTH TO DATE   84                       131    -47      133
  SINCE SEP 1     84                       130    -46      133
  SINCE JUL 1     89                       161    -72      133

 COOLING
  YESTERDAY        0                         0      0        0
  MONTH TO DATE   46                        58    -12      128
  SINCE SEP 1     46                        58    -12      128
  SINCE JAN 1    870                       664    206      814
..................................................................


WIND (MPH)
  HIGHEST WIND SPEED    25   HIGHEST WIND DIRECTION     N (10)
  HIGHEST GUST SPEED    32   HIGHEST GUST DIRECTION     N (10)
  AVERAGE WIND SPEED     8.0


SKY COVER
  POSSIBLE SUNSHINE  MM
  AVERAGE SKY COVER 0.1


WEATHER CONDITIONS
 THE FOLLOWING WEATHER WAS RECORDED YESTERDAY.
  LIGHT RAIN


RELATIVE HUMIDITY (PERCENT)
 HIGHEST    71           200 AM
 LOWEST     27          1200 PM
 AVERAGE    49

..........................................................


THE OMAK WA AIRPORT CLIMATE NORMALS FOR TODAY
                         NORMAL    RECORD    YEAR
 MAXIMUM TEMPERATURE (F)   71        86      1943
 MINIMUM TEMPERATURE (F)   42        28      1954


SUNRISE AND SUNSET
OCTOBER  1 2014.......SUNRISE   658 AM PDT   SUNSET   637 PM PDT
OCTOBER  2 2014.......SUNRISE   659 AM PDT   SUNSET   635 PM PDT


-  INDICATES NEGATIVE NUMBERS.
R  INDICATES RECORD WAS SET OR TIED.
MM INDICATES DATA IS MISSING.
T  INDICATES TRACE AMOUNT.




$$
