000
CDUS46 KOTX 270848
CLIOMK


CLIMATE REPORT
NATIONAL WEATHER SERVICE SPOKANE, WA
147 AM PDT SAT AUG 27 2016


...................................

...THE OMAK WA AIRPORT CLIMATE SUMMARY FOR AUGUST 26 2016...

CLIMATE NORMAL PERIOD 1981 TO 2010
CLIMATE RECORD PERIOD 9999 TO 9999


WEATHER ITEM   OBSERVED TIME   RECORD YEAR NORMAL DEPARTURE LAST
                VALUE   (LST)  VALUE       VALUE  FROM      YEAR
                                                  NORMAL
..................................................................
TEMPERATURE (F)
 YESTERDAY
  MAXIMUM         91    325 PM  98    1996  85      6       90
  MINIMUM         55    514 AM  39    1976  55      0       55
  AVERAGE         73                        70      3       73

PRECIPITATION (IN)
  YESTERDAY        0.00                      0.02  -0.02     0.00
  MONTH TO DATE    T                         0.42  -0.42     0.08
  SINCE OCT 1     14.83                     14.10   0.73    11.53
  SINCE JAN 1      9.47                      9.21   0.26     4.96

SNOWFALL (IN)
  YESTERDAY       MM

DEGREE DAYS
 HEATING
  YESTERDAY        0                         1     -1        0
  MONTH TO DATE    3                         6     -3        1
  SINCE JUN 1     93                        90      3       16
  SINCE JUL 1      8                        21    -13        1

 COOLING
  YESTERDAY        8                         6      2        8
  MONTH TO DATE  224                       220      4      248
  SINCE JUN 1    573                       558     15      876
  SINCE JAN 1    598                       581     17      922
..................................................................


WIND (MPH)
  HIGHEST WIND SPEED    16   HIGHEST WIND DIRECTION    SE (150)
  HIGHEST GUST SPEED    19   HIGHEST GUST DIRECTION    SE (150)
  AVERAGE WIND SPEED     4.9


SKY COVER
  POSSIBLE SUNSHINE  MM
  AVERAGE SKY COVER 0.0


WEATHER CONDITIONS
 THE FOLLOWING WEATHER WAS RECORDED YESTERDAY.
  NO SIGNIFICANT WEATHER WAS OBSERVED.


RELATIVE HUMIDITY (PERCENT)
 HIGHEST    55           300 AM
 LOWEST     15           200 PM
 AVERAGE    35

..........................................................


THE OMAK WA AIRPORT CLIMATE NORMALS FOR TODAY
                         NORMAL    RECORD    YEAR
 MAXIMUM TEMPERATURE (F)   85        97      1934
 MINIMUM TEMPERATURE (F)   54        37      1960


SUNRISE AND SUNSET
AUGUST 27 2016........SUNRISE   609 AM PDT   SUNSET   749 PM PDT
AUGUST 28 2016........SUNRISE   611 AM PDT   SUNSET   747 PM PDT


-  INDICATES NEGATIVE NUMBERS.
R  INDICATES RECORD WAS SET OR TIED.
MM INDICATES DATA IS MISSING.
T  INDICATES TRACE AMOUNT.




$$
