000
CDUS46 KOTX 250837
CLIOMK


CLIMATE REPORT
NATIONAL WEATHER SERVICE SPOKANE, WA
1236 AM PST TUE NOV 25 2014


...................................

...THE OMAK WA AIRPORT CLIMATE SUMMARY FOR NOVEMBER 24 2014...

CLIMATE NORMAL PERIOD 1981 TO 2010
CLIMATE RECORD PERIOD 9999 TO 9999


WEATHER ITEM   OBSERVED TIME   RECORD YEAR NORMAL DEPARTURE LAST
                VALUE   (LST)  VALUE       VALUE  FROM      YEAR
                                                  NORMAL
..................................................................
TEMPERATURE (F)
 YESTERDAY
  MAXIMUM         39    544 PM  70    1933  39      0       36
  MINIMUM         17    529 AM  -6    2010  26     -9       13
  AVERAGE         28                        32     -4       25

PRECIPITATION (IN)
  YESTERDAY        0.00          0.43 1960   0.06  -0.06     0.00
  MONTH TO DATE    1.03                      1.45  -0.42     0.99
  SINCE OCT 1      3.07                      2.55   0.52     1.06
  SINCE JAN 1     10.08                     12.15  -2.07     9.89

SNOWFALL (IN)
  YESTERDAY       MM

DEGREE DAYS
 HEATING
  YESTERDAY       37                        33      4       40
  MONTH TO DATE  723                       669     54      713
  SINCE SEP 1   1178                      1298   -120     1373
  SINCE JUL 1   1183                      1329   -146     1373

 COOLING
  YESTERDAY        0                         0      0        0
  MONTH TO DATE    0                         0      0        0
  SINCE SEP 1     49                        59    -10      128
  SINCE JAN 1    873                       665    208      814
..................................................................


WIND (MPH)
  HIGHEST WIND SPEED    17   HIGHEST WIND DIRECTION     S (200)
  HIGHEST GUST SPEED    23   HIGHEST GUST DIRECTION     S (190)
  AVERAGE WIND SPEED     4.5


SKY COVER
  POSSIBLE SUNSHINE  MM
  AVERAGE SKY COVER 0.4


WEATHER CONDITIONS
 THE FOLLOWING WEATHER WAS RECORDED YESTERDAY.
  FOG


RELATIVE HUMIDITY (PERCENT)
 HIGHEST    92           300 AM
 LOWEST     75           300 PM
 AVERAGE    84

..........................................................


THE OMAK WA AIRPORT CLIMATE NORMALS FOR TODAY
                         NORMAL    RECORD    YEAR
 MAXIMUM TEMPERATURE (F)   39        60      1937
 MINIMUM TEMPERATURE (F)   25         9      1961


SUNRISE AND SUNSET
NOVEMBER 25 2014......SUNRISE   721 AM PST   SUNSET   409 PM PST
NOVEMBER 26 2014......SUNRISE   722 AM PST   SUNSET   408 PM PST


-  INDICATES NEGATIVE NUMBERS.
R  INDICATES RECORD WAS SET OR TIED.
MM INDICATES DATA IS MISSING.
T  INDICATES TRACE AMOUNT.




$$
