000
CDUS46 KOTX 240823
CLIOMK


CLIMATE REPORT
NATIONAL WEATHER SERVICE SPOKANE, WA
123 AM PDT SAT SEP 24 2016


...................................

...THE OMAK WA AIRPORT CLIMATE SUMMARY FOR SEPTEMBER 23 2016...

CLIMATE NORMAL PERIOD 1981 TO 2010
CLIMATE RECORD PERIOD 9999 TO 9999


WEATHER ITEM   OBSERVED TIME   RECORD YEAR NORMAL DEPARTURE LAST
                VALUE   (LST)  VALUE       VALUE  FROM      YEAR
                                                  NORMAL
..................................................................
TEMPERATURE (F)
 YESTERDAY
  MAXIMUM         66    239 PM  90    2009  75     -9       78
  MINIMUM         44   1159 PM  26    2008  45     -1       41
  AVERAGE         55                        60     -5       60

PRECIPITATION (IN)
  YESTERDAY        T                         0.02  -0.02     0.00
  MONTH TO DATE    T                         0.42  -0.42      T
  SINCE OCT 1     14.83                     14.59   0.24    11.62
  SINCE JAN 1      9.47                      9.70  -0.23     5.05

SNOWFALL (IN)
  YESTERDAY       MM

DEGREE DAYS
 HEATING
  YESTERDAY       10                         6      4        5
  MONTH TO DATE   89                        78     11      102
  SINCE SEP 1     89                        78     11      102
  SINCE JUL 1     97                       109    -12      105

 COOLING
  YESTERDAY        0                         1     -1        0
  MONTH TO DATE   10                        55    -45       44
  SINCE SEP 1     10                        55    -45       44
  SINCE JAN 1    636                       661    -25      995
..................................................................


WIND (MPH)
  HIGHEST WIND SPEED    24   HIGHEST WIND DIRECTION     S (160)
  HIGHEST GUST SPEED    30   HIGHEST GUST DIRECTION    SE (150)
  AVERAGE WIND SPEED     6.1


SKY COVER
  POSSIBLE SUNSHINE  MM
  AVERAGE SKY COVER 0.5


WEATHER CONDITIONS
 THE FOLLOWING WEATHER WAS RECORDED YESTERDAY.
  NO SIGNIFICANT WEATHER WAS OBSERVED.


RELATIVE HUMIDITY (PERCENT)
 HIGHEST    76           300 AM
 LOWEST     34           200 PM
 AVERAGE    55

..........................................................


THE OMAK WA AIRPORT CLIMATE NORMALS FOR TODAY
                         NORMAL    RECORD    YEAR
 MAXIMUM TEMPERATURE (F)   74        90      2011
 MINIMUM TEMPERATURE (F)   44        28      1958


SUNRISE AND SUNSET
SEPTEMBER 24 2016.....SUNRISE   648 AM PDT   SUNSET   650 PM PDT
SEPTEMBER 25 2016.....SUNRISE   650 AM PDT   SUNSET   648 PM PDT


-  INDICATES NEGATIVE NUMBERS.
R  INDICATES RECORD WAS SET OR TIED.
MM INDICATES DATA IS MISSING.
T  INDICATES TRACE AMOUNT.




$$
