000
CDUS46 KOTX 270829
CLIOMK


CLIMATE REPORT
NATIONAL WEATHER SERVICE SPOKANE, WA
130 AM PDT FRI MAR 27 2015


...................................

...THE OMAK WA AIRPORT CLIMATE SUMMARY FOR MARCH 26 2015...

CLIMATE NORMAL PERIOD 1981 TO 2010
CLIMATE RECORD PERIOD 9999 TO 9999


WEATHER ITEM   OBSERVED TIME   RECORD YEAR NORMAL DEPARTURE LAST
                VALUE   (LST)  VALUE       VALUE  FROM      YEAR
                                                  NORMAL
..................................................................
TEMPERATURE (F)
 YESTERDAY
  MAXIMUM         58    526 PM  68    1992  57      1       58
  MINIMUM         41    437 AM   4    1996  34      7       29
  AVERAGE         50                        45      5       44

PRECIPITATION (IN)
  YESTERDAY        0.00          0.36 2001   0.04  -0.04      T
  MONTH TO DATE    0.92                      0.97  -0.05     0.56
  SINCE OCT 1      9.22                      9.41  -0.19     3.55
  SINCE JAN 1      2.65                      3.96  -1.31     2.38

DEGREE DAYS
 HEATING
  YESTERDAY       15                        20     -5       21
  MONTH TO DATE  490                       635   -145      639
  SINCE MAR 1    490                       635   -145      639
  SINCE JUL 1   4676                      5496   -820     5629

 COOLING
  YESTERDAY        0                         0      0        0
  MONTH TO DATE    0                         0      0        0
  SINCE MAR 1      0                         0      0        0
  SINCE JAN 1      0                         0      0        0
..................................................................


WIND (MPH)
  HIGHEST WIND SPEED    10   HIGHEST WIND DIRECTION     N (10)
  HIGHEST GUST SPEED    14   HIGHEST GUST DIRECTION     N (360)
  AVERAGE WIND SPEED     3.8


SKY COVER
  POSSIBLE SUNSHINE  MM
  AVERAGE SKY COVER 0.4


WEATHER CONDITIONS
 THE FOLLOWING WEATHER WAS RECORDED YESTERDAY.
  NO SIGNIFICANT WEATHER WAS OBSERVED.


RELATIVE HUMIDITY (PERCENT)
 HIGHEST   100           500 AM
 LOWEST     67           300 PM
 AVERAGE    84

..........................................................


THE OMAK WA AIRPORT CLIMATE NORMALS FOR TODAY
                         NORMAL    RECORD    YEAR
 MAXIMUM TEMPERATURE (F)   57        68      1994
 MINIMUM TEMPERATURE (F)   34        18      1944


SUNRISE AND SUNSET
MARCH 27 2015.........SUNRISE   647 AM PDT   SUNSET   721 PM PDT
MARCH 28 2015.........SUNRISE   645 AM PDT   SUNSET   723 PM PDT


-  INDICATES NEGATIVE NUMBERS.
R  INDICATES RECORD WAS SET OR TIED.
MM INDICATES DATA IS MISSING.
T  INDICATES TRACE AMOUNT.




$$
