000
CDUS46 KOTX 170831
CLIOMK


CLIMATE REPORT
NATIONAL WEATHER SERVICE SPOKANE, WA
126 AM PDT THU APR 17 2014


...................................

...THE OMAK WA AIRPORT CLIMATE SUMMARY FOR APRIL 16 2014...

CLIMATE NORMAL PERIOD 1981 TO 2010
CLIMATE RECORD PERIOD 9999 TO 9999


WEATHER ITEM   OBSERVED TIME   RECORD YEAR NORMAL DEPARTURE LAST
                VALUE   (LST)  VALUE       VALUE  FROM      YEAR
                                                  NORMAL
..................................................................
TEMPERATURE (F)
 YESTERDAY
  MAXIMUM         62    209 PM  86    1936  64     -2       55
  MINIMUM         40    438 AM  23    1960  37      3       31
  AVERAGE         51                        50      1       43

PRECIPITATION (IN)
  YESTERDAY        T           0.79   1978  0.04  -0.04     0.00
  MONTH TO DATE    T                        0.55  -0.55     0.96
  SINCE OCT 1      4.15                    10.16  -6.01     9.51
  SINCE JAN 1      2.98                     4.71  -1.73     2.52

SNOWFALL (IN)
  YESTERDAY       MM            MM     MM    MM     MM       MM
  MONTH TO DATE   MM                         MM     MM       MM
  SINCE MAR 1     MM                         MM     MM       MM
  SINCE JUL 1     MM                         MM     MM       MM
  SNOW DEPTH      MM

DEGREE DAYS
 HEATING
  YESTERDAY       14                        15     -1       22
  MONTH TO DATE  245                       263    -18      260
  SINCE MAR 1    995                       992      3      952
  SINCE JUL 1   5985                      5853    132     5593

 COOLING
  YESTERDAY        0                         0      0        0
  MONTH TO DATE    0                         0      0        0
  SINCE MAR 1      0                         0      0        0
  SINCE JAN 1      0                         0      0        0
..................................................................


WIND (MPH)
  HIGHEST WIND SPEED    18   HIGHEST WIND DIRECTION    SE (140)
  HIGHEST GUST SPEED    23   HIGHEST GUST DIRECTION    SE (150)
  AVERAGE WIND SPEED     7.6


SKY COVER
  POSSIBLE SUNSHINE  MM
  AVERAGE SKY COVER 0.8


WEATHER CONDITIONS
 THE FOLLOWING WEATHER WAS RECORDED YESTERDAY.
  NO SIGNIFICANT WEATHER WAS OBSERVED.


RELATIVE HUMIDITY (PERCENT)
 HIGHEST    55           500 AM
 LOWEST     32           200 PM
 AVERAGE    44

..........................................................


THE OMAK WA AIRPORT CLIMATE NORMALS FOR TODAY
                         NORMAL    RECORD    YEAR
 MAXIMUM TEMPERATURE (F)   64        88      1936
 MINIMUM TEMPERATURE (F)   37        21      1964


SUNRISE AND SUNSET
APRIL 17 2014.........SUNRISE   604 AM PDT   SUNSET   752 PM PDT
APRIL 18 2014.........SUNRISE   602 AM PDT   SUNSET   754 PM PDT


-  INDICATES NEGATIVE NUMBERS.
R  INDICATES RECORD WAS SET OR TIED.
MM INDICATES DATA IS MISSING.
T  INDICATES TRACE AMOUNT.

$$
