000
CDUS46 KOTX 270826
CLIOMK


CLIMATE REPORT
NATIONAL WEATHER SERVICE SPOKANE, WA
126 AM PDT THU AUG 27 2015


...................................

...THE OMAK WA AIRPORT CLIMATE SUMMARY FOR AUGUST 26 2015...

CLIMATE NORMAL PERIOD 1981 TO 2010
CLIMATE RECORD PERIOD 9999 TO 9999


WEATHER ITEM   OBSERVED TIME   RECORD YEAR NORMAL DEPARTURE LAST
                VALUE   (LST)  VALUE       VALUE  FROM      YEAR
                                                  NORMAL
..................................................................
TEMPERATURE (F)
 YESTERDAY
  MAXIMUM         90    405 PM  98    1996  85      5       91
  MINIMUM         55    512 AM  39    1976  55      0       53
  AVERAGE         73                        70      3       72

PRECIPITATION (IN)
  YESTERDAY        0.00          0.87 1941   0.02  -0.02     0.00
  MONTH TO DATE    0.08                      0.42  -0.34     0.85
  SINCE OCT 1     11.53                     14.10  -2.57     7.41
  SINCE JAN 1      4.96                      9.21  -4.25     6.24

SNOWFALL (IN)
  YESTERDAY       MM

DEGREE DAYS
 HEATING
  YESTERDAY        0                         1     -1        0
  MONTH TO DATE    1                         6     -5        0
  SINCE JUN 1     16                        90    -74       40
  SINCE JUL 1      1                        21    -20        2

 COOLING
  YESTERDAY        8                         6      2        7
  MONTH TO DATE  248                       220     28      305
  SINCE JUN 1    876                       558    318      787
  SINCE JAN 1    922                       581    341      801
..................................................................


WIND (MPH)
  HIGHEST WIND SPEED    15   HIGHEST WIND DIRECTION     N (10)
  HIGHEST GUST SPEED    24   HIGHEST GUST DIRECTION     N (340)
  AVERAGE WIND SPEED     8.8


SKY COVER
  POSSIBLE SUNSHINE  MM
  AVERAGE SKY COVER 1.0


WEATHER CONDITIONS
 THE FOLLOWING WEATHER WAS RECORDED YESTERDAY.
  HAZE


RELATIVE HUMIDITY (PERCENT)
 HIGHEST    43           500 AM
 LOWEST     17           300 PM
 AVERAGE    30

..........................................................


THE OMAK WA AIRPORT CLIMATE NORMALS FOR TODAY
                         NORMAL    RECORD    YEAR
 MAXIMUM TEMPERATURE (F)   85        97      1934
 MINIMUM TEMPERATURE (F)   54        37      1960


SUNRISE AND SUNSET
AUGUST 27 2015........SUNRISE   608 AM PDT   SUNSET   750 PM PDT
AUGUST 28 2015........SUNRISE   610 AM PDT   SUNSET   748 PM PDT


-  INDICATES NEGATIVE NUMBERS.
R  INDICATES RECORD WAS SET OR TIED.
MM INDICATES DATA IS MISSING.
T  INDICATES TRACE AMOUNT.




$$
