225
CDUS46 KOTX 100827
CLIOMK


CLIMATE REPORT
NATIONAL WEATHER SERVICE SPOKANE, WA
1226 AM PST WED FEB 10 2016


...................................

...THE OMAK WA AIRPORT CLIMATE SUMMARY FOR FEBRUARY 9 2016...

CLIMATE NORMAL PERIOD 1981 TO 2010
CLIMATE RECORD PERIOD 9999 TO 9999


WEATHER ITEM   OBSERVED TIME   RECORD YEAR NORMAL DEPARTURE LAST
                VALUE   (LST)  VALUE       VALUE  FROM      YEAR
                                                  NORMAL
..................................................................
TEMPERATURE (F)
 YESTERDAY
  MAXIMUM         35    413 PM  51    1945  38     -3       47
  MINIMUM         17    736 AM -23    1933  23     -6       40
  AVERAGE         26                        31     -5       44

PRECIPITATION (IN)
  YESTERDAY        0.00          0.46 1961   0.05  -0.05     0.15
  MONTH TO DATE    0.18                      0.44  -0.26     0.99
  SINCE OCT 1      7.82                      7.22   0.60     8.29
  SINCE JAN 1      2.46                      2.33   0.13     1.72

SNOWFALL (IN)
  YESTERDAY       MM

DEGREE DAYS
 HEATING
  YESTERDAY       39                        34      5       21
  MONTH TO DATE  304                       315    -11      235
  SINCE DEC 1   2582                      2715   -133     2337
  SINCE JUL 1   3883                      4248   -365     3734

 COOLING
  YESTERDAY        0                         0      0        0
  MONTH TO DATE    0                         0      0        0
  SINCE DEC 1      0                         0      0        0
  SINCE JAN 1      0                         0      0        0
..................................................................


WIND (MPH)
  HIGHEST WIND SPEED     9   HIGHEST WIND DIRECTION     W (290)
  HIGHEST GUST SPEED    10   HIGHEST GUST DIRECTION     W (290)
  AVERAGE WIND SPEED     1.6


SKY COVER
  POSSIBLE SUNSHINE  MM
  AVERAGE SKY COVER 0.1


WEATHER CONDITIONS
 THE FOLLOWING WEATHER WAS RECORDED YESTERDAY.
  FOG
  FOG W/VISIBILITY <= 1/4 MILE


RELATIVE HUMIDITY (PERCENT)
 HIGHEST   100           900 AM
 LOWEST     75           400 PM
 AVERAGE    88

..........................................................


THE OMAK WA AIRPORT CLIMATE NORMALS FOR TODAY
                         NORMAL    RECORD    YEAR
 MAXIMUM TEMPERATURE (F)   39        54      1967
 MINIMUM TEMPERATURE (F)   23        -8      1939


SUNRISE AND SUNSET
FEBRUARY 10 2016......SUNRISE   714 AM PST   SUNSET   511 PM PST
FEBRUARY 11 2016......SUNRISE   713 AM PST   SUNSET   513 PM PST


-  INDICATES NEGATIVE NUMBERS.
R  INDICATES RECORD WAS SET OR TIED.
MM INDICATES DATA IS MISSING.
T  INDICATES TRACE AMOUNT.




$$
