262
CDUS46 KOTX 270828
CLIOMK


CLIMATE REPORT
NATIONAL WEATHER SERVICE SPOKANE, WA
128 AM PDT FRI MAY 27 2016


...................................

...THE OMAK WA AIRPORT CLIMATE SUMMARY FOR MAY 26 2016...

CLIMATE NORMAL PERIOD 1981 TO 2010
CLIMATE RECORD PERIOD 9999 TO 9999


WEATHER ITEM   OBSERVED TIME   RECORD YEAR NORMAL DEPARTURE LAST
                VALUE   (LST)  VALUE       VALUE  FROM      YEAR
                                                  NORMAL
..................................................................
TEMPERATURE (F)
 YESTERDAY
  MAXIMUM         75    159 PM  94    1958  75      0       74
  MINIMUM         53    345 AM  29    1967  48      5       51
  AVERAGE         64                        61      3       63

PRECIPITATION (IN)
  YESTERDAY        T                         0.03  -0.03     0.01
  MONTH TO DATE    0.69                      1.01  -0.32     0.90
  SINCE OCT 1     12.43                     11.43   1.00    10.22
  SINCE JAN 1      7.07                      6.54   0.53     3.65

SNOWFALL (IN)
  YESTERDAY       MM

DEGREE DAYS
 HEATING
  YESTERDAY        1                         5     -4        2
  MONTH TO DATE   88                       212   -124      130
  SINCE MAR 1    957                      1390   -433     1133
  SINCE JUL 1   5363                      6251   -888     5319

 COOLING
  YESTERDAY        0                         1     -1        0
  MONTH TO DATE   18                        16      2       26
  SINCE MAR 1     23                        17      6       26
  SINCE JAN 1     23                        17      6       26
..................................................................


WIND (MPH)
  HIGHEST WIND SPEED    25   HIGHEST WIND DIRECTION     N (20)
  HIGHEST GUST SPEED    30   HIGHEST GUST DIRECTION     N (20)
  AVERAGE WIND SPEED     9.7


SKY COVER
  POSSIBLE SUNSHINE  MM
  AVERAGE SKY COVER 0.5


WEATHER CONDITIONS
 THE FOLLOWING WEATHER WAS RECORDED YESTERDAY.
  NO SIGNIFICANT WEATHER WAS OBSERVED.


RELATIVE HUMIDITY (PERCENT)
 HIGHEST    59           300 AM
 LOWEST     21           200 PM
 AVERAGE    40

..........................................................


THE OMAK WA AIRPORT CLIMATE NORMALS FOR TODAY
                         NORMAL    RECORD    YEAR
 MAXIMUM TEMPERATURE (F)   75        96      1958
 MINIMUM TEMPERATURE (F)   48        29      1955


SUNRISE AND SUNSET
MAY 27 2016...........SUNRISE   504 AM PDT   SUNSET   847 PM PDT
MAY 28 2016...........SUNRISE   503 AM PDT   SUNSET   848 PM PDT


-  INDICATES NEGATIVE NUMBERS.
R  INDICATES RECORD WAS SET OR TIED.
MM INDICATES DATA IS MISSING.
T  INDICATES TRACE AMOUNT.




$$
