000
CDUS46 KOTX 030847
CLIOMK


CLIMATE REPORT
NATIONAL WEATHER SERVICE SPOKANE, WA
1247 AM PST TUE MAR 3 2015


...................................

...THE OMAK WA AIRPORT CLIMATE SUMMARY FOR MARCH 2 2015...

CLIMATE NORMAL PERIOD 1981 TO 2010
CLIMATE RECORD PERIOD 9999 TO 9999


WEATHER ITEM   OBSERVED TIME   RECORD YEAR NORMAL DEPARTURE LAST
                VALUE   (LST)  VALUE       VALUE  FROM      YEAR
                                                  NORMAL
..................................................................
TEMPERATURE (F)
 YESTERDAY
  MAXIMUM         50   1259 PM  59    2010  46      4       26
                                      2005
                                      1934
  MINIMUM         33   1116 PM   4    1960  26      7       19
  AVERAGE         42                        36      6       23

PRECIPITATION (IN)
  YESTERDAY        0.00          0.98 1996   0.04  -0.04      T
  MONTH TO DATE    0.00                      0.08  -0.08      T
  SINCE OCT 1      8.30                      8.52  -0.22     2.99
  SINCE JAN 1      1.73                      3.07  -1.34     1.82

SNOWFALL (IN)
  YESTERDAY       MM

DEGREE DAYS
 HEATING
  YESTERDAY       23                        29     -6       42
  MONTH TO DATE   54                        58     -4       81
  SINCE MAR 1     54                        58     -4       81
  SINCE JUL 1   4240                      4919   -679     5071

 COOLING
  YESTERDAY        0                         0      0        0
  MONTH TO DATE    0                         0      0        0
  SINCE MAR 1      0                         0      0        0
  SINCE JAN 1      0                         0      0        0
..................................................................


WIND (MPH)
  HIGHEST WIND SPEED    26   HIGHEST WIND DIRECTION     N (10)
  HIGHEST GUST SPEED    36   HIGHEST GUST DIRECTION     N (10)
  AVERAGE WIND SPEED    14.1


SKY COVER
  POSSIBLE SUNSHINE  MM
  AVERAGE SKY COVER 0.4


WEATHER CONDITIONS
 THE FOLLOWING WEATHER WAS RECORDED YESTERDAY.
  NO SIGNIFICANT WEATHER WAS OBSERVED.


RELATIVE HUMIDITY (PERCENT)
 HIGHEST    61           400 AM
 LOWEST     26           400 PM
 AVERAGE    44

..........................................................


THE OMAK WA AIRPORT CLIMATE NORMALS FOR TODAY
                         NORMAL    RECORD    YEAR
 MAXIMUM TEMPERATURE (F)   47        59      1934
 MINIMUM TEMPERATURE (F)   26         8      1976


SUNRISE AND SUNSET
MARCH  3 2015.........SUNRISE   636 AM PST   SUNSET   545 PM PST
MARCH  4 2015.........SUNRISE   634 AM PST   SUNSET   546 PM PST


-  INDICATES NEGATIVE NUMBERS.
R  INDICATES RECORD WAS SET OR TIED.
MM INDICATES DATA IS MISSING.
T  INDICATES TRACE AMOUNT.




$$
