000
CDUS46 KOTX 050822
CLIOMK


CLIMATE REPORT
NATIONAL WEATHER SERVICE SPOKANE, WA
122 AM PDT THU MAY 5 2016


...................................

...THE OMAK WA AIRPORT CLIMATE SUMMARY FOR MAY 4 2016...

CLIMATE NORMAL PERIOD 1981 TO 2010
CLIMATE RECORD PERIOD 9999 TO 9999


WEATHER ITEM   OBSERVED TIME   RECORD YEAR NORMAL DEPARTURE LAST
                VALUE   (LST)  VALUE       VALUE  FROM      YEAR
                                                  NORMAL
..................................................................
TEMPERATURE (F)
 YESTERDAY
  MAXIMUM         80    119 PM  86    1998  69     11       79
  MINIMUM         57    843 PM  24    2010  40     17       36
  AVERAGE         69                        54     15       58

PRECIPITATION (IN)
  YESTERDAY        0.03          0.52 2003   0.05  -0.02     0.00
  MONTH TO DATE    0.03                      0.19  -0.16     0.00
  SINCE OCT 1     11.77                     10.61   1.16     9.32
  SINCE JAN 1      6.41                      5.72   0.69     2.75

SNOWFALL (IN)
  YESTERDAY       MM

DEGREE DAYS
 HEATING
  YESTERDAY        0                        11    -11        7
  MONTH TO DATE    6                        45    -39       30
  SINCE MAR 1    875                      1223   -348     1033
  SINCE JUL 1   5281                      6084   -803     5219

 COOLING
  YESTERDAY        4                         0      4        0
  MONTH TO DATE    5                         0      5        0
  SINCE MAR 1     10                         1      9        0
  SINCE JAN 1     10                         1      9        0
..................................................................


WIND (MPH)
  HIGHEST WIND SPEED    32   HIGHEST WIND DIRECTION     S (170)
  HIGHEST GUST SPEED    37   HIGHEST GUST DIRECTION     S (170)
  AVERAGE WIND SPEED     6.4


SKY COVER
  POSSIBLE SUNSHINE  MM
  AVERAGE SKY COVER 0.4


WEATHER CONDITIONS
 THE FOLLOWING WEATHER WAS RECORDED YESTERDAY.
  LIGHT RAIN


RELATIVE HUMIDITY (PERCENT)
 HIGHEST    69          1000 PM
 LOWEST     28           100 PM
 AVERAGE    49

..........................................................


THE OMAK WA AIRPORT CLIMATE NORMALS FOR TODAY
                         NORMAL    RECORD    YEAR
 MAXIMUM TEMPERATURE (F)   69        89      1966
 MINIMUM TEMPERATURE (F)   41        25      1959


SUNRISE AND SUNSET
MAY  5 2016...........SUNRISE   531 AM PDT   SUNSET   819 PM PDT
MAY  6 2016...........SUNRISE   530 AM PDT   SUNSET   820 PM PDT


-  INDICATES NEGATIVE NUMBERS.
R  INDICATES RECORD WAS SET OR TIED.
MM INDICATES DATA IS MISSING.
T  INDICATES TRACE AMOUNT.




$$
