000
CDUS46 KOTX 290828
CLIOMK


CLIMATE REPORT
NATIONAL WEATHER SERVICE SPOKANE, WA
126 AM PDT FRI MAY 29 2015


...................................

...THE OMAK WA AIRPORT CLIMATE SUMMARY FOR MAY 28 2015...

CLIMATE NORMAL PERIOD 1981 TO 2010
CLIMATE RECORD PERIOD 9999 TO 9999


WEATHER ITEM   OBSERVED TIME   RECORD YEAR NORMAL DEPARTURE LAST
                VALUE   (LST)  VALUE       VALUE  FROM      YEAR
                                                  NORMAL
..................................................................
TEMPERATURE (F)
 YESTERDAY
  MAXIMUM         87    250 PM  98    1934  75     12       69
  MINIMUM         51    322 AM  32    1977  48      3       49
  AVERAGE         69                        62      7       59

PRECIPITATION (IN)
  YESTERDAY        T             0.97 1948   0.05  -0.05     0.10
  MONTH TO DATE    0.90                      1.16  -0.26     0.48
  SINCE OCT 1     10.22                     11.82  -1.60     5.81
  SINCE JAN 1      3.65                      6.37  -2.72     4.64

SNOWFALL (IN)
  YESTERDAY       MM

DEGREE DAYS
 HEATING
  YESTERDAY        0                         4     -4        6
  MONTH TO DATE  130                       221    -91      167
  SINCE MAR 1   1133                      1399   -266     1380
  SINCE JUL 1   5319                      6260   -941     6370

 COOLING
  YESTERDAY        4                         1      3        0
  MONTH TO DATE   31                        18     13       12
  SINCE MAR 1     31                        19     12       12
  SINCE JAN 1     31                        19     12       12
..................................................................


WIND (MPH)
  HIGHEST WIND SPEED    23   HIGHEST WIND DIRECTION    NW (310)
  HIGHEST GUST SPEED    33   HIGHEST GUST DIRECTION    NW (310)
  AVERAGE WIND SPEED     5.4


SKY COVER
  POSSIBLE SUNSHINE  MM
  AVERAGE SKY COVER 0.1


WEATHER CONDITIONS
 THE FOLLOWING WEATHER WAS RECORDED YESTERDAY.
  LIGHT RAIN


RELATIVE HUMIDITY (PERCENT)
 HIGHEST    77           100 AM
 LOWEST     25           300 PM
 AVERAGE    51

..........................................................


THE OMAK WA AIRPORT CLIMATE NORMALS FOR TODAY
                         NORMAL    RECORD    YEAR
 MAXIMUM TEMPERATURE (F)   76        92      2009
                                             1934
 MINIMUM TEMPERATURE (F)   48        32      1977


SUNRISE AND SUNSET
MAY 29 2015...........SUNRISE   503 AM PDT   SUNSET   848 PM PDT
MAY 30 2015...........SUNRISE   502 AM PDT   SUNSET   849 PM PDT


-  INDICATES NEGATIVE NUMBERS.
R  INDICATES RECORD WAS SET OR TIED.
MM INDICATES DATA IS MISSING.
T  INDICATES TRACE AMOUNT.




$$
