971
CDUS46 KOTX 040821
CLIOMK


CLIMATE REPORT
NATIONAL WEATHER SERVICE SPOKANE, WA
1221 AM PST SUN DEC 4 2016


...................................

...THE OMAK WA AIRPORT CLIMATE SUMMARY FOR DECEMBER 3 2016...

CLIMATE NORMAL PERIOD 1981 TO 2010
CLIMATE RECORD PERIOD 9999 TO 9999


WEATHER ITEM   OBSERVED TIME   RECORD YEAR NORMAL DEPARTURE LAST
                VALUE   (LST)  VALUE       VALUE  FROM      YEAR
                                                  NORMAL
..................................................................
TEMPERATURE (F)
 YESTERDAY
  MAXIMUM         39    256 PM  58    1943  35      4       33
  MINIMUM         28   1020 PM   1    1942  22      6       29
  AVERAGE         34                        29      5       31

PRECIPITATION (IN)
  YESTERDAY        0.00                      0.06  -0.06     0.98
  MONTH TO DATE    0.11                      0.18  -0.07     1.11
  SINCE OCT 1      5.76                      2.87   2.89     2.64
  SINCE JAN 1     15.23                     12.73   2.50     7.69

SNOWFALL (IN)
  YESTERDAY        0.0

DEGREE DAYS
 HEATING
  YESTERDAY       31                        36     -5       34
  MONTH TO DATE   96                       107    -11      112
  SINCE DEC 1     96                       107    -11      112
  SINCE JUL 1   1334                      1640   -306     1413

 COOLING
  YESTERDAY        0                         0      0        0
  MONTH TO DATE    0                         0      0        0
  SINCE DEC 1      0                         0      0        0
  SINCE JAN 1    637                       665    -28     1001
..................................................................


WIND (MPH)
  HIGHEST WIND SPEED    12   HIGHEST WIND DIRECTION     S (190)
  HIGHEST GUST SPEED    13   HIGHEST GUST DIRECTION     S (200)
  AVERAGE WIND SPEED     3.6


SKY COVER
  POSSIBLE SUNSHINE  MM
  AVERAGE SKY COVER 0.7


WEATHER CONDITIONS
 THE FOLLOWING WEATHER WAS RECORDED YESTERDAY.
  FOG


RELATIVE HUMIDITY (PERCENT)
 HIGHEST    92           600 PM
 LOWEST     76           300 PM
 AVERAGE    84

..........................................................


THE OMAK WA AIRPORT CLIMATE NORMALS FOR TODAY
                         NORMAL    RECORD    YEAR
 MAXIMUM TEMPERATURE (F)   35        56      2007
 MINIMUM TEMPERATURE (F)   22         1      1970


SUNRISE AND SUNSET
DECEMBER  4 2016......SUNRISE   733 AM PST   SUNSET   404 PM PST
DECEMBER  5 2016......SUNRISE   734 AM PST   SUNSET   404 PM PST


-  INDICATES NEGATIVE NUMBERS.
R  INDICATES RECORD WAS SET OR TIED.
MM INDICATES DATA IS MISSING.
T  INDICATES TRACE AMOUNT.




$$
