000
CDUS46 KOTX 050825
CLIOMK


CLIMATE REPORT
NATIONAL WEATHER SERVICE SPOKANE, WA
125 AM PDT SUN JUL 5 2015


...................................

...THE OMAK WA AIRPORT CLIMATE SUMMARY FOR JULY 4 2015...

CLIMATE NORMAL PERIOD 1981 TO 2010
CLIMATE RECORD PERIOD 9999 TO 9999


WEATHER ITEM   OBSERVED TIME   RECORD YEAR NORMAL DEPARTURE LAST
                VALUE   (LST)  VALUE       VALUE  FROM      YEAR
                                                  NORMAL
..................................................................
TEMPERATURE (F)
 YESTERDAY
  MAXIMUM        101R   306 PM 101    2001  85     16       90
  MINIMUM         72    447 AM  42    2012  55     17       62
  AVERAGE         87                        70     17       76

PRECIPITATION (IN)
  YESTERDAY        0.00          0.50 1993   0.03  -0.03     0.00
  MONTH TO DATE    0.00                      0.11  -0.11     0.00
  SINCE OCT 1     11.19                     12.98  -1.79     6.39
  SINCE JAN 1      4.62                      8.09  -3.47     5.22

SNOWFALL (IN)
  YESTERDAY       MM

DEGREE DAYS
 HEATING
  YESTERDAY        0                         1     -1        0
  MONTH TO DATE    0                         4     -4        0
  SINCE JUN 1     15                        73    -58       38
  SINCE JUL 1      0                         4     -4        0

 COOLING
  YESTERDAY       22                         6     16       11
  MONTH TO DATE   83                        22     61       38
  SINCE JUN 1    348                       106    242      103
  SINCE JAN 1    394                       129    265      117
..................................................................


WIND (MPH)
  HIGHEST WIND SPEED    31   HIGHEST WIND DIRECTION     N (10)
  HIGHEST GUST SPEED    39   HIGHEST GUST DIRECTION     N (20)
  AVERAGE WIND SPEED    14.8


SKY COVER
  POSSIBLE SUNSHINE  MM
  AVERAGE SKY COVER 0.0


WEATHER CONDITIONS
 THE FOLLOWING WEATHER WAS RECORDED YESTERDAY.
  NO SIGNIFICANT WEATHER WAS OBSERVED.


RELATIVE HUMIDITY (PERCENT)
 HIGHEST    33           400 AM
 LOWEST     11          1200 PM
 AVERAGE    22

..........................................................


THE OMAK WA AIRPORT CLIMATE NORMALS FOR TODAY
                         NORMAL    RECORD    YEAR
 MAXIMUM TEMPERATURE (F)   85       102      2007
 MINIMUM TEMPERATURE (F)   55        39      2002


SUNRISE AND SUNSET
JULY  5 2015..........SUNRISE   503 AM PDT   SUNSET   902 PM PDT
JULY  6 2015..........SUNRISE   504 AM PDT   SUNSET   901 PM PDT


-  INDICATES NEGATIVE NUMBERS.
R  INDICATES RECORD WAS SET OR TIED.
MM INDICATES DATA IS MISSING.
T  INDICATES TRACE AMOUNT.




$$
