000
CDUS46 KOTX 270824
CLIOMK


CLIMATE REPORT
NATIONAL WEATHER SERVICE SPOKANE, WA
123 AM PDT TUE JUN 27 2017


...................................

...THE OMAK WA AIRPORT CLIMATE SUMMARY FOR JUNE 26 2017...

CLIMATE NORMAL PERIOD 1981 TO 2010
CLIMATE RECORD PERIOD 9999 TO 9999


WEATHER ITEM   OBSERVED TIME   RECORD YEAR NORMAL DEPARTURE LAST
                VALUE   (LST)  VALUE       VALUE  FROM      YEAR
                                                  NORMAL
..................................................................
TEMPERATURE (F)
 YESTERDAY
  MAXIMUM         95    519 PM 102    2015  82     13       85
  MINIMUM         58    410 AM  40    2007  53      5       55
                                      1976
  AVERAGE         77                        68      9       70

PRECIPITATION (IN)
  YESTERDAY        0.00                      0.04  -0.04     0.00
  MONTH TO DATE    0.26                      1.09  -0.83     1.65
  SINCE OCT 1     16.87                     12.73   4.14    14.08
  SINCE JAN 1     10.39                      7.84   2.55     8.72

SNOWFALL (IN)
  YESTERDAY       MM

DEGREE DAYS
 HEATING
  YESTERDAY        0                         1     -1        0
  MONTH TO DATE   58                        66     -8       85
  SINCE JUN 1     58                        66     -8       85
  SINCE JUL 1   6461                      6339    122     5476

 COOLING
  YESTERDAY       12                         4      8        5
  MONTH TO DATE   52                        66    -14       85
  SINCE JUN 1     52                        66    -14       85
  SINCE JAN 1     83                        89     -6      110
..................................................................


WIND (MPH)
  HIGHEST WIND SPEED    21   HIGHEST WIND DIRECTION    NW (300)
  HIGHEST GUST SPEED    27   HIGHEST GUST DIRECTION    NW (300)
  AVERAGE WIND SPEED     7.2


SKY COVER
  POSSIBLE SUNSHINE  MM
  AVERAGE SKY COVER 0.0


WEATHER CONDITIONS
 THE FOLLOWING WEATHER WAS RECORDED YESTERDAY.
  NO SIGNIFICANT WEATHER WAS OBSERVED.


RELATIVE HUMIDITY (PERCENT)
 HIGHEST    67           400 AM
 LOWEST     15           700 PM
 AVERAGE    41

..........................................................


THE OMAK WA AIRPORT CLIMATE NORMALS FOR TODAY
                         NORMAL    RECORD    YEAR
 MAXIMUM TEMPERATURE (F)   83       107      2015
 MINIMUM TEMPERATURE (F)   53        35      1965


SUNRISE AND SUNSET
JUNE 27 2017..........SUNRISE   459 AM PDT   SUNSET   904 PM PDT
JUNE 28 2017..........SUNRISE   459 AM PDT   SUNSET   904 PM PDT


-  INDICATES NEGATIVE NUMBERS.
R  INDICATES RECORD WAS SET OR TIED.
MM INDICATES DATA IS MISSING.
T  INDICATES TRACE AMOUNT.




$$
