000
CDUS45 KBOI 230932
CLIONO


CLIMATE REPORT
NATIONAL WEATHER SERVICE BOISE ID
332 AM MDT WED APR 23 2014


...................................

...THE ONTARIO OR CLIMATE SUMMARY FOR APRIL 22 2014...

CLIMATE NORMAL PERIOD 1981 TO 2010
CLIMATE RECORD PERIOD 1948 TO 2014


WEATHER ITEM   OBSERVED TIME   RECORD YEAR NORMAL DEPARTURE LAST
                VALUE   (LST)  VALUE       VALUE  FROM      YEAR
                                                  NORMAL
..................................................................
TEMPERATURE (F)
 YESTERDAY
  MAXIMUM         60    414 AM  88    1977  67     -7       61
  MINIMUM         37   1112 PM  24    1951  37      0       36
  AVERAGE         49                        52     -3       49

PRECIPITATION (IN)
  YESTERDAY        0.17          0.39 2004   0.03   0.14     0.00
  MONTH TO DATE    0.36                      0.58  -0.22     0.21
  SINCE OCT 1      5.05                      6.98  -1.93     4.35
  SINCE JAN 1      3.54                      3.57  -0.03     1.41

DEGREE DAYS
 HEATING
  YESTERDAY       16                        13      3       16
  MONTH TO DATE  277                       345    -68      298
  SINCE MAR 1    865                      1015   -150      922
  SINCE JUL 1   5621                      5645    -24     5436

 COOLING
  YESTERDAY        0                         0      0        0
  MONTH TO DATE    0                         0      0        0
  SINCE MAR 1      0                         0      0        0
  SINCE JAN 1      0                         0      0        0
..................................................................


WIND (MPH)
  HIGHEST WIND SPEED    29   HIGHEST WIND DIRECTION     W (270)
  HIGHEST GUST SPEED    36   HIGHEST GUST DIRECTION     W (260)
  AVERAGE WIND SPEED    10.4


SKY COVER
  AVERAGE SKY COVER 0.5


WEATHER CONDITIONS
 THE FOLLOWING WEATHER WAS RECORDED YESTERDAY.
  THUNDERSTORM
  HEAVY RAIN
  RAIN
  LIGHT RAIN
  FOG


RELATIVE HUMIDITY (PERCENT)
 HIGHEST    77           900 AM
 LOWEST     38           500 PM
 AVERAGE    58

..........................................................


THE ONTARIO OR CLIMATE NORMALS FOR TODAY
                         NORMAL    RECORD    YEAR
 MAXIMUM TEMPERATURE (F)   67        91      1977
 MINIMUM TEMPERATURE (F)   37        23      1972


SUNRISE AND SUNSET
APRIL 23 2014.........SUNRISE   652 AM MDT   SUNSET   842 PM MDT
APRIL 24 2014.........SUNRISE   650 AM MDT   SUNSET   843 PM MDT


-  INDICATES NEGATIVE NUMBERS.
R  INDICATES RECORD WAS SET OR TIED.
MM INDICATES DATA IS MISSING.
T  INDICATES TRACE AMOUNT.




$$
