000
CDUS45 KBOI 240931
CLIONO


CLIMATE REPORT
NATIONAL WEATHER SERVICE BOISE ID
231 AM MST MON NOV 24 2014


...................................

...THE ONTARIO OR CLIMATE SUMMARY FOR NOVEMBER 23 2014...

CLIMATE NORMAL PERIOD 1981 TO 2010
CLIMATE RECORD PERIOD 1948 TO 2014


WEATHER ITEM   OBSERVED TIME   RECORD YEAR NORMAL DEPARTURE LAST
                VALUE   (LST)  VALUE       VALUE  FROM      YEAR
                                                  NORMAL
..................................................................
TEMPERATURE (F)
 YESTERDAY
  MAXIMUM         41    254 PM  59    1998  44     -3       40
  MINIMUM         23    655 AM  -3    1985  24     -1       16
  AVERAGE         32                        34     -2       28

PRECIPITATION (IN)
  YESTERDAY        0.00          0.59 1970   0.04  -0.04     0.00
  MONTH TO DATE    1.32                      0.82   0.50     0.80
  SINCE OCT 1      1.85                      1.45   0.40     1.06
  SINCE JAN 1      7.81                      8.10  -0.29     4.83

DEGREE DAYS
 HEATING
  YESTERDAY       33                        31      2       37
  MONTH TO DATE  756                       608    148      587
  SINCE SEP 1   1103                      1185    -82     1165
  SINCE JUL 1   1104                      1201    -97     1165

 COOLING
  YESTERDAY        0                         0      0        0
  MONTH TO DATE    0                         0      0        0
  SINCE SEP 1     91                        59     32      127
  SINCE JAN 1   1088                       852    236     1299
..................................................................


WIND (MPH)
  HIGHEST WIND SPEED    14   HIGHEST WIND DIRECTION    SW (240)
  HIGHEST GUST SPEED    16   HIGHEST GUST DIRECTION     W (250)
  AVERAGE WIND SPEED     4.1


SKY COVER
  AVERAGE SKY COVER 0.2


WEATHER CONDITIONS
 THE FOLLOWING WEATHER WAS RECORDED YESTERDAY.
  HAZE


RELATIVE HUMIDITY (PERCENT)
 HIGHEST    92           800 PM
 LOWEST     54           200 AM
 AVERAGE    73

..........................................................


THE ONTARIO OR CLIMATE NORMALS FOR TODAY
                         NORMAL    RECORD    YEAR
 MAXIMUM TEMPERATURE (F)   43        65      1960
 MINIMUM TEMPERATURE (F)   24        -4      1993


SUNRISE AND SUNSET
NOVEMBER 24 2014......SUNRISE   755 AM MST   SUNSET   515 PM MST
NOVEMBER 25 2014......SUNRISE   756 AM MST   SUNSET   514 PM MST


-  INDICATES NEGATIVE NUMBERS.
R  INDICATES RECORD WAS SET OR TIED.
MM INDICATES DATA IS MISSING.
T  INDICATES TRACE AMOUNT.




$$
