000
CDUS45 KBOI 170932
CLIONO


CLIMATE REPORT
NATIONAL WEATHER SERVICE BOISE ID
232 AM MST WED JAN 17 2018


...................................

...THE ONTARIO OR CLIMATE SUMMARY FOR JANUARY 16 2018...

CLIMATE NORMAL PERIOD 1981 TO 2010
CLIMATE RECORD PERIOD 1948 TO 2018


WEATHER ITEM   OBSERVED TIME   RECORD YEAR NORMAL DEPARTURE LAST
                VALUE   (LST)  VALUE       VALUE  FROM      YEAR
                                                  NORMAL
..................................................................
TEMPERATURE (F)
 YESTERDAY
  MAXIMUM         41    511 PM  56    1954  35      6        7
  MINIMUM         28    234 AM -10    2017  20      8      -10
  AVERAGE         35                        27      8       -1

PRECIPITATION (IN)
  YESTERDAY        0.08          0.62 1970   0.04   0.04      T
  MONTH TO DATE    0.56                      0.71  -0.15     1.91
  SINCE OCT 1      3.27                      4.12  -0.85     5.23
  SINCE JAN 1      0.56                      0.71  -0.15     1.91

DEGREE DAYS
 HEATING
  YESTERDAY       30                        38     -8       66
  MONTH TO DATE  496                       612   -116      812
  SINCE DEC 1   1620                      1765   -145     2219
  SINCE JUL 1   2965                      3193   -228     3310

 COOLING
  YESTERDAY        0                         0      0        0
  MONTH TO DATE    0                         0      0        0
  SINCE DEC 1      0                         0      0        0
  SINCE JAN 1      0                         0      0        0
..................................................................


WIND (MPH)
  HIGHEST WIND SPEED    10   HIGHEST WIND DIRECTION     W (250)
  HIGHEST GUST SPEED    12   HIGHEST GUST DIRECTION    SW (230)
  AVERAGE WIND SPEED     2.5


SKY COVER
  AVERAGE SKY COVER 0.4


WEATHER CONDITIONS
 THE FOLLOWING WEATHER WAS RECORDED YESTERDAY.
  LIGHT RAIN
  FOG


RELATIVE HUMIDITY (PERCENT)
 HIGHEST   100           700 PM
 LOWEST     79           100 PM
 AVERAGE    90

..........................................................


THE ONTARIO OR CLIMATE NORMALS FOR TODAY
                         NORMAL    RECORD    YEAR
 MAXIMUM TEMPERATURE (F)   35        55      1951
 MINIMUM TEMPERATURE (F)   20        -7      2017


SUNRISE AND SUNSET
JANUARY 17 2018.......SUNRISE   818 AM MST   SUNSET   538 PM MST
JANUARY 18 2018.......SUNRISE   818 AM MST   SUNSET   540 PM MST


-  INDICATES NEGATIVE NUMBERS.
R  INDICATES RECORD WAS SET OR TIED.
MM INDICATES DATA IS MISSING.
T  INDICATES TRACE AMOUNT.




$$
