000
CDUS45 KBOI 300931
CLIONO


CLIMATE REPORT
NATIONAL WEATHER SERVICE BOISE ID
331 AM MDT SAT JUL 30 2016


...................................

...THE ONTARIO OR CLIMATE SUMMARY FOR JULY 29 2016...

CLIMATE NORMAL PERIOD 1981 TO 2010
CLIMATE RECORD PERIOD 1948 TO 2016


WEATHER ITEM   OBSERVED TIME   RECORD YEAR NORMAL DEPARTURE LAST
                VALUE   (LST)  VALUE       VALUE  FROM      YEAR
                                                  NORMAL
..................................................................
TEMPERATURE (F)
 YESTERDAY
  MAXIMUM        102    642 PM 109    1968  96      6       89
  MINIMUM         68    612 AM  44    1948  59      9       46
  AVERAGE         85                        77      8       68

PRECIPITATION (IN)
  YESTERDAY        0.00          0.37 1975   0.01  -0.01     0.00
  MONTH TO DATE    0.21                      0.29  -0.08     0.49
  SINCE OCT 1      7.31                      9.46  -2.15     9.23
  SINCE JAN 1      2.56                      6.05  -3.49     4.77

DEGREE DAYS
 HEATING
  YESTERDAY        0                         0      0        0
  MONTH TO DATE    9                         0      9        2
  SINCE JUN 1     35                        52    -17        3
  SINCE JUL 1      9                         0      9        2

 COOLING
  YESTERDAY       20                        12      8        3
  MONTH TO DATE  319                       322     -3      343
  SINCE JUN 1    550                       461     89      708
  SINCE JAN 1    589                       497     92      741
..................................................................


WIND (MPH)
  HIGHEST WIND SPEED    12   HIGHEST WIND DIRECTION     N (340)
  HIGHEST GUST SPEED    14   HIGHEST GUST DIRECTION    NW (330)
  AVERAGE WIND SPEED     4.2


SKY COVER
  AVERAGE SKY COVER 0.0


WEATHER CONDITIONS
 THE FOLLOWING WEATHER WAS RECORDED YESTERDAY.
  NO SIGNIFICANT WEATHER WAS OBSERVED.


RELATIVE HUMIDITY (PERCENT)
 HIGHEST    53           300 AM
 LOWEST     13           700 PM
 AVERAGE    33

..........................................................


THE ONTARIO OR CLIMATE NORMALS FOR TODAY
                         NORMAL    RECORD    YEAR
 MAXIMUM TEMPERATURE (F)   96       109      1968
 MINIMUM TEMPERATURE (F)   59        45      1963


SUNRISE AND SUNSET
JULY 30 2016..........SUNRISE   635 AM MDT   SUNSET   914 PM MDT
JULY 31 2016..........SUNRISE   636 AM MDT   SUNSET   912 PM MDT


-  INDICATES NEGATIVE NUMBERS.
R  INDICATES RECORD WAS SET OR TIED.
MM INDICATES DATA IS MISSING.
T  INDICATES TRACE AMOUNT.




$$
