000
CDUS45 KBOI 230933
CLIONO


CLIMATE REPORT
NATIONAL WEATHER SERVICE BOISE ID
333 AM MDT THU OCT 23 2014


...................................

...THE ONTARIO OR CLIMATE SUMMARY FOR OCTOBER 22 2014...

CLIMATE NORMAL PERIOD 1981 TO 2010
CLIMATE RECORD PERIOD 1948 TO 2014


WEATHER ITEM   OBSERVED TIME   RECORD YEAR NORMAL DEPARTURE LAST
                VALUE   (LST)  VALUE       VALUE  FROM      YEAR
                                                  NORMAL
..................................................................
TEMPERATURE (F)
 YESTERDAY
  MAXIMUM         59    932 PM  79    2003  63     -4       67
  MINIMUM         31    630 AM  17    1996  32     -1       32
  AVERAGE         45                        48     -3       50

PRECIPITATION (IN)
  YESTERDAY        0.00          0.22 1966   0.02  -0.02     0.00
  MONTH TO DATE    0.13                      0.38  -0.25      T
  SINCE OCT 1      0.13                      0.38  -0.25      T
  SINCE JAN 1      6.09                      7.03  -0.94     3.77

DEGREE DAYS
 HEATING
  YESTERDAY       20                        17      3       15
  MONTH TO DATE  183                       282    -99      321
  SINCE SEP 1    219                       400   -181      409
  SINCE JUL 1    220                       416   -196      409

 COOLING
  YESTERDAY        0                         0      0        0
  MONTH TO DATE    1                         0      1        0
  SINCE SEP 1     91                        58     33      127
  SINCE JAN 1   1088                       851    237     1299
..................................................................


WIND (MPH)
  HIGHEST WIND SPEED    22   HIGHEST WIND DIRECTION    SE (150)
  HIGHEST GUST SPEED    28   HIGHEST GUST DIRECTION    SE (140)
  AVERAGE WIND SPEED     4.6


SKY COVER
  AVERAGE SKY COVER 0.5


WEATHER CONDITIONS
 THE FOLLOWING WEATHER WAS RECORDED YESTERDAY.
  HAZE


RELATIVE HUMIDITY (PERCENT)
 HIGHEST    92           300 AM
 LOWEST     44           800 PM
 AVERAGE    68

..........................................................


THE ONTARIO OR CLIMATE NORMALS FOR TODAY
                         NORMAL    RECORD    YEAR
 MAXIMUM TEMPERATURE (F)   62        77      2003
 MINIMUM TEMPERATURE (F)   32        18      1984


SUNRISE AND SUNSET
OCTOBER 23 2014.......SUNRISE   813 AM MDT   SUNSET   651 PM MDT
OCTOBER 24 2014.......SUNRISE   814 AM MDT   SUNSET   650 PM MDT


-  INDICATES NEGATIVE NUMBERS.
R  INDICATES RECORD WAS SET OR TIED.
MM INDICATES DATA IS MISSING.
T  INDICATES TRACE AMOUNT.




$$
