000
CDUS45 KBOI 290931
CLIONO


CLIMATE REPORT
NATIONAL WEATHER SERVICE BOISE ID
331 AM MDT SAT AUG 29 2015


...................................

...THE ONTARIO OR CLIMATE SUMMARY FOR AUGUST 28 2015...

CLIMATE NORMAL PERIOD 1981 TO 2010
CLIMATE RECORD PERIOD 1948 TO 2015


WEATHER ITEM   OBSERVED TIME   RECORD YEAR NORMAL DEPARTURE LAST
                VALUE   (LST)  VALUE       VALUE  FROM      YEAR
                                                  NORMAL
..................................................................
TEMPERATURE (F)
 YESTERDAY
  MAXIMUM         88    450 PM 102    1972  88      0       91
  MINIMUM         54    605 AM  33    1960  51      3       53
  AVERAGE         71                        70      1       72

PRECIPITATION (IN)
  YESTERDAY        0.00          0.06 1951   0.01  -0.01     0.00
  MONTH TO DATE    0.01                      0.16  -0.15     0.46
  SINCE OCT 1      9.24                      9.63  -0.39     6.98
  SINCE JAN 1      4.78                      6.22  -1.44     5.47

DEGREE DAYS
 HEATING
  YESTERDAY        0                         1     -1        0
  MONTH TO DATE    0                         4     -4        0
  SINCE JUN 1      3                        61    -58       28
  SINCE JUL 1      2                         9     -7        0

 COOLING
  YESTERDAY        6                         5      1        7
  MONTH TO DATE  328                       254     74      280
  SINCE JUN 1   1058                       741    317      933
  SINCE JAN 1   1091                       777    314      981
..................................................................


WIND (MPH)
  HIGHEST WIND SPEED     9   HIGHEST WIND DIRECTION     W (250)
  HIGHEST GUST SPEED    11   HIGHEST GUST DIRECTION    SW (230)
  AVERAGE WIND SPEED     2.7


SKY COVER
  AVERAGE SKY COVER 0.0


WEATHER CONDITIONS
 THE FOLLOWING WEATHER WAS RECORDED YESTERDAY.
  HAZE


RELATIVE HUMIDITY (PERCENT)
 HIGHEST    67           800 AM
 LOWEST     21           300 PM
 AVERAGE    44

..........................................................


THE ONTARIO OR CLIMATE NORMALS FOR TODAY
                         NORMAL    RECORD    YEAR
 MAXIMUM TEMPERATURE (F)   88       105      1967
 MINIMUM TEMPERATURE (F)   51        35      1960


SUNRISE AND SUNSET
AUGUST 29 2015........SUNRISE   708 AM MDT   SUNSET   830 PM MDT
AUGUST 30 2015........SUNRISE   709 AM MDT   SUNSET   828 PM MDT


-  INDICATES NEGATIVE NUMBERS.
R  INDICATES RECORD WAS SET OR TIED.
MM INDICATES DATA IS MISSING.
T  INDICATES TRACE AMOUNT.




$$
