000
CDUS45 KBOI 240932
CLIONO


CLIMATE REPORT
NATIONAL WEATHER SERVICE BOISE ID
332 AM MDT SUN SEP 24 2017


...................................

...THE ONTARIO OR CLIMATE SUMMARY FOR SEPTEMBER 23 2017...

CLIMATE NORMAL PERIOD 1981 TO 2010
CLIMATE RECORD PERIOD 1948 TO 2017


WEATHER ITEM   OBSERVED TIME   RECORD YEAR NORMAL DEPARTURE LAST
                VALUE   (LST)  VALUE       VALUE  FROM      YEAR
                                                  NORMAL
..................................................................
TEMPERATURE (F)
 YESTERDAY
  MAXIMUM         67    337 PM  95    1966  78    -11       74
  MINIMUM         36    626 AM  26    1956  42     -6       54
  AVERAGE         52                        60     -8       64

PRECIPITATION (IN)
  YESTERDAY        0.00          0.12 1958   0.01  -0.01     0.00
  MONTH TO DATE    0.40                      0.29   0.11     0.05
  SINCE OCT 1     13.21                      9.94   3.27     7.37
  SINCE JAN 1      9.89                      6.53   3.36     2.62

DEGREE DAYS
 HEATING
  YESTERDAY       13                         6      7        1
  MONTH TO DATE   87                        68     19       59
  SINCE SEP 1     87                        68     19       59
  SINCE JUL 1     87                        84      3       68

 COOLING
  YESTERDAY        0                         1     -1        0
  MONTH TO DATE  141                        54     87       21
  SINCE SEP 1    141                        54     87       21
  SINCE JAN 1   1254                       847    407      966
..................................................................


WIND (MPH)
  HIGHEST WIND SPEED    14   HIGHEST WIND DIRECTION    NW (330)
  HIGHEST GUST SPEED    16   HIGHEST GUST DIRECTION    NW (320)
  AVERAGE WIND SPEED     5.3


SKY COVER
  AVERAGE SKY COVER 0.2


WEATHER CONDITIONS
 THE FOLLOWING WEATHER WAS RECORDED YESTERDAY.
  NO SIGNIFICANT WEATHER WAS OBSERVED.


RELATIVE HUMIDITY (PERCENT)
 HIGHEST    92           500 AM
 LOWEST     31           400 PM
 AVERAGE    62

..........................................................


THE ONTARIO OR CLIMATE NORMALS FOR TODAY
                         NORMAL    RECORD    YEAR
 MAXIMUM TEMPERATURE (F)   78        92      2014
                                             1967
                                             1966
 MINIMUM TEMPERATURE (F)   42        27      2000


SUNRISE AND SUNSET
SEPTEMBER 24 2017.....SUNRISE   738 AM MDT   SUNSET   741 PM MDT
SEPTEMBER 25 2017.....SUNRISE   739 AM MDT   SUNSET   739 PM MDT


-  INDICATES NEGATIVE NUMBERS.
R  INDICATES RECORD WAS SET OR TIED.
MM INDICATES DATA IS MISSING.
T  INDICATES TRACE AMOUNT.




$$
