000
CDUS45 KBOI 290931
CLIONO


CLIMATE REPORT
NATIONAL WEATHER SERVICE BOISE ID
331 AM MDT MON MAY 29 2017


...................................

...THE ONTARIO OR CLIMATE SUMMARY FOR MAY 28 2017...

CLIMATE NORMAL PERIOD 1981 TO 2010
CLIMATE RECORD PERIOD 1948 TO 2017


WEATHER ITEM   OBSERVED TIME   RECORD YEAR NORMAL DEPARTURE LAST
                VALUE   (LST)  VALUE       VALUE  FROM      YEAR
                                                  NORMAL
..................................................................
TEMPERATURE (F)
 YESTERDAY
  MAXIMUM         86    545 PM 100    2003  78      8       74
  MINIMUM         46    600 AM  30    1954  48     -2       46
  AVERAGE         66                        63      3       60

PRECIPITATION (IN)
  YESTERDAY        0.00          0.38 1964   0.05  -0.05     0.00
  MONTH TO DATE    1.28                      1.16   0.12     0.30
  SINCE OCT 1     12.18                      8.36   3.82     6.98
  SINCE JAN 1      8.86                      4.95   3.91     2.23

DEGREE DAYS
 HEATING
  YESTERDAY        0                         4     -4        5
  MONTH TO DATE  164                       197    -33      110
  SINCE MAR 1   1144                      1308   -164      916
  SINCE JUL 1   6018                      5938     80     4906

 COOLING
  YESTERDAY        1                         2     -1        0
  MONTH TO DATE   15                        29    -14       33
  SINCE MAR 1     15                        30    -15       33
  SINCE JAN 1     15                        30    -15       33
..................................................................


WIND (MPH)
  HIGHEST WIND SPEED     9   HIGHEST WIND DIRECTION    NW (330)
  HIGHEST GUST SPEED    13   HIGHEST GUST DIRECTION    NW (310)
  AVERAGE WIND SPEED     3.3


SKY COVER
  AVERAGE SKY COVER 0.0


WEATHER CONDITIONS
 THE FOLLOWING WEATHER WAS RECORDED YESTERDAY.
  NO SIGNIFICANT WEATHER WAS OBSERVED.


RELATIVE HUMIDITY (PERCENT)
 HIGHEST    76           500 AM
 LOWEST     14           700 PM
 AVERAGE    45

..........................................................


THE ONTARIO OR CLIMATE NORMALS FOR TODAY
                         NORMAL    RECORD    YEAR
 MAXIMUM TEMPERATURE (F)   78       103      1986
 MINIMUM TEMPERATURE (F)   48        35      1959


SUNRISE AND SUNSET
MAY 29 2017...........SUNRISE   610 AM MDT   SUNSET   922 PM MDT
MAY 30 2017...........SUNRISE   609 AM MDT   SUNSET   923 PM MDT


-  INDICATES NEGATIVE NUMBERS.
R  INDICATES RECORD WAS SET OR TIED.
MM INDICATES DATA IS MISSING.
T  INDICATES TRACE AMOUNT.




$$
