000
CDUS45 KBOI 270930
CLIONO


CLIMATE REPORT
NATIONAL WEATHER SERVICE BOISE ID
330 AM MDT WED AUG 27 2014


...................................

...THE ONTARIO OR CLIMATE SUMMARY FOR AUGUST 26 2014...

CLIMATE NORMAL PERIOD 1981 TO 2010
CLIMATE RECORD PERIOD 1948 TO 2014


WEATHER ITEM   OBSERVED TIME   RECORD YEAR NORMAL DEPARTURE LAST
                VALUE   (LST)  VALUE       VALUE  FROM      YEAR
                                                  NORMAL
..................................................................
TEMPERATURE (F)
 YESTERDAY
  MAXIMUM         86    548 PM 101    1988  89     -3       89
  MINIMUM         51    645 AM  36    1993  52     -1       60
  AVERAGE         69                        70     -1       75

PRECIPITATION (IN)
  YESTERDAY        0.00          0.19 1966   0.00   0.00     0.00
  MONTH TO DATE    0.46                      0.14   0.32      T
  SINCE OCT 1      6.98                      9.61  -2.63     5.55
  SINCE JAN 1      5.47                      6.20  -0.73     2.61

DEGREE DAYS
 HEATING
  YESTERDAY        0                         1     -1        0
  MONTH TO DATE    0                         2     -2        0
  SINCE JUN 1     28                        59    -31       39
  SINCE JUL 1      0                         7     -7        0

 COOLING
  YESTERDAY        4                         6     -2       10
  MONTH TO DATE  266                       243     23      354
  SINCE JUN 1    919                       730    189     1063
  SINCE JAN 1    967                       766    201     1110
..................................................................


WIND (MPH)
  HIGHEST WIND SPEED     9   HIGHEST WIND DIRECTION     S (190)
  HIGHEST GUST SPEED    13   HIGHEST GUST DIRECTION     W (280)
  AVERAGE WIND SPEED     2.1


SKY COVER
  AVERAGE SKY COVER 0.1


WEATHER CONDITIONS
 THE FOLLOWING WEATHER WAS RECORDED YESTERDAY.
  NO SIGNIFICANT WEATHER WAS OBSERVED.


RELATIVE HUMIDITY (PERCENT)
 HIGHEST    83           400 AM
 LOWEST     23           400 PM
 AVERAGE    53

..........................................................


THE ONTARIO OR CLIMATE NORMALS FOR TODAY
                         NORMAL    RECORD    YEAR
 MAXIMUM TEMPERATURE (F)   89       101      1974
 MINIMUM TEMPERATURE (F)   52        38      1993


SUNRISE AND SUNSET
AUGUST 27 2014........SUNRISE   706 AM MDT   SUNSET   833 PM MDT
AUGUST 28 2014........SUNRISE   707 AM MDT   SUNSET   831 PM MDT


-  INDICATES NEGATIVE NUMBERS.
R  INDICATES RECORD WAS SET OR TIED.
MM INDICATES DATA IS MISSING.
T  INDICATES TRACE AMOUNT.




$$
