000
CDUS45 KBOI 200936
CLIONO


CLIMATE REPORT
NATIONAL WEATHER SERVICE BOISE ID
336 AM MDT SAT SEP 20 2014


...................................

...THE ONTARIO OR CLIMATE SUMMARY FOR SEPTEMBER 19 2014...

CLIMATE NORMAL PERIOD 1981 TO 2010
CLIMATE RECORD PERIOD 1948 TO 2014


WEATHER ITEM   OBSERVED TIME   RECORD YEAR NORMAL DEPARTURE LAST
                VALUE   (LST)  VALUE       VALUE  FROM      YEAR
                                                  NORMAL
..................................................................
TEMPERATURE (F)
 YESTERDAY
  MAXIMUM         86    408 PM  95    1979  80      6       75
  MINIMUM         59    606 AM  24    1965  44     15       38
  AVERAGE         73                        62     11       57

PRECIPITATION (IN)
  YESTERDAY        0.00          0.33 2007   0.02  -0.02     0.00
  MONTH TO DATE    0.01                      0.23  -0.22     0.14
  SINCE OCT 1      7.06                      9.88  -2.82     5.69
  SINCE JAN 1      5.55                      6.47  -0.92     2.75

DEGREE DAYS
 HEATING
  YESTERDAY        0                         4     -4        8
  MONTH TO DATE   18                        47    -29       14
  SINCE SEP 1     18                        47    -29       14
  SINCE JUL 1     19                        63    -44       14

 COOLING
  YESTERDAY        8                         1      7        0
  MONTH TO DATE   65                        50     15      126
  SINCE SEP 1     65                        50     15      126
  SINCE JAN 1   1062                       843    219     1298
..................................................................


WIND (MPH)
  HIGHEST WIND SPEED    22   HIGHEST WIND DIRECTION    NW (310)
  HIGHEST GUST SPEED    29   HIGHEST GUST DIRECTION    NW (320)
  AVERAGE WIND SPEED     7.1


SKY COVER
  AVERAGE SKY COVER 0.0


WEATHER CONDITIONS
 THE FOLLOWING WEATHER WAS RECORDED YESTERDAY.
  HAZE


RELATIVE HUMIDITY (PERCENT)
 HIGHEST    64           600 AM
 LOWEST     25           400 PM
 AVERAGE    45

..........................................................


THE ONTARIO OR CLIMATE NORMALS FOR TODAY
                         NORMAL    RECORD    YEAR
 MAXIMUM TEMPERATURE (F)   80        94      1967
 MINIMUM TEMPERATURE (F)   43        27      1978


SUNRISE AND SUNSET
SEPTEMBER 20 2014.....SUNRISE   733 AM MDT   SUNSET   749 PM MDT
SEPTEMBER 21 2014.....SUNRISE   734 AM MDT   SUNSET   747 PM MDT


-  INDICATES NEGATIVE NUMBERS.
R  INDICATES RECORD WAS SET OR TIED.
MM INDICATES DATA IS MISSING.
T  INDICATES TRACE AMOUNT.




$$
