000
CDUS45 KBOI 220932
CLIONO


CLIMATE REPORT
NATIONAL WEATHER SERVICE BOISE ID
231 AM MST SUN JAN 22 2017


...................................

...THE ONTARIO OR CLIMATE SUMMARY FOR JANUARY 21 2017...

CLIMATE NORMAL PERIOD 1981 TO 2010
CLIMATE RECORD PERIOD 1948 TO 2017


WEATHER ITEM   OBSERVED TIME   RECORD YEAR NORMAL DEPARTURE LAST
                VALUE   (LST)  VALUE       VALUE  FROM      YEAR
                                                  NORMAL
..................................................................
TEMPERATURE (F)
 YESTERDAY
  MAXIMUM         38   1216 AM  54    1972  36      2       44
  MINIMUM         31    916 PM -15    1962  20     11       33
  AVERAGE         35                        28      7       39

PRECIPITATION (IN)
  YESTERDAY        0.04          0.66 1964   0.03   0.01     0.00
  MONTH TO DATE    3.25                      0.88   2.37     0.30
  SINCE OCT 1      6.57                      4.29   2.28     5.05
  SINCE JAN 1      3.25                      0.88   2.37     0.30

DEGREE DAYS
 HEATING
  YESTERDAY       30                        37     -7       26
  MONTH TO DATE 1026                       798    228      769
  SINCE DEC 1   2433                      1951    482     1816
  SINCE JUL 1   3524                      3379    145     2941

 COOLING
  YESTERDAY        0                         0      0        0
  MONTH TO DATE    0                         0      0        0
  SINCE DEC 1      0                         0      0        0
  SINCE JAN 1      0                         0      0        0
..................................................................


WIND (MPH)
  HIGHEST WIND SPEED     8   HIGHEST WIND DIRECTION     N (350)
  HIGHEST GUST SPEED    10   HIGHEST GUST DIRECTION    SE (140)
  AVERAGE WIND SPEED     2.2


SKY COVER
  AVERAGE SKY COVER 1.0


WEATHER CONDITIONS
 THE FOLLOWING WEATHER WAS RECORDED YESTERDAY.
  LIGHT RAIN
  LIGHT SNOW
  FOG


RELATIVE HUMIDITY (PERCENT)
 HIGHEST   100          1200 PM
 LOWEST     82          1200 AM
 AVERAGE    91

..........................................................


THE ONTARIO OR CLIMATE NORMALS FOR TODAY
                         NORMAL    RECORD    YEAR
 MAXIMUM TEMPERATURE (F)   36        50      1954
 MINIMUM TEMPERATURE (F)   20       -25      1962


SUNRISE AND SUNSET
JANUARY 22 2017.......SUNRISE   815 AM MST   SUNSET   545 PM MST
JANUARY 23 2017.......SUNRISE   814 AM MST   SUNSET   547 PM MST


-  INDICATES NEGATIVE NUMBERS.
R  INDICATES RECORD WAS SET OR TIED.
MM INDICATES DATA IS MISSING.
T  INDICATES TRACE AMOUNT.




$$
