000
CDUS45 KBOI 170933
CLIONO


CLIMATE REPORT
NATIONAL WEATHER SERVICE BOISE ID
233 AM MST FRI NOV 17 2017


...................................

...THE ONTARIO OR CLIMATE SUMMARY FOR NOVEMBER 16 2017...

CLIMATE NORMAL PERIOD 1981 TO 2010
CLIMATE RECORD PERIOD 1948 TO 2017


WEATHER ITEM   OBSERVED TIME   RECORD YEAR NORMAL DEPARTURE LAST
                VALUE   (LST)  VALUE       VALUE  FROM      YEAR
                                                  NORMAL
..................................................................
TEMPERATURE (F)
 YESTERDAY
  MAXIMUM         51   1247 PM  60    1983  48      3       51
                                      1966
  MINIMUM         41   1159 PM  -1    2014  26     15       34
  AVERAGE         46                        37      9       43

PRECIPITATION (IN)
  YESTERDAY        0.00          0.55 1981   0.04  -0.04     0.00
  MONTH TO DATE    1.44                      0.55   0.89     0.34
  SINCE OCT 1      1.94                      1.18   0.76     1.14
  SINCE JAN 1     11.83                      7.83   4.00     3.76

DEGREE DAYS
 HEATING
  YESTERDAY       19                        28     -9       22
  MONTH TO DATE  377                       399    -22      286
  SINCE SEP 1    995                       976     19      720
  SINCE JUL 1    995                       992      3      729

 COOLING
  YESTERDAY        0                         0      0        0
  MONTH TO DATE    0                         0      0        0
  SINCE SEP 1    141                        59     82       31
  SINCE JAN 1   1254                       852    402      976
..................................................................


WIND (MPH)
  HIGHEST WIND SPEED    16   HIGHEST WIND DIRECTION     S (160)
  HIGHEST GUST SPEED    20   HIGHEST GUST DIRECTION     S (160)
  AVERAGE WIND SPEED     6.0


SKY COVER
  AVERAGE SKY COVER 0.8


WEATHER CONDITIONS
 THE FOLLOWING WEATHER WAS RECORDED YESTERDAY.
  NO SIGNIFICANT WEATHER WAS OBSERVED.


RELATIVE HUMIDITY (PERCENT)
 HIGHEST    93           500 AM
 LOWEST     56           100 PM
 AVERAGE    75

..........................................................


THE ONTARIO OR CLIMATE NORMALS FOR TODAY
                         NORMAL    RECORD    YEAR
 MAXIMUM TEMPERATURE (F)   47        63      1965
 MINIMUM TEMPERATURE (F)   26        -3      2014


SUNRISE AND SUNSET
NOVEMBER 17 2017......SUNRISE   746 AM MST   SUNSET   520 PM MST
NOVEMBER 18 2017......SUNRISE   747 AM MST   SUNSET   519 PM MST


-  INDICATES NEGATIVE NUMBERS.
R  INDICATES RECORD WAS SET OR TIED.
MM INDICATES DATA IS MISSING.
T  INDICATES TRACE AMOUNT.




$$
