000
CDUS45 KBOI 200931
CLIONO


CLIMATE REPORT
NATIONAL WEATHER SERVICE BOISE ID
331 AM MDT THU JUL 20 2017


...................................

...THE ONTARIO OR CLIMATE SUMMARY FOR JULY 19 2017...

CLIMATE NORMAL PERIOD 1981 TO 2010
CLIMATE RECORD PERIOD 1948 TO 2017


WEATHER ITEM   OBSERVED TIME   RECORD YEAR NORMAL DEPARTURE LAST
                VALUE   (LST)  VALUE       VALUE  FROM      YEAR
                                                  NORMAL
..................................................................
TEMPERATURE (F)
 YESTERDAY
  MAXIMUM         97    600 PM 112    1960  95      2       92
  MINIMUM         65   1159 PM  43    1962  59      6       58
  AVERAGE         81                        77      4       75

PRECIPITATION (IN)
  YESTERDAY        0.00          0.01 1977   0.01  -0.01     0.00
  MONTH TO DATE    0.01                      0.23  -0.22     0.21
  SINCE OCT 1     12.79                      9.40   3.39     7.31
  SINCE JAN 1      9.47                      5.99   3.48     2.56

DEGREE DAYS
 HEATING
  YESTERDAY        0                         0      0        0
  MONTH TO DATE    0                         0      0        9
  SINCE JUN 1     28                        52    -24       35
  SINCE JUL 1      0                         0      0        9

 COOLING
  YESTERDAY       16                        12      4       10
  MONTH TO DATE  325                       198    127      162
  SINCE JUN 1    489                       337    152      393
  SINCE JAN 1    529                       373    156      432
..................................................................


WIND (MPH)
  HIGHEST WIND SPEED    16   HIGHEST WIND DIRECTION     W (290)
  HIGHEST GUST SPEED    22   HIGHEST GUST DIRECTION    NW (300)
  AVERAGE WIND SPEED     4.3


SKY COVER
  AVERAGE SKY COVER 0.0


WEATHER CONDITIONS
 THE FOLLOWING WEATHER WAS RECORDED YESTERDAY.
  HAZE


RELATIVE HUMIDITY (PERCENT)
 HIGHEST    53          1100 PM
 LOWEST     12           300 PM
 AVERAGE    33

..........................................................


THE ONTARIO OR CLIMATE NORMALS FOR TODAY
                         NORMAL    RECORD    YEAR
 MAXIMUM TEMPERATURE (F)   95       109      1960
 MINIMUM TEMPERATURE (F)   59        44      1962


SUNRISE AND SUNSET
JULY 20 2017..........SUNRISE   624 AM MDT   SUNSET   924 PM MDT
JULY 21 2017..........SUNRISE   625 AM MDT   SUNSET   923 PM MDT


-  INDICATES NEGATIVE NUMBERS.
R  INDICATES RECORD WAS SET OR TIED.
MM INDICATES DATA IS MISSING.
T  INDICATES TRACE AMOUNT.




$$
