000
CDUS46 KSGX 291136
CLIONT


CLIMATE REPORT
NATIONAL WEATHER SERVICE SAN DIEGO, CA
436 AM PDT THU JUN 29 2017


...................................

...THE ONTARIO INTL AIRPORT CA CLIMATE SUMMARY FOR JUNE 28 2017...

CLIMATE NORMAL PERIOD 1981 TO 2010
CLIMATE RECORD PERIOD 1998 TO 2017


WEATHER ITEM   OBSERVED TIME   RECORD YEAR NORMAL DEPARTURE LAST
                VALUE   (LST)  VALUE       VALUE  FROM      YEAR
                                                  NORMAL
..................................................................
TEMPERATURE (F)
 YESTERDAY
  MAXIMUM         92    133 PM 103    2015  89      3       99
  MINIMUM         62   1159 PM  56    2005  61      1       70
  AVERAGE         77                        75      2       85

PRECIPITATION (IN)
  YESTERDAY        0.00          0.00 2006   0.00   0.00     0.00
                                      2005
                                      2004
  MONTH TO DATE    T                         0.12  -0.12      T
  SINCE OCT 1     15.62                     14.55   1.07     7.71
  SINCE JAN 1     10.74                     10.38   0.36     5.59

DEGREE DAYS
 HEATING
  YESTERDAY        0                         0      0        0
  MONTH TO DATE    0                         1     -1        2
  SINCE JUN 1      0                         1     -1        2
  SINCE JUL 1   1292                      1533   -241     1220

 COOLING
  YESTERDAY       12                        10      2       20
  MONTH TO DATE  324                       203    121      313
  SINCE JUN 1    324                       203    121      313
  SINCE JAN 1    602                       369    233      541
..................................................................


WIND (MPH)
  RESULTANT WIND SPEED   6   RESULTANT WIND DIRECTION   W (260)
  HIGHEST WIND SPEED    18   HIGHEST WIND DIRECTION     W (260)
  HIGHEST GUST SPEED    26   HIGHEST GUST DIRECTION     W (280)
  AVERAGE WIND SPEED     6.4


SKY COVER
  POSSIBLE SUNSHINE  MM
  AVERAGE SKY COVER 0.0


WEATHER CONDITIONS
 THE FOLLOWING WEATHER WAS RECORDED YESTERDAY.
  NO SIGNIFICANT WEATHER WAS OBSERVED.


RELATIVE HUMIDITY (PERCENT)
 HIGHEST    78          1100 PM
 LOWEST     17           400 PM
 AVERAGE    48

..........................................................


THE ONTARIO INTL AIRPORT CA CLIMATE NORMALS FOR TODAY
                         NORMAL    RECORD    YEAR
 MAXIMUM TEMPERATURE (F)   89       105      2013
 MINIMUM TEMPERATURE (F)   61        58      2005


SUNRISE AND SUNSET
JUNE 29 2017..........SUNRISE   542 AM PDT   SUNSET   806 PM PDT
JUNE 30 2017..........SUNRISE   542 AM PDT   SUNSET   806 PM PDT


-  INDICATES NEGATIVE NUMBERS.
R  INDICATES RECORD WAS SET OR TIED.
MM INDICATES DATA IS MISSING.
T  INDICATES TRACE AMOUNT.




$$
