000
CDUS46 KSGX 010024
CLIONT


CLIMATE REPORT
NATIONAL WEATHER SERVICE SAN DIEGO, CA
523 PM PDT SAT APR 30 2016


...................................

...THE ONTARIO INTL AIRPORT CA CLIMATE SUMMARY FOR APRIL 30 2016...
VALID TODAY AS OF 0500 PM LOCAL TIME.

CLIMATE NORMAL PERIOD 1981 TO 2010
CLIMATE RECORD PERIOD 1998 TO 2016


WEATHER ITEM   OBSERVED TIME   RECORD YEAR NORMAL DEPARTURE LAST
                VALUE   (LST)  VALUE       VALUE  FROM      YEAR
                                                  NORMAL
..................................................................
TEMPERATURE (F)
 TODAY
  MAXIMUM         67    149 PM  95    2015  77    -10       95
  MINIMUM         52    633 AM  45    2010  53     -1       62
  AVERAGE         60                        65     -5       79

PRECIPITATION (IN)
  TODAY            0.01R         0.00   MM   0.02  -0.01     0.00
  MONTH TO DATE    0.29                      0.94  -0.65     0.50
  SINCE OCT 1      6.44                     14.13  -7.69     8.93
  SINCE JAN 1      4.32                      9.96  -5.64     3.29

DEGREE DAYS
 HEATING
  TODAY            5                         2      3        0
  MONTH TO DATE   48                       123    -75       56
  SINCE MAR 1    165                       336   -171      113
  SINCE JUL 1   1174                      1493   -319      713

 COOLING
  TODAY            0                         2     -2       14
  MONTH TO DATE   93                        41     52       77
  SINCE MAR 1    114                        53     61      196
  SINCE JAN 1    157                        59     98      226
..................................................................


WIND (MPH)
  RESULTANT WIND SPEED   9   RESULTANT WIND DIRECTION   W (260)
  HIGHEST WIND SPEED    18   HIGHEST WIND DIRECTION     W (270)
  HIGHEST GUST SPEED    24   HIGHEST GUST DIRECTION     W (270)
  AVERAGE WIND SPEED     9.3


SKY COVER
  POSSIBLE SUNSHINE  MM
  AVERAGE SKY COVER 0.8


WEATHER CONDITIONS
 THE FOLLOWING WEATHER WAS RECORDED TODAY.
  LIGHT RAIN
  FOG


RELATIVE HUMIDITY (PERCENT)
 HIGHEST    93           400 AM
 LOWEST     48           100 PM
 AVERAGE    71

..........................................................


THE ONTARIO INTL AIRPORT CA CLIMATE NORMALS FOR TOMORROW
                         NORMAL    RECORD    YEAR
 MAXIMUM TEMPERATURE (F)   77        94      2014
                                             2004
 MINIMUM TEMPERATURE (F)   54        42      1999


SUNRISE AND SUNSET
APRIL 30 2016.........SUNRISE   602 AM PDT   SUNSET   734 PM PDT
MAY  1 2016...........SUNRISE   601 AM PDT   SUNSET   735 PM PDT


-  INDICATES NEGATIVE NUMBERS.
R  INDICATES RECORD WAS SET OR TIED.
MM INDICATES DATA IS MISSING.
T  INDICATES TRACE AMOUNT.




$$
