000
CDUS43 KLOT 092233
CLIORD


CLIMATE REPORT
NATIONAL WEATHER SERVICE CHICAGO IL
433 PM CST FRI DEC 9 2016


...................................

...THE CHICAGO-OHARE IL CLIMATE SUMMARY FOR DECEMBER 9 2016...
VALID TODAY AS OF 0400 PM LOCAL TIME.

CLIMATE NORMAL PERIOD 1981 TO 2010
CLIMATE RECORD PERIOD 1871 TO 2016


WEATHER ITEM   OBSERVED TIME   RECORD YEAR NORMAL DEPARTURE LAST
                VALUE   (LST)  VALUE       VALUE  FROM      YEAR
                                                  NORMAL
..................................................................
TEMPERATURE (F)
 TODAY
  MAXIMUM         25    253 PM  62    1879  37    -12       52
  MINIMUM         20    315 AM -14    1876  22     -2       40
  AVERAGE         23                        29     -6       46

PRECIPITATION (IN)
  TODAY            T             1.47 2008   0.08  -0.08     0.00
  MONTH TO DATE    0.51                      0.80  -0.29     0.39
  SINCE DEC 1      0.51                      0.80  -0.29     0.39
  SINCE JAN 1     34.71                     35.44  -0.73    35.37

SNOWFALL (IN)
  TODAY            T             5.1  1931   0.2   -0.2      0.0
  MONTH TO DATE    6.4                       1.9    4.5      1.3
  SINCE DEC 1      6.4                       1.9    4.5      1.3
  SINCE JUL 1      6.4                       3.3    3.1     12.5

DEGREE DAYS
 HEATING
  TODAY           42                        36      6       19
  MONTH TO DATE  313                       306      7      240
  SINCE DEC 1    313                       306      7      240
  SINCE JUL 1   1142                      1562   -420     1213

 COOLING
  TODAY            0                         0      0        0
  MONTH TO DATE    0                         0      0        0
  SINCE DEC 1      0                         0      0        0
  SINCE JAN 1   1157                       843    314      806
..................................................................


WIND (MPH)
  HIGHEST WIND SPEED    14   HIGHEST WIND DIRECTION     W (270)
  HIGHEST GUST SPEED    19   HIGHEST GUST DIRECTION    NW (310)
  AVERAGE WIND SPEED    10.8


SKY COVER
  POSSIBLE SUNSHINE  MM
  AVERAGE SKY COVER 0.8


WEATHER CONDITIONS
 THE FOLLOWING WEATHER WAS RECORDED TODAY.
  LIGHT SNOW


RELATIVE HUMIDITY (PERCENT)
 HIGHEST    84           300 AM
 LOWEST     60           100 PM
 AVERAGE    72

..........................................................


THE CHICAGO-OHARE IL CLIMATE NORMALS FOR TOMORROW
                         NORMAL    RECORD    YEAR
 MAXIMUM TEMPERATURE (F)   36        62      1879
 MINIMUM TEMPERATURE (F)   22        -8      1978
                                             1919


SUNRISE AND SUNSET
DECEMBER  9 2016......SUNRISE   708 AM CST   SUNSET   420 PM CST
DECEMBER 10 2016......SUNRISE   709 AM CST   SUNSET   420 PM CST


-  INDICATES NEGATIVE NUMBERS.
R  INDICATES RECORD WAS SET OR TIED.
MM INDICATES DATA IS MISSING.
T  INDICATES TRACE AMOUNT.




$$
