000
CDUS41 KAKQ 060845
CLIORF


CLIMATE REPORT
NATIONAL WEATHER SERVICE WAKEFIELD, VA
345 AM EST SAT FEB 6 2016


...................................

...THE NORFOLK VA CLIMATE SUMMARY FOR FEBRUARY 5 2016...

CLIMATE NORMAL PERIOD 1981 TO 2010
CLIMATE RECORD PERIOD 1871 TO 2016


WEATHER ITEM   OBSERVED TIME   RECORD YEAR NORMAL DEPARTURE LAST
                VALUE   (LST)  VALUE       VALUE  FROM      YEAR
                                                  NORMAL
..................................................................
TEMPERATURE (F)
 YESTERDAY
  MAXIMUM         45    322 PM  77    1890  49     -4       50
  MINIMUM         35    817 AM   4    1886  33      2       26
  AVERAGE         40                        41     -1       38

PRECIPITATION (IN)
  YESTERDAY        0.87          1.38 2010   0.11   0.76     0.00
  MONTH TO DATE    4.16                      0.56   3.60     0.31
  SINCE DEC 1     12.15                      7.22   4.93     7.65
  SINCE JAN 1      8.78                      3.96   4.82     3.95

SNOWFALL (IN)
  YESTERDAY       MM             2.0  1923   0.1   MM
  MONTH TO DATE    0.0                       0.4   -0.4
  SINCE NOV 1      2.8                       4.0   -1.2
  SINCE JUL 1      2.8                       4.0   -1.2
  SNOW DEPTH       0

DEGREE DAYS
 HEATING
  YESTERDAY       25                        24      1       27
  MONTH TO DATE   64                       120    -56      133
  SINCE DEC 1   1052                      1532   -480     1504
  SINCE JUL 1   1391                      2062   -671     2067

 COOLING
  YESTERDAY        0                         0      0        0
  MONTH TO DATE    0                         0      0        0
  SINCE DEC 1     29                         1     28        0
  SINCE JAN 1      0                         0      0        0
..................................................................


WIND (MPH)
  HIGHEST WIND SPEED    29   HIGHEST WIND DIRECTION     N (20)
  HIGHEST GUST SPEED    44   HIGHEST GUST DIRECTION     N (340)
  AVERAGE WIND SPEED    12.9


SKY COVER
  POSSIBLE SUNSHINE  MM
  AVERAGE SKY COVER 0.6


WEATHER CONDITIONS
 THE FOLLOWING WEATHER WAS RECORDED YESTERDAY.
  HEAVY RAIN
  RAIN
  LIGHT RAIN
  LIGHT SNOW
  FOG


RELATIVE HUMIDITY (PERCENT)
 HIGHEST    92           300 AM
 LOWEST     45           500 PM
 AVERAGE    69

..........................................................


THE NORFOLK VA CLIMATE NORMALS FOR TODAY
                         NORMAL    RECORD    YEAR
 MAXIMUM TEMPERATURE (F)   49        80      2008
 MINIMUM TEMPERATURE (F)   33        10      1917


SUNRISE AND SUNSET
FEBRUARY  6 2016......SUNRISE   703 AM EST   SUNSET   535 PM EST
FEBRUARY  7 2016......SUNRISE   702 AM EST   SUNSET   536 PM EST


-  INDICATES NEGATIVE NUMBERS.
R  INDICATES RECORD WAS SET OR TIED.
MM INDICATES DATA IS MISSING.
T  INDICATES TRACE AMOUNT.




$$
