000
CDUS41 KAKQ 302128
CLIORF


CLIMATE REPORT
NATIONAL WEATHER SERVICE WAKEFIELD, VA
527 PM EDT SAT APR 30 2016


...................................

...THE NORFOLK VA CLIMATE SUMMARY FOR APRIL 30 2016...
VALID TODAY AS OF 0500 PM LOCAL TIME.

CLIMATE NORMAL PERIOD 1981 TO 2010
CLIMATE RECORD PERIOD 1871 TO 2016


WEATHER ITEM   OBSERVED TIME   RECORD YEAR NORMAL DEPARTURE LAST
                VALUE   (LST)  VALUE       VALUE  FROM      YEAR
                                                  NORMAL
..................................................................
TEMPERATURE (F)
 TODAY
  MAXIMUM         60    150 PM  93    1888  72    -12       61
  MINIMUM         54    926 AM  36    1874  53      1       53
  AVERAGE         57

PRECIPITATION (IN)
  TODAY            0.00          2.40 1953   0.11  -0.11     0.24
  MONTH TO DATE    2.78                      3.41  -0.63     4.62
  SINCE MAR 1      6.24                      7.09  -0.85     7.31
  SINCE JAN 1     17.11                     13.61   3.50    13.49

SNOWFALL (IN)
  TODAY            0.0
  MONTH TO DATE    T
  SINCE NOV 1      5.0
  SINCE JUL 1      5.0
  SNOW DEPTH       0

DEGREE DAYS
 HEATING
  TODAY            8                         5      3        8
  MONTH TO DATE  241                       239      2      194
  SINCE MAR 1    536                       731   -195      733
  SINCE JUL 1   2452                      3300   -848     3569

 COOLING
  TODAY            0                         2     -2        0
  MONTH TO DATE   30                        37     -7       23
  SINCE MAR 1     48                        43      5       25
  SINCE JAN 1     48                        44      4       25
..................................................................


WIND (MPH)
  RESULTANT WIND SPEED  10   RESULTANT WIND DIRECTION  NE (50)
  HIGHEST WIND SPEED    16   HIGHEST WIND DIRECTION    NE (30)
  HIGHEST GUST SPEED    19   HIGHEST GUST DIRECTION    NE (30)


SKY COVER
  POSSIBLE SUNSHINE  MM
  AVERAGE SKY COVER 1.0


WEATHER CONDITIONS
 THE FOLLOWING WEATHER WAS RECORDED TODAY.
  NO SIGNIFICANT WEATHER WAS OBSERVED.


RELATIVE HUMIDITY (PERCENT)
 HIGHEST    93
 LOWEST     62
 AVERAGE    78

..........................................................


THE NORFOLK VA CLIMATE NORMALS FOR TOMORROW
                         NORMAL    RECORD    YEAR
 MAXIMUM TEMPERATURE (F)   72        94      1942
 MINIMUM TEMPERATURE (F)   53        38      1876


SUNRISE AND SUNSET
APRIL 30 2016.........SUNRISE   611 AM EDT   SUNSET   753 PM EDT
MAY  1 2016...........SUNRISE   610 AM EDT   SUNSET   754 PM EDT


-  INDICATES NEGATIVE NUMBERS.
R  INDICATES RECORD WAS SET OR TIED.
MM INDICATES DATA IS MISSING.
T  INDICATES TRACE AMOUNT.




$$
