000
CDUS41 KAKQ 250550
CLIORF


CLIMATE REPORT
NATIONAL WEATHER SERVICE WAKEFIELD, VA
150 AM EDT MON MAY 25 2015


...................................

...THE NORFOLK VA CLIMATE SUMMARY FOR MAY 24 2015...

CLIMATE NORMAL PERIOD 1981 TO 2010
CLIMATE RECORD PERIOD 1871 TO 2015


WEATHER ITEM   OBSERVED TIME   RECORD YEAR NORMAL DEPARTURE LAST
                VALUE   (LST)  VALUE       VALUE  FROM      YEAR
                                                  NORMAL
..................................................................
TEMPERATURE (F)
 YESTERDAY
  MAXIMUM         81    304 PM  92    2011  77      4       73
                                      1964
                                      1962
  MINIMUM         55    328 AM  46    1931  60     -5       61
  AVERAGE         68                        69     -1       67

PRECIPITATION (IN)
  YESTERDAY        0.00          3.41 1980   0.12  -0.12     0.00
  MONTH TO DATE    1.25                      2.55  -1.30     3.37
  SINCE MAR 1      8.56                      9.64  -1.08    12.06
  SINCE JAN 1     14.74                     16.16  -1.42    18.35

SNOWFALL (IN)
  YESTERDAY        0.0           0.0  2002   0.0    0.0
                                      2001
  MONTH TO DATE    0.0                       0.0    0.0
  SINCE NOV 1     12.7                       5.8    6.9
  SINCE JUL 1     12.7                       5.8    6.9
  SNOW DEPTH       0

DEGREE DAYS
 HEATING
  YESTERDAY        0                         1     -1        0
  MONTH TO DATE   30                        64    -34       24
  SINCE MAR 1    763                       795    -32      829
  SINCE JUL 1   3599                      3364    235     3440

 COOLING
  YESTERDAY        3                         5     -2        2
  MONTH TO DATE  124                        80     44      131
  SINCE MAR 1    149                       123     26      158
  SINCE JAN 1    149                       124     25      158
..................................................................


WIND (MPH)
  HIGHEST WIND SPEED    15   HIGHEST WIND DIRECTION    SE (150)
  HIGHEST GUST SPEED    21   HIGHEST GUST DIRECTION    SE (150)
  AVERAGE WIND SPEED     7.4


SKY COVER
  POSSIBLE SUNSHINE  MM
  AVERAGE SKY COVER 0.2


WEATHER CONDITIONS
 THE FOLLOWING WEATHER WAS RECORDED YESTERDAY.
  NO SIGNIFICANT WEATHER WAS OBSERVED.


RELATIVE HUMIDITY (PERCENT)
 HIGHEST    87           600 AM
 LOWEST     38          1000 AM
 AVERAGE    63

..........................................................


THE NORFOLK VA CLIMATE NORMALS FOR TODAY
                         NORMAL    RECORD    YEAR
 MAXIMUM TEMPERATURE (F)   78        95      1880
 MINIMUM TEMPERATURE (F)   61        44      1956


SUNRISE AND SUNSET
MAY 25 2015...........SUNRISE   550 AM EDT   SUNSET   814 PM EDT
MAY 26 2015...........SUNRISE   550 AM EDT   SUNSET   814 PM EDT


-  INDICATES NEGATIVE NUMBERS.
R  INDICATES RECORD WAS SET OR TIED.
MM INDICATES DATA IS MISSING.
T  INDICATES TRACE AMOUNT.




$$
