254
CDUS41 KAKQ 260536
CLIORF


CLIMATE REPORT
NATIONAL WEATHER SERVICE WAKEFIELD, VA
135 AM EDT TUE SEP 26 2017


...................................

...THE NORFOLK VA CLIMATE SUMMARY FOR SEPTEMBER 25 2017...

CLIMATE NORMAL PERIOD 1981 TO 2010
CLIMATE RECORD PERIOD 1871 TO 2017


WEATHER ITEM   OBSERVED TIME   RECORD YEAR NORMAL DEPARTURE LAST
                VALUE   (LST)  VALUE       VALUE  FROM      YEAR
                                                  NORMAL
..................................................................
TEMPERATURE (F)
 YESTERDAY
  MAXIMUM         76    238 PM  94    2010  77     -1       74
                                      1933
  MINIMUM         71    420 AM  46    1950  62      9       63
                                      1887
  AVERAGE         74                        69      5       69

PRECIPITATION (IN)
  YESTERDAY        T             2.57 2008   0.14  -0.14     0.01
  MONTH TO DATE    1.85                      4.06  -2.21    13.15
  SINCE SEP 1      1.85                      4.06  -2.21    13.15
  SINCE JAN 1     40.39                     36.00   4.39    55.52

SNOWFALL (IN)
  YESTERDAY        0.0           0.0  2002   0.0    0.0
                                      2001
  MONTH TO DATE    0.0                       0.0    0.0
  SINCE NOV 1      5.4                       5.8   -0.4
  SINCE JUL 1      0.0                       0.0    0.0
  SNOW DEPTH       0

DEGREE DAYS
 HEATING
  YESTERDAY        0                         1     -1        0
  MONTH TO DATE    0                         3     -3        0
  SINCE SEP 1      0                         3     -3        0
  SINCE JUL 1      0                         3     -3        0

 COOLING
  YESTERDAY        9                         5      4        4
  MONTH TO DATE  226                       207     19      292
  SINCE SEP 1    226                       207     19      292
  SINCE JAN 1   1918                      1542    376     1844
..................................................................


WIND (MPH)
  HIGHEST WIND SPEED    18   HIGHEST WIND DIRECTION    NE (30)
  HIGHEST GUST SPEED    24   HIGHEST GUST DIRECTION    NE (30)
  AVERAGE WIND SPEED    12.5


SKY COVER
  POSSIBLE SUNSHINE  MM
  AVERAGE SKY COVER 0.8


WEATHER CONDITIONS
 THE FOLLOWING WEATHER WAS RECORDED YESTERDAY.
  FOG


RELATIVE HUMIDITY (PERCENT)
 HIGHEST   100          1000 PM
 LOWEST     79          1200 AM
 AVERAGE    90

..........................................................


THE NORFOLK VA CLIMATE NORMALS FOR TODAY
                         NORMAL    RECORD    YEAR
 MAXIMUM TEMPERATURE (F)   76        94      1970
 MINIMUM TEMPERATURE (F)   62        46      1967
                                             1887


SUNRISE AND SUNSET
SEPTEMBER 26 2017.....SUNRISE   656 AM EDT   SUNSET   655 PM EDT
SEPTEMBER 27 2017.....SUNRISE   657 AM EDT   SUNSET   654 PM EDT


-  INDICATES NEGATIVE NUMBERS.
R  INDICATES RECORD WAS SET OR TIED.
MM INDICATES DATA IS MISSING.
T  INDICATES TRACE AMOUNT.




$$
