000
CDUS41 KAKQ 060638
CLIORF


CLIMATE REPORT
NATIONAL WEATHER SERVICE WAKEFIELD, VA
138 AM EST TUE DEC 6 2016


...................................

...THE NORFOLK VA CLIMATE SUMMARY FOR DECEMBER 5 2016...

CLIMATE NORMAL PERIOD 1981 TO 2010
CLIMATE RECORD PERIOD 1871 TO 2016


WEATHER ITEM   OBSERVED TIME   RECORD YEAR NORMAL DEPARTURE LAST
                VALUE   (LST)  VALUE       VALUE  FROM      YEAR
                                                  NORMAL
..................................................................
TEMPERATURE (F)
 YESTERDAY
  MAXIMUM         52    328 PM  78    1982  55     -3       55
  MINIMUM         44    108 AM  23    2000  39      5       46
  AVERAGE         48                        47      1       51

PRECIPITATION (IN)
  YESTERDAY        0.48          2.42 1912   0.11   0.37     0.00
  MONTH TO DATE    0.50                      0.54  -0.04     0.10
  SINCE DEC 1      0.50                      0.54  -0.04     0.10
  SINCE JAN 1     66.82                     43.81  23.01    46.92

SNOWFALL (IN)
  YESTERDAY       MM             0.2  1907   0.0   MM
  MONTH TO DATE    0.0                       0.0    0.0
  SINCE NOV 1      0.0                       T      0.0
  SINCE JUL 1      0.0                       T      0.0
  SNOW DEPTH       0

DEGREE DAYS
 HEATING
  YESTERDAY       17                        18     -1       14
  MONTH TO DATE   73                        88    -15       60
  SINCE DEC 1     73                        88    -15       60
  SINCE JUL 1    536                       618    -82      399

 COOLING
  YESTERDAY        0                         0      0        0
  MONTH TO DATE    0                         0      0        0
  SINCE DEC 1      0                         0      0        0
  SINCE JAN 1   1998                      1628    370     1945
..................................................................


WIND (MPH)
  HIGHEST WIND SPEED    15   HIGHEST WIND DIRECTION     N (10)
  HIGHEST GUST SPEED    20   HIGHEST GUST DIRECTION     N (20)
  AVERAGE WIND SPEED     7.7


SKY COVER
  POSSIBLE SUNSHINE  MM
  AVERAGE SKY COVER 0.6


WEATHER CONDITIONS
 THE FOLLOWING WEATHER WAS RECORDED YESTERDAY.
  RAIN
  LIGHT RAIN
  FOG


RELATIVE HUMIDITY (PERCENT)
 HIGHEST   100           300 AM
 LOWEST     71           800 PM
 AVERAGE    86

..........................................................


THE NORFOLK VA CLIMATE NORMALS FOR TODAY
                         NORMAL    RECORD    YEAR
 MAXIMUM TEMPERATURE (F)   55        80      2013
 MINIMUM TEMPERATURE (F)   38        24      1895


SUNRISE AND SUNSET
DECEMBER  6 2016......SUNRISE   704 AM EST   SUNSET   448 PM EST
DECEMBER  7 2016......SUNRISE   705 AM EST   SUNSET   448 PM EST


-  INDICATES NEGATIVE NUMBERS.
R  INDICATES RECORD WAS SET OR TIED.
MM INDICATES DATA IS MISSING.
T  INDICATES TRACE AMOUNT.




$$
