000
CDUS41 KAKQ 260827
CLIORF


CLIMATE REPORT
NATIONAL WEATHER SERVICE WAKEFIELD, VA
327 AM EST WED NOV 26 2014


...................................

...THE NORFOLK VA CLIMATE SUMMARY FOR NOVEMBER 25 2014...

CLIMATE NORMAL PERIOD 1981 TO 2010
CLIMATE RECORD PERIOD 1871 TO 2014


WEATHER ITEM   OBSERVED TIME   RECORD YEAR NORMAL DEPARTURE LAST
                VALUE   (LST)  VALUE       VALUE  FROM      YEAR
                                                  NORMAL
..................................................................
TEMPERATURE (F)
 YESTERDAY
  MAXIMUM         78   1250 PM  80    1973  58     20       38
  MINIMUM         52   1159 PM  22    1950  42     10       28
  AVERAGE         65                        50     15       33

PRECIPITATION (IN)
  YESTERDAY        0.28          1.04 1957   0.10   0.18     0.00
  MONTH TO DATE    1.50                      2.62  -1.12     1.06
  SINCE SEP 1     12.24                     10.80   1.44     6.12
  SINCE JAN 1     44.65                     42.74   1.91    39.39

SNOWFALL (IN)
  YESTERDAY        0.0           0.4  1938   0.0    0.0
  MONTH TO DATE    0.0                       0.0    0.0
  SINCE NOV 1      0.0                       0.0    0.0
  SINCE JUL 1      0.0                       0.0    0.0
  SNOW DEPTH       0

DEGREE DAYS
 HEATING
  YESTERDAY        0                        15    -15       32
  MONTH TO DATE  358                       291     67      309
  SINCE SEP 1    445                       448     -3      429
  SINCE JUL 1    445                       448     -3      429

 COOLING
  YESTERDAY        0                         0      0        0
  MONTH TO DATE    5                         1      4        9
  SINCE SEP 1    351                       286     65      305
  SINCE JAN 1   1724                      1621    103     1754
..................................................................


WIND (MPH)
  HIGHEST WIND SPEED    15   HIGHEST WIND DIRECTION    SW (210)
  HIGHEST GUST SPEED    18   HIGHEST GUST DIRECTION    SW (210)
  AVERAGE WIND SPEED     8.1


SKY COVER
  POSSIBLE SUNSHINE  MM
  AVERAGE SKY COVER 0.7


WEATHER CONDITIONS
 THE FOLLOWING WEATHER WAS RECORDED YESTERDAY.
  LIGHT RAIN


RELATIVE HUMIDITY (PERCENT)
 HIGHEST    89          1000 PM
 LOWEST     53           500 AM
 AVERAGE    71

..........................................................


THE NORFOLK VA CLIMATE NORMALS FOR TODAY
                         NORMAL    RECORD    YEAR
 MAXIMUM TEMPERATURE (F)   58        76      1990
                                             1986
                                             1946
 MINIMUM TEMPERATURE (F)   42        20      1950


SUNRISE AND SUNSET
NOVEMBER 26 2014......SUNRISE   654 AM EST   SUNSET   450 PM EST
NOVEMBER 27 2014......SUNRISE   655 AM EST   SUNSET   449 PM EST


-  INDICATES NEGATIVE NUMBERS.
R  INDICATES RECORD WAS SET OR TIED.
MM INDICATES DATA IS MISSING.
T  INDICATES TRACE AMOUNT.




$$
