000
CDUS41 KAKQ 270556
CLIORF


CLIMATE REPORT
NATIONAL WEATHER SERVICE WAKEFIELD, VA
155 AM EDT SAT MAY 27 2017


...................................

...THE NORFOLK VA CLIMATE SUMMARY FOR MAY 26 2017...

CLIMATE NORMAL PERIOD 1981 TO 2010
CLIMATE RECORD PERIOD 1871 TO 2017


WEATHER ITEM   OBSERVED TIME   RECORD YEAR NORMAL DEPARTURE LAST
                VALUE   (LST)  VALUE       VALUE  FROM      YEAR
                                                  NORMAL
..................................................................
TEMPERATURE (F)
 YESTERDAY
  MAXIMUM         81    430 PM  98    1880  78      3       90
  MINIMUM         63    504 AM  47    1967  61      2       66
  AVERAGE         72                        69      3       78

PRECIPITATION (IN)
  YESTERDAY        0.00          2.31 1961   0.12  -0.12     0.00
  MONTH TO DATE    6.21                      2.79   3.42     4.32
  SINCE MAR 1     14.40                      9.88   4.52    10.56
  SINCE JAN 1     19.47                     16.40   3.07    21.43

SNOWFALL (IN)
  YESTERDAY        0.0           0.0  2002   0.0    0.0
                                      2001
  MONTH TO DATE    0.0                       0.0    0.0
  SINCE NOV 1      5.4                       5.8   -0.4
  SINCE JUL 1      5.4                       5.8   -0.4
  SNOW DEPTH       0

DEGREE DAYS
 HEATING
  YESTERDAY        0                         1     -1        0
  MONTH TO DATE   47                        66    -19       70
  SINCE MAR 1    613                       797   -184      606
  SINCE JUL 1   2665                      3366   -701     2522

 COOLING
  YESTERDAY        7                         6      1       13
  MONTH TO DATE  114                        91     23       60
  SINCE MAR 1    274                       134    140      108
  SINCE JAN 1    277                       135    142      108
..................................................................


WIND (MPH)
  HIGHEST WIND SPEED    17   HIGHEST WIND DIRECTION     W (250)
  HIGHEST GUST SPEED    26   HIGHEST GUST DIRECTION     W (260)
  AVERAGE WIND SPEED     9.6


SKY COVER
  POSSIBLE SUNSHINE  MM
  AVERAGE SKY COVER 0.1


WEATHER CONDITIONS
 THE FOLLOWING WEATHER WAS RECORDED YESTERDAY.
  NO SIGNIFICANT WEATHER WAS OBSERVED.


RELATIVE HUMIDITY (PERCENT)
 HIGHEST    73          1200 AM
 LOWEST     39           600 PM
 AVERAGE    56

..........................................................


THE NORFOLK VA CLIMATE NORMALS FOR TODAY
                         NORMAL    RECORD    YEAR
 MAXIMUM TEMPERATURE (F)   78        98      1880
 MINIMUM TEMPERATURE (F)   61        40      1961


SUNRISE AND SUNSET
MAY 27 2017...........SUNRISE   549 AM EDT   SUNSET   815 PM EDT
MAY 28 2017...........SUNRISE   549 AM EDT   SUNSET   816 PM EDT


-  INDICATES NEGATIVE NUMBERS.
R  INDICATES RECORD WAS SET OR TIED.
MM INDICATES DATA IS MISSING.
T  INDICATES TRACE AMOUNT.




$$
