000
CDUS41 KAKQ 300826
CLIORF


CLIMATE REPORT
NATIONAL WEATHER SERVICE WAKEFIELD, VA
326 AM EST FRI JAN 30 2015


...................................

...THE NORFOLK VA CLIMATE SUMMARY FOR JANUARY 29 2015...

CLIMATE NORMAL PERIOD 1981 TO 2010
CLIMATE RECORD PERIOD 1871 TO 2015


WEATHER ITEM   OBSERVED TIME   RECORD YEAR NORMAL DEPARTURE LAST
                VALUE   (LST)  VALUE       VALUE  FROM      YEAR
                                                  NORMAL
..................................................................
TEMPERATURE (F)
 YESTERDAY
  MAXIMUM         42   1159 PM  78    1970  49     -7       24
  MINIMUM         32    746 AM  11    1897  33     -1       13
  AVERAGE         37                        41     -4       19

PRECIPITATION (IN)
  YESTERDAY        0.00          2.85 1937   0.11  -0.11     0.43
  MONTH TO DATE    3.58                      3.18   0.40     3.23
  SINCE DEC 1      7.28                      6.44   0.84     7.98
  SINCE JAN 1      3.58                      3.18   0.40     3.23

SNOWFALL (IN)
  YESTERDAY        0.0           4.6  1966   0.1   -0.1
  MONTH TO DATE    1.0                       2.4   -1.4
  SINCE NOV 1      1.0                       3.6   -2.6
  SINCE JUL 1      1.0                       3.6   -2.6
  SNOW DEPTH       0

DEGREE DAYS
 HEATING
  YESTERDAY       28                        24      4       46
  MONTH TO DATE  716                       718     -2      780
  SINCE DEC 1   1309                      1367    -58     1351
  SINCE JUL 1   1872                      1897    -25     1882

 COOLING
  YESTERDAY        0                         0      0        0
  MONTH TO DATE    0                         0      0        0
  SINCE DEC 1      0                         1     -1        5
  SINCE JAN 1      0                         0      0        0
..................................................................


WIND (MPH)
  HIGHEST WIND SPEED    20   HIGHEST WIND DIRECTION    SW (210)
  HIGHEST GUST SPEED    25   HIGHEST GUST DIRECTION    SW (220)
  AVERAGE WIND SPEED     8.9


SKY COVER
  POSSIBLE SUNSHINE  MM
  AVERAGE SKY COVER 0.3


WEATHER CONDITIONS
 THE FOLLOWING WEATHER WAS RECORDED YESTERDAY.
  NO SIGNIFICANT WEATHER WAS OBSERVED.


RELATIVE HUMIDITY (PERCENT)
 HIGHEST    59           700 AM
 LOWEST     32           400 PM
 AVERAGE    46

..........................................................


THE NORFOLK VA CLIMATE NORMALS FOR TODAY
                         NORMAL    RECORD    YEAR
 MAXIMUM TEMPERATURE (F)   49        80      2002
 MINIMUM TEMPERATURE (F)   33         6      2014


SUNRISE AND SUNSET
JANUARY 30 2015.......SUNRISE   709 AM EST   SUNSET   528 PM EST
JANUARY 31 2015.......SUNRISE   708 AM EST   SUNSET   529 PM EST


-  INDICATES NEGATIVE NUMBERS.
R  INDICATES RECORD WAS SET OR TIED.
MM INDICATES DATA IS MISSING.
T  INDICATES TRACE AMOUNT.




$$
