000
CDUS41 KAKQ 230826
CLIORF


CLIMATE REPORT
NATIONAL WEATHER SERVICE WAKEFIELD, VA
325 AM EST SUN NOV 23 2014


...................................

...THE NORFOLK VA CLIMATE SUMMARY FOR NOVEMBER 22 2014...

CLIMATE NORMAL PERIOD 1981 TO 2010
CLIMATE RECORD PERIOD 1871 TO 2014


WEATHER ITEM   OBSERVED TIME   RECORD YEAR NORMAL DEPARTURE LAST
                VALUE   (LST)  VALUE       VALUE  FROM      YEAR
                                                  NORMAL
..................................................................
TEMPERATURE (F)
 YESTERDAY
  MAXIMUM         51    354 PM  78    2007  59     -8       74
                                      1991
  MINIMUM         25    611 AM  21    1879  43    -18       46
  AVERAGE         38                        51    -13       60

PRECIPITATION (IN)
  YESTERDAY        0.00          1.48 1924   0.10  -0.10     0.02
  MONTH TO DATE    0.75                      2.31  -1.56     1.03
  SINCE SEP 1     11.49                     10.49   1.00     6.09
  SINCE JAN 1     43.90                     42.43   1.47    39.36

SNOWFALL (IN)
  YESTERDAY        0.0           0.0  2002   0.0    0.0
  MONTH TO DATE    0.0                       0.0    0.0
  SINCE NOV 1      0.0                       0.0    0.0
  SINCE JUL 1      0.0                       0.0    0.0
  SNOW DEPTH       0

DEGREE DAYS
 HEATING
  YESTERDAY       27                        14     13        5
  MONTH TO DATE  343                       247     96      237
  SINCE SEP 1    430                       404     26      357
  SINCE JUL 1    430                       404     26      357

 COOLING
  YESTERDAY        0                         0      0        0
  MONTH TO DATE    0                         1     -1        9
  SINCE SEP 1    346                       286     60      305
  SINCE JAN 1   1719                      1621     98     1754
..................................................................


WIND (MPH)
  HIGHEST WIND SPEED    15   HIGHEST WIND DIRECTION    SW (210)
  HIGHEST GUST SPEED    18   HIGHEST GUST DIRECTION    SW (210)
  AVERAGE WIND SPEED     6.4


SKY COVER
  POSSIBLE SUNSHINE  MM
  AVERAGE SKY COVER 0.0


WEATHER CONDITIONS
 THE FOLLOWING WEATHER WAS RECORDED YESTERDAY.
  NO SIGNIFICANT WEATHER WAS OBSERVED.


RELATIVE HUMIDITY (PERCENT)
 HIGHEST    81           600 AM
 LOWEST     22           100 PM
 AVERAGE    52

..........................................................


THE NORFOLK VA CLIMATE NORMALS FOR TODAY
                         NORMAL    RECORD    YEAR
 MAXIMUM TEMPERATURE (F)   59        81      1992
 MINIMUM TEMPERATURE (F)   42        23      2008


SUNRISE AND SUNSET
NOVEMBER 23 2014......SUNRISE   651 AM EST   SUNSET   451 PM EST
NOVEMBER 24 2014......SUNRISE   652 AM EST   SUNSET   450 PM EST


-  INDICATES NEGATIVE NUMBERS.
R  INDICATES RECORD WAS SET OR TIED.
MM INDICATES DATA IS MISSING.
T  INDICATES TRACE AMOUNT.




$$
