000
CDUS41 KBOX 280548
CLIORH


CLIMATE REPORT
NATIONAL WEATHER SERVICE TAUNTON MA
1243 AM EST SUN DEC 28 2014


...................................

...THE WORCESTER MA CLIMATE SUMMARY FOR DECEMBER 27 2014...

CLIMATE NORMAL PERIOD 1981 TO 2010
CLIMATE RECORD PERIOD 1892 TO 2014


WEATHER ITEM   OBSERVED TIME   RECORD YEAR NORMAL DEPARTURE LAST
                VALUE   (LST)  VALUE       VALUE  FROM      YEAR
                                                  NORMAL
..................................................................
TEMPERATURE (F)
 YESTERDAY
  MAXIMUM         47    220 PM  58    1895  33     14       29
  MINIMUM         30    441 AM  -3    1946  19     11       19
  AVERAGE         39                        26     13       24

PRECIPITATION (IN)
  YESTERDAY        0.00          1.41 1964   0.11  -0.11     0.00
  MONTH TO DATE    4.88                      3.38   1.50     3.25
  SINCE DEC 1      4.88                      3.38   1.50     3.25
  SINCE JAN 1     53.56                     47.63   5.93    44.55

SNOWFALL (IN)
  YESTERDAY        0.0           7.6  1930   0.5   -0.5      0.0
  MONTH TO DATE    1.5                      12.2  -10.7     18.9
  SINCE DEC 1      1.5                      12.2  -10.7     18.9
  SINCE JUL 1      8.7                      15.0   -6.3     19.4
  SNOW DEPTH       0

DEGREE DAYS
 HEATING
  YESTERDAY       26                        39    -13       41
  MONTH TO DATE  812                       942   -130      999
  SINCE DEC 1    812                       942   -130      999
  SINCE JUL 1   2190                      2344   -154     2411

 COOLING
  YESTERDAY        0                         0      0        0
  MONTH TO DATE    0                         0      0        0
  SINCE DEC 1      0                         0      0        0
  SINCE JAN 1    426                       471    -45      572
..................................................................


WIND (MPH)
  RESULTANT WIND SPEED   9   RESULTANT WIND DIRECTION   W (250)
  HIGHEST WIND SPEED    18   HIGHEST WIND DIRECTION     W (270)
  HIGHEST GUST SPEED    25   HIGHEST GUST DIRECTION     W (290)
  AVERAGE WIND SPEED    10.4


SKY COVER
  POSSIBLE SUNSHINE  MM
  AVERAGE SKY COVER 0.0


WEATHER CONDITIONS
 THE FOLLOWING WEATHER WAS RECORDED YESTERDAY.
  NO SIGNIFICANT WEATHER WAS OBSERVED.


RELATIVE HUMIDITY (PERCENT)
 HIGHEST    85           200 AM
 LOWEST     58           200 PM
 AVERAGE    72

..........................................................


THE WORCESTER MA CLIMATE NORMALS FOR TODAY
                         NORMAL    RECORD    YEAR
 MAXIMUM TEMPERATURE (F)   33        61      1982
 MINIMUM TEMPERATURE (F)   19        -8      1933


SUNRISE AND SUNSET
DECEMBER 28 2014......SUNRISE   716 AM EST   SUNSET   423 PM EST
DECEMBER 29 2014......SUNRISE   716 AM EST   SUNSET   423 PM EST


-  INDICATES NEGATIVE NUMBERS.
R  INDICATES RECORD WAS SET OR TIED.
MM INDICATES DATA IS MISSING.
T  INDICATES TRACE AMOUNT.




$$
