130
CDUS41 KBOX 180540
CLIORH


CLIMATE REPORT
NATIONAL WEATHER SERVICE TAUNTON MA
140 AM EDT WED OCT 18 2017


...................................

...THE WORCESTER MA CLIMATE SUMMARY FOR OCTOBER 17 2017...

CLIMATE NORMAL PERIOD 1981 TO 2010
CLIMATE RECORD PERIOD 1892 TO 2017


WEATHER ITEM   OBSERVED TIME   RECORD YEAR NORMAL DEPARTURE LAST
                VALUE   (LST)  VALUE       VALUE  FROM      YEAR
                                                  NORMAL
..................................................................
TEMPERATURE (F)
 YESTERDAY
  MAXIMUM         54    316 PM  85    1947  58     -4       71
                                      1938
  MINIMUM         35    200 AM  23    1940  41     -6       54
                                      1937
  AVERAGE         45                        50     -5       63

PRECIPITATION (IN)
  YESTERDAY        0.00          1.97 1936   0.15  -0.15      T
  MONTH TO DATE    0.72                      2.66  -1.94     1.12
  SINCE SEP 1      3.23                      6.59  -3.36     4.39
  SINCE JAN 1     32.52                     37.95  -5.43    27.79

SNOWFALL (IN)
  YESTERDAY        0.0           T    2015   0.1   -0.1      0.0
                                      1970
  MONTH TO DATE    0.0                       0.1   -0.1      0.0
  SINCE SEP 1      0.0                       0.1   -0.1      0.0
  SINCE JUL 1      0.0                       0.1   -0.1      0.0
  SNOW DEPTH      MM

DEGREE DAYS
 HEATING
  YESTERDAY       20                        16      4        2
  MONTH TO DATE  110                       219   -109      181
  SINCE SEP 1    206                       373   -167      274
  SINCE JUL 1    254                       412   -158      283

 COOLING
  YESTERDAY        0                         0      0        0
  MONTH TO DATE   16                         0     16        0
  SINCE SEP 1    100                        42     58       75
  SINCE JAN 1    531                       468     63      663
..................................................................


WIND (MPH)
  RESULTANT WIND SPEED   5   RESULTANT WIND DIRECTION   W (280)
  HIGHEST WIND SPEED    21   HIGHEST WIND DIRECTION    SW (240)
  HIGHEST GUST SPEED    28   HIGHEST GUST DIRECTION     W (250)
  AVERAGE WIND SPEED     8.5


SKY COVER
  POSSIBLE SUNSHINE  MM
  AVERAGE SKY COVER 0.0


WEATHER CONDITIONS
 THE FOLLOWING WEATHER WAS RECORDED YESTERDAY.
  NO SIGNIFICANT WEATHER WAS OBSERVED.


RELATIVE HUMIDITY (PERCENT)
 HIGHEST    82           200 AM
 LOWEST     32           200 PM
 AVERAGE    57

..........................................................


THE WORCESTER MA CLIMATE NORMALS FOR TODAY
                         NORMAL    RECORD    YEAR
 MAXIMUM TEMPERATURE (F)   58        85      1908
 MINIMUM TEMPERATURE (F)   41        25      1939


SUNRISE AND SUNSET
OCTOBER 18 2017.......SUNRISE   704 AM EDT   SUNSET   601 PM EDT
OCTOBER 19 2017.......SUNRISE   705 AM EDT   SUNSET   559 PM EDT


-  INDICATES NEGATIVE NUMBERS.
R  INDICATES RECORD WAS SET OR TIED.
MM INDICATES DATA IS MISSING.
T  INDICATES TRACE AMOUNT.




$$
