000
CDUS41 KBOX 040542
CLIORH


CLIMATE REPORT
NATIONAL WEATHER SERVICE TAUNTON MA
141 AM EDT TUE AUG 4 2015


...................................

...THE WORCESTER MA CLIMATE SUMMARY FOR AUGUST 3 2015...

CLIMATE NORMAL PERIOD 1981 TO 2010
CLIMATE RECORD PERIOD 1892 TO 2015


WEATHER ITEM   OBSERVED TIME   RECORD YEAR NORMAL DEPARTURE LAST
                VALUE   (LST)  VALUE       VALUE  FROM      YEAR
                                                  NORMAL
..................................................................
TEMPERATURE (F)
 YESTERDAY
  MAXIMUM         84    333 PM  94    1930  79      5       73
  MINIMUM         64    508 AM  45    1940  62      2       58
  AVERAGE         74                        70      4       66

PRECIPITATION (IN)
  YESTERDAY        0.00          1.52 1996   0.13  -0.13      T
  MONTH TO DATE    0.03                      0.40  -0.37     0.23
  SINCE JUN 1      9.24                      8.82   0.42     8.07
  SINCE JAN 1     23.54                     28.05  -4.51    29.26

SNOWFALL (IN)
  YESTERDAY        0.0           0.0  2002   0.0    0.0      0.0
                                      2001
                                      2000
  MONTH TO DATE    0.0                       0.0    0.0      0.0
  SINCE JUN 1      0.0                       0.0    0.0      0.0
  SINCE JUL 1      0.0                       0.0    0.0      0.0
  SNOW DEPTH      MM

DEGREE DAYS
 HEATING
  YESTERDAY        0                         0      0        0
  MONTH TO DATE    0                         0      0        0
  SINCE JUN 1     95                        97     -2       45
  SINCE JUL 1      1                        14    -13        0

 COOLING
  YESTERDAY        9                         6      3        1
  MONTH TO DATE   21                        18      3        8
  SINCE JUN 1    328                       277     51      266
  SINCE JAN 1    394                       299     95      274
..................................................................


WIND (MPH)
  RESULTANT WIND SPEED  11   RESULTANT WIND DIRECTION   S (200)
  HIGHEST WIND SPEED    22   HIGHEST WIND DIRECTION     S (180)
  HIGHEST GUST SPEED    28   HIGHEST GUST DIRECTION    SW (210)
  AVERAGE WIND SPEED    11.6


SKY COVER
  POSSIBLE SUNSHINE  MM
  AVERAGE SKY COVER 0.0


WEATHER CONDITIONS
 THE FOLLOWING WEATHER WAS RECORDED YESTERDAY.
  FOG


RELATIVE HUMIDITY (PERCENT)
 HIGHEST    93          1200 AM
 LOWEST     40           300 PM
 AVERAGE    67

..........................................................


THE WORCESTER MA CLIMATE NORMALS FOR TODAY
                         NORMAL    RECORD    YEAR
 MAXIMUM TEMPERATURE (F)   79        95      1944
 MINIMUM TEMPERATURE (F)   62        48      1927


SUNRISE AND SUNSET
AUGUST  4 2015........SUNRISE   543 AM EDT   SUNSET   803 PM EDT
AUGUST  5 2015........SUNRISE   544 AM EDT   SUNSET   802 PM EDT


-  INDICATES NEGATIVE NUMBERS.
R  INDICATES RECORD WAS SET OR TIED.
MM INDICATES DATA IS MISSING.
T  INDICATES TRACE AMOUNT.




$$
