000
CDUS41 KBOX 240539
CLIORH


CLIMATE REPORT
NATIONAL WEATHER SERVICE TAUNTON MA
135 AM EDT SAT JUN 24 2017


...................................

...THE WORCESTER MA CLIMATE SUMMARY FOR JUNE 23 2017...

CLIMATE NORMAL PERIOD 1981 TO 2010
CLIMATE RECORD PERIOD 1892 TO 2017


WEATHER ITEM   OBSERVED TIME   RECORD YEAR NORMAL DEPARTURE LAST
                VALUE   (LST)  VALUE       VALUE  FROM      YEAR
                                                  NORMAL
..................................................................
TEMPERATURE (F)
 YESTERDAY
  MAXIMUM         85    251 PM  89    1894  76      9       79
  MINIMUM         64    323 AM  42    1936  58      6       53
  AVERAGE         75                        67      8       66

PRECIPITATION (IN)
  YESTERDAY        0.10          2.80 2008   0.12  -0.02     0.00
  MONTH TO DATE    2.82                      3.31  -0.49     1.38
  SINCE JUN 1      2.82                      3.31  -0.49     1.38
  SINCE JAN 1     23.90                     22.54   1.36    17.10

SNOWFALL (IN)
  YESTERDAY        0.0           0.0  2002   0.0    0.0      0.0
                                      2001
                                      2000
  MONTH TO DATE    0.0                       0.0    0.0      0.0
  SINCE JUN 1      0.0                       0.0    0.0      0.0
  SINCE JUL 1     78.3                      64.1   14.2     47.2
  SNOW DEPTH      MM

DEGREE DAYS
 HEATING
  YESTERDAY        0                         1     -1        0
  MONTH TO DATE   77                        75      2       51
  SINCE JUN 1     77                        75      2       51
  SINCE JUL 1   6262                      6709   -447     5762

 COOLING
  YESTERDAY       10                         4      6        1
  MONTH TO DATE   86                        55     31       35
  SINCE JUN 1     86                        55     31       35
  SINCE JAN 1    120                        77     43       77
..................................................................


WIND (MPH)
  RESULTANT WIND SPEED  12   RESULTANT WIND DIRECTION  SW (220)
  HIGHEST WIND SPEED    23   HIGHEST WIND DIRECTION     S (180)
  HIGHEST GUST SPEED    30   HIGHEST GUST DIRECTION    SW (220)
  AVERAGE WIND SPEED    12.3


SKY COVER
  POSSIBLE SUNSHINE  MM
  AVERAGE SKY COVER 0.5


WEATHER CONDITIONS
 THE FOLLOWING WEATHER WAS RECORDED YESTERDAY.
  LIGHT RAIN
  FOG


RELATIVE HUMIDITY (PERCENT)
 HIGHEST    90           800 PM
 LOWEST     44           300 PM
 AVERAGE    67

..........................................................


THE WORCESTER MA CLIMATE NORMALS FOR TODAY
                         NORMAL    RECORD    YEAR
 MAXIMUM TEMPERATURE (F)   76        91      1914
 MINIMUM TEMPERATURE (F)   59        41      1932


SUNRISE AND SUNSET
JUNE 24 2017..........SUNRISE   512 AM EDT   SUNSET   828 PM EDT
JUNE 25 2017..........SUNRISE   512 AM EDT   SUNSET   828 PM EDT


-  INDICATES NEGATIVE NUMBERS.
R  INDICATES RECORD WAS SET OR TIED.
MM INDICATES DATA IS MISSING.
T  INDICATES TRACE AMOUNT.




$$
