000
CDUS41 KBOX 012132
CLIORH


CLIMATE REPORT
NATIONAL WEATHER SERVICE TAUNTON MA
428 PM EST SUN FEB 1 2015


...................................

...THE WORCESTER MA CLIMATE SUMMARY FOR FEBRUARY 1 2015...
VALID AS OF 0400 PM LOCAL TIME.

CLIMATE NORMAL PERIOD 1981 TO 2010
CLIMATE RECORD PERIOD 1892 TO 2015


WEATHER ITEM   OBSERVED TIME   RECORD YEAR NORMAL DEPARTURE LAST
                VALUE   (LST)  VALUE       VALUE  FROM      YEAR
                                                  NORMAL
..................................................................
TEMPERATURE (F)
 TODAY
  MAXIMUM         30    400 PM  61    1989  32     -2       42
  MINIMUM         12   1000 AM -11    1935  17     -5       28
  AVERAGE         21                        25     -4       35

PRECIPITATION (IN)
  TODAY            0.00          1.69 2008   0.11  -0.11     0.00
  MONTH TO DATE    0.00                      0.11  -0.11     0.00
  SINCE DEC 1      9.93                      7.42   2.51     7.53
  SINCE JAN 1      5.03                      3.60   1.43     3.10

SNOWFALL (IN)
  TODAY            0.0           7.6  2011   0.6   -0.6      0.0
  MONTH TO DATE    0.0                       0.6   -0.6      0.0
  SINCE DEC 1     48.0                      32.1   15.9     38.9
  SINCE JUL 1     55.2                      34.9   20.3     39.4
  SNOW DEPTH      MM

DEGREE DAYS
 HEATING
  TODAY           44                        40      4       30
  MONTH TO DATE   44                        40      4       30
  SINCE DEC 1   2312                      2411    -99     2507
  SINCE JUL 1   3690                      3813   -123     3919

 COOLING
  TODAY            0                         0      0        0
  MONTH TO DATE    0                         0      0        0
  SINCE DEC 1      0                         0      0        0
  SINCE JAN 1      0                         0      0        0
..................................................................


WIND (MPH)
  HIGHEST WIND SPEED    14   HIGHEST WIND DIRECTION     W (260)
  HIGHEST GUST SPEED    MM   HIGHEST GUST DIRECTION    MM
  AVERAGE WIND SPEED     9.6


SKY COVER
  POSSIBLE SUNSHINE  MM
  AVERAGE SKY COVER 0.0


WEATHER CONDITIONS
 THE FOLLOWING WEATHER WAS RECORDED TODAY.
  NO SIGNIFICANT WEATHER WAS OBSERVED.


RELATIVE HUMIDITY (PERCENT)
 HIGHEST    84          1000 AM
 LOWEST     39           400 PM
 AVERAGE    62

..........................................................


THE WORCESTER MA CLIMATE NORMALS FOR TOMORROW
                         NORMAL    RECORD    YEAR
 MAXIMUM TEMPERATURE (F)   32        55      1973
 MINIMUM TEMPERATURE (F)   17       -10      1961


SUNRISE AND SUNSET
FEBRUARY  1 2015......SUNRISE   701 AM EST   SUNSET   501 PM EST
FEBRUARY  2 2015......SUNRISE   700 AM EST   SUNSET   503 PM EST


-  INDICATES NEGATIVE NUMBERS.
R  INDICATES RECORD WAS SET OR TIED.
MM INDICATES DATA IS MISSING.
T  INDICATES TRACE AMOUNT.




$$
