788
CDUS46 KMFR 180836
CLIOTH


CLIMATE REPORT
NATIONAL WEATHER SERVICE MEDFORD, OR
1235 AM PST THU JAN 18 2018


...................................

...THE NORTH BEND OR CLIMATE SUMMARY FOR JANUARY 17 2018...

CLIMATE NORMAL PERIOD 1981 TO 2010
CLIMATE RECORD PERIOD 1902 TO 2018


WEATHER ITEM   OBSERVED TIME   RECORD YEAR NORMAL DEPARTURE LAST
                VALUE   (LST)  VALUE       VALUE  FROM      YEAR
                                                  NORMAL
..................................................................
TEMPERATURE (F)
 YESTERDAY
  MAXIMUM         67R       MM  67    1981  52     15       59
  MINIMUM         43        MM  23    1917  40      3       41
  AVERAGE         55                        46      9       50

PRECIPITATION (IN)
  YESTERDAY        0.55          2.75 1953   0.33   0.22     0.55
  MONTH TO DATE    1.03                      5.94  -4.91     5.91
  SINCE OCT 1     19.93                     32.03 -12.10    40.06
  SINCE JAN 1      1.03                      5.94  -4.91     5.91

SNOWFALL (IN)
  YESTERDAY       MM
  SNOW DEPTH      MM

DEGREE DAYS
 HEATING
  YESTERDAY       10                        19     -9       15
  MONTH TO DATE  243                       325    -82      390
  SINCE DEC 1    768                       934   -166     1048
  SINCE JUL 1   1923                      2386   -463     2044

 COOLING
  YESTERDAY        0                         0      0        0
  MONTH TO DATE    0                         0      0        0
  SINCE DEC 1      0                         0      0        0
  SINCE JAN 1      0                         0      0        0
..................................................................


WIND (MPH)
  HIGHEST WIND SPEED    24   HIGHEST WIND DIRECTION     S (180)
  HIGHEST GUST SPEED    47   HIGHEST GUST DIRECTION     S (200)
  AVERAGE WIND SPEED    11.2


SKY COVER
  POSSIBLE SUNSHINE   0 PERCENT
  AVERAGE SKY COVER 0.0


WEATHER CONDITIONS
 THE FOLLOWING WEATHER WAS RECORDED YESTERDAY.
  NO SIGNIFICANT WEATHER WAS OBSERVED.


RELATIVE HUMIDITY (PERCENT)
 HIGHEST     0          1200 AM
 LOWEST      0          1200 AM

..........................................................


THE NORTH BEND OR CLIMATE NORMALS FOR TODAY
                         NORMAL    RECORD    YEAR
 MAXIMUM TEMPERATURE (F)   52        69      1992
 MINIMUM TEMPERATURE (F)   40        19      1943


SUNRISE AND SUNSET
JANUARY 18 2018.......SUNRISE   745 AM PST   SUNSET   510 PM PST
JANUARY 19 2018.......SUNRISE   744 AM PST   SUNSET   512 PM PST


-  INDICATES NEGATIVE NUMBERS.
R  INDICATES RECORD WAS SET OR TIED.
MM INDICATES DATA IS MISSING.
T  INDICATES TRACE AMOUNT.




$$
