000
CDUS46 KMFR 010839
CLIOTH


CLIMATE REPORT
NATIONAL WEATHER SERVICE MEDFORD, OR
1239 AM PST SUN FEB 1 2015


...................................

...THE NORTH BEND OR CLIMATE SUMMARY FOR JANUARY 31 2015...

CLIMATE NORMAL PERIOD 1981 TO 2010
CLIMATE RECORD PERIOD 1902 TO 2015


WEATHER ITEM   OBSERVED TIME   RECORD YEAR NORMAL DEPARTURE LAST
                VALUE   (LST)  VALUE       VALUE  FROM      YEAR
                                                  NORMAL
..................................................................
TEMPERATURE (F)
 YESTERDAY
  MAXIMUM         64        MM  67    1934  52     12       48
  MINIMUM         36        MM  19    1950  40     -4       39
  AVERAGE         50                        46      4       44

PRECIPITATION (IN)
  YESTERDAY        0.00          2.59 1937   0.29  -0.29     0.16
  MONTH TO DATE    1.89                     10.19  -8.30     2.69
  SINCE OCT 1     25.19                     36.28 -11.09     8.31
  SINCE JAN 1      1.89                     10.19  -8.30     2.69

SNOWFALL (IN)
  YESTERDAY       MM
  SNOW DEPTH      MM

DEGREE DAYS
 HEATING
  YESTERDAY       15                        19     -4       21
  MONTH TO DATE  440                       591   -151      526
  SINCE DEC 1    869                      1203   -334     1238
  SINCE JUL 1   1745                      2655   -910     2353

 COOLING
  YESTERDAY        0                         0      0        0
  MONTH TO DATE    0                         0      0        0
  SINCE DEC 1      0                         0      0        0
  SINCE JAN 1      0                         0      0        0
..................................................................


WIND (MPH)
  HIGHEST WIND SPEED     8   HIGHEST WIND DIRECTION    SE (150)
  HIGHEST GUST SPEED    MM   HIGHEST GUST DIRECTION    MM
  AVERAGE WIND SPEED     3.0


SKY COVER
  POSSIBLE SUNSHINE   0 PERCENT
  AVERAGE SKY COVER 0.0


WEATHER CONDITIONS
 THE FOLLOWING WEATHER WAS RECORDED YESTERDAY.
  NO SIGNIFICANT WEATHER WAS OBSERVED.


RELATIVE HUMIDITY (PERCENT)
 HIGHEST    MM
 LOWEST     MM

..........................................................


THE NORTH BEND OR CLIMATE NORMALS FOR TODAY
                         NORMAL    RECORD    YEAR
 MAXIMUM TEMPERATURE (F)   52        69      1935
 MINIMUM TEMPERATURE (F)   40        23      1922


SUNRISE AND SUNSET
FEBRUARY  1 2015......SUNRISE   733 AM PST   SUNSET   529 PM PST
FEBRUARY  2 2015......SUNRISE   732 AM PST   SUNSET   530 PM PST


-  INDICATES NEGATIVE NUMBERS.
R  INDICATES RECORD WAS SET OR TIED.
MM INDICATES DATA IS MISSING.
T  INDICATES TRACE AMOUNT.




$$
