000
CDUS46 KMFR 230836
CLIOTH


CLIMATE REPORT
NATIONAL WEATHER SERVICE MEDFORD, OR
1236 AM PST MON JAN 23 2017


...................................

...THE NORTH BEND OR CLIMATE SUMMARY FOR JANUARY 22 2017...

CLIMATE NORMAL PERIOD 1981 TO 2010
CLIMATE RECORD PERIOD 1902 TO 2017


WEATHER ITEM   OBSERVED TIME   RECORD YEAR NORMAL DEPARTURE LAST
                VALUE   (LST)  VALUE       VALUE  FROM      YEAR
                                                  NORMAL
..................................................................
TEMPERATURE (F)
 YESTERDAY
  MAXIMUM         46        MM  66    1968  52     -6       61
  MINIMUM         41        MM  17    1962  40      1       46
  AVERAGE         44                        46     -2       54

PRECIPITATION (IN)
  YESTERDAY        0.73          2.98 1982   0.31   0.42     1.01
  MONTH TO DATE    8.87                      7.56   1.31     9.23
  SINCE OCT 1     43.02                     33.65   9.37    34.86
  SINCE JAN 1      8.87                      7.56   1.31     9.23

SNOWFALL (IN)
  YESTERDAY       MM
  SNOW DEPTH      MM

DEGREE DAYS
 HEATING
  YESTERDAY       21                        19      2       11
  MONTH TO DATE  469                       420     49      333
  SINCE DEC 1   1127                      1029     98      812
  SINCE JUL 1   2123                      2481   -358     1819

 COOLING
  YESTERDAY        0                         0      0        0
  MONTH TO DATE    0                         0      0        0
  SINCE DEC 1      0                         0      0        0
  SINCE JAN 1      0                         0      0        0
..................................................................


WIND (MPH)
  HIGHEST WIND SPEED    20   HIGHEST WIND DIRECTION     S (160)
  HIGHEST GUST SPEED    35   HIGHEST GUST DIRECTION     S (160)
  AVERAGE WIND SPEED    12.2


SKY COVER
  POSSIBLE SUNSHINE  MM
  AVERAGE SKY COVER 0.7


WEATHER CONDITIONS
 THE FOLLOWING WEATHER WAS RECORDED YESTERDAY.
  NO SIGNIFICANT WEATHER WAS OBSERVED.


RELATIVE HUMIDITY (PERCENT)
 HIGHEST    96           700 AM
 LOWEST     76          1100 AM

..........................................................


THE NORTH BEND OR CLIMATE NORMALS FOR TODAY
                         NORMAL    RECORD    YEAR
 MAXIMUM TEMPERATURE (F)   52        66      1968
 MINIMUM TEMPERATURE (F)   40        22      1962


SUNRISE AND SUNSET
JANUARY 23 2017.......SUNRISE   741 AM PST   SUNSET   517 PM PST
JANUARY 24 2017.......SUNRISE   740 AM PST   SUNSET   519 PM PST


-  INDICATES NEGATIVE NUMBERS.
R  INDICATES RECORD WAS SET OR TIED.
MM INDICATES DATA IS MISSING.
T  INDICATES TRACE AMOUNT.




$$
