000
CDUS46 KMFR 260040
CLIOTH


CLIMATE REPORT
NATIONAL WEATHER SERVICE MEDFORD, OR
539 PM PDT MON MAY 25 2015


...................................

...THE NORTH BEND OR CLIMATE SUMMARY FOR MAY 25 2015...
VALID TODAY AS OF 0500 PM LOCAL TIME.

CLIMATE NORMAL PERIOD 1981 TO 2010
CLIMATE RECORD PERIOD 1902 TO 2015


WEATHER ITEM   OBSERVED TIME   RECORD YEAR NORMAL DEPARTURE LAST
                VALUE   (LST)  VALUE       VALUE  FROM      YEAR
                                                  NORMAL
..................................................................
TEMPERATURE (F)
 TODAY
  MAXIMUM         63        MM  84    2005  60      3       70
  MINIMUM         52        MM  32    1920  48      4       48
  AVERAGE         58                        54      4       59

PRECIPITATION (IN)
  TODAY            0.00          0.72 1960   0.10  -0.10     0.00
  MONTH TO DATE    0.09                      2.76  -2.67     1.72
  SINCE OCT 1     42.03                     59.63 -17.60    26.96
  SINCE JAN 1     18.73                     33.54 -14.81    21.34

SNOWFALL (IN)
  TODAY           MM                         0.0   MM       MM
  MONTH TO DATE   MM                         0.0   MM       MM
  SINCE JUL 1     MM                         0.4   MM        0.0
  SNOW DEPTH      MM

DEGREE DAYS
 HEATING
  TODAY            7                        11     -4        6
  MONTH TO DATE  245                       310    -65      192
  SINCE MAR 1   1098                      1322   -224     1028
  SINCE JUL 1   3202                      4496  -1294     3825

 COOLING
  TODAY            0                         0      0        0
  MONTH TO DATE    0                         0      0        4
  SINCE MAR 1      0                         0      0       12
  SINCE JAN 1      0                         0      0       12
..................................................................


WIND (MPH)
  HIGHEST WIND SPEED    20   HIGHEST WIND DIRECTION     N (360)
  HIGHEST GUST SPEED    28   HIGHEST GUST DIRECTION     N (360)
  AVERAGE WIND SPEED    10.9


SKY COVER
  POSSIBLE SUNSHINE  MM
  AVERAGE SKY COVER 0.6


WEATHER CONDITIONS
 THE FOLLOWING WEATHER WAS RECORDED TODAY.
  NO SIGNIFICANT WEATHER WAS OBSERVED.


RELATIVE HUMIDITY (PERCENT)
 HIGHEST    96           300 AM
 LOWEST     67          1200 PM

..........................................................


THE NORTH BEND OR CLIMATE NORMALS FOR TOMORROW
                         NORMAL    RECORD    YEAR
 MAXIMUM TEMPERATURE (F)   60        72      1919
 MINIMUM TEMPERATURE (F)   48        33      1922


SUNRISE AND SUNSET
MAY 25 2015...........SUNRISE   544 AM PDT   SUNSET   845 PM PDT
MAY 26 2015...........SUNRISE   543 AM PDT   SUNSET   846 PM PDT


-  INDICATES NEGATIVE NUMBERS.
R  INDICATES RECORD WAS SET OR TIED.
MM INDICATES DATA IS MISSING.
T  INDICATES TRACE AMOUNT.




$$
