000
CDUS46 KMFR 010838
CLIOTH


CLIMATE REPORT
NATIONAL WEATHER SERVICE MEDFORD, OR
138 AM PDT MON SEP 1 2014


...................................

...THE NORTH BEND OR CLIMATE SUMMARY FOR AUGUST 31 2014...

CLIMATE NORMAL PERIOD 1981 TO 2010
CLIMATE RECORD PERIOD 1902 TO 2014


WEATHER ITEM   OBSERVED TIME   RECORD YEAR NORMAL DEPARTURE LAST
                VALUE   (LST)  VALUE       VALUE  FROM      YEAR
                                                  NORMAL
..................................................................
TEMPERATURE (F)
 YESTERDAY
  MAXIMUM         72        MM  96    1918  66      6       64
  MINIMUM         55        MM  41    1920  52      3       57
  AVERAGE         64                        59      5       61

PRECIPITATION (IN)
  YESTERDAY        0.00          1.43 1971   0.03  -0.03     0.00
  MONTH TO DATE    0.02                      0.62  -0.60     0.44
  SINCE SEP 1     34.02                     64.91 -30.89    44.03
  SINCE JAN 1     22.45                     37.24 -14.79    17.93

SNOWFALL (IN)
  YESTERDAY       MM
  SNOW DEPTH      MM

DEGREE DAYS
 HEATING
  YESTERDAY        1                         6     -5        4
  MONTH TO DATE  119                       186    -67       72
  SINCE JUN 1    462                       646   -184      337
  SINCE JUL 1    265                       379   -114      167

 COOLING
  YESTERDAY        0                         0      0        0
  MONTH TO DATE    0                         1     -1        8
  SINCE JUN 1      0                         1     -1        8
  SINCE JAN 1     12                         1     11       12
..................................................................


WIND (MPH)
  HIGHEST WIND SPEED    10   HIGHEST WIND DIRECTION    NW (330)
  HIGHEST GUST SPEED    MM   HIGHEST GUST DIRECTION    MM
  AVERAGE WIND SPEED     5.7


SKY COVER
  POSSIBLE SUNSHINE  MM
  AVERAGE SKY COVER  MM


WEATHER CONDITIONS
 THE FOLLOWING WEATHER WAS RECORDED YESTERDAY.
  NO SIGNIFICANT WEATHER WAS OBSERVED.


RELATIVE HUMIDITY (PERCENT)
 HIGHEST    MM
 LOWEST     MM

..........................................................


THE NORTH BEND OR CLIMATE NORMALS FOR TODAY
                         NORMAL    RECORD    YEAR
 MAXIMUM TEMPERATURE (F)   66        81      1972
 MINIMUM TEMPERATURE (F)   52        40      1924


SUNRISE AND SUNSET
SEPTEMBER  1 2014.....SUNRISE   641 AM PDT   SUNSET   752 PM PDT
SEPTEMBER  2 2014.....SUNRISE   642 AM PDT   SUNSET   750 PM PDT


-  INDICATES NEGATIVE NUMBERS.
R  INDICATES RECORD WAS SET OR TIED.
MM INDICATES DATA IS MISSING.
T  INDICATES TRACE AMOUNT.




$$
