000
CDUS46 KMFR 300841
CLIOTH


CLIMATE REPORT
NATIONAL WEATHER SERVICE MEDFORD, OR
141 AM PDT THU OCT 30 2014


...................................

...THE NORTH BEND OR CLIMATE SUMMARY FOR OCTOBER 29 2014...

CLIMATE NORMAL PERIOD 1981 TO 2010
CLIMATE RECORD PERIOD 1902 TO 2014


WEATHER ITEM   OBSERVED TIME   RECORD YEAR NORMAL DEPARTURE LAST
                VALUE   (LST)  VALUE       VALUE  FROM      YEAR
                                                  NORMAL
..................................................................
TEMPERATURE (F)
 YESTERDAY
  MAXIMUM         64        MM  83    1939  59      5       55
  MINIMUM         55        MM  28    1971  45     10       36
  AVERAGE         60                        52      8       46

PRECIPITATION (IN)
  YESTERDAY        0.00          1.61 1950   0.23  -0.23     0.00
  MONTH TO DATE    5.08                      4.25   0.83     0.76
  SINCE SEP 1      6.91                      5.83   1.08     6.71
  SINCE JAN 1     29.36                     43.07 -13.71    24.64

SNOWFALL (IN)
  YESTERDAY       MM
  SNOW DEPTH      MM

DEGREE DAYS
 HEATING
  YESTERDAY        5                        13     -8       19
  MONTH TO DATE  147                       332   -185      346
  SINCE SEP 1    250                       561   -311      465
  SINCE JUL 1    515                       940   -425      632

 COOLING
  YESTERDAY        0                         0      0        0
  MONTH TO DATE    6                         0      6        0
  SINCE SEP 1     16                         1     15        1
  SINCE JAN 1     28                         2     26       13
..................................................................


WIND (MPH)
  HIGHEST WIND SPEED     7   HIGHEST WIND DIRECTION     S (160)
  HIGHEST GUST SPEED    MM   HIGHEST GUST DIRECTION    MM
  AVERAGE WIND SPEED     3.3


SKY COVER
  POSSIBLE SUNSHINE  MM
  AVERAGE SKY COVER  MM


WEATHER CONDITIONS
 THE FOLLOWING WEATHER WAS RECORDED YESTERDAY.
  NO SIGNIFICANT WEATHER WAS OBSERVED.


RELATIVE HUMIDITY (PERCENT)
 HIGHEST    MM
 LOWEST     MM

..........................................................


THE NORTH BEND OR CLIMATE NORMALS FOR TODAY
                         NORMAL    RECORD    YEAR
 MAXIMUM TEMPERATURE (F)   58        80      1949
 MINIMUM TEMPERATURE (F)   45        30      2006


SUNRISE AND SUNSET
OCTOBER 30 2014.......SUNRISE   750 AM PDT   SUNSET   611 PM PDT
OCTOBER 31 2014.......SUNRISE   751 AM PDT   SUNSET   609 PM PDT


-  INDICATES NEGATIVE NUMBERS.
R  INDICATES RECORD WAS SET OR TIED.
MM INDICATES DATA IS MISSING.
T  INDICATES TRACE AMOUNT.




$$
