000
CDUS46 KMFR 210837
CLIOTH


CLIMATE REPORT
NATIONAL WEATHER SERVICE MEDFORD, OR
137 AM PDT THU AUG 21 2014


...................................

...THE NORTH BEND OR CLIMATE SUMMARY FOR AUGUST 20 2014...

CLIMATE NORMAL PERIOD 1981 TO 2010
CLIMATE RECORD PERIOD 1902 TO 2014


WEATHER ITEM   OBSERVED TIME   RECORD YEAR NORMAL DEPARTURE LAST
                VALUE   (LST)  VALUE       VALUE  FROM      YEAR
                                                  NORMAL
..................................................................
TEMPERATURE (F)
 YESTERDAY
  MAXIMUM         72        MM  89    1913  66      6       70
  MINIMUM         57        MM  36    1913  53      4       54
  AVERAGE         65                        59      6       62

PRECIPITATION (IN)
  YESTERDAY        0.00          0.33 2008   0.02  -0.02     0.00
  MONTH TO DATE    0.01                      0.32  -0.31     0.05
  SINCE SEP 1     34.01                     64.61 -30.60    43.64
  SINCE JAN 1     22.44                     36.94 -14.50    17.54

SNOWFALL (IN)
  YESTERDAY       MM
  SNOW DEPTH      MM

DEGREE DAYS
 HEATING
  YESTERDAY        0                         6     -6        3
  MONTH TO DATE   80                       120    -40       37
  SINCE JUN 1    423                       584   -161      302
  SINCE JUL 1    226                       317    -91      132

 COOLING
  YESTERDAY        0                         0      0        0
  MONTH TO DATE    0                         0      0        1
  SINCE JUN 1      0                         0      0        1
  SINCE JAN 1     12                         0     12        5
..................................................................


WIND (MPH)
  HIGHEST WIND SPEED    22   HIGHEST WIND DIRECTION     N (360)
  HIGHEST GUST SPEED    29   HIGHEST GUST DIRECTION     N (360)
  AVERAGE WIND SPEED     9.2


SKY COVER
  POSSIBLE SUNSHINE  MM
  AVERAGE SKY COVER 0.5


WEATHER CONDITIONS
 THE FOLLOWING WEATHER WAS RECORDED YESTERDAY.
  NO SIGNIFICANT WEATHER WAS OBSERVED.


RELATIVE HUMIDITY (PERCENT)
 HIGHEST   100          1200 AM
 LOWEST     57           300 PM

..........................................................


THE NORTH BEND OR CLIMATE NORMALS FOR TODAY
                         NORMAL    RECORD    YEAR
 MAXIMUM TEMPERATURE (F)   66        77      1917
 MINIMUM TEMPERATURE (F)   53        42      1930


SUNRISE AND SUNSET
AUGUST 21 2014........SUNRISE   629 AM PDT   SUNSET   811 PM PDT
AUGUST 22 2014........SUNRISE   630 AM PDT   SUNSET   809 PM PDT


-  INDICATES NEGATIVE NUMBERS.
R  INDICATES RECORD WAS SET OR TIED.
MM INDICATES DATA IS MISSING.
T  INDICATES TRACE AMOUNT.




$$
