911
CDUS46 KMFR 080838
CLIOTH


CLIMATE REPORT
NATIONAL WEATHER SERVICE MEDFORD, OR
1238 AM PST MON FEB 8 2016


...................................

...THE NORTH BEND OR CLIMATE SUMMARY FOR FEBRUARY 7 2016...

CLIMATE NORMAL PERIOD 1981 TO 2010
CLIMATE RECORD PERIOD 1902 TO 2016


WEATHER ITEM   OBSERVED TIME   RECORD YEAR NORMAL DEPARTURE LAST
                VALUE   (LST)  VALUE       VALUE  FROM      YEAR
                                                  NORMAL
..................................................................
TEMPERATURE (F)
 YESTERDAY
  MAXIMUM         73R       MM  69    1987  52     21       59
  MINIMUM         46        MM  22    1989  40      6       52
  AVERAGE         60                        46     14       56

PRECIPITATION (IN)
  YESTERDAY        0.00          2.61 1985   0.27  -0.27     0.78
  MONTH TO DATE    0.86                      1.94  -1.08     5.51
  SINCE OCT 1     38.69                     38.22   0.47    30.70
  SINCE JAN 1     13.06                     12.13   0.93     7.40

SNOWFALL (IN)
  YESTERDAY       MM
  SNOW DEPTH      MM

DEGREE DAYS
 HEATING
  YESTERDAY        5                        19    -14        9
  MONTH TO DATE  103                       133    -30       67
  SINCE DEC 1   1043                      1336   -293      936
  SINCE JUL 1   2050                      2788   -738     1812

 COOLING
  YESTERDAY        0                         0      0        0
  MONTH TO DATE    0                         0      0        0
  SINCE DEC 1      0                         0      0        0
  SINCE JAN 1      0                         0      0        0
..................................................................


WIND (MPH)
  HIGHEST WIND SPEED    12   HIGHEST WIND DIRECTION     E (100)
  HIGHEST GUST SPEED    MM   HIGHEST GUST DIRECTION    MM
  AVERAGE WIND SPEED     5.0


SKY COVER
  POSSIBLE SUNSHINE  MM
  AVERAGE SKY COVER  MM


WEATHER CONDITIONS
 THE FOLLOWING WEATHER WAS RECORDED YESTERDAY.
  NO SIGNIFICANT WEATHER WAS OBSERVED.


RELATIVE HUMIDITY (PERCENT)
 HIGHEST    MM
 LOWEST     MM

..........................................................


THE NORTH BEND OR CLIMATE NORMALS FOR TODAY
                         NORMAL    RECORD    YEAR
 MAXIMUM TEMPERATURE (F)   52        69      1963
 MINIMUM TEMPERATURE (F)   40        23      1989


SUNRISE AND SUNSET
FEBRUARY  8 2016......SUNRISE   725 AM PST   SUNSET   538 PM PST
FEBRUARY  9 2016......SUNRISE   724 AM PST   SUNSET   539 PM PST


-  INDICATES NEGATIVE NUMBERS.
R  INDICATES RECORD WAS SET OR TIED.
MM INDICATES DATA IS MISSING.
T  INDICATES TRACE AMOUNT.




$$
