000
CDUS46 KMFR 220037
CLIOTH


CLIMATE REPORT
NATIONAL WEATHER SERVICE MEDFORD, OR
536 PM PDT SUN SEP 21 2014


...................................

...THE NORTH BEND OR CLIMATE SUMMARY FOR SEPTEMBER 21 2014...
VALID TODAY AS OF 0500 PM LOCAL TIME.

CLIMATE NORMAL PERIOD 1981 TO 2010
CLIMATE RECORD PERIOD 1902 TO 2014


WEATHER ITEM   OBSERVED TIME   RECORD YEAR NORMAL DEPARTURE LAST
                VALUE   (LST)  VALUE       VALUE  FROM      YEAR
                                                  NORMAL
..................................................................
TEMPERATURE (F)
 TODAY
  MAXIMUM         66        MM  98    1928  65      1       64
  MINIMUM         57    200 AM  37    1929  49      8       55
  AVERAGE         62                        57      5       60

PRECIPITATION (IN)
  TODAY            0.00          0.91 1972   0.05  -0.05     0.64
  MONTH TO DATE    0.00                      0.93  -0.93     1.75
  SINCE SEP 1      0.00                      0.93  -0.93     1.75
  SINCE JAN 1     22.45                     38.17 -15.72    19.68

SNOWFALL (IN)
  TODAY           MM                         0.0   MM       MM
  MONTH TO DATE   MM                         0.0   MM       MM
  SINCE JUL 1     MM                         0.0   MM       MM
  SNOW DEPTH      MM

DEGREE DAYS
 HEATING
  TODAY            3                         8     -5        5
  MONTH TO DATE   80                       148    -68       58
  SINCE SEP 1     80                       148    -68       58
  SINCE JUL 1    345                       527   -182      225

 COOLING
  TODAY            0                         0      0        0
  MONTH TO DATE    8                         0      8        1
  SINCE SEP 1      8                         0      8        1
  SINCE JAN 1     20                         1     19       13
..................................................................


WIND (MPH)
  HIGHEST WIND SPEED    15   HIGHEST WIND DIRECTION     W (250)
  HIGHEST GUST SPEED    21   HIGHEST GUST DIRECTION    SW (240)
  AVERAGE WIND SPEED     5.3


SKY COVER
  POSSIBLE SUNSHINE  MM
  AVERAGE SKY COVER 1.0


WEATHER CONDITIONS
 THE FOLLOWING WEATHER WAS RECORDED TODAY.
  NO SIGNIFICANT WEATHER WAS OBSERVED.


RELATIVE HUMIDITY (PERCENT)
 HIGHEST   100
 LOWEST     78           200 PM

..........................................................


THE NORTH BEND OR CLIMATE NORMALS FOR TOMORROW
                         NORMAL    RECORD    YEAR
 MAXIMUM TEMPERATURE (F)   64        94      1919
                                             1946
 MINIMUM TEMPERATURE (F)   49        38      1918


SUNRISE AND SUNSET
SEPTEMBER 21 2014.....SUNRISE   703 AM PDT   SUNSET   716 PM PDT
SEPTEMBER 22 2014.....SUNRISE   704 AM PDT   SUNSET   714 PM PDT


-  INDICATES NEGATIVE NUMBERS.
R  INDICATES RECORD WAS SET OR TIED.
MM INDICATES DATA IS MISSING.
T  INDICATES TRACE AMOUNT.




$$
