000
CDUS46 KMFR 270835
CLIOTH


CLIMATE REPORT
NATIONAL WEATHER SERVICE MEDFORD, OR
135 AM PDT TUE SEP 27 2016


...................................

...THE NORTH BEND OR CLIMATE SUMMARY FOR SEPTEMBER 26 2016...

CLIMATE NORMAL PERIOD 1981 TO 2010
CLIMATE RECORD PERIOD 1902 TO 2016


WEATHER ITEM   OBSERVED TIME   RECORD YEAR NORMAL DEPARTURE LAST
                VALUE   (LST)  VALUE       VALUE  FROM      YEAR
                                                  NORMAL
..................................................................
TEMPERATURE (F)
 YESTERDAY
  MAXIMUM         72        MM  91    1918  64      8       64
  MINIMUM         52        MM  36    1924  48      4       52
  AVERAGE         62                        56      6       58

PRECIPITATION (IN)
  YESTERDAY        0.00          1.79 1957   0.08  -0.08     0.00
  MONTH TO DATE    0.34                      1.27  -0.93     0.00
  SINCE OCT 1     58.21                     64.60  -6.39    42.74
  SINCE JAN 1     32.58                     38.51  -5.93    19.44

SNOWFALL (IN)
  YESTERDAY       MM
  SNOW DEPTH      MM

DEGREE DAYS
 HEATING
  YESTERDAY        3                         9     -6        7
  MONTH TO DATE  136                       191    -55      145
  SINCE SEP 1    136                       191    -55      145
  SINCE JUL 1    424                       570   -146      323

 COOLING
  YESTERDAY        0                         0      0        0
  MONTH TO DATE    0                         0      0        0
  SINCE SEP 1      0                         0      0        0
  SINCE JAN 1     15                         1     14       14
..................................................................


WIND (MPH)
  HIGHEST WIND SPEED    17   HIGHEST WIND DIRECTION     N (350)
  HIGHEST GUST SPEED    24   HIGHEST GUST DIRECTION     N (350)
  AVERAGE WIND SPEED     7.5


SKY COVER
  POSSIBLE SUNSHINE  MM
  AVERAGE SKY COVER 0.2


WEATHER CONDITIONS
 THE FOLLOWING WEATHER WAS RECORDED YESTERDAY.
  NO SIGNIFICANT WEATHER WAS OBSERVED.


RELATIVE HUMIDITY (PERCENT)
 HIGHEST   100           800 PM
 LOWEST     61          1000 AM

..........................................................


THE NORTH BEND OR CLIMATE NORMALS FOR TODAY
                         NORMAL    RECORD    YEAR
 MAXIMUM TEMPERATURE (F)   64        88      1996
 MINIMUM TEMPERATURE (F)   48        34      1929


SUNRISE AND SUNSET
SEPTEMBER 27 2016.....SUNRISE   711 AM PDT   SUNSET   704 PM PDT
SEPTEMBER 28 2016.....SUNRISE   712 AM PDT   SUNSET   702 PM PDT


-  INDICATES NEGATIVE NUMBERS.
R  INDICATES RECORD WAS SET OR TIED.
MM INDICATES DATA IS MISSING.
T  INDICATES TRACE AMOUNT.




$$
