000
CDUS43 KDMX 240630
CLIOTM

CLIMATE REPORT
NATIONAL WEATHER SERVICE DES MOINES IA
127 AM CDT MON APR 24 2017

...................................

...THE OTTUMWA IA CLIMATE SUMMARY FOR APRIL 23 2017...

CLIMATE NORMAL PERIOD 1981 TO 2010
CLIMATE RECORD PERIOD 1920 TO 2017


WEATHER ITEM   OBSERVED TIME   RECORD YEAR NORMAL DEPARTURE LAST
                VALUE   (LST)  VALUE       VALUE  FROM      YEAR
                                                  NORMAL
..................................................................
TEMPERATURE (F)
 YESTERDAY
  MAXIMUM         72    435 PM  86    1960  65      7       70
  MINIMUM         36    424 AM  26    1927  42     -6       39
  AVERAGE         54                        54      0       55

PRECIPITATION (IN)
  YESTERDAY        0.00          2.04 1955   0.13  -0.13     0.00
  MONTH TO DATE    3.10                      2.47   0.63     0.88
  SINCE MAR 1      6.30                      4.71   1.59     2.10
  SINCE JAN 1      7.89                      6.89   1.00     3.40

DEGREE DAYS
 HEATING
  YESTERDAY       11                        12     -1       10
  MONTH TO DATE  211                       362   -151      340
  SINCE MAR 1    938                      1173   -235      955
  SINCE JUL 1   4745                      6058  -1313     5009

 COOLING
  YESTERDAY        0                         1     -1        0
  MONTH TO DATE   14                         3     11        3
  SINCE MAR 1     14                         4     10        3
  SINCE JAN 1     14                         4     10        3
..................................................................


WIND (MPH)
  HIGHEST WIND SPEED    13   HIGHEST WIND DIRECTION     S (180)
  HIGHEST GUST SPEED    14   HIGHEST GUST DIRECTION     S (170)
  AVERAGE WIND SPEED     4.8


SKY COVER
  POSSIBLE SUNSHINE  MM
  AVERAGE SKY COVER 0.0


WEATHER CONDITIONS
 THE FOLLOWING WEATHER WAS RECORDED YESTERDAY.
  NO SIGNIFICANT WEATHER WAS OBSERVED.


RELATIVE HUMIDITY (PERCENT)
 HIGHEST    85           400 AM
 LOWEST     20           400 PM
 AVERAGE    53

..........................................................


THE OTTUMWA IA CLIMATE NORMALS FOR TODAY
                         NORMAL    RECORD    YEAR
 MAXIMUM TEMPERATURE (F)   65        88      1989
 MINIMUM TEMPERATURE (F)   43        24      1910


SUNRISE AND SUNSET
APRIL 24 2017.........SUNRISE   617 AM CDT   SUNSET   800 PM CDT
APRIL 25 2017.........SUNRISE   615 AM CDT   SUNSET   801 PM CDT


-  INDICATES NEGATIVE NUMBERS.
R  INDICATES RECORD WAS SET OR TIED.
MM INDICATES DATA IS MISSING.
T  INDICATES TRACE AMOUNT.




$$
