000
CDUS43 KDMX 240634 RRB
CLIOTM

CLIMATE REPORT
NATIONAL WEATHER SERVICE DES MOINES IA
134 AM CDT SUN SEP 24 2017

...................................

...THE OTTUMWA IA CLIMATE SUMMARY FOR SEPTEMBER 23 2017...

CLIMATE NORMAL PERIOD 1981 TO 2010
CLIMATE RECORD PERIOD 1920 TO 2017


WEATHER ITEM   OBSERVED TIME   RECORD YEAR NORMAL DEPARTURE LAST
                VALUE   (LST)  VALUE       VALUE  FROM      YEAR
                                                  NORMAL
..................................................................
TEMPERATURE (F)
 YESTERDAY
  MAXIMUM         92    327 PM  93    1938  73     19       88
  MINIMUM         67    550 AM  30    2012  50     17       69
  AVERAGE         80                        61     19       79

PRECIPITATION (IN)
  YESTERDAY        0.00          4.03 1902   0.11  -0.11     0.00
  MONTH TO DATE    3.65                      3.00   0.65     1.01
  SINCE SEP 1      3.65                      3.00   0.65     1.01
  SINCE JAN 1     19.49                     29.70 -10.21    22.20

DEGREE DAYS
 HEATING
  YESTERDAY        0                         5     -5        0
  MONTH TO DATE   18                        62    -44        4
  SINCE SEP 1     18                        62    -44        4
  SINCE JUL 1     18                        73    -55       11

 COOLING
  YESTERDAY       15                         2     13       14
  MONTH TO DATE  143                        84     59      159
  SINCE SEP 1    143                        84     59      159
  SINCE JAN 1   1068                       918    150     1058
..................................................................


WIND (MPH)
  HIGHEST WIND SPEED    15   HIGHEST WIND DIRECTION     S (180)
  HIGHEST GUST SPEED    21   HIGHEST GUST DIRECTION     S (170)
  AVERAGE WIND SPEED     7.6


SKY COVER
  POSSIBLE SUNSHINE  MM
  AVERAGE SKY COVER 0.0


WEATHER CONDITIONS
 THE FOLLOWING WEATHER WAS RECORDED YESTERDAY.
  HAZE


RELATIVE HUMIDITY (PERCENT)
 HIGHEST    87           400 AM
 LOWEST     38           300 PM
 AVERAGE    63

..........................................................


THE OTTUMWA IA CLIMATE NORMALS FOR TODAY
                         NORMAL    RECORD    YEAR
 MAXIMUM TEMPERATURE (F)   73        91      1984
 MINIMUM TEMPERATURE (F)   49        32      1942


SUNRISE AND SUNSET
SEPTEMBER 24 2017.....SUNRISE   700 AM CDT   SUNSET   703 PM CDT
SEPTEMBER 25 2017.....SUNRISE   701 AM CDT   SUNSET   701 PM CDT


-  INDICATES NEGATIVE NUMBERS.
R  INDICATES RECORD WAS SET OR TIED.
MM INDICATES DATA IS MISSING.
T  INDICATES TRACE AMOUNT.

$$

SMALL
