000
CDUS46 KOTX 160830
CLIOTX


CLIMATE REPORT
NATIONAL WEATHER SERVICE SPOKANE, WA
126 AM PDT WED APR 16 2014


...................................

...THE SPOKANE  WA WFO CLIMATE SUMMARY FOR APRIL 15 2014...

CLIMATE NORMAL PERIOD 1981 TO 2010
CLIMATE RECORD PERIOD 1881 TO 2014


WEATHER ITEM   OBSERVED TIME   RECORD YEAR NORMAL DEPARTURE LAST
                VALUE   (LST)  VALUE       VALUE  FROM      YEAR
                                                  NORMAL
..................................................................
TEMPERATURE (F)
 YESTERDAY
  MAXIMUM         59     MM     MM     MM   57      2       47
  MINIMUM         32     MM     MM     MM   34     -2       31
  AVERAGE         46                        46      0       39

PRECIPITATION (IN)
  YESTERDAY        T            MM     MM   0.04  -0.04     0.00
  MONTH TO DATE    0.13                     0.68  -0.55     0.62
  SINCE OCT 1      7.86                     11.75  -3.89    11.42
  SINCE JAN 1      5.35                    5.72  -0.37     3.38

SNOWFALL (IN)
  YESTERDAY        0.0          MM     MM   0.0    0.0      0.0
  MONTH TO DATE    T                        1.5   -1.5       T
  SINCE MAR 1      4.8                      6.8   -2.0      1.0
  SINCE JUL 1     31.0                     53.2  -22.2     48.2
  SNOW DEPTH       0

DEGREE DAYS
 HEATING
  YESTERDAY       19                        19      0       26
  MONTH TO DATE  293                       308    -15      307
  SINCE MAR 1   1104                      1117    -13     1097
  SINCE JUL 1   6435                      6316    119     6005

 COOLING
  YESTERDAY        0                         0      0        0
  MONTH TO DATE    0                         0      0        0
  SINCE MAR 1      0                         0      0        0
  SINCE JAN 1      0                         0      0        0
..................................................................


WIND (MPH)
  HIGHEST WIND SPEED    MM   HIGHEST WIND DIRECTION    MM
  HIGHEST GUST SPEED    MM   HIGHEST GUST DIRECTION    MM
  AVERAGE WIND SPEED    MM


SKY COVER
  POSSIBLE SUNSHINE  66 PERCENT
  AVERAGE SKY COVER  MM


WEATHER CONDITIONS
 THE FOLLOWING WEATHER WAS RECORDED YESTERDAY.
  LIGHT RAIN


RELATIVE HUMIDITY (PERCENT)
 HIGHEST    MM
 LOWEST     MM
 AVERAGE    MM

..........................................................


THE SPOKANE  WA WFO CLIMATE NORMALS FOR TODAY
                         NORMAL    RECORD    YEAR
 MAXIMUM TEMPERATURE (F)   57        MM        MM
 MINIMUM TEMPERATURE (F)   35        MM        MM


SUNRISE AND SUNSET
APRIL 16 2014.........SUNRISE   600 AM PDT   SUNSET   742 PM PDT
APRIL 17 2014.........SUNRISE   558 AM PDT   SUNSET   743 PM PDT


-  INDICATES NEGATIVE NUMBERS.
R  INDICATES RECORD WAS SET OR TIED.
MM INDICATES DATA IS MISSING.
T  INDICATES TRACE AMOUNT.

$$
