000
CDUS46 KOTX 230829
CLIOTX


CLIMATE REPORT
NATIONAL WEATHER SERVICE SPOKANE, WA
129 AM PDT THU MAR 23 2017


...................................

...THE SPOKANE  WA WFO CLIMATE SUMMARY FOR MARCH 22 2017...

CLIMATE NORMAL PERIOD 1981 TO 2010
CLIMATE RECORD PERIOD 1881 TO 2017


WEATHER ITEM   OBSERVED TIME   RECORD YEAR NORMAL DEPARTURE LAST
                VALUE   (LST)  VALUE       VALUE  FROM      YEAR
                                                  NORMAL
..................................................................
TEMPERATURE (F)
 YESTERDAY
  MAXIMUM         51        MM  MM      MM  50      1       44
  MINIMUM         39        MM  MM      MM  31      8       33
  AVERAGE         45                        41      4       39

PRECIPITATION (IN)
  YESTERDAY        T            MM      MM   0.06  -0.06     0.82
  MONTH TO DATE    2.45                      1.20   1.25     3.11
  SINCE OCT 1     18.25                     10.56   7.69    13.20
  SINCE JAN 1      7.88                      4.53   3.35     6.45

SNOWFALL (IN)
  YESTERDAY        0.0          MM      MM   0.2   -0.2       T
  MONTH TO DATE    5.0                       3.7    1.3       T
  SINCE MAR 1      5.0                       3.7    1.3       T
  SINCE JUL 1     53.8                      50.1    3.7     32.6
  SNOW DEPTH       0

DEGREE DAYS
 HEATING
  YESTERDAY       20                        24     -4       26
  MONTH TO DATE  552                       602    -50      531
  SINCE MAR 1    552                       602    -50      531
  SINCE JUL 1   5921                      5801    120     5187

 COOLING
  YESTERDAY        0                         0      0        0
  MONTH TO DATE    0                         0      0        0
  SINCE MAR 1      0                         0      0        0
  SINCE JAN 1      0                         0      0        0
..................................................................


WIND (MPH)
  HIGHEST WIND SPEED    MM   HIGHEST WIND DIRECTION    MM
  HIGHEST GUST SPEED    MM   HIGHEST GUST DIRECTION    MM
  AVERAGE WIND SPEED    MM


SKY COVER
  POSSIBLE SUNSHINE  MM
  AVERAGE SKY COVER  MM


WEATHER CONDITIONS
 THE FOLLOWING WEATHER WAS RECORDED YESTERDAY.
  LIGHT RAIN


RELATIVE HUMIDITY (PERCENT)
 HIGHEST    MM
 LOWEST     MM
 AVERAGE    MM

..........................................................


THE SPOKANE  WA WFO CLIMATE NORMALS FOR TODAY
                         NORMAL    RECORD    YEAR
 MAXIMUM TEMPERATURE (F)   51        MM        MM
 MINIMUM TEMPERATURE (F)   31        MM        MM


SUNRISE AND SUNSET
MARCH 23 2017.........SUNRISE   647 AM PDT   SUNSET   708 PM PDT
MARCH 24 2017.........SUNRISE   645 AM PDT   SUNSET   710 PM PDT


-  INDICATES NEGATIVE NUMBERS.
R  INDICATES RECORD WAS SET OR TIED.
MM INDICATES DATA IS MISSING.
T  INDICATES TRACE AMOUNT.




$$
