127
CDAK49 PAFG 190951
CLIOTZ

CLIMATE REPORT
NATIONAL WEATHER SERVICE FAIRBANKS AK
1251 AM AKST THU JAN 19 2017


...................................

...THE KOTZEBUE AK CLIMATE SUMMARY FOR JANUARY 18 2017...

CLIMATE NORMAL PERIOD 1981 TO 2010
CLIMATE RECORD PERIOD 1920 TO 2017


WEATHER ITEM   OBSERVED TIME   RECORD YEAR NORMAL DEPARTURE LAST
                VALUE   (LST)  VALUE       VALUE  FROM      YEAR
                                                  NORMAL
..................................................................
TEMPERATURE (F)
 YESTERDAY
  MAXIMUM        -25        MM  37    1963   3    -28        9
  MINIMUM        -33        MM -55    1934 -10    -23       -1
  AVERAGE        -29                        -3    -26        4

PRECIPITATION (IN)
  YESTERDAY        0.00          0.24 2000   0.01  -0.01     0.00
  MONTH TO DATE    0.15                      0.37  -0.22     0.16
  SINCE DEC 1      0.89                      1.13  -0.24     0.62
  SINCE JAN 1      0.15                      0.37  -0.22     0.16

SNOWFALL (IN)
  YESTERDAY        0.0           2.7  2000   0.3   -0.3      0.0
  MONTH TO DATE    0.9                       5.5   -4.6      1.0
  SINCE DEC 1     15.0                      17.0   -2.0      2.2
  SINCE JUL 1     20.6                      34.4  -13.8     15.6
  SNOW DEPTH      15

DEGREE DAYS
 HEATING
  YESTERDAY       94                        68     26       61
  MONTH TO DATE 1121                      1213    -92      829
  SINCE DEC 1   2923                      3157   -234     2768
  SINCE JUL 1   6536                      7515   -979     6487

 COOLING
  YESTERDAY        0                         0      0        0
  MONTH TO DATE    0                         0      0        0
  SINCE DEC 1      0                         0      0        0
  SINCE JAN 1      0                         0      0        0
..................................................................


WIND (MPH)
  HIGHEST GUST SPEED    MM   HIGHEST GUST DIRECTION    MM


SKY COVER
  AVERAGE SKY COVER 0.4


WEATHER CONDITIONS
 THE FOLLOWING WEATHER WAS RECORDED YESTERDAY.
  FOG
  HAZE


RELATIVE HUMIDITY (PERCENT)
 HIGHEST   100
 LOWEST     61
 AVERAGE    81

..........................................................


THE KOTZEBUE AK CLIMATE NORMALS FOR TODAY
                         NORMAL    RECORD    YEAR
 MAXIMUM TEMPERATURE (F)    3        35      2008
 MINIMUM TEMPERATURE (F)  -10       -50      1934


SUNRISE AND SUNSET
JANUARY 19 2017.......SUNRISE  1142 AM AKST  SUNSET   422 PM AKST
JANUARY 20 2017.......SUNRISE  1139 AM AKST  SUNSET   427 PM AKST

-  INDICATES NEGATIVE NUMBERS.
R  INDICATES RECORD WAS SET OR TIED.
MM INDICATES DATA IS MISSING.
T  INDICATES TRACE AMOUNT.

&&

SNOW DEPTH IS MEASURED AT 3AM AKST/4AM AKDT.

----------------------------
AVAILABLE DAYLIGHT

AMOUNT OF DAYLIGHT TODAY  (HOUR:MIN)........4:40
GAIN/LOSS SINCE YESTERDAY (HOUR:MIN:SEC)....+0:07:57

$$
BJB JAN 17
