000
CDAK49 PAFG 280949
CLIOTZ

CLIMATE REPORT
NATIONAL WEATHER SERVICE FAIRBANKS AK
149 AM AKDT FRI APR 28 2017


...................................

...THE KOTZEBUE AK CLIMATE SUMMARY FOR APRIL 27 2017...

CLIMATE NORMAL PERIOD 1981 TO 2010
CLIMATE RECORD PERIOD 1920 TO 2017


WEATHER ITEM   OBSERVED TIME   RECORD YEAR NORMAL DEPARTURE LAST
                VALUE   (LST)  VALUE       VALUE  FROM      YEAR
                                                  NORMAL
..................................................................
TEMPERATURE (F)
 YESTERDAY
  MAXIMUM         41    554 PM  48    1988  29     12       35
  MINIMUM         25    640 AM -17    1973  14     11       21
  AVERAGE         33                        21     12       28

PRECIPITATION (IN)
  YESTERDAY        T             0.44 1998   0.02  -0.02     0.00
  MONTH TO DATE    0.05                      0.48  -0.43     0.60
  SINCE MAR 1      0.08                      0.92  -0.84     0.77
  SINCE JAN 1      1.67                      2.20  -0.53     1.48

SNOWFALL (IN)
  YESTERDAY        0.2           4.4  1998   0.1    0.1      0.0
  MONTH TO DATE    1.5                       4.7   -3.2      4.6
  SINCE MAR 1      2.2                      10.6   -8.4      6.0
  SINCE JUL 1     52.4                      58.2   -5.8     26.0
  SNOW DEPTH       8

DEGREE DAYS
 HEATING
  YESTERDAY       32                        44    -12       37
  MONTH TO DATE 1134                      1424   -290     1070
  SINCE MAR 1   3303                      3406   -103     2974
  SINCE JUL 1  12162                     13651  -1489    11752

 COOLING
  YESTERDAY        0                         0      0        0
  MONTH TO DATE    0                         0      0        0
  SINCE MAR 1      0                         0      0        0
  SINCE JAN 1      0                         0      0        0
..................................................................


WIND (MPH)
  HIGHEST GUST SPEED    13   HIGHEST GUST DIRECTION    NE (30)


SKY COVER
  AVERAGE SKY COVER 0.9


WEATHER CONDITIONS
 THE FOLLOWING WEATHER WAS RECORDED YESTERDAY.
  LIGHT RAIN
  LIGHT SNOW
  FOG


RELATIVE HUMIDITY (PERCENT)
 HIGHEST    92
 LOWEST     65
 AVERAGE    79

..........................................................


THE KOTZEBUE AK CLIMATE NORMALS FOR TODAY
                         NORMAL    RECORD    YEAR
 MAXIMUM TEMPERATURE (F)   29        45      2014
 MINIMUM TEMPERATURE (F)   15       -17      1964


SUNRISE AND SUNSET
APRIL 28 2017.........SUNRISE   610 AM AKDT  SUNSET  1129 PM AKDT
APRIL 29 2017.........SUNRISE   606 AM AKDT  SUNSET  1133 PM AKDT

-  INDICATES NEGATIVE NUMBERS.
R  INDICATES RECORD WAS SET OR TIED.
MM INDICATES DATA IS MISSING.
T  INDICATES TRACE AMOUNT.

&&

SNOW DEPTH IS MEASURED AT 3AM AKST/4AM AKDT.

----------------------------
AVAILABLE DAYLIGHT

AMOUNT OF DAYLIGHT TODAY  (HOUR:MIN)........17:19
GAIN/LOSS SINCE YESTERDAY (HOUR:MIN:SEC)....+0:08:07

$$
SDB APR 17
