122
CDAK49 PAOT 131242
CLIOTZ

CLIMATE REPORT
NATIONAL WEATHER SERVICE KOTZEBUE, AK
342 AM AKST SAT FEB 13 2016

...................................
...THE KOTZEBUE WSO AP CLIMATE SUMMARY FOR FEBRUARY 12 2016...

CLIMATE NORMAL PERIOD  1981 TO  2010
CLIMATE RECORD PERIOD  1897 TO  2016

WEATHER ITEM   OBSERVED TIME    RECORD YEAR NORMAL DEPARTURE LAST
               VALUE    (LST)   VALUE       VALUE  FROM      YEAR
                                                   NORMAL
...................................................................
TEMPERATURE
YESTERDAY
 MAXIMUM             4  1220 AM    37  1980      6      -2      0
 MINIMUM            -3  0523 PM   -48  1964     -8       5    -17
 AVERAGE             1                          -1       2     -9

PRECIPITATION
(INCHES)
 YESTERDAY           T           0.21  2009   0.03   -0.03   0.00
 MONTH TO DATE    0.07                        0.26   -0.19      T
 SINCE DEC 1      0.91                        1.64   -0.73   0.71
 SINCE JAN 1      0.45                        0.88   -0.43   0.36

SNOWFALL
(INCHES)
 YESTERDAY         0.4            3.0  1999    0.3     0.1    0.0
 MONTH TO DATE     2.0                         3.8    -1.8      T
 SINCE DEC 1      18.4                        24.4    -6.0    6.4
 SINCE JUL 1      39.9                        41.8    -1.9   11.1
 SNOW DEPTH (IN)    28                                          4

DEGREE DAYS
 HEATING
  YESTERDAY         64                          66      -2     74
  MONTH TO DATE    652                         801    -149    825
  SINCE DEC 1     4180                        4841    -661   4470
  SINCE JUL 1     8082                        9200   -1118   8159

 COOLING
  YESTERDAY          0                           0       0      0
  MONTH TO DATE      0                           0       0      0
  SINCE DEC 1        0                           0       0      0
  SINCE JAN 1        0                           0       0      0
...................................................................

WIND (MPH)
 HIGHEST WIND SPEED    13     HIGHEST WIND DIRECTION    130
 HIGHEST GUST SPEED    14     HIGHEST GUST DIRECTION    130
 AVERAGE WIND SPEED   7.4

SKY COVER
  POSSIBLE SUNSHINE    MM          AVERAGE SKY COVER     MM

WEATHER CONDITIONS
 THE FOLLOWING WEATHER WAS RECORDED YESTERDAY.
  FOG
  SNOW


RELATIVE HUMIDITY
 HIGHEST RH     MM PERCENT       MM
 LOWEST  RH     MM PERCENT       MM
 AVERAGE RH     MM PERCENT       MM
...................................................................

THE KOTZEBUE CLIMATE NORMALS FOR TODAY
                           NORMAL    RECORD   YEAR
 MAXIMUM TEMPERATURE (F)      6        37     1980
 MINIMUM TEMPERATURE (F)     -8       -49     1964

SUNRISE AND SUNSET
 FEB 13 2016..........SUNRISE 10:10 AM      SUNSET  6:02 PM
 FEB 14 2016..........SUNRISE 10:06 AM      SUNSET  6:05 PM

-  INDICATES NEGATIVE NUMBERS.
R  INDICATES RECORD HAS BEEN SET OR TIED.
MM INDICATES DATA IS MISSING.
T  INDICATES TRACE OF PRECIPITATION.

&&
-------------------------------------------------------------------

AMOUNT OF DAYLIGHT TODAY  (HOUR:MIN)........7 HOURS 52 MINUTES
GAIN  SINCE YESTERDAY (HOUR:MIN:SEC)........+0:07:45

$$
SV FEB 16
