000
CDAK49 PAOT 311200
CLIOTZ

CLIMATE REPORT
NATIONAL WEATHER SERVICE KOTZEBUE, AK
400 AM AKDT MON AUG 31 2015

...................................
...THE KOTZEBUE WSO AP CLIMATE SUMMARY FOR AUGUST 30 2015...

CLIMATE NORMAL PERIOD  1981 TO  2010
CLIMATE RECORD PERIOD  1897 TO  2015

WEATHER ITEM   OBSERVED TIME    RECORD YEAR NORMAL DEPARTURE LAST
               VALUE    (LST)   VALUE       VALUE  FROM      YEAR
                                                   NORMAL
...................................................................
TEMPERATURE
YESTERDAY
 MAXIMUM            48  0651 PM    67  1941     53      -5     46
 MINIMUM            38  0759 AM    28  1929     44      -6     40
 AVERAGE            43                          49      -6     43

PRECIPITATION
(INCHES)
 YESTERDAY        0.00           1.02  1944   0.06   -0.06   0.32
 MONTH TO DATE    3.99                        2.12    1.87   1.24
 SINCE JUN 1      4.55                        4.15    0.40   4.21
 SINCE JAN 1      7.06                        6.82    0.24   6.47

SNOWFALL
(INCHES)
 YESTERDAY         0.0            0.1  1962    0.0     0.0    0.0
 MONTH TO DATE     0.0                         0.0     0.0    0.0
 SINCE JUN 1       0.0                         0.0     0.0    0.0
 SINCE JUL 1       0.0                         0.0     0.0    0.0
 SNOW DEPTH (IN)     0                                          0

DEGREE DAYS
 HEATING
  YESTERDAY         22                          16       6     22
  MONTH TO DATE    402                         396       6    186
  SINCE JUN 1     1007                        1303    -296   1157
  SINCE JUL 1      598                         722    -124    540

 COOLING
  YESTERDAY          0                           0       0      0
  MONTH TO DATE      0                           0       0     11
  SINCE JUN 1       14                           0      14     19
  SINCE JAN 1       14                           0      14     19
...................................................................

WIND (MPH)
 HIGHEST WIND SPEED    21     HIGHEST WIND DIRECTION    310
 HIGHEST GUST SPEED    24     HIGHEST GUST DIRECTION    320
 AVERAGE WIND SPEED  13.2

SKY COVER
  POSSIBLE SUNSHINE    MM          AVERAGE SKY COVER     MM

WEATHER CONDITIONS
 THE FOLLOWING WEATHER WAS RECORDED YESTERDAY.
  NONE.

RELATIVE HUMIDITY
 HIGHEST RH     MM PERCENT       MM
 LOWEST  RH     MM PERCENT       MM
 AVERAGE RH     MM PERCENT       MM
...................................................................

THE KOTZEBUE CLIMATE NORMALS FOR TODAY
                           NORMAL    RECORD   YEAR
 MAXIMUM TEMPERATURE (F)     53        74     1941
 MINIMUM TEMPERATURE (F)     44        30     1980

SUNRISE AND SUNSET
 AUG 31 2015..........SUNRISE  7:19 AM      SUNSET 10:21 PM
 SEP 01 2015..........SUNRISE  7:22 AM      SUNSET 10:17 PM

-  INDICATES NEGATIVE NUMBERS.
R  INDICATES RECORD HAS BEEN SET OR TIED.
MM INDICATES DATA IS MISSING.
T  INDICATES TRACE OF PRECIPITATION.

&&
-------------------------------------------------------------------

AMOUNT OF DAYLIGHT TODAY  (HOUR:MIN)........15 HOURS 2 MINUTES
LOSS SINCE YESTERDAY (HOUR:MIN:SEC).........-0:07:31

$$

DT AUG 15
