000
CDAK49 PAOT 291154
CLIOTZ

CLIMATE REPORT
NATIONAL WEATHER SERVICE KOTZEBUE, AK
354 AM AKDT SUN MAR 29 2015

...................................
...THE KOTZEBUE WSO AP CLIMATE SUMMARY FOR MARCH 28 2015...

CLIMATE NORMAL PERIOD  1981 TO  2010
CLIMATE RECORD PERIOD  1897 TO  2015

WEATHER ITEM   OBSERVED TIME    RECORD YEAR NORMAL DEPARTURE LAST
               VALUE    (LST)   VALUE       VALUE  FROM      YEAR
                                                   NORMAL
...................................................................
TEMPERATURE
YESTERDAY
 MAXIMUM             8  0606 PM    35  1994     11      -3     22
 MINIMUM           -18  0620 AM   -30  1951     -5     -12      2
 AVERAGE            -5                           3      -8     12

PRECIPITATION
(INCHES)
 YESTERDAY        0.00           0.31  2003   0.01   -0.01   0.00
 MONTH TO DATE    0.51                        0.41    0.10   0.34
 SINCE MAR 1      0.51                        0.41    0.10   0.34
 SINCE JAN 1      1.36                        1.69   -0.33   1.06

SNOWFALL
(INCHES)
 YESTERDAY         0.0            8.0  1938    0.2    -0.2    0.0
 MONTH TO DATE     5.1                         5.5    -0.4    6.5
 SINCE MAR 1       5.1                         5.5    -0.4    6.5
 SINCE JUL 1      20.4                        53.1   -32.7   31.5
 SNOW DEPTH (IN)     8                                          7

DEGREE DAYS
 HEATING
  YESTERDAY         70                          62       8     53
  MONTH TO DATE   1878                        1802      76   1598
  SINCE MAR 1     1869                        1802      67   1595
  SINCE JUL 1    10720                       12044   -1324  10546

 COOLING
  YESTERDAY          0                           0       0      0
  MONTH TO DATE      0                           0       0      0
  SINCE MAR 1        0                           0       0      0
  SINCE JAN 1        0                           0       0      0
...................................................................

WIND (MPH)
 HIGHEST WIND SPEED     8     HIGHEST WIND DIRECTION    350
 HIGHEST GUST SPEED    10     HIGHEST GUST DIRECTION    340
 AVERAGE WIND SPEED   2.5

SKY COVER
  POSSIBLE SUNSHINE    MM          AVERAGE SKY COVER     MM

WEATHER CONDITIONS
 THE FOLLOWING WEATHER WAS RECORDED YESTERDAY.
 FOG


RELATIVE HUMIDITY
 HIGHEST RH     MM PERCENT       MM
 LOWEST  RH     MM PERCENT       MM
 AVERAGE RH     MM PERCENT       MM
...................................................................

THE KOTZEBUE CLIMATE NORMALS FOR TODAY
                           NORMAL    RECORD   YEAR
 MAXIMUM TEMPERATURE (F)     11        39     1973
 MINIMUM TEMPERATURE (F)     -5       -32     1944

SUNRISE AND SUNSET
 MAR 29 2015..........SUNRISE  8:15 AM      SUNSET  9:39 PM
 MAR 30 2015..........SUNRISE  8:11 AM      SUNSET  9:42 PM

-  INDICATES NEGATIVE NUMBERS.
R  INDICATES RECORD HAS BEEN SET OR TIED.
MM INDICATES DATA IS MISSING.
T  INDICATES TRACE OF PRECIPITATION.

&&
-------------------------------------------------------------------

AMOUNT OF DAYLIGHT TODAY  (HOUR:MIN)........13 HOURS 24 MINUTES
GAIN SINCE YESTERDAY (HOUR:MIN:SEC).........+0:07:26

$$
TGH MAR 15
