599
CDAK49 PAFG 270953
CLIOTZ

CLIMATE REPORT
NATIONAL WEATHER SERVICE FAIRBANKS AK
153 AM AKDT MON MAR 27 2017


...................................

...THE KOTZEBUE AK CLIMATE SUMMARY FOR MARCH 26 2017...

CLIMATE NORMAL PERIOD 1981 TO 2010
CLIMATE RECORD PERIOD 1920 TO 2017


WEATHER ITEM   OBSERVED TIME   RECORD YEAR NORMAL DEPARTURE LAST
                VALUE   (LST)  VALUE       VALUE  FROM      YEAR
                                                  NORMAL
..................................................................
TEMPERATURE (F)
 YESTERDAY
  MAXIMUM         -2    419 PM  36    1965  10    -12       10
  MINIMUM        -20    638 AM -40    1939  -6    -14       -2
  AVERAGE        -11                         2    -13        4

PRECIPITATION (IN)
  YESTERDAY        0.00          0.15 1973   0.01  -0.01      T
  MONTH TO DATE    0.03                      0.38  -0.35     0.14
  SINCE MAR 1      0.03                      0.38  -0.35     0.14
  SINCE JAN 1      1.62                      1.66  -0.04     0.85

SNOWFALL (IN)
  YESTERDAY        0.0           2.4  1973   0.2   -0.2     MM
  MONTH TO DATE    0.7                       5.2   -4.5      1.4
  SINCE MAR 1      0.7                       5.2   -4.5      1.4
  SINCE JUL 1     50.9                      52.8   -1.9     21.4
  SNOW DEPTH      46

DEGREE DAYS
 HEATING
  YESTERDAY       76                        63     13       61
  MONTH TO DATE 1728                      1677     51     1575
  SINCE MAR 1   1728                      1677     51     1575
  SINCE JUL 1  10587                     11922  -1335    10353

 COOLING
  YESTERDAY        0                         0      0        0
  MONTH TO DATE    0                         0      0        0
  SINCE MAR 1      0                         0      0        0
  SINCE JAN 1      0                         0      0        0
..................................................................


WIND (MPH)
  HIGHEST GUST SPEED     7   HIGHEST GUST DIRECTION    NE (60)


SKY COVER
  AVERAGE SKY COVER 0.0


WEATHER CONDITIONS
 THE FOLLOWING WEATHER WAS RECORDED YESTERDAY.
  FOG
  HAZE


RELATIVE HUMIDITY (PERCENT)
 HIGHEST    87
 LOWEST     65
 AVERAGE    76

..........................................................


THE KOTZEBUE AK CLIMATE NORMALS FOR TODAY
                         NORMAL    RECORD    YEAR
 MAXIMUM TEMPERATURE (F)   11        33      1973
 MINIMUM TEMPERATURE (F)   -6       -38      1977


SUNRISE AND SUNSET
MARCH 27 2017.........SUNRISE   821 AM AKDT  SUNSET   933 PM AKDT
MARCH 28 2017.........SUNRISE   817 AM AKDT  SUNSET   937 PM AKDT

-  INDICATES NEGATIVE NUMBERS.
R  INDICATES RECORD WAS SET OR TIED.
MM INDICATES DATA IS MISSING.
T  INDICATES TRACE AMOUNT.

&&

SNOW DEPTH IS MEASURED AT 3AM AKST/4AM AKDT.

----------------------------
AVAILABLE DAYLIGHT

AMOUNT OF DAYLIGHT TODAY  (HOUR:MIN)........13:13
GAIN/LOSS SINCE YESTERDAY (HOUR:MIN:SEC)....+0:07:26

$$
MAR 17
