000
CDUS43 KDDC 222354
CLIP28


CLIMATE REPORT
NATIONAL WEATHER SERVICE DODGE CITY KS
652 PM CDT TUE AUG 22 2017


...................................

...THE MEDICINE LODGE KS CLIMATE SUMMARY FOR AUGUST 22 2017...
VALID TODAY AS OF 0500 PM LOCAL TIME.

CLIMATE NORMAL PERIOD 1981 TO 2010
CLIMATE RECORD PERIOD 1893 TO 2017


WEATHER ITEM   OBSERVED TIME   RECORD YEAR NORMAL DEPARTURE LAST
                VALUE   (LST)  VALUE       VALUE  FROM      YEAR
                                                  NORMAL
..................................................................
TEMPERATURE (F)
 TODAY
  MAXIMUM         87    355 PM 108    1922  92     -5       89
  MINIMUM         70    616 AM  52    1896  67      3       60
  AVERAGE         79                        79      0       75

PRECIPITATION (IN)
  TODAY            0.00          2.00 1974   0.11  -0.11     0.00
  MONTH TO DATE    3.61                      2.15   1.46     4.63
  SINCE JUN 1      6.58                      9.64  -3.06     9.12
  SINCE JAN 1     22.13                     19.38   2.75    17.90

DEGREE DAYS
 HEATING
  TODAY            0                         0      0        0
  MONTH TO DATE    0                         0      0        0
  SINCE JUN 1      0                         3     -3        0
  SINCE JUL 1      0                         0      0        0

 COOLING
  TODAY           14                        14      0       10
  MONTH TO DATE  265                       355    -90      319
  SINCE JUN 1   1193                      1236    -43     1354
  SINCE JAN 1   1291                      1392   -101     1491
..................................................................


WIND (MPH)
  HIGHEST WIND SPEED    24   HIGHEST WIND DIRECTION    NE (50)
  HIGHEST GUST SPEED    30   HIGHEST GUST DIRECTION     N (10)
  AVERAGE WIND SPEED    12.7




RELATIVE HUMIDITY (PERCENT)
 HIGHEST    90           300 AM
 LOWEST     48           500 PM
 AVERAGE    69

..........................................................


THE MEDICINE LODGE KS CLIMATE NORMALS FOR TOMORROW
                         NORMAL    RECORD    YEAR
 MAXIMUM TEMPERATURE (F)   92       112      1922
 MINIMUM TEMPERATURE (F)   67        48      1896
                                             1939


SUNRISE AND SUNSET
AUGUST 22 2017........SUNRISE   657 AM CDT   SUNSET   817 PM CDT
AUGUST 23 2017........SUNRISE   658 AM CDT   SUNSET   815 PM CDT


-  INDICATES NEGATIVE NUMBERS.
R  INDICATES RECORD WAS SET OR TIED.
MM INDICATES DATA IS MISSING.
T  INDICATES TRACE AMOUNT.




$$
