000
CDUS43 KDDC 270706
CLIP28


CLIMATE REPORT
NATIONAL WEATHER SERVICE DODGE CITY KS
106 AM CST MON FEB 27 2017


...................................

...THE MEDICINE LODGE KS CLIMATE SUMMARY FOR FEBRUARY 26 2017...

CLIMATE NORMAL PERIOD 1981 TO 2010
CLIMATE RECORD PERIOD 1893 TO 2017


WEATHER ITEM   OBSERVED TIME   RECORD YEAR NORMAL DEPARTURE LAST
                VALUE   (LST)  VALUE       VALUE  FROM      YEAR
                                                  NORMAL
..................................................................
TEMPERATURE (F)
 YESTERDAY
  MAXIMUM         55    336 PM  81    1996  54      1       67
  MINIMUM         30    749 AM   0    1960  29      1       16
  AVERAGE         43                        41      2       42

PRECIPITATION (IN)
  YESTERDAY        0.00          0.40 1997   0.04  -0.04     0.00
  MONTH TO DATE    0.22                      0.94  -0.72     0.38
  SINCE DEC 1      4.62                      2.57   2.05     3.26
  SINCE JAN 1      3.92                      1.65   2.27     0.89

SNOWFALL (IN)
  YESTERDAY        0.0          MM      MM   0.0             0.0
  MONTH TO DATE    0.0                       2.1             0.0
  SINCE DEC 1      1.4                       8.1             1.0
  SINCE JUL 1      1.4                       8.3             1.0
  SNOW DEPTH       0

DEGREE DAYS
 HEATING
  YESTERDAY       22                        24     -2       23
  MONTH TO DATE  517                       706   -189      567
  SINCE DEC 1   2441                      2625   -184     2255
  SINCE JUL 1   2977                      3483   -506     2850

 COOLING
  YESTERDAY        0                         0      0        0
  MONTH TO DATE    0                         0      0        0
  SINCE DEC 1      0                         0      0        0
  SINCE JAN 1      0                         0      0        0
..................................................................


WIND (MPH)
  HIGHEST WIND SPEED    14   HIGHEST WIND DIRECTION    NE (30)
  HIGHEST GUST SPEED    17   HIGHEST GUST DIRECTION     N (20)
  AVERAGE WIND SPEED     5.2




RELATIVE HUMIDITY (PERCENT)
 HIGHEST    69          1100 PM
 LOWEST     26           400 PM
 AVERAGE    48

..........................................................


THE MEDICINE LODGE KS CLIMATE NORMALS FOR TODAY
                         NORMAL    RECORD    YEAR
 MAXIMUM TEMPERATURE (F)   54        83      1932
 MINIMUM TEMPERATURE (F)   29         3      1912


SUNRISE AND SUNSET
FEBRUARY 27 2017......SUNRISE   708 AM CST   SUNSET   627 PM CST
FEBRUARY 28 2017......SUNRISE   706 AM CST   SUNSET   628 PM CST


-  INDICATES NEGATIVE NUMBERS.
R  INDICATES RECORD WAS SET OR TIED.
MM INDICATES DATA IS MISSING.
T  INDICATES TRACE AMOUNT.




$$
