000
CDUS43 KDDC 240705
CLIP28


CLIMATE REPORT
NATIONAL WEATHER SERVICE DODGE CITY KS
105 AM CST TUE JAN 24 2017


...................................

...THE MEDICINE LODGE KS CLIMATE SUMMARY FOR JANUARY 23 2017...

CLIMATE NORMAL PERIOD 1981 TO 2010
CLIMATE RECORD PERIOD 1893 TO 2017


WEATHER ITEM   OBSERVED TIME   RECORD YEAR NORMAL DEPARTURE LAST
                VALUE   (LST)  VALUE       VALUE  FROM      YEAR
                                                  NORMAL
..................................................................
TEMPERATURE (F)
 YESTERDAY
  MAXIMUM         56    443 PM  79    1909  46     10       39
  MINIMUM         23    746 AM  -5    1966  22      1       23
  AVERAGE         40                        34      6       31

PRECIPITATION (IN)
  YESTERDAY        0.00          0.64 1949   0.03  -0.03     0.00
  MONTH TO DATE    3.70                      0.47   3.23     0.51
  SINCE DEC 1      4.40                      1.39   3.01     2.88
  SINCE JAN 1      3.70                      0.47   3.23     0.51

SNOWFALL (IN)
  YESTERDAY        0.0          MM      MM   0.2             0.0
  MONTH TO DATE    T                         2.1              T
  SINCE DEC 1      1.4                       4.8             1.0
  SINCE JUL 1      1.4                       5.0             1.0
  SNOW DEPTH       0

DEGREE DAYS
 HEATING
  YESTERDAY       25                        31     -6       34
  MONTH TO DATE  713                       732    -19      768
  SINCE DEC 1   1734                      1673     61     1508
  SINCE JUL 1   2270                      2531   -261     2103

 COOLING
  YESTERDAY        0                         0      0        0
  MONTH TO DATE    0                         0      0        0
  SINCE DEC 1      0                         0      0        0
  SINCE JAN 1      0                         0      0        0
..................................................................


WIND (MPH)
  HIGHEST WIND SPEED    24   HIGHEST WIND DIRECTION     S (170)
  HIGHEST GUST SPEED    31   HIGHEST GUST DIRECTION     S (170)
  AVERAGE WIND SPEED     8.8




RELATIVE HUMIDITY (PERCENT)
 HIGHEST    92           200 AM
 LOWEST     41           200 PM
 AVERAGE    67

..........................................................


THE MEDICINE LODGE KS CLIMATE NORMALS FOR TODAY
                         NORMAL    RECORD    YEAR
 MAXIMUM TEMPERATURE (F)   46        74      1981
 MINIMUM TEMPERATURE (F)   22        -6      1963


SUNRISE AND SUNSET
JANUARY 24 2017.......SUNRISE   743 AM CST   SUNSET   550 PM CST
JANUARY 25 2017.......SUNRISE   742 AM CST   SUNSET   552 PM CST


-  INDICATES NEGATIVE NUMBERS.
R  INDICATES RECORD WAS SET OR TIED.
MM INDICATES DATA IS MISSING.
T  INDICATES TRACE AMOUNT.




$$
