000
CDUS43 KDDC 171456
CLIP28


CLIMATE REPORT
NATIONAL WEATHER SERVICE DODGE CITY KS
956 AM CDT TUE OCT 17 2017


...................................

...THE MEDICINE LODGE KS CLIMATE SUMMARY FOR OCTOBER 17 2017...
VALID AS OF 0800 AM LOCAL TIME.

CLIMATE NORMAL PERIOD 1981 TO 2010
CLIMATE RECORD PERIOD 1893 TO 2017


WEATHER ITEM   OBSERVED TIME   RECORD YEAR NORMAL DEPARTURE LAST
                VALUE   (LST)  VALUE       VALUE  FROM      YEAR
                                                  NORMAL
..................................................................
TEMPERATURE (F)
 TODAY
  MAXIMUM         50   1254 AM  94    2005  71    -21       92
  MINIMUM         44    643 AM  27    1976  46     -2       63
  AVERAGE         47                        58    -11       78

PRECIPITATION (IN)
  TODAY            0.00          0.96 2007   0.11  -0.11     0.00
  MONTH TO DATE    1.09                      1.65  -0.56     1.28
  SINCE SEP 1      7.04                      3.75   3.29     8.46
  SINCE JAN 1     29.17                     24.10   5.07    28.89

..................................................................


WIND (MPH)
  HIGHEST WIND SPEED     8   HIGHEST WIND DIRECTION    SE (130)
  HIGHEST GUST SPEED    12   HIGHEST GUST DIRECTION     S (160)



WEATHER CONDITIONS
 THE FOLLOWING WEATHER WAS RECORDED TODAY.
  NO SIGNIFICANT WEATHER WAS OBSERVED.


RELATIVE HUMIDITY (PERCENT)
 HIGHEST    76           500 AM
 LOWEST     66          1200 AM

..........................................................


THE MEDICINE LODGE KS CLIMATE NORMALS FOR TOMORROW
                         NORMAL    RECORD    YEAR
 MAXIMUM TEMPERATURE (F)   70        92      1943
 MINIMUM TEMPERATURE (F)   45        23      1948


SUNRISE AND SUNSET
OCTOBER 17 2017.......SUNRISE   744 AM CDT   SUNSET   654 PM CDT
OCTOBER 18 2017.......SUNRISE   745 AM CDT   SUNSET   653 PM CDT


-  INDICATES NEGATIVE NUMBERS.
R  INDICATES RECORD WAS SET OR TIED.
MM INDICATES DATA IS MISSING.
T  INDICATES TRACE AMOUNT.




$$
