000
CDUS43 KDDC 260705
CLIP28


CLIMATE REPORT
NATIONAL WEATHER SERVICE DODGE CITY KS
205 AM CDT MON JUN 26 2017


...................................

...THE MEDICINE LODGE KS CLIMATE SUMMARY FOR JUNE 25 2017...

CLIMATE NORMAL PERIOD 1981 TO 2010
CLIMATE RECORD PERIOD 1893 TO 2017


WEATHER ITEM   OBSERVED TIME   RECORD YEAR NORMAL DEPARTURE LAST
                VALUE   (LST)  VALUE       VALUE  FROM      YEAR
                                                  NORMAL
..................................................................
TEMPERATURE (F)
 YESTERDAY
  MAXIMUM         87   1253 PM 113    1911  91     -4       97
  MINIMUM         62   1145 PM  48    1958  67     -5       71
  AVERAGE         75                        79     -4       84

PRECIPITATION (IN)
  YESTERDAY        0.00          2.16 1941   0.12  -0.12     0.02
  MONTH TO DATE    1.76                      3.58  -1.82     1.76
  SINCE JUN 1      1.76                      3.58  -1.82     1.76
  SINCE JAN 1     17.31                     13.32   3.99    10.54

SNOWFALL (IN)
  YESTERDAY        0.0          MM      MM   0.0             0.0
  MONTH TO DATE    0.0                       0.0             0.0
  SINCE JUN 1      0.0                       0.0             0.0
  SINCE JUL 1      1.4                       8.5             2.0
  SNOW DEPTH       0

DEGREE DAYS
 HEATING
  YESTERDAY        0                         0      0        0
  MONTH TO DATE    0                         0      0        0
  SINCE JUN 1      0                         0      0        0
  SINCE JUL 1   3711                      4455   -744     3601

 COOLING
  YESTERDAY       10                        14     -4       19
  MONTH TO DATE  302                       278     24      379
  SINCE JUN 1    302                       278     24      379
  SINCE JAN 1    400                       434    -34      516
..................................................................


WIND (MPH)
  HIGHEST WIND SPEED    20   HIGHEST WIND DIRECTION    NE (60)
  HIGHEST GUST SPEED    24   HIGHEST GUST DIRECTION    NE (50)
  AVERAGE WIND SPEED     7.2




RELATIVE HUMIDITY (PERCENT)
 HIGHEST    84          1000 PM
 LOWEST     25           100 PM
 AVERAGE    55

..........................................................


THE MEDICINE LODGE KS CLIMATE NORMALS FOR TODAY
                         NORMAL    RECORD    YEAR
 MAXIMUM TEMPERATURE (F)   92       111      2011
 MINIMUM TEMPERATURE (F)   67        48      1958


SUNRISE AND SUNSET
JUNE 26 2017..........SUNRISE   616 AM CDT   SUNSET   859 PM CDT
JUNE 27 2017..........SUNRISE   616 AM CDT   SUNSET   859 PM CDT


-  INDICATES NEGATIVE NUMBERS.
R  INDICATES RECORD WAS SET OR TIED.
MM INDICATES DATA IS MISSING.
T  INDICATES TRACE AMOUNT.




$$
