000
CDUS43 KDDC 051007
CLIP28


CLIMATE REPORT
NATIONAL WEATHER SERVICE DODGE CITY KS
506 AM CDT SUN JUL 5 2015


...................................

...THE MEDICINE LODGE KS CLIMATE SUMMARY FOR JULY 4 2015...

CLIMATE NORMAL PERIOD 1981 TO 2010
CLIMATE RECORD PERIOD 1893 TO 2015


WEATHER ITEM   OBSERVED TIME   RECORD YEAR NORMAL DEPARTURE LAST
                VALUE   (LST)  VALUE       VALUE  FROM      YEAR
                                                  NORMAL
..................................................................
TEMPERATURE (F)
 YESTERDAY
  MAXIMUM         94    417 PM 106    1954  93      1       89
  MINIMUM         64    438 AM  52    1904  69     -5       62
  AVERAGE         79                        81     -2       76

PRECIPITATION (IN)
  YESTERDAY        0.00          1.90 1960   0.13  -0.13     0.00
  MONTH TO DATE    0.00                      0.54  -0.54     0.37
  SINCE JUN 1      2.26                      4.65  -2.39     8.26
  SINCE JAN 1     14.22                     14.39  -0.17    11.15

SNOWFALL (IN)
  YESTERDAY        0.0          MM      MM   0.0             0.0
  MONTH TO DATE    0.0                       0.0             0.0
  SINCE JUN 1      0.0                       0.0             0.0
  SINCE JUL 1      0.0                       0.0             0.0
  SNOW DEPTH       0

DEGREE DAYS
 HEATING
  YESTERDAY        0                         0      0        0
  MONTH TO DATE    0                         0      0        0
  SINCE JUN 1      0                         3     -3        0
  SINCE JUL 1      0                         0      0        0

 COOLING
  YESTERDAY       14                        16     -2       11
  MONTH TO DATE   62                        63     -1       28
  SINCE JUN 1    494                       416     78      370
  SINCE JAN 1    601                       572     29      639
..................................................................


WIND (MPH)
  HIGHEST WIND SPEED    17   HIGHEST WIND DIRECTION     S (180)
  HIGHEST GUST SPEED    25   HIGHEST GUST DIRECTION    SE (120)
  AVERAGE WIND SPEED     7.8




RELATIVE HUMIDITY (PERCENT)
 HIGHEST    93           400 AM
 LOWEST     38           200 PM
 AVERAGE    66

..........................................................


THE MEDICINE LODGE KS CLIMATE NORMALS FOR TODAY
                         NORMAL    RECORD    YEAR
 MAXIMUM TEMPERATURE (F)   94       108      1911
 MINIMUM TEMPERATURE (F)   69        50      1924


SUNRISE AND SUNSET
JULY  5 2015..........SUNRISE   619 AM CDT   SUNSET   858 PM CDT
JULY  6 2015..........SUNRISE   620 AM CDT   SUNSET   858 PM CDT


-  INDICATES NEGATIVE NUMBERS.
R  INDICATES RECORD WAS SET OR TIED.
MM INDICATES DATA IS MISSING.
T  INDICATES TRACE AMOUNT.




$$
