000
CDUS43 KDDC 260706
CLIP28


CLIMATE REPORT
NATIONAL WEATHER SERVICE DODGE CITY KS
206 AM CDT MON SEP 26 2016


...................................

...THE MEDICINE LODGE KS CLIMATE SUMMARY FOR SEPTEMBER 25 2016...

CLIMATE NORMAL PERIOD 1981 TO 2010
CLIMATE RECORD PERIOD 1893 TO 2016


WEATHER ITEM   OBSERVED TIME   RECORD YEAR NORMAL DEPARTURE LAST
                VALUE   (LST)  VALUE       VALUE  FROM      YEAR
                                                  NORMAL
..................................................................
TEMPERATURE (F)
 YESTERDAY
  MAXIMUM         71        MM 103    1904  80     -9       87
  MINIMUM         52        MM  35    1975  55     -3       58
  AVERAGE         62                        67     -5       73

PRECIPITATION (IN)
  YESTERDAY        0.37          1.56 1981   0.07   0.30     0.00
  MONTH TO DATE    7.18                      1.78   5.40     1.48
  SINCE SEP 1      7.18                      1.78   5.40     1.48
  SINCE JAN 1     27.61                     22.13   5.48    27.65

SNOWFALL (IN)
  YESTERDAY        0.0          MM      MM   0.0             0.0
  MONTH TO DATE    0.0                       0.0             0.0
  SINCE SEP 1      0.0                       0.0             0.0
  SINCE JUL 1      0.0                       0.0             0.0
  SNOW DEPTH       0

DEGREE DAYS
 HEATING
  YESTERDAY        3                         2      1        0
  MONTH TO DATE    3                        18    -15        0
  SINCE SEP 1      3                        18    -15        0
  SINCE JUL 1      3                        18    -15        0

 COOLING
  YESTERDAY        0                         5     -5        8
  MONTH TO DATE  252                       202     50      315
  SINCE SEP 1    252                       202     50      315
  SINCE JAN 1   1852                      1713    139     1794
..................................................................


WIND (MPH)
  HIGHEST WIND SPEED    21   HIGHEST WIND DIRECTION     N (10)
  HIGHEST GUST SPEED    36   HIGHEST GUST DIRECTION     N (20)
  AVERAGE WIND SPEED     9.6




RELATIVE HUMIDITY (PERCENT)
 HIGHEST   100          1200 AM
 LOWEST     45           100 PM
 AVERAGE    73

..........................................................


THE MEDICINE LODGE KS CLIMATE NORMALS FOR TODAY
                         NORMAL    RECORD    YEAR
 MAXIMUM TEMPERATURE (F)   80       101      1984
 MINIMUM TEMPERATURE (F)   54        30      1912


SUNRISE AND SUNSET
SEPTEMBER 26 2016.....SUNRISE   726 AM CDT   SUNSET   724 PM CDT
SEPTEMBER 27 2016.....SUNRISE   727 AM CDT   SUNSET   723 PM CDT


-  INDICATES NEGATIVE NUMBERS.
R  INDICATES RECORD WAS SET OR TIED.
MM INDICATES DATA IS MISSING.
T  INDICATES TRACE AMOUNT.




$$
