000
CDUS43 KDDC 010722
CLIP28


CLIMATE REPORT
NATIONAL WEATHER SERVICE DODGE CITY KS
222 AM CDT SUN MAY 1 2016


...................................

...THE MEDICINE LODGE KS CLIMATE SUMMARY FOR APRIL 30 2016...

CLIMATE NORMAL PERIOD 1981 TO 2010
CLIMATE RECORD PERIOD 1893 TO 2016


WEATHER ITEM   OBSERVED TIME   RECORD YEAR NORMAL DEPARTURE LAST
                VALUE   (LST)  VALUE       VALUE  FROM      YEAR
                                                  NORMAL
..................................................................
TEMPERATURE (F)
 YESTERDAY
  MAXIMUM         63    424 PM  95    1959  73    -10       78
  MINIMUM         44   1159 PM  26    1908  49     -5       46
  AVERAGE         54                        61     -7       62

PRECIPITATION (IN)
  YESTERDAY        0.00          1.91 1985   0.10  -0.10     0.00
  MONTH TO DATE    4.94                      2.43   2.51     3.48
  SINCE MAR 1      5.61                      4.69   0.92     3.86
  SINCE JAN 1      6.50                      6.44   0.06     5.17

SNOWFALL (IN)
  YESTERDAY        0.0          MM      MM   0.0             0.0
  MONTH TO DATE    0.0                       0.0             0.0
  SINCE MAR 1      1.0                       0.1             0.3
  SINCE JUL 1      2.0                       8.5            13.2
  SNOW DEPTH       0

DEGREE DAYS
 HEATING
  YESTERDAY       11                         5      6        3
  MONTH TO DATE  192                       288    -96      183
  SINCE MAR 1    603                       856   -253      643
  SINCE JUL 1   3492                      4385   -893     4217

 COOLING
  YESTERDAY        0                         1     -1        0
  MONTH TO DATE   26                        22      4       32
  SINCE MAR 1     36                        24     12       32
  SINCE JAN 1     36                        24     12       32
..................................................................


WIND (MPH)
  HIGHEST WIND SPEED    20   HIGHEST WIND DIRECTION    NW (300)
  HIGHEST GUST SPEED    27   HIGHEST GUST DIRECTION    NW (300)
  AVERAGE WIND SPEED    11.2




RELATIVE HUMIDITY (PERCENT)
 HIGHEST    93          1200 AM
 LOWEST     42           600 PM
 AVERAGE    68

..........................................................


THE MEDICINE LODGE KS CLIMATE NORMALS FOR TODAY
                         NORMAL    RECORD    YEAR
 MAXIMUM TEMPERATURE (F)   74        94      1959
 MINIMUM TEMPERATURE (F)   50        20      1907


SUNRISE AND SUNSET
MAY  1 2016...........SUNRISE   639 AM CDT   SUNSET   824 PM CDT
MAY  2 2016...........SUNRISE   638 AM CDT   SUNSET   825 PM CDT


-  INDICATES NEGATIVE NUMBERS.
R  INDICATES RECORD WAS SET OR TIED.
MM INDICATES DATA IS MISSING.
T  INDICATES TRACE AMOUNT.




$$
