000
CDUS43 KDDC 051006
CLIP28


CLIMATE REPORT
NATIONAL WEATHER SERVICE DODGE CITY KS
405 AM CST THU MAR 5 2015


...................................

...THE MEDICINE LODGE KS CLIMATE SUMMARY FOR MARCH 4 2015...

CLIMATE NORMAL PERIOD 1981 TO 2010
CLIMATE RECORD PERIOD 1893 TO 2015


WEATHER ITEM   OBSERVED TIME   RECORD YEAR NORMAL DEPARTURE LAST
                VALUE   (LST)  VALUE       VALUE  FROM      YEAR
                                                  NORMAL
..................................................................
TEMPERATURE (F)
 YESTERDAY
  MAXIMUM         32   1241 AM  86    1910  56    -24       37
  MINIMUM         18   1159 PM   1    1960  31    -13        5
  AVERAGE         25                        43    -18       21

PRECIPITATION (IN)
  YESTERDAY        0.02          0.91 1957   0.06  -0.04     0.00
  MONTH TO DATE    0.02                      0.25  -0.23     0.31
  SINCE MAR 1      0.02                      0.25  -0.23     0.31
  SINCE JAN 1      1.33                      2.00  -0.67     1.26

SNOWFALL (IN)
  YESTERDAY       MM            MM      MM   0.0             0.0
  MONTH TO DATE    0.0                       0.0             4.0
  SINCE MAR 1      0.0                       0.0             4.0
  SINCE JUL 1     12.9                       8.4            27.0
  SNOW DEPTH      MM

DEGREE DAYS
 HEATING
  YESTERDAY       40                        22     18       44
  MONTH TO DATE  138                        90     48      203
  SINCE MAR 1    138                        90     48      203
  SINCE JUL 1   3712                      3619     93     4154

 COOLING
  YESTERDAY        0                         0      0        0
  MONTH TO DATE    0                         0      0        0
  SINCE MAR 1      0                         0      0        0
  SINCE JAN 1      0                         0      0        0
..................................................................


WIND (MPH)
  HIGHEST WIND SPEED    26   HIGHEST WIND DIRECTION    NE (30)
  HIGHEST GUST SPEED    33   HIGHEST GUST DIRECTION    NE (30)
  AVERAGE WIND SPEED    14.4




RELATIVE HUMIDITY (PERCENT)
 HIGHEST    91           700 AM
 LOWEST     39           600 PM
 AVERAGE    65

..........................................................


THE MEDICINE LODGE KS CLIMATE NORMALS FOR TODAY
                         NORMAL    RECORD    YEAR
 MAXIMUM TEMPERATURE (F)   56        88      2009
                                             1910
 MINIMUM TEMPERATURE (F)   31        -2      1960


SUNRISE AND SUNSET
MARCH  5 2015.........SUNRISE   700 AM CST   SUNSET   632 PM CST
MARCH  6 2015.........SUNRISE   659 AM CST   SUNSET   633 PM CST


-  INDICATES NEGATIVE NUMBERS.
R  INDICATES RECORD WAS SET OR TIED.
MM INDICATES DATA IS MISSING.
T  INDICATES TRACE AMOUNT.




$$
