000
CDUS43 KDDC 250706
CLIP28


CLIMATE REPORT
NATIONAL WEATHER SERVICE DODGE CITY KS
206 AM CDT WED MAY 25 2016


...................................

...THE MEDICINE LODGE KS CLIMATE SUMMARY FOR MAY 24 2016...

CLIMATE NORMAL PERIOD 1981 TO 2010
CLIMATE RECORD PERIOD 1893 TO 2016


WEATHER ITEM   OBSERVED TIME   RECORD YEAR NORMAL DEPARTURE LAST
                VALUE   (LST)  VALUE       VALUE  FROM      YEAR
                                                  NORMAL
..................................................................
TEMPERATURE (F)
 YESTERDAY
  MAXIMUM         86    343 PM 103    1896  82      4       68
                                      1996
  MINIMUM         66   1159 PM  41    1979  58      8       57
  AVERAGE         76                        70      6       63

PRECIPITATION (IN)
  YESTERDAY        0.01          2.05 1932   0.11  -0.10     0.06
  MONTH TO DATE    1.61                      2.44  -0.83     6.75
  SINCE MAR 1      7.22                      7.13   0.09    10.61
  SINCE JAN 1      8.11                      8.88  -0.77    11.92

SNOWFALL (IN)
  YESTERDAY        0.0          MM      MM   0.0             0.0
  MONTH TO DATE    0.0                       0.0             0.0
  SINCE MAR 1      1.0                       0.1             0.3
  SINCE JUL 1      2.0                       8.5            13.2
  SNOW DEPTH       0

DEGREE DAYS
 HEATING
  YESTERDAY        0                         1     -1        2
  MONTH TO DATE  109                        66     43      103
  SINCE MAR 1    712                       922   -210      746
  SINCE JUL 1   3601                      4451   -850     4320

 COOLING
  YESTERDAY       11                         6      5        0
  MONTH TO DATE   48                        85    -37       49
  SINCE MAR 1     84                       109    -25       81
  SINCE JAN 1     84                       109    -25       81
..................................................................


WIND (MPH)
  HIGHEST WIND SPEED    23   HIGHEST WIND DIRECTION     S (170)
  HIGHEST GUST SPEED    34   HIGHEST GUST DIRECTION    SE (130)
  AVERAGE WIND SPEED    12.0




RELATIVE HUMIDITY (PERCENT)
 HIGHEST    90           200 AM
 LOWEST     54           600 PM
 AVERAGE    72

..........................................................


THE MEDICINE LODGE KS CLIMATE NORMALS FOR TODAY
                         NORMAL    RECORD    YEAR
 MAXIMUM TEMPERATURE (F)   82       103      1953
 MINIMUM TEMPERATURE (F)   58        39      1901


SUNRISE AND SUNSET
MAY 25 2016...........SUNRISE   618 AM CDT   SUNSET   845 PM CDT
MAY 26 2016...........SUNRISE   618 AM CDT   SUNSET   845 PM CDT


-  INDICATES NEGATIVE NUMBERS.
R  INDICATES RECORD WAS SET OR TIED.
MM INDICATES DATA IS MISSING.
T  INDICATES TRACE AMOUNT.




$$
