000
CDUS43 KDDC 092327
CLIP28


CLIMATE REPORT
NATIONAL WEATHER SERVICE DODGE CITY KS
626 PM CDT WED JUL 9 2014


...................................

...THE MEDICINE LODGE KS CLIMATE SUMMARY FOR JULY 9 2014...
VALID TODAY AS OF 0500 PM LOCAL TIME.

CLIMATE NORMAL PERIOD 1981 TO 2010
CLIMATE RECORD PERIOD 1893 TO 2014


WEATHER ITEM   OBSERVED TIME   RECORD YEAR NORMAL DEPARTURE LAST
                VALUE   (LST)  VALUE       VALUE  FROM      YEAR
                                                  NORMAL
..................................................................
TEMPERATURE (F)
 TODAY
  MAXIMUM         91    359 PM 114    2011  94     -3      106
  MINIMUM         62    535 AM  49    1952  69     -7       75
  AVERAGE         77                        82     -5       91

PRECIPITATION (IN)
  TODAY            0.00          2.55 1982   0.10  -0.10     0.00
  MONTH TO DATE    0.37                      1.08  -0.71     0.00
  SINCE JUN 1      8.26                      5.19   3.07     2.22
  SINCE JAN 1     11.15                     14.93  -3.78    12.57

DEGREE DAYS
 HEATING
  TODAY            0                         0      0        0
  MONTH TO DATE    0                         0      0        0
  SINCE JUN 1      0                         3     -3        4
  SINCE JUL 1      0                         0      0        0

 COOLING
  TODAY           12                        17     -5       26
  MONTH TO DATE  108                       145    -37      136
  SINCE JUN 1    450                       498    -48      540
  SINCE JAN 1    719                       654     65      683
..................................................................


WIND (MPH)
  HIGHEST WIND SPEED    16   HIGHEST WIND DIRECTION     S (180)
  HIGHEST GUST SPEED    21   HIGHEST GUST DIRECTION     S (170)
  AVERAGE WIND SPEED     6.0




RELATIVE HUMIDITY (PERCENT)
 HIGHEST    47          1100 AM
 LOWEST     29           300 PM
 AVERAGE    38

..........................................................


THE MEDICINE LODGE KS CLIMATE NORMALS FOR TOMORROW
                         NORMAL    RECORD    YEAR
 MAXIMUM TEMPERATURE (F)   94       111      2011
                                             2009
 MINIMUM TEMPERATURE (F)   69        50      1905


SUNRISE AND SUNSET
JULY  9 2014..........SUNRISE   622 AM CDT   SUNSET   857 PM CDT
JULY 10 2014..........SUNRISE   622 AM CDT   SUNSET   857 PM CDT


-  INDICATES NEGATIVE NUMBERS.
R  INDICATES RECORD WAS SET OR TIED.
MM INDICATES DATA IS MISSING.
T  INDICATES TRACE AMOUNT.




$$
