000
CDUS43 KDDC 222338
CLIP28


CLIMATE REPORT
NATIONAL WEATHER SERVICE DODGE CITY KS
636 PM CDT MON SEP 22 2014


...................................

...THE MEDICINE LODGE KS CLIMATE SUMMARY FOR SEPTEMBER 22 2014...
VALID TODAY AS OF 0500 PM LOCAL TIME.

CLIMATE NORMAL PERIOD 1981 TO 2010
CLIMATE RECORD PERIOD 1893 TO 2014


WEATHER ITEM   OBSERVED TIME   RECORD YEAR NORMAL DEPARTURE LAST
                VALUE   (LST)  VALUE       VALUE  FROM      YEAR
                                                  NORMAL
..................................................................
TEMPERATURE (F)
 TODAY
  MAXIMUM         80    326 PM  99    1921  81     -1       83
  MINIMUM         50    656 AM  32    1995  56     -6       57
  AVERAGE         65                        69     -4       70

PRECIPITATION (IN)
  TODAY            0.00          2.57 1902   0.08  -0.08     0.00
  MONTH TO DATE    0.54                      1.56  -1.02     0.17
  SINCE SEP 1      0.54                      1.56  -1.02     0.17
  SINCE JAN 1     18.05                     21.91  -3.86    21.81

DEGREE DAYS
 HEATING
  TODAY            0                         2     -2        0
  MONTH TO DATE   19                        12      7        1
  SINCE SEP 1     19                        12      7        1
  SINCE JUL 1     24                        12     12        1

 COOLING
  TODAY            0                         5     -5        5
  MONTH TO DATE  192                       187      5      255
  SINCE SEP 1    192                       187      5      255
  SINCE JAN 1   1676                      1698    -22     1704
..................................................................


WIND (MPH)
  HIGHEST WIND SPEED    13   HIGHEST WIND DIRECTION    SE (130)
  HIGHEST GUST SPEED    17   HIGHEST GUST DIRECTION    SE (120)
  AVERAGE WIND SPEED     5.8




RELATIVE HUMIDITY (PERCENT)
 HIGHEST    80           700 AM
 LOWEST     28           300 PM
 AVERAGE    54

..........................................................


THE MEDICINE LODGE KS CLIMATE NORMALS FOR TOMORROW
                         NORMAL    RECORD    YEAR
 MAXIMUM TEMPERATURE (F)   81       104      1926
 MINIMUM TEMPERATURE (F)   56        32      1995


SUNRISE AND SUNSET
SEPTEMBER 22 2014.....SUNRISE   722 AM CDT   SUNSET   731 PM CDT
SEPTEMBER 23 2014.....SUNRISE   723 AM CDT   SUNSET   730 PM CDT


-  INDICATES NEGATIVE NUMBERS.
R  INDICATES RECORD WAS SET OR TIED.
MM INDICATES DATA IS MISSING.
T  INDICATES TRACE AMOUNT.




$$
