000
CDUS43 KDDC 270707
CLIP28


CLIMATE REPORT
NATIONAL WEATHER SERVICE DODGE CITY KS
206 AM CDT MON MAR 27 2017


...................................

...THE MEDICINE LODGE KS CLIMATE SUMMARY FOR MARCH 26 2017...

CLIMATE NORMAL PERIOD 1981 TO 2010
CLIMATE RECORD PERIOD 1893 TO 2017


WEATHER ITEM   OBSERVED TIME   RECORD YEAR NORMAL DEPARTURE LAST
                VALUE   (LST)  VALUE       VALUE  FROM      YEAR
                                                  NORMAL
..................................................................
TEMPERATURE (F)
 YESTERDAY
  MAXIMUM         65    341 PM  93    1956  62      3       61
  MINIMUM         36   1232 AM   6    1955  37     -1       37
  AVERAGE         51                        50      1       49

PRECIPITATION (IN)
  YESTERDAY        0.28          1.10 1995   0.07   0.21     0.01
  MONTH TO DATE    0.28                      1.89  -1.61     0.23
  SINCE MAR 1      0.28                      1.89  -1.61     0.23
  SINCE JAN 1      4.20                      3.64   0.56     1.12

SNOWFALL (IN)
  YESTERDAY        0.0          MM      MM   0.0             0.0
  MONTH TO DATE    0.0                       0.1             0.0
  SINCE MAR 1      0.0                       0.1             0.0
  SINCE JUL 1      1.4                       8.5             1.0
  SNOW DEPTH       0

DEGREE DAYS
 HEATING
  YESTERDAY       14                        15     -1       16
  MONTH TO DATE  363                       496   -133      350
  SINCE MAR 1    363                       496   -133      350
  SINCE JUL 1   3364                      4025   -661     3239

 COOLING
  YESTERDAY        0                         0      0        0
  MONTH TO DATE   12                         0     12        6
  SINCE MAR 1     12                         0     12        6
  SINCE JAN 1     12                         0     12        6
..................................................................


WIND (MPH)
  HIGHEST WIND SPEED    26   HIGHEST WIND DIRECTION     N (20)
  HIGHEST GUST SPEED    33   HIGHEST GUST DIRECTION     N (20)
  AVERAGE WIND SPEED    10.6




RELATIVE HUMIDITY (PERCENT)
 HIGHEST   100           100 AM
 LOWEST     55           300 PM
 AVERAGE    78

..........................................................


THE MEDICINE LODGE KS CLIMATE NORMALS FOR TODAY
                         NORMAL    RECORD    YEAR
 MAXIMUM TEMPERATURE (F)   63        89      1905
 MINIMUM TEMPERATURE (F)   37         7      1899


SUNRISE AND SUNSET
MARCH 27 2017.........SUNRISE   727 AM CDT   SUNSET   753 PM CDT
MARCH 28 2017.........SUNRISE   725 AM CDT   SUNSET   754 PM CDT


-  INDICATES NEGATIVE NUMBERS.
R  INDICATES RECORD WAS SET OR TIED.
MM INDICATES DATA IS MISSING.
T  INDICATES TRACE AMOUNT.




$$
