000
CDUS45 KRIW 300740
CLIP60


CLIMATE REPORT
NATIONAL WEATHER SERVICE RIVERTON WY
126 AM MDT SUN AUG 30 2015


...................................

...THE LAKE YELLOWSTONE WY CLIMATE SUMMARY FOR AUGUST 29 2015...

CLIMATE NORMAL PERIOD 1981 TO 2010
CLIMATE RECORD PERIOD 1998 TO 2015


WEATHER ITEM   OBSERVED TIME   RECORD YEAR NORMAL DEPARTURE LAST
                VALUE   (LST)  VALUE       VALUE  FROM      YEAR
                                                  NORMAL
..................................................................
TEMPERATURE (F)
 YESTERDAY
  MAXIMUM         71    627 PM  78    2005  69      2       68
  MINIMUM         40    603 AM  32    2002  36      4       40
                                      2000
  AVERAGE         56                        53      3       54

PRECIPITATION (IN)
  YESTERDAY        0.04          0.13 2003   0.06  -0.02     0.00
  MONTH TO DATE    1.80                      1.40   0.40     3.17
  SINCE JUN 1      3.84                      4.87  -1.03     6.86
  SINCE JAN 1     11.58                     13.95  -2.37    22.00

DEGREE DAYS
 HEATING
  YESTERDAY        9                        12     -3       11
  MONTH TO DATE  324                       278     46      359
  SINCE JUN 1    982                      1054    -72     1210
  SINCE JUL 1    656                       561     95      624

 COOLING
  YESTERDAY        0                         0      0        0
  MONTH TO DATE    0                         0      0        0
  SINCE JUN 1      1                         0      1        0
  SINCE JAN 1      1                         0      1        0
..................................................................


WIND (MPH)
  HIGHEST WIND SPEED    18   HIGHEST WIND DIRECTION     W (280)
  HIGHEST GUST SPEED    31   HIGHEST GUST DIRECTION     W (280)
  AVERAGE WIND SPEED     2.5


SKY COVER
  POSSIBLE SUNSHINE  MM
  AVERAGE SKY COVER 0.0


WEATHER CONDITIONS
 THE FOLLOWING WEATHER WAS RECORDED YESTERDAY.
  NO SIGNIFICANT WEATHER WAS OBSERVED.


RELATIVE HUMIDITY (PERCENT)
 HIGHEST    92           400 AM
 LOWEST     32          1200 PM
 AVERAGE    62

..........................................................


THE LAKE YELLOWSTONE WY CLIMATE NORMALS FOR TODAY
                         NORMAL    RECORD    YEAR
 MAXIMUM TEMPERATURE (F)   69        78      2008
                                             2001
 MINIMUM TEMPERATURE (F)   36        27      2005


SUNRISE AND SUNSET
AUGUST 30 2015........SUNRISE   642 AM MDT   SUNSET   802 PM MDT
AUGUST 31 2015........SUNRISE   643 AM MDT   SUNSET   800 PM MDT


-  INDICATES NEGATIVE NUMBERS.
R  INDICATES RECORD WAS SET OR TIED.
MM INDICATES DATA IS MISSING.
T  INDICATES TRACE AMOUNT.




$$
