426
CDUS45 KRIW 220734
CLIP60


CLIMATE REPORT
NATIONAL WEATHER SERVICE RIVERTON WY
1234 AM MST MON JAN 22 2018


...................................

...THE LAKE YELLOWSTONE WY CLIMATE SUMMARY FOR JANUARY 21 2018...

CLIMATE NORMAL PERIOD 1981 TO 2010
CLIMATE RECORD PERIOD 1998 TO 2018


WEATHER ITEM   OBSERVED TIME   RECORD YEAR NORMAL DEPARTURE LAST
                VALUE   (LST)  VALUE       VALUE  FROM      YEAR
                                                  NORMAL
..................................................................
TEMPERATURE (F)
 YESTERDAY
  MAXIMUM         10    417 PM  37    2005  24    -14       24
  MINIMUM        -17    801 AM -26    2008   1    -18        0
  AVERAGE         -3                        13    -16       12

PRECIPITATION (IN)
  YESTERDAY        0.00          0.45 2002   0.06  -0.06     0.00
  MONTH TO DATE    1.64                      1.63   0.01     2.43
  SINCE DEC 1      3.89                      3.13   0.76     5.53
  SINCE JAN 1      1.64                      1.63   0.01     2.43

DEGREE DAYS
 HEATING
  YESTERDAY       68                        52     16       53
  MONTH TO DATE 1026                      1092    -66     1286
  SINCE DEC 1   2620                      2682    -62     3045
  SINCE JUL 1   5989                      6002    -13     6189

 COOLING
  YESTERDAY        0                         0      0        0
  MONTH TO DATE    0                         0      0        0
  SINCE DEC 1      0                         0      0        0
  SINCE JAN 1      0                         0      0        0
..................................................................


WIND (MPH)
  HIGHEST WIND SPEED     5   HIGHEST WIND DIRECTION    SE (150)
  HIGHEST GUST SPEED     7   HIGHEST GUST DIRECTION    NW (310)
  AVERAGE WIND SPEED     0.1


SKY COVER
  POSSIBLE SUNSHINE  MM
  AVERAGE SKY COVER 0.0


WEATHER CONDITIONS
 THE FOLLOWING WEATHER WAS RECORDED YESTERDAY.
  NO SIGNIFICANT WEATHER WAS OBSERVED.


RELATIVE HUMIDITY (PERCENT)
 HIGHEST    91          1000 AM
 LOWEST     74           700 AM
 AVERAGE    83

..........................................................


THE LAKE YELLOWSTONE WY CLIMATE NORMALS FOR TODAY
                         NORMAL    RECORD    YEAR
 MAXIMUM TEMPERATURE (F)   24        34      2005
 MINIMUM TEMPERATURE (F)    1       -33      2008


SUNRISE AND SUNSET
JANUARY 22 2018.......SUNRISE   750 AM MST   SUNSET   517 PM MST
JANUARY 23 2018.......SUNRISE   749 AM MST   SUNSET   518 PM MST


-  INDICATES NEGATIVE NUMBERS.
R  INDICATES RECORD WAS SET OR TIED.
MM INDICATES DATA IS MISSING.
T  INDICATES TRACE AMOUNT.




$$
