000
CDUS45 KRIW 100731
CLIP60


CLIMATE REPORT
NATIONAL WEATHER SERVICE RIVERTON WY
130 AM MDT THU JUL 10 2014


...................................

...THE LAKE YELLOWSTONE WY CLIMATE SUMMARY FOR JULY 9 2014...

CLIMATE NORMAL PERIOD 1981 TO 2010
CLIMATE RECORD PERIOD 1998 TO 2014


WEATHER ITEM   OBSERVED TIME   RECORD YEAR NORMAL DEPARTURE LAST
                VALUE   (LST)  VALUE       VALUE  FROM      YEAR
                                                  NORMAL
..................................................................
TEMPERATURE (F)
 YESTERDAY
  MAXIMUM         79R   221 PM  79    2007  71      8       77
                                      2002
  MINIMUM         41    522 AM  30    2004  39      2       39
  AVERAGE         60                        55      5       58

PRECIPITATION (IN)
  YESTERDAY        0.00          0.71 2001   0.04  -0.04     0.00
  MONTH TO DATE    0.01                      0.40  -0.39     0.83
  SINCE JUN 1      2.35                      2.40  -0.05     1.59
  SINCE JAN 1     17.49                     11.48   6.01    10.58

DEGREE DAYS
 HEATING
  YESTERDAY        5                        10     -5        7
  MONTH TO DATE   73                        98    -25       45
  SINCE JUN 1    659                       591     68      478
  SINCE JUL 1     73                        98    -25       45

 COOLING
  YESTERDAY        0                         0      0        0
  MONTH TO DATE    0                         0      0        0
  SINCE JUN 1      0                         0      0        0
  SINCE JAN 1      0                         0      0        0
..................................................................


WIND (MPH)
  HIGHEST WIND SPEED    14   HIGHEST WIND DIRECTION    NW (320)
  HIGHEST GUST SPEED    21   HIGHEST GUST DIRECTION    NW (330)
  AVERAGE WIND SPEED     2.7


SKY COVER
  POSSIBLE SUNSHINE  MM
  AVERAGE SKY COVER 0.0


WEATHER CONDITIONS
 THE FOLLOWING WEATHER WAS RECORDED YESTERDAY.
  NO SIGNIFICANT WEATHER WAS OBSERVED.


RELATIVE HUMIDITY (PERCENT)
 HIGHEST    89           300 AM
 LOWEST     21          1200 PM
 AVERAGE    55

..........................................................


THE LAKE YELLOWSTONE WY CLIMATE NORMALS FOR TODAY
                         NORMAL    RECORD    YEAR
 MAXIMUM TEMPERATURE (F)   71        80      2003
                                             2002
 MINIMUM TEMPERATURE (F)   39        35      2003


SUNRISE AND SUNSET
JULY 10 2014..........SUNRISE   547 AM MDT   SUNSET   907 PM MDT
JULY 11 2014..........SUNRISE   548 AM MDT   SUNSET   906 PM MDT


-  INDICATES NEGATIVE NUMBERS.
R  INDICATES RECORD WAS SET OR TIED.
MM INDICATES DATA IS MISSING.
T  INDICATES TRACE AMOUNT.




$$
