000
CDUS45 KRIW 230740
CLIP60


CLIMATE REPORT
NATIONAL WEATHER SERVICE RIVERTON WY
130 AM MDT SAT JUL 23 2016


...................................

...THE LAKE YELLOWSTONE WY CLIMATE SUMMARY FOR JULY 22 2016...

CLIMATE NORMAL PERIOD 1981 TO 2010
CLIMATE RECORD PERIOD 1998 TO 2016


WEATHER ITEM   OBSERVED TIME   RECORD YEAR NORMAL DEPARTURE LAST
                VALUE   (LST)  VALUE       VALUE  FROM      YEAR
                                                  NORMAL
..................................................................
TEMPERATURE (F)
 YESTERDAY
  MAXIMUM         81    132 PM  83    2007  73      8       73
  MINIMUM         45    407 AM  36    2000  41      4       39
  AVERAGE         63                        57      6       56

PRECIPITATION (IN)
  YESTERDAY        0.00          0.47 2002   0.05  -0.05     0.01
  MONTH TO DATE    0.83                      1.02  -0.19     0.92
  SINCE JUN 1      1.78                      3.02  -1.24     1.83
  SINCE JAN 1     10.84                     12.10  -1.26     9.57

DEGREE DAYS
 HEATING
  YESTERDAY        2                         8     -6        9
  MONTH TO DATE  253                       211     42      221
  SINCE JUN 1    621                       704    -83      547
  SINCE JUL 1    253                       211     42      221

 COOLING
  YESTERDAY        0                         0      0        0
  MONTH TO DATE    0                         0      0        0
  SINCE JUN 1      0                         0      0        1
  SINCE JAN 1      0                         0      0        1
..................................................................


WIND (MPH)
  HIGHEST WIND SPEED    16   HIGHEST WIND DIRECTION     W (260)
  HIGHEST GUST SPEED    31   HIGHEST GUST DIRECTION     W (270)
  AVERAGE WIND SPEED     3.8


SKY COVER
  POSSIBLE SUNSHINE  MM
  AVERAGE SKY COVER 0.0


WEATHER CONDITIONS
 THE FOLLOWING WEATHER WAS RECORDED YESTERDAY.
  NO SIGNIFICANT WEATHER WAS OBSERVED.


RELATIVE HUMIDITY (PERCENT)
 HIGHEST    77           700 AM
 LOWEST     14           700 PM
 AVERAGE    46

..........................................................


THE LAKE YELLOWSTONE WY CLIMATE NORMALS FOR TODAY
                         NORMAL    RECORD    YEAR
 MAXIMUM TEMPERATURE (F)   73        84      2007
 MINIMUM TEMPERATURE (F)   41        35      2001


SUNRISE AND SUNSET
JULY 23 2016..........SUNRISE   559 AM MDT   SUNSET   856 PM MDT
JULY 24 2016..........SUNRISE   600 AM MDT   SUNSET   855 PM MDT


-  INDICATES NEGATIVE NUMBERS.
R  INDICATES RECORD WAS SET OR TIED.
MM INDICATES DATA IS MISSING.
T  INDICATES TRACE AMOUNT.




$$
