000
CDUS45 KRIW 230737
CLIP60


CLIMATE REPORT
NATIONAL WEATHER SERVICE RIVERTON WY
129 AM MDT TUE SEP 23 2014


...................................

...THE LAKE YELLOWSTONE WY CLIMATE SUMMARY FOR SEPTEMBER 22 2014...

CLIMATE NORMAL PERIOD 1981 TO 2010
CLIMATE RECORD PERIOD 1998 TO 2014


WEATHER ITEM   OBSERVED TIME   RECORD YEAR NORMAL DEPARTURE LAST
                VALUE   (LST)  VALUE       VALUE  FROM      YEAR
                                                  NORMAL
..................................................................
TEMPERATURE (F)
 YESTERDAY
  MAXIMUM         56    201 PM  71    2012  59     -3       59
  MINIMUM         45    615 AM  19    2000  30     15       38
  AVERAGE         51                        44      7       49

PRECIPITATION (IN)
  YESTERDAY        0.33          0.38 2007   0.04   0.29     0.00
  MONTH TO DATE    1.37                      1.04   0.33     2.53
  SINCE SEP 1      1.37                      1.04   0.33     2.53
  SINCE JAN 1     24.49                     15.11   9.38    14.70

DEGREE DAYS
 HEATING
  YESTERDAY       14                        21     -7       16
  MONTH TO DATE  405                       369     36      302
  SINCE SEP 1    405                       369     36      302
  SINCE JUL 1   1067                       956    111      726

 COOLING
  YESTERDAY        0                         0      0        0
  MONTH TO DATE    0                         0      0        0
  SINCE SEP 1      0                         0      0        0
  SINCE JAN 1      0                         0      0        0
..................................................................


WIND (MPH)
  HIGHEST WIND SPEED    13   HIGHEST WIND DIRECTION     W (270)
  HIGHEST GUST SPEED    21   HIGHEST GUST DIRECTION     W (280)
  AVERAGE WIND SPEED     1.1


SKY COVER
  POSSIBLE SUNSHINE  MM
  AVERAGE SKY COVER 0.0


WEATHER CONDITIONS
 THE FOLLOWING WEATHER WAS RECORDED YESTERDAY.
  NO SIGNIFICANT WEATHER WAS OBSERVED.


RELATIVE HUMIDITY (PERCENT)
 HIGHEST   100           300 AM
 LOWEST     72           200 PM
 AVERAGE    86

..........................................................


THE LAKE YELLOWSTONE WY CLIMATE NORMALS FOR TODAY
                         NORMAL    RECORD    YEAR
 MAXIMUM TEMPERATURE (F)   59        73      2011
 MINIMUM TEMPERATURE (F)   29        18      2000


SUNRISE AND SUNSET
SEPTEMBER 23 2014.....SUNRISE   710 AM MDT   SUNSET   717 PM MDT
SEPTEMBER 24 2014.....SUNRISE   711 AM MDT   SUNSET   715 PM MDT


-  INDICATES NEGATIVE NUMBERS.
R  INDICATES RECORD WAS SET OR TIED.
MM INDICATES DATA IS MISSING.
T  INDICATES TRACE AMOUNT.




$$
