000
CDUS45 KRIW 310738
CLIP60


CLIMATE REPORT
NATIONAL WEATHER SERVICE RIVERTON WY
1235 AM MST SAT JAN 31 2015


...................................

...THE LAKE YELLOWSTONE WY CLIMATE SUMMARY FOR JANUARY 30 2015...

CLIMATE NORMAL PERIOD 1981 TO 2010
CLIMATE RECORD PERIOD 1998 TO 2015


WEATHER ITEM   OBSERVED TIME   RECORD YEAR NORMAL DEPARTURE LAST
                VALUE   (LST)  VALUE       VALUE  FROM      YEAR
                                                  NORMAL
..................................................................
TEMPERATURE (F)
 YESTERDAY
  MAXIMUM         19    255 PM  33    2003  25     -6       26
  MINIMUM         -6    814 AM -29    2002   1     -7        7
  AVERAGE          7                        13     -6       17

PRECIPITATION (IN)
  YESTERDAY        0.00          0.26 2006   0.04  -0.04     0.02
  MONTH TO DATE    2.03                      2.07  -0.04     1.91
  SINCE DEC 1      4.53                      3.57   0.96     3.86
  SINCE JAN 1      2.03                      2.07  -0.04     1.91

DEGREE DAYS
 HEATING
  YESTERDAY       58                        52      6       48
  MONTH TO DATE 1486                      1560    -74     1596
  SINCE DEC 1   2934                      3150   -216     3305
  SINCE JUL 1   6261                      6470   -209     6533

 COOLING
  YESTERDAY        0                         0      0        0
  MONTH TO DATE    0                         0      0        0
  SINCE DEC 1      0                         0      0        0
  SINCE JAN 1      0                         0      0        0
..................................................................


WIND (MPH)
  HIGHEST WIND SPEED     6   HIGHEST WIND DIRECTION    SE (120)
  HIGHEST GUST SPEED     7   HIGHEST GUST DIRECTION    SE (120)
  AVERAGE WIND SPEED     0.0


SKY COVER
  POSSIBLE SUNSHINE  MM
  AVERAGE SKY COVER 0.0


WEATHER CONDITIONS
 THE FOLLOWING WEATHER WAS RECORDED YESTERDAY.
  NO SIGNIFICANT WEATHER WAS OBSERVED.


RELATIVE HUMIDITY (PERCENT)
 HIGHEST   100          1000 AM
 LOWEST     74           300 PM
 AVERAGE    87

..........................................................


THE LAKE YELLOWSTONE WY CLIMATE NORMALS FOR TODAY
                         NORMAL    RECORD    YEAR
 MAXIMUM TEMPERATURE (F)   25        37      2003
 MINIMUM TEMPERATURE (F)    1       -22      2000


SUNRISE AND SUNSET
JANUARY 31 2015.......SUNRISE   742 AM MST   SUNSET   529 PM MST
FEBRUARY  1 2015......SUNRISE   740 AM MST   SUNSET   530 PM MST


-  INDICATES NEGATIVE NUMBERS.
R  INDICATES RECORD WAS SET OR TIED.
MM INDICATES DATA IS MISSING.
T  INDICATES TRACE AMOUNT.




$$
