000
CDUS45 KLKN 280029
CLIP68


CLIMATE REPORT
NATIONAL WEATHER SERVICE ELKO NV
529 PM PDT THU APR 27 2017


...................................

...THE EUREKA AIRPORT NV CLIMATE SUMMARY FOR APRIL 27 2017...
VALID TODAY AS OF 0500 PM LOCAL TIME.

CLIMATE NORMAL PERIOD 1981 TO 2010
CLIMATE RECORD PERIOD 1963 TO 2017


WEATHER ITEM   OBSERVED TIME   RECORD YEAR NORMAL DEPARTURE LAST
                VALUE   (LST)  VALUE       VALUE  FROM      YEAR
                                                  NORMAL
..................................................................
TEMPERATURE (F)
 TODAY
  MAXIMUM         52    247 PM  83    2000  63    -11       47
  MINIMUM         34    515 AM   6    1966  30      4       33
  AVERAGE         43                        46     -3       40

PRECIPITATION (IN)
  TODAY            0.08          0.32 2002   0.04   0.04     0.23
  MONTH TO DATE    2.11                      0.87   1.24     1.52
  SINCE OCT 1      8.57                      5.53   3.04     9.09
  SINCE JAN 1      6.48                      3.40   3.08     4.82

DEGREE DAYS
 HEATING
  TODAY           22                        19      3       25
  MONTH TO DATE  571                       595    -24      488
  SINCE MAR 1   1256                      1466   -210     1237
  SINCE JUL 1   6116                      6751   -635     6340

 COOLING
  TODAY            0                         0      0        0
  MONTH TO DATE    0                         0      0        0
  SINCE MAR 1      0                         0      0        0
  SINCE JAN 1      0                         0      0        0
..................................................................


WIND (MPH)
  HIGHEST WIND SPEED    26   HIGHEST WIND DIRECTION    NW (310)
  HIGHEST GUST SPEED    37   HIGHEST GUST DIRECTION    NW (320)




RELATIVE HUMIDITY (PERCENT)
 HIGHEST    85           200 AM
 LOWEST     22           400 PM
 AVERAGE    54

..........................................................


THE EUREKA AIRPORT NV CLIMATE NORMALS FOR TOMORROW
                         NORMAL    RECORD    YEAR
 MAXIMUM TEMPERATURE (F)   63        81      2007
 MINIMUM TEMPERATURE (F)   31        10      1966


SUNRISE AND SUNSET
APRIL 27 2017.........SUNRISE   550 AM PDT   SUNSET   734 PM PDT
APRIL 28 2017.........SUNRISE   548 AM PDT   SUNSET   735 PM PDT


-  INDICATES NEGATIVE NUMBERS.
R  INDICATES RECORD WAS SET OR TIED.
MM INDICATES DATA IS MISSING.
T  INDICATES TRACE AMOUNT.




$$
