000
CDUS45 KLKN 130026
CLIP68


CLIMATE REPORT
NATIONAL WEATHER SERVICE ELKO NV
525 PM PDT SAT JUL 12 2014


...................................

...THE EUREKA AIRPORT NV CLIMATE SUMMARY FOR JULY 12 2014...
VALID TODAY AS OF 0500 PM LOCAL TIME.

CLIMATE NORMAL PERIOD 1981 TO 2010
CLIMATE RECORD PERIOD 1963 TO 2014


WEATHER ITEM   OBSERVED TIME   RECORD YEAR NORMAL DEPARTURE LAST
                VALUE   (LST)  VALUE       VALUE  FROM      YEAR
                                                  NORMAL
..................................................................
TEMPERATURE (F)
 TODAY
  MAXIMUM         95    251 PM 103    2002  89      6       81
  MINIMUM         55    405 AM  35    1983  49      6       50
  AVERAGE         75                        69      6       66

PRECIPITATION (IN)
  TODAY            0.00          0.22 1989   0.02  -0.02     0.04
  MONTH TO DATE    0.16                      0.17  -0.01     0.45
  SINCE OCT 1      7.23                      7.38  -0.15     5.02
  SINCE JAN 1      4.83                      5.25  -0.42     3.58

DEGREE DAYS
 HEATING
  TODAY            0                         0      0        0
  MONTH TO DATE    0                         8     -8        1
  SINCE JUN 1    103                       168    -65       81
  SINCE JUL 1      0                         8     -8        1

 COOLING
  TODAY           10                         4      6        1
  MONTH TO DATE  103                        41     62      105
  SINCE JUN 1    144                        70     74      197
  SINCE JAN 1    146                        73     73      198
..................................................................


WIND (MPH)
  HIGHEST WIND SPEED    15   HIGHEST WIND DIRECTION    NE (40)
  HIGHEST GUST SPEED    20   HIGHEST GUST DIRECTION    NE (30)




RELATIVE HUMIDITY (PERCENT)
 HIGHEST    83           400 AM
 LOWEST     14           400 PM
 AVERAGE    49

..........................................................


THE EUREKA AIRPORT NV CLIMATE NORMALS FOR TOMORROW
                         NORMAL    RECORD    YEAR
 MAXIMUM TEMPERATURE (F)   90       102      2002
 MINIMUM TEMPERATURE (F)   49        33      1995


SUNRISE AND SUNSET
JULY 12 2014..........SUNRISE   527 AM PDT   SUNSET   812 PM PDT
JULY 13 2014..........SUNRISE   528 AM PDT   SUNSET   811 PM PDT


-  INDICATES NEGATIVE NUMBERS.
R  INDICATES RECORD WAS SET OR TIED.
MM INDICATES DATA IS MISSING.
T  INDICATES TRACE AMOUNT.




$$
