000
CDUS45 KLKN 290932
CLIP68


CLIMATE REPORT
NATIONAL WEATHER SERVICE ELKO NV
128 AM PST MON DEC 29 2014


...................................

...THE EUREKA AIRPORT NV CLIMATE SUMMARY FOR DECEMBER 28 2014...

CLIMATE NORMAL PERIOD 1981 TO 2010
CLIMATE RECORD PERIOD 1963 TO 2014


WEATHER ITEM   OBSERVED TIME   RECORD YEAR NORMAL DEPARTURE LAST
                VALUE   (LST)  VALUE       VALUE  FROM      YEAR
                                                  NORMAL
..................................................................
TEMPERATURE (F)
 YESTERDAY
  MAXIMUM         40    257 PM  59    2011  37      3       43
  MINIMUM         20   1212 AM -24    1966   9     11        8
  AVERAGE         30                        23      7       26

PRECIPITATION (IN)
  YESTERDAY        0.00          0.15 1963   0.02  -0.02     0.00
  MONTH TO DATE    0.75                      0.55   0.20     1.07
  SINCE OCT 1      1.08                      2.07  -0.99     2.40
  SINCE JAN 1      9.02                      8.94   0.08     8.54

DEGREE DAYS
 HEATING
  YESTERDAY       35                        42     -7       39
  MONTH TO DATE  849                      1123   -274     1225
  SINCE DEC 1    849                      1123   -274     1225
  SINCE JUL 1   2189                      2882   -693     2836

 COOLING
  YESTERDAY        0                         0      0        0
  MONTH TO DATE    0                         0      0        0
  SINCE DEC 1      0                         0      0        0
  SINCE JAN 1    436                       288    148      585
..................................................................


WIND (MPH)
  HIGHEST WIND SPEED    24   HIGHEST WIND DIRECTION     W (280)
  HIGHEST GUST SPEED    34   HIGHEST GUST DIRECTION     W (270)
  AVERAGE WIND SPEED    10.4




RELATIVE HUMIDITY (PERCENT)
 HIGHEST    75          1100 PM
 LOWEST     40           200 PM
 AVERAGE    58

..........................................................


THE EUREKA AIRPORT NV CLIMATE NORMALS FOR TODAY
                         NORMAL    RECORD    YEAR
 MAXIMUM TEMPERATURE (F)   36        56      2011
 MINIMUM TEMPERATURE (F)    9       -26      1988


SUNRISE AND SUNSET
DECEMBER 29 2014......SUNRISE   704 AM PST   SUNSET   428 PM PST
DECEMBER 30 2014......SUNRISE   704 AM PST   SUNSET   429 PM PST


-  INDICATES NEGATIVE NUMBERS.
R  INDICATES RECORD WAS SET OR TIED.
MM INDICATES DATA IS MISSING.
T  INDICATES TRACE AMOUNT.




$$
