000
CDUS45 KLKN 170926
CLIP68


CLIMATE REPORT
NATIONAL WEATHER SERVICE ELKO NV
226 AM PDT WED SEP 17 2014


...................................

...THE EUREKA AIRPORT NV CLIMATE SUMMARY FOR SEPTEMBER 16 2014...

CLIMATE NORMAL PERIOD 1981 TO 2010
CLIMATE RECORD PERIOD 1963 TO 2014


WEATHER ITEM   OBSERVED TIME   RECORD YEAR NORMAL DEPARTURE LAST
                VALUE   (LST)  VALUE       VALUE  FROM      YEAR
                                                  NORMAL
..................................................................
TEMPERATURE (F)
 YESTERDAY
  MAXIMUM         90    344 PM  91    2000  78     12       85
  MINIMUM         50    332 AM  21    1970  39     11       54
  AVERAGE         70                        58     12       70

PRECIPITATION (IN)
  YESTERDAY        0.00          0.40 1996   0.02  -0.02     0.00
  MONTH TO DATE    0.00                      0.31  -0.31     1.02
  SINCE OCT 1      9.21                      8.73   0.48     7.41
  SINCE JAN 1      6.81                      6.60   0.21     5.97

DEGREE DAYS
 HEATING
  YESTERDAY        0                         7     -7        0
  MONTH TO DATE   22                        77    -55       26
  SINCE SEP 1     22                        77    -55       26
  SINCE JUL 1     47                       124    -77       27

 COOLING
  YESTERDAY        5                         0      5        5
  MONTH TO DATE   22                         9     13       41
  SINCE SEP 1     22                         9     13       41
  SINCE JAN 1    421                       286    135      582
..................................................................


WIND (MPH)
  HIGHEST WIND SPEED    18   HIGHEST WIND DIRECTION     S (180)
  HIGHEST GUST SPEED    27   HIGHEST GUST DIRECTION    SE (150)
  AVERAGE WIND SPEED     6.9




RELATIVE HUMIDITY (PERCENT)
 HIGHEST    47           200 AM
 LOWEST     13          1200 PM
 AVERAGE    30

..........................................................


THE EUREKA AIRPORT NV CLIMATE NORMALS FOR TODAY
                         NORMAL    RECORD    YEAR
 MAXIMUM TEMPERATURE (F)   77        86      2010
 MINIMUM TEMPERATURE (F)   38        21      1971


SUNRISE AND SUNSET
SEPTEMBER 17 2014.....SUNRISE   627 AM PDT   SUNSET   649 PM PDT
SEPTEMBER 18 2014.....SUNRISE   628 AM PDT   SUNSET   647 PM PDT


-  INDICATES NEGATIVE NUMBERS.
R  INDICATES RECORD WAS SET OR TIED.
MM INDICATES DATA IS MISSING.
T  INDICATES TRACE AMOUNT.




$$
