000
CDUS45 KLKN 220030
CLIP68


CLIMATE REPORT
NATIONAL WEATHER SERVICE ELKO NV
528 PM PDT SAT OCT 21 2017


...................................

...THE EUREKA AIRPORT NV CLIMATE SUMMARY FOR OCTOBER 21 2017...
VALID TODAY AS OF 0500 PM LOCAL TIME.

CLIMATE NORMAL PERIOD 1981 TO 2010
CLIMATE RECORD PERIOD 1963 TO 2017


WEATHER ITEM   OBSERVED TIME   RECORD YEAR NORMAL DEPARTURE LAST
                VALUE   (LST)  VALUE       VALUE  FROM      YEAR
                                                  NORMAL
..................................................................
TEMPERATURE (F)
 TODAY
  MAXIMUM         56    233 PM  83    2003  62     -6       76
  MINIMUM         18    458 AM  -1    1996  27     -9       25
  AVERAGE         37                        44     -7       51

PRECIPITATION (IN)
  TODAY            0.00          0.05 1985   0.02  -0.02     0.00
  MONTH TO DATE    0.28                      0.46  -0.18     0.09
  SINCE OCT 1      0.28                      0.46  -0.18     0.09
  SINCE JAN 1      9.32                      7.33   1.99     9.00

DEGREE DAYS
 HEATING
  TODAY           28                        21      7       14
  MONTH TO DATE  444                       356     88      323
  SINCE SEP 1    706                       573    133      512
  SINCE JUL 1    710                       620     90      536

 COOLING
  TODAY            0                         0      0        0
  MONTH TO DATE    0                         0      0        0
  SINCE SEP 1     61                        11     50        9
  SINCE JAN 1    570                       288    282      424
..................................................................


WIND (MPH)
  HIGHEST WIND SPEED    14   HIGHEST WIND DIRECTION    NW (300)
  HIGHEST GUST SPEED    23   HIGHEST GUST DIRECTION     W (250)




RELATIVE HUMIDITY (PERCENT)
 HIGHEST    74           500 AM
 LOWEST     22           100 PM
 AVERAGE    48

..........................................................


THE EUREKA AIRPORT NV CLIMATE NORMALS FOR TOMORROW
                         NORMAL    RECORD    YEAR
 MAXIMUM TEMPERATURE (F)   61        83      2003
 MINIMUM TEMPERATURE (F)   27         6      1996


SUNRISE AND SUNSET
OCTOBER 21 2017.......SUNRISE   700 AM PDT   SUNSET   556 PM PDT
OCTOBER 22 2017.......SUNRISE   702 AM PDT   SUNSET   554 PM PDT


-  INDICATES NEGATIVE NUMBERS.
R  INDICATES RECORD WAS SET OR TIED.
MM INDICATES DATA IS MISSING.
T  INDICATES TRACE AMOUNT.




$$
