000
CDUS45 KLKN 040932
CLIP68


CLIMATE REPORT
NATIONAL WEATHER SERVICE ELKO NV
232 AM PDT WED MAY 4 2016


...................................

...THE EUREKA AIRPORT NV CLIMATE SUMMARY FOR MAY 3 2016...

CLIMATE NORMAL PERIOD 1981 TO 2010
CLIMATE RECORD PERIOD 1963 TO 2016


WEATHER ITEM   OBSERVED TIME   RECORD YEAR NORMAL DEPARTURE LAST
                VALUE   (LST)  VALUE       VALUE  FROM      YEAR
                                                  NORMAL
..................................................................
TEMPERATURE (F)
 YESTERDAY
  MAXIMUM         69    427 PM  84    2004  65      4       74
                                      2000
  MINIMUM         34    521 AM  17    1964  32      2       38
  AVERAGE         52                        48      4       56

PRECIPITATION (IN)
  YESTERDAY        0.00          0.17 2003   0.02  -0.02     0.01
  MONTH TO DATE    0.00                      0.08  -0.08     0.01
  SINCE OCT 1      9.70                      5.71   3.99     2.38
  SINCE JAN 1      5.43                      3.58   1.85     1.26

DEGREE DAYS
 HEATING
  YESTERDAY       13                        17     -4        9
  MONTH TO DATE   54                        51      3       23
  SINCE MAR 1   1358                      1570   -212     1303
  SINCE JUL 1   6461                      6855   -394     5346

 COOLING
  YESTERDAY        0                         0      0        0
  MONTH TO DATE    0                         0      0        0
  SINCE MAR 1      0                         0      0        0
  SINCE JAN 1      0                         0      0        0
..................................................................


WIND (MPH)
  HIGHEST WIND SPEED    16   HIGHEST WIND DIRECTION     S (190)
  HIGHEST GUST SPEED    25   HIGHEST GUST DIRECTION     S (170)
  AVERAGE WIND SPEED     5.8




RELATIVE HUMIDITY (PERCENT)
 HIGHEST    82           100 AM
 LOWEST     20           500 PM
 AVERAGE    51

..........................................................


THE EUREKA AIRPORT NV CLIMATE NORMALS FOR TODAY
                         NORMAL    RECORD    YEAR
 MAXIMUM TEMPERATURE (F)   65        86      2004
 MINIMUM TEMPERATURE (F)   32        19      2001


SUNRISE AND SUNSET
MAY  4 2016...........SUNRISE   541 AM PDT   SUNSET   741 PM PDT
MAY  5 2016...........SUNRISE   539 AM PDT   SUNSET   742 PM PDT


-  INDICATES NEGATIVE NUMBERS.
R  INDICATES RECORD WAS SET OR TIED.
MM INDICATES DATA IS MISSING.
T  INDICATES TRACE AMOUNT.




$$
