000
CDUS45 KLKN 210959
CLIP68


CLIMATE REPORT
NATIONAL WEATHER SERVICE ELKO NV
158 AM PST TUE FEB 21 2017


...................................

...THE EUREKA AIRPORT NV CLIMATE SUMMARY FOR FEBRUARY 20 2017...

CLIMATE NORMAL PERIOD 1981 TO 2010
CLIMATE RECORD PERIOD 1963 TO 2017


WEATHER ITEM   OBSERVED TIME   RECORD YEAR NORMAL DEPARTURE LAST
                VALUE   (LST)  VALUE       VALUE  FROM      YEAR
                                                  NORMAL
..................................................................
TEMPERATURE (F)
 YESTERDAY
  MAXIMUM         51    202 PM  65    1995  44      7       46
  MINIMUM         36    345 AM -18    1990  17     19       19
  AVERAGE         44                        31     13       33

PRECIPITATION (IN)
  YESTERDAY        0.00          0.68 2002   0.03  -0.03     0.00
  MONTH TO DATE    0.20                      0.60  -0.40     0.33
  SINCE OCT 1      4.74                      3.47   1.27     6.24
  SINCE JAN 1      2.65                      1.34   1.31     1.97

DEGREE DAYS
 HEATING
  YESTERDAY       21                        34    -13       32
  MONTH TO DATE  553                       739   -186      832
  SINCE DEC 1   3135                      3263   -128     3367
  SINCE JUL 1   4548                      5022   -474     4853

 COOLING
  YESTERDAY        0                         0      0        0
  MONTH TO DATE    0                         0      0        0
  SINCE DEC 1      0                         0      0        0
  SINCE JAN 1      0                         0      0        0
..................................................................


WIND (MPH)
  HIGHEST WIND SPEED    30   HIGHEST WIND DIRECTION     S (170)
  HIGHEST GUST SPEED    37   HIGHEST GUST DIRECTION     S (190)
  AVERAGE WIND SPEED    17.3




RELATIVE HUMIDITY (PERCENT)
 HIGHEST    70           200 AM
 LOWEST     53           800 PM
 AVERAGE    62

..........................................................


THE EUREKA AIRPORT NV CLIMATE NORMALS FOR TODAY
                         NORMAL    RECORD    YEAR
 MAXIMUM TEMPERATURE (F)   44        65      1995
 MINIMUM TEMPERATURE (F)   18        -4      1985


SUNRISE AND SUNSET
FEBRUARY 21 2017......SUNRISE   628 AM PST   SUNSET   528 PM PST
FEBRUARY 22 2017......SUNRISE   626 AM PST   SUNSET   529 PM PST


-  INDICATES NEGATIVE NUMBERS.
R  INDICATES RECORD WAS SET OR TIED.
MM INDICATES DATA IS MISSING.
T  INDICATES TRACE AMOUNT.




$$
