000
CDUS45 KLKN 200027
CLIP68


CLIMATE REPORT
NATIONAL WEATHER SERVICE ELKO NV
527 PM PDT SAT AUG 19 2017


...................................

...THE EUREKA AIRPORT NV CLIMATE SUMMARY FOR AUGUST 19 2017...
VALID TODAY AS OF 0500 PM LOCAL TIME.

CLIMATE NORMAL PERIOD 1981 TO 2010
CLIMATE RECORD PERIOD 1963 TO 2017


WEATHER ITEM   OBSERVED TIME   RECORD YEAR NORMAL DEPARTURE LAST
                VALUE   (LST)  VALUE       VALUE  FROM      YEAR
                                                  NORMAL
..................................................................
TEMPERATURE (F)
 TODAY
  MAXIMUM         89   1055 AM  95    2011  87      2       91
  MINIMUM         51    453 AM  36    1985  47      4       49
                                      1980
  AVERAGE         70                        67      3       70

PRECIPITATION (IN)
  TODAY            0.03          0.48 1990   0.01   0.02     0.00
  MONTH TO DATE    0.48                      0.35   0.13     0.00
  SINCE OCT 1     10.00                      8.19   1.81    12.11
  SINCE JAN 1      7.91                      6.06   1.85     7.84

DEGREE DAYS
 HEATING
  TODAY            0                         1     -1        0
  MONTH TO DATE    4                        12     -8        1
  SINCE JUN 1     78                       185   -107       68
  SINCE JUL 1      4                        25    -21       14

 COOLING
  TODAY            5                         3      2        5
  MONTH TO DATE  113                        78     35       92
  SINCE JUN 1    445                       250    195      382
  SINCE JAN 1    445                       253    192      382
..................................................................


WIND (MPH)
  HIGHEST WIND SPEED    31   HIGHEST WIND DIRECTION     W (250)
  HIGHEST GUST SPEED    41   HIGHEST GUST DIRECTION     W (280)




RELATIVE HUMIDITY (PERCENT)
 HIGHEST    50           500 AM
 LOWEST     15           400 PM
 AVERAGE    33

..........................................................


THE EUREKA AIRPORT NV CLIMATE NORMALS FOR TOMORROW
                         NORMAL    RECORD    YEAR
 MAXIMUM TEMPERATURE (F)   86        97      2009
 MINIMUM TEMPERATURE (F)   47        33      1980


SUNRISE AND SUNSET
AUGUST 19 2017........SUNRISE   600 AM PDT   SUNSET   734 PM PDT
AUGUST 20 2017........SUNRISE   601 AM PDT   SUNSET   732 PM PDT


-  INDICATES NEGATIVE NUMBERS.
R  INDICATES RECORD WAS SET OR TIED.
MM INDICATES DATA IS MISSING.
T  INDICATES TRACE AMOUNT.




$$
