000
CDUS45 KLKN 270934
CLIP68


CLIMATE REPORT
NATIONAL WEATHER SERVICE ELKO NV
127 AM PST FRI FEB 27 2015


...................................

...THE EUREKA AIRPORT NV CLIMATE SUMMARY FOR FEBRUARY 26 2015...

CLIMATE NORMAL PERIOD 1981 TO 2010
CLIMATE RECORD PERIOD 1963 TO 2015


WEATHER ITEM   OBSERVED TIME   RECORD YEAR NORMAL DEPARTURE LAST
                VALUE   (LST)  VALUE       VALUE  FROM      YEAR
                                                  NORMAL
..................................................................
TEMPERATURE (F)
 YESTERDAY
  MAXIMUM         42   1233 PM  62    1995  46     -4       60
                                      1965
  MINIMUM         21   1152 PM  -6    1987  19      2       25
  AVERAGE         32                        32      0       43

PRECIPITATION (IN)
  YESTERDAY        0.00          0.29 2004   0.03  -0.03     0.00
  MONTH TO DATE    0.09                      0.80  -0.71     0.60
  SINCE OCT 1      1.47                      3.67  -2.20     3.79
  SINCE JAN 1      0.35                      1.54  -1.19     1.39

DEGREE DAYS
 HEATING
  YESTERDAY       33                        33      0       22
  MONTH TO DATE  664                       939   -275      785
  SINCE DEC 1   2635                      3463   -828     3138
  SINCE JUL 1   3975                      5222  -1247     4749

 COOLING
  YESTERDAY        0                         0      0        0
  MONTH TO DATE    0                         0      0        0
  SINCE DEC 1      0                         0      0        0
  SINCE JAN 1      0                         0      0        0
..................................................................


WIND (MPH)
  HIGHEST WIND SPEED    21   HIGHEST WIND DIRECTION     N (350)
  HIGHEST GUST SPEED    27   HIGHEST GUST DIRECTION     N (360)
  AVERAGE WIND SPEED     8.1




RELATIVE HUMIDITY (PERCENT)
 HIGHEST    82          1100 AM
 LOWEST     36           100 AM
 AVERAGE    59

..........................................................


THE EUREKA AIRPORT NV CLIMATE NORMALS FOR TODAY
                         NORMAL    RECORD    YEAR
 MAXIMUM TEMPERATURE (F)   46        62      1992
                                             1980
                                             1968
 MINIMUM TEMPERATURE (F)   19        -8      1996
                                             1969


SUNRISE AND SUNSET
FEBRUARY 27 2015......SUNRISE   620 AM PST   SUNSET   534 PM PST
FEBRUARY 28 2015......SUNRISE   618 AM PST   SUNSET   535 PM PST


-  INDICATES NEGATIVE NUMBERS.
R  INDICATES RECORD WAS SET OR TIED.
MM INDICATES DATA IS MISSING.
T  INDICATES TRACE AMOUNT.




$$
