000
CDUS45 KLKN 270930
CLIP68


CLIMATE REPORT
NATIONAL WEATHER SERVICE ELKO NV
226 AM PDT WED AUG 27 2014


...................................

...THE EUREKA AIRPORT NV CLIMATE SUMMARY FOR AUGUST 26 2014...

CLIMATE NORMAL PERIOD 1981 TO 2010
CLIMATE RECORD PERIOD 1963 TO 2014


WEATHER ITEM   OBSERVED TIME   RECORD YEAR NORMAL DEPARTURE LAST
                VALUE   (LST)  VALUE       VALUE  FROM      YEAR
                                                  NORMAL
..................................................................
TEMPERATURE (F)
 YESTERDAY
  MAXIMUM         76        MM  96    2011  85     -9       81
                                      2010
  MINIMUM         47    500 AM  27    1992  45      2       59
  AVERAGE         62                        65     -3       70

PRECIPITATION (IN)
  YESTERDAY        0.00          0.46 1970   0.02  -0.02     0.00
  MONTH TO DATE    1.84                      0.48   1.36     0.09
  SINCE OCT 1      9.21                      8.32   0.89     6.34
  SINCE JAN 1      6.81                      6.19   0.62     4.90

DEGREE DAYS
 HEATING
  YESTERDAY        3                         2      1        0
  MONTH TO DATE   19                        22     -3        0
  SINCE JUN 1    122                       195    -73       81
  SINCE JUL 1     19                        35    -16        1

 COOLING
  YESTERDAY        0                         2     -2        5
  MONTH TO DATE   81                        93    -12      143
  SINCE JUN 1    382                       265    117      509
  SINCE JAN 1    384                       268    116      510
..................................................................


WIND (MPH)
  HIGHEST WIND SPEED    20   HIGHEST WIND DIRECTION    SE (140)
  HIGHEST GUST SPEED    36   HIGHEST GUST DIRECTION    SE (130)
  AVERAGE WIND SPEED     5.9




RELATIVE HUMIDITY (PERCENT)
 HIGHEST    71           500 AM
 LOWEST     22          1200 PM
 AVERAGE    47

..........................................................


THE EUREKA AIRPORT NV CLIMATE NORMALS FOR TODAY
                         NORMAL    RECORD    YEAR
 MAXIMUM TEMPERATURE (F)   85        95      2001
 MINIMUM TEMPERATURE (F)   45        28      1992


SUNRISE AND SUNSET
AUGUST 27 2014........SUNRISE   608 AM PDT   SUNSET   722 PM PDT
AUGUST 28 2014........SUNRISE   609 AM PDT   SUNSET   721 PM PDT


-  INDICATES NEGATIVE NUMBERS.
R  INDICATES RECORD WAS SET OR TIED.
MM INDICATES DATA IS MISSING.
T  INDICATES TRACE AMOUNT.




$$
