000
CDUS45 KLKN 010028
CLIP68


CLIMATE REPORT
NATIONAL WEATHER SERVICE ELKO NV
526 PM PDT FRI OCT 31 2014


...................................

...THE EUREKA AIRPORT NV CLIMATE SUMMARY FOR OCTOBER 31 2014...
VALID TODAY AS OF 500 PM LOCAL TIME.

CLIMATE NORMAL PERIOD 1981 TO 2010
CLIMATE RECORD PERIOD 1963 TO 2014


WEATHER ITEM   OBSERVED TIME   RECORD YEAR NORMAL DEPARTURE LAST
                VALUE   (LST)  VALUE       VALUE  FROM      YEAR
                                                  NORMAL
..................................................................
TEMPERATURE (F)
 TODAY
  MAXIMUM         65   1225 PM  73    1988  57      8       50
                                      1965
  MINIMUM         43    537 AM  -1    1991  24     19       25
  AVERAGE         54                        41     13       38

PRECIPITATION (IN)
  TODAY            0.00          0.50 1983   0.03  -0.03     0.00
  MONTH TO DATE    0.00                      0.74  -0.74     0.69
  SINCE OCT 1      0.00                      0.74  -0.74     0.69
  SINCE JAN 1      7.94                      7.61   0.33     6.83

DEGREE DAYS
 HEATING
  TODAY           11                        24    -13       27
  MONTH TO DATE  404                       583   -179      618
  SINCE SEP 1    497                       800   -303      808
  SINCE JUL 1    522                       847   -325      809

 COOLING
  TODAY            0                         0      0        0
  MONTH TO DATE    0                         0      0        0
  SINCE SEP 1     37                        11     26       44
  SINCE JAN 1    436                       288    148      585
..................................................................


WIND (MPH)
  HIGHEST WIND SPEED    23   HIGHEST WIND DIRECTION     S (180)
  HIGHEST GUST SPEED    32   HIGHEST GUST DIRECTION     S (170)




RELATIVE HUMIDITY (PERCENT)
 HIGHEST    40           600 AM
 LOWEST     16          1200 PM
 AVERAGE    28

..........................................................


THE EUREKA AIRPORT NV CLIMATE NORMALS FOR TOMORROW
                         NORMAL    RECORD    YEAR
 MAXIMUM TEMPERATURE (F)   57        70      2005
                                             1988
 MINIMUM TEMPERATURE (F)   24        -5      2002


SUNRISE AND SUNSET
OCTOBER 31 2014.......SUNRISE   711 AM PDT   SUNSET   543 PM PDT
NOVEMBER  1 2014......SUNRISE   712 AM PDT   SUNSET   542 PM PDT


-  INDICATES NEGATIVE NUMBERS.
R  INDICATES RECORD WAS SET OR TIED.
MM INDICATES DATA IS MISSING.
T  INDICATES TRACE AMOUNT.




$$
