000
CDUS45 KLKN 010031
CLIP68


CLIMATE REPORT
NATIONAL WEATHER SERVICE ELKO NV
527 PM PDT TUE JUN 30 2015


...................................

...THE EUREKA AIRPORT NV CLIMATE SUMMARY FOR JUNE 30 2015...
VALID TODAY AS OF 0500 PM LOCAL TIME.

CLIMATE NORMAL PERIOD 1981 TO 2010
CLIMATE RECORD PERIOD 1963 TO 2015


WEATHER ITEM   OBSERVED TIME   RECORD YEAR NORMAL DEPARTURE LAST
                VALUE   (LST)  VALUE       VALUE  FROM      YEAR
                                                  NORMAL
..................................................................
TEMPERATURE (F)
 TODAY
  MAXIMUM         94   1101 AM 100    2013  86      8       90
  MINIMUM         62    501 AM  22    1968  46     16       45
  AVERAGE         78                        66     12       68

PRECIPITATION (IN)
  TODAY            0.00          0.26 1992   0.01  -0.01     0.00
  MONTH TO DATE    0.81                      0.85  -0.04     0.12
  SINCE OCT 1      5.14                      7.21  -2.07     7.07
  SINCE JAN 1      4.02                      5.08  -1.06     4.67

DEGREE DAYS
 HEATING
  TODAY            0                         2     -2        0
  MONTH TO DATE   39                       160   -121      103
  SINCE JUN 1     39                       160   -121      103
  SINCE JUL 1   5744                      7376  -1632     6634

 COOLING
  TODAY           13                         2     11        3
  MONTH TO DATE  157                        29    128       41
  SINCE JUN 1    157                        29    128       41
  SINCE JAN 1    165                        32    133       43
..................................................................


WIND (MPH)
  HIGHEST WIND SPEED    28   HIGHEST WIND DIRECTION     W (280)
  HIGHEST GUST SPEED    36   HIGHEST GUST DIRECTION     W (270)




RELATIVE HUMIDITY (PERCENT)
 HIGHEST    56           500 AM
 LOWEST     18          1100 AM
 AVERAGE    37

..........................................................


THE EUREKA AIRPORT NV CLIMATE NORMALS FOR TOMORROW
                         NORMAL    RECORD    YEAR
 MAXIMUM TEMPERATURE (F)   86       101      2013
 MINIMUM TEMPERATURE (F)   46        29      1997


SUNRISE AND SUNSET
JUNE 30 2015..........SUNRISE   520 AM PDT   SUNSET   815 PM PDT
JULY  1 2015..........SUNRISE   520 AM PDT   SUNSET   815 PM PDT


-  INDICATES NEGATIVE NUMBERS.
R  INDICATES RECORD WAS SET OR TIED.
MM INDICATES DATA IS MISSING.
T  INDICATES TRACE AMOUNT.




$$
