000
CDUS45 KLKN 240930
CLIP68


CLIMATE REPORT
NATIONAL WEATHER SERVICE ELKO NV
226 AM PDT SAT JUN 24 2017


...................................

...THE EUREKA AIRPORT NV CLIMATE SUMMARY FOR JUNE 23 2017...

CLIMATE NORMAL PERIOD 1981 TO 2010
CLIMATE RECORD PERIOD 1963 TO 2017


WEATHER ITEM   OBSERVED TIME   RECORD YEAR NORMAL DEPARTURE LAST
                VALUE   (LST)  VALUE       VALUE  FROM      YEAR
                                                  NORMAL
..................................................................
TEMPERATURE (F)
 YESTERDAY
  MAXIMUM         90    329 PM  95    2006  83      7       92
                                      1990
  MINIMUM         40    428 AM  29    1997  44     -4       47
  AVERAGE         65                        63      2       70

PRECIPITATION (IN)
  YESTERDAY        0.00          0.15 1988   0.02  -0.02     0.00
  MONTH TO DATE    0.30                      0.74  -0.44     0.54
  SINCE OCT 1      9.26                      7.10   2.16    12.05
  SINCE JAN 1      7.17                      4.97   2.20     7.78

DEGREE DAYS
 HEATING
  YESTERDAY        0                         3     -3        0
  MONTH TO DATE   73                       144    -71       50
  SINCE JUN 1     73                       144    -71       50
  SINCE JUL 1   6622                      7360   -738     6871

 COOLING
  YESTERDAY        0                         1     -1        5
  MONTH TO DATE   53                        16     37       51
  SINCE JUN 1     53                        16     37       51
  SINCE JAN 1     53                        19     34       51
..................................................................


WIND (MPH)
  HIGHEST WIND SPEED    20   HIGHEST WIND DIRECTION     N (20)
  HIGHEST GUST SPEED    27   HIGHEST GUST DIRECTION     N (20)
  AVERAGE WIND SPEED     6.1




RELATIVE HUMIDITY (PERCENT)
 HIGHEST    53           500 AM
 LOWEST      9           400 PM
 AVERAGE    31

..........................................................


THE EUREKA AIRPORT NV CLIMATE NORMALS FOR TODAY
                         NORMAL    RECORD    YEAR
 MAXIMUM TEMPERATURE (F)   83        96      2015
 MINIMUM TEMPERATURE (F)   44        28      1993


SUNRISE AND SUNSET
JUNE 24 2017..........SUNRISE   518 AM PDT   SUNSET   815 PM PDT
JUNE 25 2017..........SUNRISE   518 AM PDT   SUNSET   815 PM PDT


-  INDICATES NEGATIVE NUMBERS.
R  INDICATES RECORD WAS SET OR TIED.
MM INDICATES DATA IS MISSING.
T  INDICATES TRACE AMOUNT.




$$
