000
CDUS43 KPAH 230630
CLIPAH


CLIMATE REPORT
NATIONAL WEATHER SERVICE PADUCAH KY
1228 AM CST FRI FEB 23 2018


...................................

...THE PADUCAH KY CLIMATE SUMMARY FOR FEBRUARY 22 2018...

CLIMATE NORMAL PERIOD 1981 TO 2010
CLIMATE RECORD PERIOD 1937 TO 2018


WEATHER ITEM   OBSERVED TIME   RECORD YEAR NORMAL DEPARTURE LAST
                VALUE   (LST)  VALUE       VALUE  FROM      YEAR
                                                  NORMAL
..................................................................
TEMPERATURE (F)
 YESTERDAY
  MAXIMUM         52   1159 PM  72    2017  51      1       72
                                      1992
  MINIMUM         40    222 AM  -3    1963  31      9       56
  AVERAGE         46                        41      5       64

PRECIPITATION (IN)
  YESTERDAY        0.86          1.45 2003   0.14   0.72     0.02
  MONTH TO DATE    4.77                      3.08   1.69     1.17
  SINCE DEC 1     12.04                     11.35   0.69     9.68
  SINCE JAN 1      8.77                      6.76   2.01     3.67

SNOWFALL (IN)
  YESTERDAY       MM             T    2003   0.1   MM        0.0
                                      2002
                                      1989
  MONTH TO DATE    0.1                       2.7   -2.6       T
  SINCE DEC 1     12.5                       7.9    4.6      0.2
  SINCE JUL 1     12.5                       8.0    4.5      0.2
  SNOW DEPTH       0

DEGREE DAYS
 HEATING
  YESTERDAY       19                        24     -5        1
  MONTH TO DATE  511                       587    -76      388
  SINCE DEC 1   2402                      2383     19     1908
  SINCE JUL 1   3085                      3160    -75     2409

 COOLING
  YESTERDAY        0                         0      0        0
  MONTH TO DATE   11                         0     11        0
  SINCE DEC 1     11                         0     11        0
  SINCE JAN 1     11                         0     11        0
..................................................................


WIND (MPH)
  HIGHEST WIND SPEED    16   HIGHEST WIND DIRECTION    SE (120)
  HIGHEST GUST SPEED    22   HIGHEST GUST DIRECTION     E (90)
  AVERAGE WIND SPEED     6.6


SKY COVER
  POSSIBLE SUNSHINE  MM
  AVERAGE SKY COVER 0.7


WEATHER CONDITIONS
 THE FOLLOWING WEATHER WAS RECORDED YESTERDAY.
  HEAVY RAIN
  RAIN
  LIGHT RAIN
  FOG


RELATIVE HUMIDITY (PERCENT)
 HIGHEST    96           800 AM
 LOWEST     83           300 PM
 AVERAGE    90

..........................................................


THE PADUCAH KY CLIMATE NORMALS FOR TODAY
                         NORMAL    RECORD    YEAR
 MAXIMUM TEMPERATURE (F)   52        75      1982
 MINIMUM TEMPERATURE (F)   32        13      2015
                                             1968


SUNRISE AND SUNSET
FEBRUARY 23 2018......SUNRISE   634 AM CST   SUNSET   543 PM CST
FEBRUARY 24 2018......SUNRISE   633 AM CST   SUNSET   544 PM CST


-  INDICATES NEGATIVE NUMBERS.
R  INDICATES RECORD WAS SET OR TIED.
MM INDICATES DATA IS MISSING.
T  INDICATES TRACE AMOUNT.


&&
...........................................................
***** AGRICULTURAL DATA *****

SOIL TEMPERATURES AT A DEPTH OF FOUR INCHES

UNDER GRASS... MAX: 50    MIN: 49

$$
