000
CDUS44 KLZK 292202
CLIPBF


CLIMATE REPORT
NATIONAL WEATHER SERVICE LITTLE ROCK AR
402 PM CST THU JAN 29 2015


...................................

...THE PINE BLUFF CLIMATE SUMMARY FOR JANUARY 29 2015...
VALID TODAY AS OF 0400 PM LOCAL TIME.

CLIMATE NORMAL PERIOD 1981 TO 2010
CLIMATE RECORD PERIOD 1883 TO 2015


WEATHER ITEM   OBSERVED TIME   RECORD YEAR NORMAL DEPARTURE LAST
                VALUE   (LST)  VALUE       VALUE  FROM      YEAR
                                                  NORMAL
..................................................................
TEMPERATURE (F)
 TODAY
  MAXIMUM         66    259 PM  79    1950  53     13       38
  MINIMUM         53    757 AM   6    1966  34     19       12
  AVERAGE         60                        43     17       25

PRECIPITATION (IN)
  TODAY            0.00          3.62 1939   0.13  -0.13     0.00
  MONTH TO DATE    3.61                      3.50   0.11     1.69
  SINCE DEC 1      4.81                      8.94  -4.13     9.42
  SINCE JAN 1      3.61                      3.50   0.11     1.69

SNOWFALL (IN)
  TODAY            0.0           1.0  1899   0.1   -0.1      0.0
  MONTH TO DATE    T                         2.0   -2.0      0.3
  SINCE DEC 1      T                         2.2   -2.2      0.5
  SINCE JUL 1      0.1                       2.2   -2.1      0.5
  SNOW DEPTH       0

DEGREE DAYS
 HEATING
  TODAY            5                        22    -17       40
  MONTH TO DATE  707                       661     46      779
  SINCE DEC 1   1306                      1310     -4     1455
  SINCE JUL 1   1910                      1814     96     2055

 COOLING
  TODAY            0                         0      0        0
  MONTH TO DATE    0                         0      0        0
  SINCE DEC 1      0                         1     -1        3
  SINCE JAN 1      0                         0      0        0
..................................................................


WIND (MPH)
  HIGHEST WIND SPEED    20   HIGHEST WIND DIRECTION    SW (210)
  HIGHEST GUST SPEED    25   HIGHEST GUST DIRECTION    SW (210)
  AVERAGE WIND SPEED    12.9


SKY COVER
  POSSIBLE SUNSHINE  MM
  AVERAGE SKY COVER 0.0


WEATHER CONDITIONS
 THE FOLLOWING WEATHER WAS RECORDED TODAY.
  NO SIGNIFICANT WEATHER WAS OBSERVED.


RELATIVE HUMIDITY (PERCENT)
 HIGHEST    72           900 AM
 LOWEST     37           300 PM
 AVERAGE    55

..........................................................


THE PINE BLUFF CLIMATE NORMALS FOR TOMORROW
                         NORMAL    RECORD    YEAR
 MAXIMUM TEMPERATURE (F)   53        81      2002
 MINIMUM TEMPERATURE (F)   34        -2      1966


SUNRISE AND SUNSET
JANUARY 29 2015.......SUNRISE   707 AM CST   SUNSET   535 PM CST
JANUARY 30 2015.......SUNRISE   707 AM CST   SUNSET   536 PM CST


-  INDICATES NEGATIVE NUMBERS.
R  INDICATES RECORD WAS SET OR TIED.
MM INDICATES DATA IS MISSING.
T  INDICATES TRACE AMOUNT.




$$
