000
CDUS44 KLZK 210635
CLIPBF


CLIMATE REPORT
NATIONAL WEATHER SERVICE LITTLE ROCK AR
1235 AM CST SAT JAN 21 2017


...................................

...THE PINE BLUFF CLIMATE SUMMARY FOR JANUARY 20 2017...

CLIMATE NORMAL PERIOD 1981 TO 2010
CLIMATE RECORD PERIOD 1883 TO 2017


WEATHER ITEM   OBSERVED TIME   RECORD YEAR NORMAL DEPARTURE LAST
                VALUE   (LST)  VALUE       VALUE  FROM      YEAR
                                                  NORMAL
..................................................................
TEMPERATURE (F)
 YESTERDAY
  MAXIMUM         71    319 PM  76    1954  52     19       39
  MINIMUM         53    109 AM   2    1985  33     20       31
  AVERAGE         62                        42     20       35

PRECIPITATION (IN)
  YESTERDAY        0.00          3.78 1935   0.14  -0.14     0.32
  MONTH TO DATE    2.05                      2.40  -0.35     1.23
  SINCE DEC 1      6.63                      7.84  -1.21     6.57
  SINCE JAN 1      2.05                      2.40  -0.35     1.23

SNOWFALL (IN)
  YESTERDAY        0.0           2.0  1985   0.1   -0.1      0.0
  MONTH TO DATE    1.5                       1.0    0.5       T
  SINCE DEC 1      1.5                       1.2    0.3       T
  SINCE JUL 1      1.5                       1.2    0.3       T
  SNOW DEPTH       0

DEGREE DAYS
 HEATING
  YESTERDAY        3                        23    -20       30
  MONTH TO DATE  354                       460   -106      480
  SINCE DEC 1    965                      1109   -144      883
  SINCE JUL 1   1262                      1613   -351     1222

 COOLING
  YESTERDAY        0                         0      0        0
  MONTH TO DATE    5                         0      5        0
  SINCE DEC 1     10                         1      9       10
  SINCE JAN 1      5                         0      5        0
..................................................................


WIND (MPH)
  HIGHEST WIND SPEED    23   HIGHEST WIND DIRECTION    SW (220)
  HIGHEST GUST SPEED    29   HIGHEST GUST DIRECTION    SW (220)
  AVERAGE WIND SPEED     8.8


SKY COVER
  POSSIBLE SUNSHINE  MM
  AVERAGE SKY COVER 0.5


WEATHER CONDITIONS
 THE FOLLOWING WEATHER WAS RECORDED YESTERDAY.
  FOG


RELATIVE HUMIDITY (PERCENT)
 HIGHEST   100           100 AM
 LOWEST     51           400 PM
 AVERAGE    76

..........................................................


THE PINE BLUFF CLIMATE NORMALS FOR TODAY
                         NORMAL    RECORD    YEAR
 MAXIMUM TEMPERATURE (F)   52        78      1911
 MINIMUM TEMPERATURE (F)   33         5      1985


SUNRISE AND SUNSET
JANUARY 21 2017.......SUNRISE   711 AM CST   SUNSET   527 PM CST
JANUARY 22 2017.......SUNRISE   711 AM CST   SUNSET   528 PM CST


-  INDICATES NEGATIVE NUMBERS.
R  INDICATES RECORD WAS SET OR TIED.
MM INDICATES DATA IS MISSING.
T  INDICATES TRACE AMOUNT.




$$
