000
CDUS44 KLZK 092100
CLIPBF


CLIMATE REPORT
NATIONAL WEATHER SERVICE LITTLE ROCK AR
400 PM CDT WED JUL 9 2014


...................................

...THE PINE BLUFF CLIMATE SUMMARY FOR JULY 9 2014...
VALID TODAY AS OF 0400 PM LOCAL TIME.

CLIMATE NORMAL PERIOD 1981 TO 2010
CLIMATE RECORD PERIOD 1883 TO 2014


WEATHER ITEM   OBSERVED TIME   RECORD YEAR NORMAL DEPARTURE LAST
                VALUE   (LST)  VALUE       VALUE  FROM      YEAR
                                                  NORMAL
..................................................................
TEMPERATURE (F)
 TODAY
  MAXIMUM         82    237 PM 102    1980  92    -10       94
                                      1969
                                      1966
  MINIMUM         71    818 AM  57    1901  72     -1       74
  AVERAGE         77                        82     -5       84

PRECIPITATION (IN)
  TODAY            0.18          2.82 1905   0.13   0.05     0.00
  MONTH TO DATE    0.28                      1.10  -0.82      T
  SINCE JUN 1      3.63                      4.68  -1.05     1.98
  SINCE JAN 1     25.90                     27.88  -1.98    29.42

SNOWFALL (IN)
  TODAY            0.0          MM      MM   0.0    0.0      0.0
  MONTH TO DATE    0.0                       0.0    0.0      0.0
  SINCE JUN 1      0.0                       0.0    0.0      0.0
  SINCE JUL 1      0.0                       0.0    0.0      0.0
  SNOW DEPTH       0

DEGREE DAYS
 HEATING
  TODAY            0                         0      0        0
  MONTH TO DATE    0                         0      0        0
  SINCE JUN 1      0                         0      0        0
  SINCE JUL 1      0                         0      0        0

 COOLING
  TODAY           12                        17     -5       19
  MONTH TO DATE  114                       152    -38      115
  SINCE JUN 1    532                       574    -42      536
  SINCE JAN 1    795                       881    -86      803
..................................................................


WIND (MPH)
  HIGHEST WIND SPEED    14   HIGHEST WIND DIRECTION    NW (310)
  HIGHEST GUST SPEED    21   HIGHEST GUST DIRECTION    NW (300)
  AVERAGE WIND SPEED     5.7


SKY COVER
  POSSIBLE SUNSHINE  MM
  AVERAGE SKY COVER 0.3


WEATHER CONDITIONS
 THE FOLLOWING WEATHER WAS RECORDED TODAY.
  RAIN
  LIGHT RAIN


RELATIVE HUMIDITY (PERCENT)
 HIGHEST    93          1200 AM
 LOWEST     69           200 PM
 AVERAGE    81

..........................................................


THE PINE BLUFF CLIMATE NORMALS FOR TOMORROW
                         NORMAL    RECORD    YEAR
 MAXIMUM TEMPERATURE (F)   92       105      1969
                                             1944
 MINIMUM TEMPERATURE (F)   72        59      1899


SUNRISE AND SUNSET
JULY  9 2014..........SUNRISE   604 AM CDT   SUNSET   822 PM CDT
JULY 10 2014..........SUNRISE   604 AM CDT   SUNSET   822 PM CDT


-  INDICATES NEGATIVE NUMBERS.
R  INDICATES RECORD WAS SET OR TIED.
MM INDICATES DATA IS MISSING.
T  INDICATES TRACE AMOUNT.




$$
