000
CDUS44 KLZK 290651
CLIPBF


CLIMATE REPORT
NATIONAL WEATHER SERVICE LITTLE ROCK AR
150 AM CDT FRI APR 29 2016


...................................

...THE PINE BLUFF CLIMATE SUMMARY FOR APRIL 28 2016...

CLIMATE NORMAL PERIOD 1981 TO 2010
CLIMATE RECORD PERIOD 1883 TO 2016


WEATHER ITEM   OBSERVED TIME   RECORD YEAR NORMAL DEPARTURE LAST
                VALUE   (LST)  VALUE       VALUE  FROM      YEAR
                                                  NORMAL
..................................................................
TEMPERATURE (F)
 YESTERDAY
  MAXIMUM         84    431 PM  92    1948  77      7       57
  MINIMUM         57    539 AM  40    1928  56      1       52
                                      1920
  AVERAGE         71                        66      5       55

PRECIPITATION (IN)
  YESTERDAY        0.00          3.06 1991   0.16  -0.16     0.06
  MONTH TO DATE    2.28                      4.62  -2.34     7.67
  SINCE MAR 1     17.96                     10.02   7.94    15.71
  SINCE JAN 1     24.01                     17.84   6.17    22.64

SNOWFALL (IN)
  YESTERDAY        0.0          MM      MM   0.0    0.0      0.0
  MONTH TO DATE    0.0                       0.0    0.0      0.0
  SINCE MAR 1      0.0                       0.0    0.0      2.0
  SINCE JUL 1      3.6                       3.1    0.5      9.2
  SNOW DEPTH       0

DEGREE DAYS
 HEATING
  YESTERDAY        0                         2     -2       10
  MONTH TO DATE   73                       125    -52       84
  SINCE MAR 1    299                       472   -173      499
  SINCE JUL 1   2206                      2860   -654     3233

 COOLING
  YESTERDAY        6                         3      3        0
  MONTH TO DATE   53                        58     -5       75
  SINCE MAR 1     74                        75     -1       85
  SINCE JAN 1     78                        78      0       85
..................................................................


WIND (MPH)
  HIGHEST WIND SPEED    10   HIGHEST WIND DIRECTION     N (20)
  HIGHEST GUST SPEED    14   HIGHEST GUST DIRECTION     N (360)
  AVERAGE WIND SPEED     3.8


SKY COVER
  POSSIBLE SUNSHINE  MM
  AVERAGE SKY COVER 0.0


WEATHER CONDITIONS
 THE FOLLOWING WEATHER WAS RECORDED YESTERDAY.
  NO SIGNIFICANT WEATHER WAS OBSERVED.


RELATIVE HUMIDITY (PERCENT)
 HIGHEST    93          1200 AM
 LOWEST     29           400 PM
 AVERAGE    61

..........................................................


THE PINE BLUFF CLIMATE NORMALS FOR TODAY
                         NORMAL    RECORD    YEAR
 MAXIMUM TEMPERATURE (F)   78        92      1990
                                             1915
 MINIMUM TEMPERATURE (F)   56        41      1904


SUNRISE AND SUNSET
APRIL 29 2016.........SUNRISE   620 AM CDT   SUNSET   751 PM CDT
APRIL 30 2016.........SUNRISE   619 AM CDT   SUNSET   751 PM CDT


-  INDICATES NEGATIVE NUMBERS.
R  INDICATES RECORD WAS SET OR TIED.
MM INDICATES DATA IS MISSING.
T  INDICATES TRACE AMOUNT.




$$
