126
CDUS42 KMFL 240936
CLIPBI


CLIMATE REPORT
NATIONAL WEATHER SERVICE MIAMI, FL
435 AM EST TUE JAN 24 2017


...................................

...THE WEST PALM BEACH CLIMATE SUMMARY FOR JANUARY 23 2017...

CLIMATE NORMAL PERIOD 1981 TO 2010
CLIMATE RECORD PERIOD 1888 TO 2017


WEATHER ITEM   OBSERVED TIME   RECORD YEAR NORMAL DEPARTURE LAST
                VALUE   (LST)  VALUE       VALUE  FROM      YEAR
                                                  NORMAL
..................................................................
TEMPERATURE (F)
 YESTERDAY
  MAXIMUM         78   1251 AM  87    1973  75      3       64
  MINIMUM         64   1159 PM  32    1985  57      7       48
  AVERAGE         71                        66      5       56

PRECIPITATION (IN)
  YESTERDAY        0.31          1.76 1908   0.10   0.21      T
  MONTH TO DATE    0.55                      2.39  -1.84     4.37
  SINCE NOV 1      5.02                     10.52  -5.50    14.77
  SINCE JAN 1      0.55                      2.39  -1.84     4.37

SNOWFALL (IN)
  YESTERDAY        0.0
  MONTH TO DATE    0.0
  SINCE DEC 1      0.0
  SINCE JUL 1      0.0
  SNOW DEPTH      MM

DEGREE DAYS
 HEATING
  YESTERDAY        0                         3     -3        9
  MONTH TO DATE   15                        69    -54       36
  SINCE DEC 1     21                       128   -107       36
  SINCE JUL 1     22                       140   -118       36

 COOLING
  YESTERDAY        6                         3      3        0
  MONTH TO DATE  161                        76     85       68
  SINCE DEC 1    454                       231    223      424
  SINCE JAN 1    161                        76     85       68
..................................................................


WIND (MPH)
  HIGHEST WIND SPEED    35   HIGHEST WIND DIRECTION     W (260)
  HIGHEST GUST SPEED    48   HIGHEST GUST DIRECTION    SW (210)
  AVERAGE WIND SPEED    19.2


SKY COVER
  AVERAGE SKY COVER  MM


WEATHER CONDITIONS
 THE FOLLOWING WEATHER WAS RECORDED YESTERDAY.
  THUNDERSTORM


RELATIVE HUMIDITY (PERCENT)
 HIGHEST    MM
 LOWEST     MM
 AVERAGE    MM

..........................................................


THE WEST PALM BEACH CLIMATE NORMALS FOR TODAY
                         NORMAL    RECORD    YEAR
 MAXIMUM TEMPERATURE (F)   75        85      1965
 MINIMUM TEMPERATURE (F)   57        33      2003


SUNRISE AND SUNSET
JANUARY 24 2017.......SUNRISE   709 AM EST   SUNSET   557 PM EST
JANUARY 25 2017.......SUNRISE   708 AM EST   SUNSET   558 PM EST


-  INDICATES NEGATIVE NUMBERS.
R  INDICATES RECORD WAS SET OR TIED.
MM INDICATES DATA IS MISSING.
T  INDICATES TRACE AMOUNT.




$$
