000
CDUS42 KMFL 262016
CLIPBI


CLIMATE REPORT
NATIONAL WEATHER SERVICE MIAMI, FL
416 PM EDT TUE MAY 26 2015


...................................

...THE WEST PALM BEACH CLIMATE SUMMARY FOR MAY 26 2015...
VALID TODAY AS OF 0400 PM LOCAL TIME.

CLIMATE NORMAL PERIOD 1981 TO 2010
CLIMATE RECORD PERIOD 1888 TO 2015


WEATHER ITEM   OBSERVED TIME   RECORD YEAR NORMAL DEPARTURE LAST
                VALUE   (LST)  VALUE       VALUE  FROM      YEAR
                                                  NORMAL
..................................................................
TEMPERATURE (F)
 TODAY
  MAXIMUM         87    253 PM  93    2000  87      0       88
                                      1927
  MINIMUM         78    650 AM  57    1979  73      5       78
  AVERAGE         83                        80      3       83

PRECIPITATION (IN)
  TODAY            0.03          3.65 1968   0.21  -0.18     0.00
  MONTH TO DATE    1.48                      3.41  -1.93     2.58
  SINCE NOV 1     17.37                     25.74  -8.37    24.62
  SINCE JAN 1     13.67                     17.61  -3.94    17.50

SNOWFALL (IN)
  TODAY            0.0
  MONTH TO DATE    0.0
  SINCE MAR 1      0.0
  SINCE JUL 1      0.0
  SNOW DEPTH       0

DEGREE DAYS
 HEATING
  TODAY            0                         0      0        0
  MONTH TO DATE    0                         0      0        0
  SINCE MAR 1      2                        28    -26        7
  SINCE JUL 1    126                       233   -107      122

 COOLING
  TODAY           18                        15      3       18
  MONTH TO DATE  387                       337     50      382
  SINCE MAR 1   1174                       797    377      925
  SINCE JAN 1   1452                      1032    420     1271
..................................................................


WIND (MPH)
  HIGHEST WIND SPEED    21   HIGHEST WIND DIRECTION    SE (130)
  HIGHEST GUST SPEED    24   HIGHEST GUST DIRECTION     E (110)
  AVERAGE WIND SPEED    14.9


SKY COVER
  AVERAGE SKY COVER 0.5


WEATHER CONDITIONS
 THE FOLLOWING WEATHER WAS RECORDED TODAY.
  LIGHT RAIN
  FOG


RELATIVE HUMIDITY (PERCENT)
 HIGHEST    85
 LOWEST     55
 AVERAGE    70

..........................................................


THE WEST PALM BEACH CLIMATE NORMALS FOR TOMORROW
                         NORMAL    RECORD    YEAR
 MAXIMUM TEMPERATURE (F)   87        96      1928
 MINIMUM TEMPERATURE (F)   73        62      1928
                                             1927


SUNRISE AND SUNSET
MAY 26 2015...........SUNRISE   629 AM EDT   SUNSET   807 PM EDT
MAY 27 2015...........SUNRISE   628 AM EDT   SUNSET   807 PM EDT


-  INDICATES NEGATIVE NUMBERS.
R  INDICATES RECORD WAS SET OR TIED.
MM INDICATES DATA IS MISSING.
T  INDICATES TRACE AMOUNT.




$$
