000
CDUS42 KMFL 170842
CLIPBI


CLIMATE REPORT
NATIONAL WEATHER SERVICE MIAMI, FL
441 AM EDT WED SEP 17 2014


...................................

...THE WEST PALM BEACH CLIMATE SUMMARY FOR SEPTEMBER 16 2014...

CLIMATE NORMAL PERIOD 1981 TO 2010
CLIMATE RECORD PERIOD 1894 TO 2014


WEATHER ITEM   OBSERVED TIME   RECORD YEAR NORMAL DEPARTURE LAST
                VALUE   (LST)  VALUE       VALUE  FROM      YEAR
                                                  NORMAL
..................................................................
TEMPERATURE (F)
 YESTERDAY
  MAXIMUM         89    114 PM  95    1990  88      1       87
  MINIMUM         76   1159 PM  67    1947  75      1       75
  AVERAGE         83                        82      1       81

PRECIPITATION (IN)
  YESTERDAY        T             6.00 1928   0.31  -0.31     0.58
  MONTH TO DATE    5.60                      4.53   1.07     3.66
  SINCE JUN 1     31.02                     26.54   4.48    26.33
  SINCE JAN 1     48.74                     45.25   3.49    51.28

SNOWFALL (IN)
  YESTERDAY        0.0
  MONTH TO DATE    0.0
  SINCE SEP 1      0.0
  SINCE JUL 1      0.0
  SNOW DEPTH       0

DEGREE DAYS
 HEATING
  YESTERDAY        0                         0      0
  MONTH TO DATE    0                         0      0
  SINCE SEP 1      0                         0      0
  SINCE JUL 1      0                         0      0

 COOLING
  YESTERDAY       18                        17      1
  MONTH TO DATE  280                       272      8
  SINCE SEP 1    280                       272      8
  SINCE JAN 1   3288                      2978    310
..................................................................


WIND (MPH)
  HIGHEST WIND SPEED    13   HIGHEST WIND DIRECTION     W (280)
  HIGHEST GUST SPEED    17   HIGHEST GUST DIRECTION     W (290)
  AVERAGE WIND SPEED     3.3


SKY COVER
  AVERAGE SKY COVER 0.6


WEATHER CONDITIONS
 THE FOLLOWING WEATHER WAS RECORDED YESTERDAY.
  THUNDERSTORM
  LIGHT RAIN


RELATIVE HUMIDITY (PERCENT)
 HIGHEST    94
 LOWEST     63
 AVERAGE    79

..........................................................


THE WEST PALM BEACH CLIMATE NORMALS FOR TODAY
                         NORMAL    RECORD    YEAR
 MAXIMUM TEMPERATURE (F)   88        95      1938
 MINIMUM TEMPERATURE (F)   75        68      1961


SUNRISE AND SUNSET
SEPTEMBER 17 2014.....SUNRISE   707 AM EDT   SUNSET   723 PM EDT
SEPTEMBER 18 2014.....SUNRISE   707 AM EDT   SUNSET   721 PM EDT


-  INDICATES NEGATIVE NUMBERS.
R  INDICATES RECORD WAS SET OR TIED.
MM INDICATES DATA IS MISSING.
T  INDICATES TRACE AMOUNT.




$$
