000
CDUS42 KMFL 220840
CLIPBI


CLIMATE REPORT
NATIONAL WEATHER SERVICE MIAMI, FL
440 AM EDT THU JUN 22 2017


...................................

...THE WEST PALM BEACH CLIMATE SUMMARY FOR JUNE 21 2017...

CLIMATE NORMAL PERIOD 1981 TO 2010
CLIMATE RECORD PERIOD 1888 TO 2017


WEATHER ITEM   OBSERVED TIME   RECORD YEAR NORMAL DEPARTURE LAST
                VALUE   (LST)  VALUE       VALUE  FROM      YEAR
                                                  NORMAL
..................................................................
TEMPERATURE (F)
 YESTERDAY
  MAXIMUM         90    200 PM  96    2009  89      1       87
  MINIMUM         82    532 AM  67    1929  75      7       77
                                      1911
  AVERAGE         86                        82      4       82

PRECIPITATION (IN)
  YESTERDAY        0.00          2.41 2002   0.29  -0.29     0.14
  MONTH TO DATE   10.29                      5.87   4.42     3.65
  SINCE JUN 1     10.29                      5.87   4.42     3.65
  SINCE JAN 1     21.70                     24.58  -2.88    25.04

SNOWFALL (IN)
  YESTERDAY        0.0
  MONTH TO DATE    0.0
  SINCE JUN 1      0.0
  SINCE JUL 1      0.0
  SNOW DEPTH       0

DEGREE DAYS
 HEATING
  YESTERDAY        0                         0      0        0
  MONTH TO DATE    0                         0      0        0
  SINCE JUN 1      0                         0      0        0
  SINCE JUL 1     68                       233   -165      135

 COOLING
  YESTERDAY       21                        17      4       17
  MONTH TO DATE  334                       339     -5      376
  SINCE JUN 1    334                       339     -5      376
  SINCE JAN 1   1658                      1448    210     1657
..................................................................


WIND (MPH)
  HIGHEST WIND SPEED    24   HIGHEST WIND DIRECTION    SE (130)
  HIGHEST GUST SPEED    31   HIGHEST GUST DIRECTION    SE (140)
  AVERAGE WIND SPEED    15.1


SKY COVER
  AVERAGE SKY COVER 0.6


WEATHER CONDITIONS
 THE FOLLOWING WEATHER WAS RECORDED YESTERDAY.
  LIGHT RAIN


RELATIVE HUMIDITY (PERCENT)
 HIGHEST    79
 LOWEST     64
 AVERAGE    72

..........................................................


THE WEST PALM BEACH CLIMATE NORMALS FOR TODAY
                         NORMAL    RECORD    YEAR
 MAXIMUM TEMPERATURE (F)   89        96      2009
 MINIMUM TEMPERATURE (F)   75        67      1913


SUNRISE AND SUNSET
JUNE 22 2017..........SUNRISE   628 AM EDT   SUNSET   817 PM EDT
JUNE 23 2017..........SUNRISE   628 AM EDT   SUNSET   817 PM EDT


-  INDICATES NEGATIVE NUMBERS.
R  INDICATES RECORD WAS SET OR TIED.
MM INDICATES DATA IS MISSING.
T  INDICATES TRACE AMOUNT.




$$
