000
CDUS42 KMFL 230934
CLIPBI


CLIMATE REPORT
NATIONAL WEATHER SERVICE MIAMI, FL
433 AM EST SUN NOV 23 2014


...................................

...THE WEST PALM BEACH CLIMATE SUMMARY FOR NOVEMBER 22 2014...

CLIMATE NORMAL PERIOD 1981 TO 2010
CLIMATE RECORD PERIOD 1894 TO 2014


WEATHER ITEM   OBSERVED TIME   RECORD YEAR NORMAL DEPARTURE LAST
                VALUE   (LST)  VALUE       VALUE  FROM      YEAR
                                                  NORMAL
..................................................................
TEMPERATURE (F)
 YESTERDAY
  MAXIMUM         81    158 PM  89    1920  79      2       83
  MINIMUM         73    127 AM  40    2006  64      9       77
  AVERAGE         77                        72      5       80

PRECIPITATION (IN)
  YESTERDAY        0.09          7.41 1984   0.14  -0.05      T
  MONTH TO DATE    1.77                      3.70  -1.93     1.54
  SINCE NOV 1      1.77                      3.70  -1.93     1.54
  SINCE JAN 1     59.36                     57.90   1.46    59.40

SNOWFALL (IN)
  YESTERDAY        0.0
  MONTH TO DATE    0.0
  SINCE SEP 1      0.0
  SINCE JUL 1      0.0
  SNOW DEPTH       0

DEGREE DAYS
 HEATING
  YESTERDAY        0                         1     -1
  MONTH TO DATE   10                         1      9
  SINCE SEP 1     10                         2      8
  SINCE JUL 1     10                         2      8

 COOLING
  YESTERDAY       12                         7      5
  MONTH TO DATE  143                       190    -47
  SINCE SEP 1   1071                      1105    -34
  SINCE JAN 1   4079                      3811    268
..................................................................


WIND (MPH)
  HIGHEST WIND SPEED    31   HIGHEST WIND DIRECTION     E (90)
  HIGHEST GUST SPEED    38   HIGHEST GUST DIRECTION     E (90)
  AVERAGE WIND SPEED    22.7


SKY COVER
  AVERAGE SKY COVER 0.8


WEATHER CONDITIONS
 THE FOLLOWING WEATHER WAS RECORDED YESTERDAY.
  LIGHT RAIN


RELATIVE HUMIDITY (PERCENT)
 HIGHEST    79
 LOWEST     67
 AVERAGE    73

..........................................................


THE WEST PALM BEACH CLIMATE NORMALS FOR TODAY
                         NORMAL    RECORD    YEAR
 MAXIMUM TEMPERATURE (F)   79        89      1948
 MINIMUM TEMPERATURE (F)   64        44      1944


SUNRISE AND SUNSET
NOVEMBER 23 2014......SUNRISE   646 AM EST   SUNSET   528 PM EST
NOVEMBER 24 2014......SUNRISE   647 AM EST   SUNSET   528 PM EST


-  INDICATES NEGATIVE NUMBERS.
R  INDICATES RECORD WAS SET OR TIED.
MM INDICATES DATA IS MISSING.
T  INDICATES TRACE AMOUNT.




$$
