000
CDUS42 KMFL 162016
CLIPBI


CLIMATE REPORT
NATIONAL WEATHER SERVICE MIAMI, FL
416 PM EDT WED AUG 16 2017


...................................

...THE WEST PALM BEACH CLIMATE SUMMARY FOR AUGUST 16 2017...
VALID TODAY AS OF 0400 PM LOCAL TIME.

CLIMATE NORMAL PERIOD 1981 TO 2010
CLIMATE RECORD PERIOD 1888 TO 2017


WEATHER ITEM   OBSERVED TIME   RECORD YEAR NORMAL DEPARTURE LAST
                VALUE   (LST)  VALUE       VALUE  FROM      YEAR
                                                  NORMAL
..................................................................
TEMPERATURE (F)
 TODAY
  MAXIMUM         92    157 PM  97    1952  90      2       92
                                      1948
                                      1938
  MINIMUM         77    307 AM  69    1927  76      1       79
  AVERAGE         85                        83      2       86

PRECIPITATION (IN)
  TODAY            0.00          2.37 2014   0.27  -0.27     0.35
  MONTH TO DATE    3.25                      3.91  -0.66     2.44
  SINCE JUN 1     21.01                     17.97   3.04     8.55
  SINCE JAN 1     32.42                     36.68  -4.26    29.94

SNOWFALL (IN)
  TODAY            0.0
  MONTH TO DATE    0.0
  SINCE JUN 1      0.0
  SINCE JUL 1      0.0
  SNOW DEPTH       0

DEGREE DAYS
 HEATING
  TODAY            0                         0      0        0
  MONTH TO DATE    0                         0      0        0
  SINCE JUN 1      0                         0      0        0
  SINCE JUL 1      0                         0      0        0

 COOLING
  TODAY           20                        18      2       21
  MONTH TO DATE  320                       288     32      328
  SINCE JUN 1   1439                      1327    112     1542
  SINCE JAN 1   2763                      2436    327     2823
..................................................................


WIND (MPH)
  HIGHEST WIND SPEED    18   HIGHEST WIND DIRECTION     E (110)
  HIGHEST GUST SPEED    25   HIGHEST GUST DIRECTION    SE (120)
  AVERAGE WIND SPEED     4.5


SKY COVER
  AVERAGE SKY COVER 0.4


WEATHER CONDITIONS
 THE FOLLOWING WEATHER WAS RECORDED TODAY.
  NO SIGNIFICANT WEATHER WAS OBSERVED.


RELATIVE HUMIDITY (PERCENT)
 HIGHEST    91
 LOWEST     56
 AVERAGE    74

..........................................................


THE WEST PALM BEACH CLIMATE NORMALS FOR TOMORROW
                         NORMAL    RECORD    YEAR
 MAXIMUM TEMPERATURE (F)   90        97      1938
 MINIMUM TEMPERATURE (F)   76        68      1920


SUNRISE AND SUNSET
AUGUST 16 2017........SUNRISE   653 AM EDT   SUNSET   756 PM EDT
AUGUST 17 2017........SUNRISE   653 AM EDT   SUNSET   755 PM EDT


-  INDICATES NEGATIVE NUMBERS.
R  INDICATES RECORD WAS SET OR TIED.
MM INDICATES DATA IS MISSING.
T  INDICATES TRACE AMOUNT.




$$
