000
CDUS42 KMFL 280839
CLIPBI


CLIMATE REPORT
NATIONAL WEATHER SERVICE MIAMI, FL
439 AM EDT WED SEP 28 2016


...................................

...THE WEST PALM BEACH CLIMATE SUMMARY FOR SEPTEMBER 27 2016...

CLIMATE NORMAL PERIOD 1981 TO 2010
CLIMATE RECORD PERIOD 1888 TO 2016


WEATHER ITEM   OBSERVED TIME   RECORD YEAR NORMAL DEPARTURE LAST
                VALUE   (LST)  VALUE       VALUE  FROM      YEAR
                                                  NORMAL
..................................................................
TEMPERATURE (F)
 YESTERDAY
  MAXIMUM         88   1040 AM  95    1910  87      1       89
  MINIMUM         73    917 PM  68    1983  75     -2       76
  AVERAGE         81                        81      0       83

PRECIPITATION (IN)
  YESTERDAY        0.56          4.10 1947   0.26   0.30     0.00
  MONTH TO DATE    6.84                      7.60  -0.76     8.21
  SINCE JUN 1     19.65                     29.61  -9.96    25.35
  SINCE JAN 1     41.04                     48.32  -7.28    39.10

SNOWFALL (IN)
  YESTERDAY        0.0
  MONTH TO DATE    0.0
  SINCE SEP 1      0.0
  SINCE JUL 1      0.0
  SNOW DEPTH       0

DEGREE DAYS
 HEATING
  YESTERDAY        0                         0      0        0
  MONTH TO DATE    0                         0      0        0
  SINCE SEP 1      0                         0      0        0
  SINCE JUL 1      0                         0      0        0

 COOLING
  YESTERDAY       16                        16      0       18
  MONTH TO DATE  505                       453     52      467
  SINCE SEP 1    505                       453     52      467
  SINCE JAN 1   3626                      3159    467     3681
..................................................................


WIND (MPH)
  HIGHEST WIND SPEED    21   HIGHEST WIND DIRECTION    SW (240)
  HIGHEST GUST SPEED    25   HIGHEST GUST DIRECTION    SW (240)
  AVERAGE WIND SPEED     4.3


SKY COVER
  AVERAGE SKY COVER 0.6


WEATHER CONDITIONS
 THE FOLLOWING WEATHER WAS RECORDED YESTERDAY.
  THUNDERSTORM
  HEAVY RAIN
  RAIN
  LIGHT RAIN
  FOG


RELATIVE HUMIDITY (PERCENT)
 HIGHEST    93
 LOWEST     61
 AVERAGE    77

..........................................................


THE WEST PALM BEACH CLIMATE NORMALS FOR TODAY
                         NORMAL    RECORD    YEAR
 MAXIMUM TEMPERATURE (F)   87        93      1958
 MINIMUM TEMPERATURE (F)   75        68      1947


SUNRISE AND SUNSET
SEPTEMBER 28 2016.....SUNRISE   712 AM EDT   SUNSET   710 PM EDT
SEPTEMBER 29 2016.....SUNRISE   712 AM EDT   SUNSET   708 PM EDT


-  INDICATES NEGATIVE NUMBERS.
R  INDICATES RECORD WAS SET OR TIED.
MM INDICATES DATA IS MISSING.
T  INDICATES TRACE AMOUNT.




$$
