000
CDUS42 KMFL 290821
CLIPBI


CLIMATE REPORT
NATIONAL WEATHER SERVICE MIAMI, FL
421 AM EDT FRI JUL 29 2016


...................................

...THE WEST PALM BEACH CLIMATE SUMMARY FOR JULY 28 2016...

CLIMATE NORMAL PERIOD 1981 TO 2010
CLIMATE RECORD PERIOD 1888 TO 2016


WEATHER ITEM   OBSERVED TIME   RECORD YEAR NORMAL DEPARTURE LAST
                VALUE   (LST)  VALUE       VALUE  FROM      YEAR
                                                  NORMAL
..................................................................
TEMPERATURE (F)
 YESTERDAY
  MAXIMUM         93   1249 PM  97    1950  90      3       94
                                      1912
  MINIMUM         80    620 AM  69    1921  76      4       76
                                      1917
                                      1911
  AVERAGE         87                        83      4       85

PRECIPITATION (IN)
  YESTERDAY        0.00          1.95 1915   0.17  -0.17     0.00
  MONTH TO DATE    1.51                      5.22  -3.71     4.74
  SINCE JUN 1      6.03                     13.52  -7.49     8.76
  SINCE JAN 1     27.42                     32.23  -4.81    22.51

SNOWFALL (IN)
  YESTERDAY        0.0
  MONTH TO DATE    0.0
  SINCE JUN 1      0.0
  SINCE JUL 1      0.0
  SNOW DEPTH       0

DEGREE DAYS
 HEATING
  YESTERDAY        0                         0      0        0
  MONTH TO DATE    0                         0      0        0
  SINCE JUN 1      0                         0      0        0
  SINCE JUL 1      0                         0      0        0

 COOLING
  YESTERDAY       22                        18      4       20
  MONTH TO DATE  600                       493    107      526
  SINCE JUN 1   1149                       983    166     1061
  SINCE JAN 1   2430                      2092    338     2595
..................................................................


WIND (MPH)
  HIGHEST WIND SPEED    16   HIGHEST WIND DIRECTION    SE (130)
  HIGHEST GUST SPEED    23   HIGHEST GUST DIRECTION    SE (120)
  AVERAGE WIND SPEED     8.6


SKY COVER
  AVERAGE SKY COVER 0.4


WEATHER CONDITIONS
 THE FOLLOWING WEATHER WAS RECORDED YESTERDAY.
  NO SIGNIFICANT WEATHER WAS OBSERVED.


RELATIVE HUMIDITY (PERCENT)
 HIGHEST    85
 LOWEST     56
 AVERAGE    71

..........................................................


THE WEST PALM BEACH CLIMATE NORMALS FOR TODAY
                         NORMAL    RECORD    YEAR
 MAXIMUM TEMPERATURE (F)   90        96      1950
                                             1912
 MINIMUM TEMPERATURE (F)   76        68      1921
                                             1918


SUNRISE AND SUNSET
JULY 29 2016..........SUNRISE   644 AM EDT   SUNSET   809 PM EDT
JULY 30 2016..........SUNRISE   645 AM EDT   SUNSET   809 PM EDT


-  INDICATES NEGATIVE NUMBERS.
R  INDICATES RECORD WAS SET OR TIED.
MM INDICATES DATA IS MISSING.
T  INDICATES TRACE AMOUNT.




$$
