000
CDUS42 KMFL 040925
CLIPBI


CLIMATE REPORT
NATIONAL WEATHER SERVICE MIAMI, FL
424 AM EST WED MAR 4 2015


...................................

...THE WEST PALM BEACH CLIMATE SUMMARY FOR MARCH 3 2015...

CLIMATE NORMAL PERIOD 1981 TO 2010
CLIMATE RECORD PERIOD 1888 TO 2015


WEATHER ITEM   OBSERVED TIME   RECORD YEAR NORMAL DEPARTURE LAST
                VALUE   (LST)  VALUE       VALUE  FROM      YEAR
                                                  NORMAL
..................................................................
TEMPERATURE (F)
 YESTERDAY
  MAXIMUM         82    144 PM  89    1919  78      4       82
                                      1916
  MINIMUM         73    634 AM  30    1980  61     12       61
  AVERAGE         78                        69      9       72

PRECIPITATION (IN)
  YESTERDAY        0.00          3.27 1897   0.13  -0.13     0.00
  MONTH TO DATE    0.00                      0.37  -0.37     0.00
  SINCE NOV 1      6.80                     14.45  -7.65    18.60
  SINCE JAN 1      3.10                      6.32  -3.22    11.48

SNOWFALL (IN)
  YESTERDAY        0.0
  MONTH TO DATE    0.0
  SINCE MAR 1      0.0
  SINCE JUL 1      0.0
  SNOW DEPTH       0

DEGREE DAYS
 HEATING
  YESTERDAY        0                         1     -1        0
  MONTH TO DATE    0                         3     -3        0
  SINCE MAR 1      0                         3     -3        0
  SINCE JUL 1    124                       208    -84      115

 COOLING
  YESTERDAY       13                         6      7        7
  MONTH TO DATE   38                        16     22       14
  SINCE MAR 1     38                        16     22       14
  SINCE JAN 1    316                       251     65      360
..................................................................


WIND (MPH)
  HIGHEST WIND SPEED    18   HIGHEST WIND DIRECTION    SE (120)
  HIGHEST GUST SPEED    25   HIGHEST GUST DIRECTION     E (110)
  AVERAGE WIND SPEED    12.1


SKY COVER
  AVERAGE SKY COVER 0.4


WEATHER CONDITIONS
 THE FOLLOWING WEATHER WAS RECORDED YESTERDAY.
  NO SIGNIFICANT WEATHER WAS OBSERVED.


RELATIVE HUMIDITY (PERCENT)
 HIGHEST    84
 LOWEST     62
 AVERAGE    73

..........................................................


THE WEST PALM BEACH CLIMATE NORMALS FOR TODAY
                         NORMAL    RECORD    YEAR
 MAXIMUM TEMPERATURE (F)   78        92      2003
 MINIMUM TEMPERATURE (F)   61        37      1927


SUNRISE AND SUNSET
MARCH  4 2015.........SUNRISE   642 AM EST   SUNSET   623 PM EST
MARCH  5 2015.........SUNRISE   641 AM EST   SUNSET   624 PM EST


-  INDICATES NEGATIVE NUMBERS.
R  INDICATES RECORD WAS SET OR TIED.
MM INDICATES DATA IS MISSING.
T  INDICATES TRACE AMOUNT.




$$
