000
CDUS42 KFFC 260819
CLIPDK


CLIMATE REPORT
NATIONAL WEATHER SERVICE PEACHTREE CITY GA
419 AM EDT TUE MAY 26 2015


...................................

...THE DEKALB PEACHTREE AIRPORT CLIMATE SUMMARY FOR MAY 25 2015...

CLIMATE NORMAL PERIOD 1981 TO 2010
CLIMATE RECORD PERIOD 9999 TO 9999


WEATHER ITEM   OBSERVED TIME   RECORD YEAR NORMAL DEPARTURE LAST
                VALUE   (LST)  VALUE       VALUE  FROM      YEAR
                                                  NORMAL
..................................................................
TEMPERATURE (F)
 YESTERDAY
  MAXIMUM         81    132 PM  MM      MM  82     -1       88
  MINIMUM         66    705 AM  MM      MM  62      4       62
  AVERAGE         74                        72      2       75

PRECIPITATION (IN)
  YESTERDAY        1.13         MM      MM   0.12   1.01     0.06
  MONTH TO DATE    2.76                      3.27  -0.51     2.60
  SINCE MAR 1     10.15                     11.90  -1.75    11.62
  SINCE JAN 1     16.93                     21.71  -4.78    17.98

DEGREE DAYS
 COOLING
  YESTERDAY        9                         7      2       10
  MONTH TO DATE  169                       115     54      128
  SINCE MAR 1    220                       164     56      160
  SINCE JAN 1    220                       164     56      160
..................................................................


WIND (MPH)
  RESULTANT WIND SPEED   5   RESULTANT WIND DIRECTION  SE (130)
  HIGHEST WIND SPEED    15   HIGHEST WIND DIRECTION     S (200)
  HIGHEST GUST SPEED    19   HIGHEST GUST DIRECTION     S (200)
  AVERAGE WIND SPEED     5.1


SKY COVER
  AVERAGE SKY COVER 0.8


WEATHER CONDITIONS
 THE FOLLOWING WEATHER WAS RECORDED YESTERDAY.
  THUNDERSTORM
  HEAVY RAIN
  RAIN
  LIGHT RAIN
  FOG
  HAZE


RELATIVE HUMIDITY (PERCENT)
 HIGHEST    93          1100 PM
 LOWEST     58           200 PM
 AVERAGE    76

..........................................................


THE DEKALB PEACHTREE AIRPORT CLIMATE NORMALS FOR TODAY
                         NORMAL    RECORD    YEAR
 MAXIMUM TEMPERATURE (F)   82        MM        MM
 MINIMUM TEMPERATURE (F)   62        MM        MM


SUNRISE AND SUNSET
MAY 26 2015...........SUNRISE   630 AM EDT   SUNSET   839 PM EDT
MAY 27 2015...........SUNRISE   629 AM EDT   SUNSET   840 PM EDT


-  INDICATES NEGATIVE NUMBERS.
R  INDICATES RECORD WAS SET OR TIED.
MM INDICATES DATA IS MISSING.
T  INDICATES TRACE AMOUNT.




$$
