000
CDUS46 KPDT 240837
CLIPDT

CLIMATE REPORT
NATIONAL WEATHER SERVICE PENDLETON OR
135 AM PDT TUE MAY 24 2016


...................................

...THE PENDLETON OR CLIMATE SUMMARY FOR MAY 23 2016...

CLIMATE NORMAL PERIOD 1981 TO 2010
CLIMATE RECORD PERIOD 1890 TO 2016


WEATHER ITEM   OBSERVED TIME   RECORD YEAR NORMAL DEPARTURE LAST
                VALUE   (LST)  VALUE       VALUE  FROM      YEAR
                                                  NORMAL
..................................................................
TEMPERATURE (F)
 YESTERDAY
  MAXIMUM         70    407 PM  95    2001  72     -2       75
                                      1934
  MINIMUM         45    447 AM  23    1903  47     -2       51
  AVERAGE         58                        60     -2       63

PRECIPITATION (IN)
  YESTERDAY        0.00          0.41 1962   0.04  -0.04     0.01
  MONTH TO DATE    1.19                      0.96   0.23     1.29
  SINCE OCT 1      9.86                     10.02  -0.16     9.12
  SINCE JAN 1      5.59                      6.02  -0.43     4.42

SNOWFALL (IN)
  YESTERDAY        0.0           0.0  2002   0.0    0.0      0.0
                                      2001
                                      2000
  MONTH TO DATE    0.0                       0.0    0.0      0.0
  SINCE JAN 1      T                         7.7   -7.7      0.4
  SINCE JUL 1      4.1                      15.2  -11.1      7.2
  SNOW DEPTH       0

DEGREE DAYS
 HEATING
  YESTERDAY        7                         6      1        2
  MONTH TO DATE  122                       202    -80      152
  SINCE MAR 1    942                      1250   -308     1098
  SINCE JUL 1   4534                      5149   -615     4591

 COOLING
  YESTERDAY        0                         1     -1        0
  MONTH TO DATE   18                        14      4        3
  SINCE MAR 1     18                        15      3        3
  SINCE JAN 1     18                        15      3        3
..................................................................


WIND (MPH)
  HIGHEST WIND SPEED    23   HIGHEST WIND DIRECTION     W (250)
  HIGHEST GUST SPEED    27   HIGHEST GUST DIRECTION     W (250)
  AVERAGE WIND SPEED    11.4


SKY COVER
  POSSIBLE SUNSHINE  MM
  AVERAGE SKY COVER 0.2


WEATHER CONDITIONS
 THE FOLLOWING WEATHER WAS RECORDED YESTERDAY.
  NO SIGNIFICANT WEATHER WAS OBSERVED.


RELATIVE HUMIDITY (PERCENT)
 HIGHEST    76           300 AM
 LOWEST     25           400 PM
 AVERAGE    51

..........................................................


THE PENDLETON OR CLIMATE NORMALS FOR TODAY
                         NORMAL    RECORD    YEAR
 MAXIMUM TEMPERATURE (F)   72        93      1928
 MINIMUM TEMPERATURE (F)   48        34      1920


SUNRISE AND SUNSET
MAY 24 2016...........SUNRISE   515 AM PDT   SUNSET   831 PM PDT
MAY 25 2016...........SUNRISE   514 AM PDT   SUNSET   832 PM PDT


-  INDICATES NEGATIVE NUMBERS.
R  INDICATES RECORD WAS SET OR TIED.
MM INDICATES DATA IS MISSING.
T  INDICATES TRACE AMOUNT.

$$
