000
CDUS46 KPDT 170833
CLIPDT

CLIMATE REPORT
NATIONAL WEATHER SERVICE PENDLETON OR
133 AM PDT TUE OCT 17 2017


...................................

...THE PENDLETON OR CLIMATE SUMMARY FOR OCTOBER 16 2017...

CLIMATE NORMAL PERIOD 1981 TO 2010
CLIMATE RECORD PERIOD 1890 TO 2017


WEATHER ITEM   OBSERVED TIME   RECORD YEAR NORMAL DEPARTURE LAST
                VALUE   (LST)  VALUE       VALUE  FROM      YEAR
                                                  NORMAL
..................................................................
TEMPERATURE (F)
 YESTERDAY
  MAXIMUM         74    248 PM  83    1916  64     10       62
  MINIMUM         34    625 AM  24    1897  40     -6       47
  AVERAGE         54                        52      2       55

PRECIPITATION (IN)
  YESTERDAY        0.00          0.38 1918   0.04  -0.04     0.08
  MONTH TO DATE    0.26                      0.42  -0.16     1.15
  SINCE OCT 1      0.26                      0.42  -0.16     1.15
  SINCE JAN 1     12.55                      9.08   3.47     9.22

SNOWFALL (IN)
  YESTERDAY        0.0           0.0  2002   0.0    0.0      0.0
                                      2001
                                      1999
  MONTH TO DATE    0.0                       0.0    0.0      0.0
  SINCE JAN 1     25.9                       7.7   18.2       T
  SINCE JUL 1      0.0                       0.0    0.0      0.0
  SNOW DEPTH       0

DEGREE DAYS
 HEATING
  YESTERDAY       11                        13     -2       10
  MONTH TO DATE  224                       167     57      178
  SINCE SEP 1    339                       279     60      295
  SINCE JUL 1    341                       301     40      297

 COOLING
  YESTERDAY        0                         0      0        0
  MONTH TO DATE    0                         0      0        0
  SINCE SEP 1    113                        64     49       17
  SINCE JAN 1    894                       634    260      605
..................................................................


WIND (MPH)
  HIGHEST WIND SPEED    14   HIGHEST WIND DIRECTION    SE (150)
  HIGHEST GUST SPEED    14   HIGHEST GUST DIRECTION    SE (150)
  AVERAGE WIND SPEED     5.3


SKY COVER
  POSSIBLE SUNSHINE  MM
  AVERAGE SKY COVER 0.0


WEATHER CONDITIONS
 THE FOLLOWING WEATHER WAS RECORDED YESTERDAY.
  HAZE


RELATIVE HUMIDITY (PERCENT)
 HIGHEST    76          1200 AM
 LOWEST     19           300 PM
 AVERAGE    48

..........................................................


THE PENDLETON OR CLIMATE NORMALS FOR TODAY
                         NORMAL    RECORD    YEAR
 MAXIMUM TEMPERATURE (F)   63        82      2003
 MINIMUM TEMPERATURE (F)   40        23      1897
                                             1892


SUNRISE AND SUNSET
OCTOBER 17 2017.......SUNRISE   715 AM PDT   SUNSET   606 PM PDT
OCTOBER 18 2017.......SUNRISE   716 AM PDT   SUNSET   604 PM PDT


-  INDICATES NEGATIVE NUMBERS.
R  INDICATES RECORD WAS SET OR TIED.
MM INDICATES DATA IS MISSING.
T  INDICATES TRACE AMOUNT.




$$
