000
CDUS46 KPDT 220030
CLIPDT

CLIMATE REPORT
NATIONAL WEATHER SERVICE PENDLETON OR
529 PM PDT SUN SEP 21 2014


...................................

...THE PENDLETON OR CLIMATE SUMMARY FOR SEPTEMBER 21 2014...
VALID TODAY AS OF 0500 PM LOCAL TIME.

CLIMATE NORMAL PERIOD 1981 TO 2010
CLIMATE RECORD PERIOD 1890 TO 2014


WEATHER ITEM   OBSERVED TIME   RECORD YEAR NORMAL DEPARTURE LAST
                VALUE   (LST)  VALUE       VALUE  FROM      YEAR
                                                  NORMAL
..................................................................
TEMPERATURE (F)
 TODAY
  MAXIMUM         89    317 PM  94    1897  76     13       69
  MINIMUM         52    551 AM  27    1895  48      4       53
  AVERAGE         71                        62      9       61

PRECIPITATION (IN)
  TODAY            0.00          0.59 1944   0.02  -0.02      T
  MONTH TO DATE    T                         0.37  -0.37     1.35
  SINCE OCT 1     10.11                     12.46  -2.35    11.08
  SINCE JAN 1      8.32                      8.46  -0.14     6.64

SNOWFALL (IN)
  TODAY            0.0           0.0  2002   0.0    0.0      0.0
                                      2001
                                      1999
  MONTH TO DATE    0.0                       0.0    0.0      0.0
  SINCE JAN 1     15.2                       7.7    7.5      0.2
  SINCE JUL 1      0.0                       0.0    0.0       T
  SNOW DEPTH       0

DEGREE DAYS
 HEATING
  TODAY            0                         5     -5        4
  MONTH TO DATE   38                        57    -19       22
  SINCE SEP 1     38                        57    -19       22
  SINCE JUL 1     41                        79    -38       22

 COOLING
  TODAY            6                         1      5        0
  MONTH TO DATE   50                        56     -6      121
  SINCE SEP 1     50                        56     -6      121
  SINCE JAN 1    811                       626    185      831
..................................................................


WIND (MPH)
  HIGHEST WIND SPEED    13   HIGHEST WIND DIRECTION     N (340)
  HIGHEST GUST SPEED    18   HIGHEST GUST DIRECTION    NW (320)
  AVERAGE WIND SPEED     6.2


SKY COVER
  POSSIBLE SUNSHINE  MM
  AVERAGE SKY COVER 0.0


WEATHER CONDITIONS
 THE FOLLOWING WEATHER WAS RECORDED TODAY.
  NO SIGNIFICANT WEATHER WAS OBSERVED.


RELATIVE HUMIDITY (PERCENT)
 HIGHEST    66           400 AM
 LOWEST     18           200 PM
 AVERAGE    42

..........................................................


THE PENDLETON OR CLIMATE NORMALS FOR TOMORROW
                         NORMAL    RECORD    YEAR
 MAXIMUM TEMPERATURE (F)   75        91      1975
 MINIMUM TEMPERATURE (F)   47        31      1902
                                             1892


SUNRISE AND SUNSET
SEPTEMBER 21 2014.....SUNRISE   641 AM PDT   SUNSET   655 PM PDT
SEPTEMBER 22 2014.....SUNRISE   642 AM PDT   SUNSET   653 PM PDT


-  INDICATES NEGATIVE NUMBERS.
R  INDICATES RECORD WAS SET OR TIED.
MM INDICATES DATA IS MISSING.
T  INDICATES TRACE AMOUNT.




$$
