000
CDUS46 KPDT 180829
CLIPDT

CLIMATE REPORT
NATIONAL WEATHER SERVICE PENDLETON OR
127 AM PDT FRI AUG 18 2017


...................................

...THE PENDLETON OR CLIMATE SUMMARY FOR AUGUST 17 2017...

CLIMATE NORMAL PERIOD 1981 TO 2010
CLIMATE RECORD PERIOD 1890 TO 2017


WEATHER ITEM   OBSERVED TIME   RECORD YEAR NORMAL DEPARTURE LAST
                VALUE   (LST)  VALUE       VALUE  FROM      YEAR
                                                  NORMAL
..................................................................
TEMPERATURE (F)
 YESTERDAY
  MAXIMUM         87    409 PM 108    2008  87      0       95
  MINIMUM         57   1159 PM  37    1915  57      0       59
                                      1904
  AVERAGE         72                        72      0       77

PRECIPITATION (IN)
  YESTERDAY        0.00          0.08 1926   0.01  -0.01     0.00
  MONTH TO DATE    0.07                      0.19  -0.12     0.07
  SINCE OCT 1     16.89                     11.90   4.99    11.66
  SINCE JAN 1     11.37                      7.90   3.47     7.39

SNOWFALL (IN)
  YESTERDAY        0.0           0.0  2002   0.0    0.0      0.0
                                      2001
                                      1999
  MONTH TO DATE    0.0                       0.0    0.0      0.0
  SINCE JAN 1     25.9                       7.7   18.2       T
  SINCE JUL 1      0.0                       0.0    0.0      0.0
  SNOW DEPTH       0

DEGREE DAYS
 HEATING
  YESTERDAY        0                         0      0        0
  MONTH TO DATE    1                         0      1        1
  SINCE JUN 1     76                        94    -18       70
  SINCE JUL 1      1                        11    -10        1

 COOLING
  YESTERDAY        7                         7      0       12
  MONTH TO DATE  219                       143     76      127
  SINCE JUN 1    641                       468    173      470
  SINCE JAN 1    669                       491    178      488
..................................................................


WIND (MPH)
  HIGHEST WIND SPEED    20   HIGHEST WIND DIRECTION     W (260)
  HIGHEST GUST SPEED    28   HIGHEST GUST DIRECTION    NW (300)
  AVERAGE WIND SPEED     8.7


SKY COVER
  POSSIBLE SUNSHINE  MM
  AVERAGE SKY COVER 0.0


WEATHER CONDITIONS
 THE FOLLOWING WEATHER WAS RECORDED YESTERDAY.
  NO SIGNIFICANT WEATHER WAS OBSERVED.


RELATIVE HUMIDITY (PERCENT)
 HIGHEST    60           500 AM
 LOWEST     15           500 PM
 AVERAGE    38

..........................................................


THE PENDLETON OR CLIMATE NORMALS FOR TODAY
                         NORMAL    RECORD    YEAR
 MAXIMUM TEMPERATURE (F)   87       106      1897
 MINIMUM TEMPERATURE (F)   57        43      1904


SUNRISE AND SUNSET
AUGUST 18 2017........SUNRISE   600 AM PDT   SUNSET   758 PM PDT
AUGUST 19 2017........SUNRISE   601 AM PDT   SUNSET   756 PM PDT


-  INDICATES NEGATIVE NUMBERS.
R  INDICATES RECORD WAS SET OR TIED.
MM INDICATES DATA IS MISSING.
T  INDICATES TRACE AMOUNT.

$$
