000
CDUS46 KPDT 280902
CLIPDT

CLIMATE REPORT
NATIONAL WEATHER SERVICE PENDLETON OR
202 AM PDT TUE MAR 28 2017


...................................

...THE PENDLETON OR CLIMATE SUMMARY FOR MARCH 27 2017...

CLIMATE NORMAL PERIOD 1981 TO 2010
CLIMATE RECORD PERIOD 1890 TO 2017


WEATHER ITEM   OBSERVED TIME   RECORD YEAR NORMAL DEPARTURE LAST
                VALUE   (LST)  VALUE       VALUE  FROM      YEAR
                                                  NORMAL
..................................................................
TEMPERATURE (F)
 YESTERDAY
  MAXIMUM         57    228 PM  76    1952  58     -1       55
                                      1895
  MINIMUM         38    609 AM  23    1975  37      1       38
                                      1944
  AVERAGE         48                        48      0       47

PRECIPITATION (IN)
  YESTERDAY        0.01          0.43 2005   0.04  -0.03     0.03
  MONTH TO DATE    2.27                      1.17   1.10     1.62
  SINCE OCT 1     11.71                      7.71   4.00     8.26
  SINCE JAN 1      6.19                      3.71   2.48     3.99

SNOWFALL (IN)
  YESTERDAY        0.0           T    2011   0.0    0.0      0.0
                                      2003
  MONTH TO DATE    0.3                       0.7   -0.4       T
  SINCE JAN 1     25.9                       7.7   18.2       T
  SINCE JUL 1     44.4                      15.2   29.2      4.1
  SNOW DEPTH       0

DEGREE DAYS
 HEATING
  YESTERDAY       17                        17      0       18
  MONTH TO DATE  517                       549    -32      491
  SINCE MAR 1    517                       549    -32      491
  SINCE JUL 1   4819                      4448    371     4083

 COOLING
  YESTERDAY        0                         0      0        0
  MONTH TO DATE    0                         0      0        0
  SINCE MAR 1      0                         0      0        0
  SINCE JAN 1      0                         0      0        0
..................................................................


WIND (MPH)
  HIGHEST WIND SPEED    24   HIGHEST WIND DIRECTION     W (260)
  HIGHEST GUST SPEED    31   HIGHEST GUST DIRECTION     W (270)
  AVERAGE WIND SPEED    10.8


SKY COVER
  POSSIBLE SUNSHINE  MM
  AVERAGE SKY COVER 0.3


WEATHER CONDITIONS
 THE FOLLOWING WEATHER WAS RECORDED YESTERDAY.
  LIGHT RAIN


RELATIVE HUMIDITY (PERCENT)
 HIGHEST    96           300 AM
 LOWEST     46           500 PM
 AVERAGE    71

..........................................................


THE PENDLETON OR CLIMATE NORMALS FOR TODAY
                         NORMAL    RECORD    YEAR
 MAXIMUM TEMPERATURE (F)   58        76      1923
 MINIMUM TEMPERATURE (F)   37        23      2008
                                             1954
                                             1944


SUNRISE AND SUNSET
MARCH 28 2017.........SUNRISE   643 AM PDT   SUNSET   719 PM PDT
MARCH 29 2017.........SUNRISE   641 AM PDT   SUNSET   720 PM PDT


-  INDICATES NEGATIVE NUMBERS.
R  INDICATES RECORD WAS SET OR TIED.
MM INDICATES DATA IS MISSING.
T  INDICATES TRACE AMOUNT.


$$
