000
CDUS46 KPDT 251220
CLIPDT

CLIMATE REPORT
NATIONAL WEATHER SERVICE PENDLETON OR
420 AM PST SUN JAN 25 2015


...................................

...THE PENDLETON OR CLIMATE SUMMARY FOR JANUARY 24 2015...

CLIMATE NORMAL PERIOD 1981 TO 2010
CLIMATE RECORD PERIOD 1890 TO 2015


WEATHER ITEM   OBSERVED TIME   RECORD YEAR NORMAL DEPARTURE LAST
                VALUE   (LST)  VALUE       VALUE  FROM      YEAR
                                                  NORMAL
..................................................................
TEMPERATURE (F)
 YESTERDAY
  MAXIMUM         64   1220 PM  71    1935  43     21       30
  MINIMUM         35   1212 AM -15    1930  30      5       27
  AVERAGE         50                        36     14       29

PRECIPITATION (IN)
  YESTERDAY        0.00          0.67 1975   0.04  -0.04      T
  MONTH TO DATE    0.72                      1.14  -0.42     0.38
  SINCE OCT 1      5.42                      5.14   0.28     2.17
  SINCE JAN 1      0.72                      1.14  -0.42     0.38

SNOWFALL (IN)
  YESTERDAY        0.0           5.0  1929   0.1   -0.1      0.0
  MONTH TO DATE    0.4                       3.0   -2.6       T
  SINCE JAN 1      0.4                       3.0   -2.6       T
  SINCE JUL 1      7.2                      10.5   -3.3      6.5
  SNOW DEPTH       0

DEGREE DAYS
 HEATING
  YESTERDAY       15                        29    -14       36
  MONTH TO DATE  700                       724    -24      699
  SINCE DEC 1   1591                      1708   -117     1774
  SINCE JUL 1   2721                      2961   -240     3157

 COOLING
  YESTERDAY        0                         0      0        0
  MONTH TO DATE    0                         0      0        0
  SINCE DEC 1      0                         0      0        0
  SINCE JAN 1      0                         0      0        0
..................................................................


WIND (MPH)
  HIGHEST WIND SPEED    12   HIGHEST WIND DIRECTION     S (160)
  HIGHEST GUST SPEED    12   HIGHEST GUST DIRECTION    SE (150)
  AVERAGE WIND SPEED     5.0


SKY COVER
  POSSIBLE SUNSHINE  MM
  AVERAGE SKY COVER  MM


WEATHER CONDITIONS
THE FOLLOWING WEATHER WAS RECORDED YESTERDAY.
  FOG


RELATIVE HUMIDITY (PERCENT)
 HIGHEST    MM
 LOWEST     MM
 AVERAGE    MM

..........................................................


THE PENDLETON OR CLIMATE NORMALS FOR TODAY
                         NORMAL    RECORD    YEAR
 MAXIMUM TEMPERATURE (F)   43        65      1935
 MINIMUM TEMPERATURE (F)   30       -10      1957


SUNRISE AND SUNSET
JANUARY 25 2015.......SUNRISE   725 AM PST   SUNSET   451 PM PST
JANUARY 26 2015.......SUNRISE   724 AM PST   SUNSET   453 PM PST


-  INDICATES NEGATIVE NUMBERS.
R  INDICATES RECORD WAS SET OR TIED.
MM INDICATES DATA IS MISSING.
T  INDICATES TRACE AMOUNT.

$$
