000
CDUS46 KPDT 220049
CLIPDT

CLIMATE REPORT
NATIONAL WEATHER SERVICE PENDLETON OR
447 PM PST WED FEB 21 2018


...................................

...THE PENDLETON OR CLIMATE SUMMARY FOR FEBRUARY 21 2018...
VALID TODAY AS OF 0400 PM LOCAL TIME.

CLIMATE NORMAL PERIOD 1981 TO 2010
CLIMATE RECORD PERIOD 1890 TO 2018


WEATHER ITEM   OBSERVED TIME   RECORD YEAR NORMAL DEPARTURE LAST
                VALUE   (LST)  VALUE       VALUE  FROM      YEAR
                                                  NORMAL
..................................................................
TEMPERATURE (F)
 TODAY
  MAXIMUM         28    205 PM  69    1988  48    -20       42
  MINIMUM         10    634 AM   2    1894  31    -21       34
  AVERAGE         19                        39    -20       38

PRECIPITATION (IN)
  TODAY            0.01          0.47 2017   0.04  -0.03     0.47
  MONTH TO DATE    0.62                      0.82  -0.20     1.88
  SINCE OCT 1      6.40                      6.25   0.15     9.05
  SINCE JAN 1      2.21                      2.25  -0.04     3.53

SNOWFALL (IN)
  TODAY            0.4 R         0.3  1974   0.1    0.3       T
  MONTH TO DATE    2.8                       2.6    0.2      3.0
  SINCE JAN 1      2.8                       6.3   -3.5     21.5
  SINCE JUL 1     12.8                      13.8   -1.0     40.0
  SNOW DEPTH       0

DEGREE DAYS
 HEATING
  TODAY           46                        26     20       27
  MONTH TO DATE  531                       569    -38      622
  SINCE DEC 1   2350                      2474   -124     3071
  SINCE JUL 1   3558                      3727   -169     4095

 COOLING
  TODAY            0                         0      0        0
  MONTH TO DATE    0                         0      0        0
  SINCE DEC 1      0                         0      0        0
  SINCE JAN 1      0                         0      0        0
..................................................................


WIND (MPH)
  HIGHEST WIND SPEED    14   HIGHEST WIND DIRECTION    NE (30)
  HIGHEST GUST SPEED    17   HIGHEST GUST DIRECTION     N (20)
  AVERAGE WIND SPEED     6.4


SKY COVER
  POSSIBLE SUNSHINE  MM
  AVERAGE SKY COVER 0.7


WEATHER CONDITIONS
 THE FOLLOWING WEATHER WAS RECORDED TODAY.
  LIGHT SNOW
  FOG


RELATIVE HUMIDITY (PERCENT)
 HIGHEST    92           700 AM
 LOWEST     68          1200 PM
 AVERAGE    80

..........................................................


THE PENDLETON OR CLIMATE NORMALS FOR TOMORROW
                         NORMAL    RECORD    YEAR
 MAXIMUM TEMPERATURE (F)   48        68      2002
 MINIMUM TEMPERATURE (F)   31         5      1894


SUNRISE AND SUNSET
FEBRUARY 21 2018......SUNRISE   648 AM PST   SUNSET   531 PM PST
FEBRUARY 22 2018......SUNRISE   646 AM PST   SUNSET   532 PM PST


-  INDICATES NEGATIVE NUMBERS.
R  INDICATES RECORD WAS SET OR TIED.
MM INDICATES DATA IS MISSING.
T  INDICATES TRACE AMOUNT.




$$
