000
CDUS46 KPQR 251141
CLIPDX


CLIMATE REPORT
NATIONAL WEATHER SERVICE PORTLAND OREGON
440 AM PDT THU AUG 25 2016


...................................

...THE PORTLAND OR CLIMATE SUMMARY FOR AUGUST 24 2016...

CLIMATE NORMAL PERIOD 1981 TO 2010
CLIMATE RECORD PERIOD 1940 TO 2016


WEATHER ITEM   OBSERVED TIME   RECORD YEAR NORMAL DEPARTURE LAST
                VALUE   (LST)  VALUE       VALUE  FROM      YEAR
                                                  NORMAL
..................................................................
TEMPERATURE (F)
 YESTERDAY
  MAXIMUM         92    422 PM  99    1982  80     12       82
  MINIMUM         59    608 AM  47    1992  57      2       57
  AVERAGE         76                        69      7       70

PRECIPITATION (IN)
  YESTERDAY        0.00          0.89 1973   0.03  -0.03     0.00
  MONTH TO DATE    0.09                      0.46  -0.37     0.12
  SINCE OCT 1     45.33                     34.35  10.98    30.16
  SINCE JAN 1     21.91                     20.23   1.68    15.18

DEGREE DAYS
 HEATING
  YESTERDAY        0                         0      0        0
  MONTH TO DATE    2                         0      2        0
  SINCE JUN 1     72                       108    -36       19
  SINCE JUL 1      5                        17    -12        0

 COOLING
  YESTERDAY       11                         4      7        5
  MONTH TO DATE  175                       126     49      196
  SINCE JUN 1    420                       320    100      668
  SINCE JAN 1    469                       337    132      690
..................................................................


WIND (MPH)
  HIGHEST WIND SPEED    17   HIGHEST WIND DIRECTION    NW (320)
  HIGHEST GUST SPEED    22   HIGHEST GUST DIRECTION    NW (320)
  AVERAGE WIND SPEED     6.1


SKY COVER
  POSSIBLE SUNSHINE  MM
  AVERAGE SKY COVER 0.1


WEATHER CONDITIONS
 THE FOLLOWING WEATHER WAS RECORDED YESTERDAY.
  NO SIGNIFICANT WEATHER WAS OBSERVED.


RELATIVE HUMIDITY (PERCENT)
 HIGHEST    75           600 AM
 LOWEST     21           300 PM
 AVERAGE    48

..........................................................


THE PORTLAND OR CLIMATE NORMALS FOR TODAY
                         NORMAL    RECORD    YEAR
 MAXIMUM TEMPERATURE (F)   80        94      2010
                                             1967
 MINIMUM TEMPERATURE (F)   57        47      1957


SUNRISE AND SUNSET
AUGUST 25 2016........SUNRISE   624 AM PDT   SUNSET   800 PM PDT
AUGUST 26 2016........SUNRISE   625 AM PDT   SUNSET   758 PM PDT


-  INDICATES NEGATIVE NUMBERS.
R  INDICATES RECORD WAS SET OR TIED.
MM INDICATES DATA IS MISSING.
T  INDICATES TRACE AMOUNT.




$$
