000
CDUS46 KPQR 261241
CLIPDX


CLIMATE REPORT
NATIONAL WEATHER SERVICE PORTLAND OREGON
440 AM PST WED NOV 26 2014


...................................

...THE PORTLAND OR CLIMATE SUMMARY FOR NOVEMBER 25 2014...

CLIMATE NORMAL PERIOD 1981 TO 2010
CLIMATE RECORD PERIOD 1940 TO 2014


WEATHER ITEM   OBSERVED TIME   RECORD YEAR NORMAL DEPARTURE LAST
                VALUE   (LST)  VALUE       VALUE  FROM      YEAR
                                                  NORMAL
..................................................................
TEMPERATURE (F)
 YESTERDAY
  MAXIMUM         63R   245 PM  63    1977  50     13       52
  MINIMUM         54    249 AM  20    1985  39     15       28
  AVERAGE         59                        44     15       40

PRECIPITATION (IN)
  YESTERDAY        0.00          2.11 1998   0.21  -0.21     0.00
  MONTH TO DATE    2.35                      4.60  -2.25     2.91
  SINCE OCT 1      8.29                      7.60   0.69     4.06
  SINCE JAN 1     33.42                     29.51   3.91    24.96

DEGREE DAYS
 HEATING
  YESTERDAY        6                        21    -15       25
  MONTH TO DATE  462                       442     20      451
  SINCE SEP 1    642                       833   -191      885
  SINCE JUL 1    643                       860   -217      890

 COOLING
  YESTERDAY        0                         0      0        0
  MONTH TO DATE    0                         0      0        0
  SINCE SEP 1    118                        61     57       86
  SINCE JAN 1    653                       424    229      539
..................................................................


WIND (MPH)
  HIGHEST WIND SPEED    18   HIGHEST WIND DIRECTION    SW (210)
  HIGHEST GUST SPEED    24   HIGHEST GUST DIRECTION    SW (220)
  AVERAGE WIND SPEED    10.9


SKY COVER
  POSSIBLE SUNSHINE  MM
  AVERAGE SKY COVER 0.9


WEATHER CONDITIONS
 THE FOLLOWING WEATHER WAS RECORDED YESTERDAY.
  NO SIGNIFICANT WEATHER WAS OBSERVED.


RELATIVE HUMIDITY (PERCENT)
 HIGHEST    93           300 AM
 LOWEST     72           500 PM
 AVERAGE    83

..........................................................


THE PORTLAND OR CLIMATE NORMALS FOR TODAY
                         NORMAL    RECORD    YEAR
 MAXIMUM TEMPERATURE (F)   50        61      1949
 MINIMUM TEMPERATURE (F)   38        18      1952


SUNRISE AND SUNSET
NOVEMBER 26 2014......SUNRISE   724 AM PST   SUNSET   431 PM PST
NOVEMBER 27 2014......SUNRISE   726 AM PST   SUNSET   430 PM PST


-  INDICATES NEGATIVE NUMBERS.
R  INDICATES RECORD WAS SET OR TIED.
MM INDICATES DATA IS MISSING.
T  INDICATES TRACE AMOUNT.




$$
