000
CDUS46 KPQR 232322
CLIPDX


CLIMATE REPORT
NATIONAL WEATHER SERVICE PORTLAND OREGON
422 PM PDT FRI JUN 23 2017


...................................

...THE PORTLAND OR CLIMATE SUMMARY FOR JUNE 23 2017...
VALID TODAY AS OF 0400 PM LOCAL TIME.

CLIMATE NORMAL PERIOD 1981 TO 2010
CLIMATE RECORD PERIOD 1940 TO 2017


WEATHER ITEM   OBSERVED TIME   RECORD YEAR NORMAL DEPARTURE LAST
                VALUE   (LST)  VALUE       VALUE  FROM      YEAR
                                                  NORMAL
..................................................................
TEMPERATURE (F)
 TODAY
  MAXIMUM         91    244 PM  97    1992  75     16       66
  MINIMUM         58    422 AM  46    1985  55      3       55
                                      1941
  AVERAGE         75                        65     10       61

PRECIPITATION (IN)
  TODAY            0.00          0.87 1969   0.04  -0.04     0.53
  MONTH TO DATE    1.08                      1.45  -0.37     1.38
  SINCE OCT 1     49.01                     32.99  16.02    44.54
  SINCE JAN 1     29.26                     18.87  10.39    21.12

SNOWFALL (IN)
  TODAY            0.0          MM      MM
  MONTH TO DATE    0.0
  SINCE JUN 1      0.0
  SINCE JUL 1     11.2

DEGREE DAYS
 HEATING
  TODAY            0                         2     -2        4
  MONTH TO DATE   69                        78     -9       63
  SINCE JUN 1     69                        78     -9       63
  SINCE JUL 1   4421                      4265    156     3451

 COOLING
  TODAY           10                         2      8        0
  MONTH TO DATE   39                        30      9       78
  SINCE JUN 1     39                        30      9       78
  SINCE JAN 1     80                        47     33      127
..................................................................


WIND (MPH)
  HIGHEST WIND SPEED    14   HIGHEST WIND DIRECTION    NW (330)
  HIGHEST GUST SPEED    21   HIGHEST GUST DIRECTION    NW (320)
  AVERAGE WIND SPEED     6.8



WEATHER CONDITIONS
 THE FOLLOWING WEATHER WAS RECORDED TODAY.
  NO SIGNIFICANT WEATHER WAS OBSERVED.


RELATIVE HUMIDITY (PERCENT)
 HIGHEST    52           700 AM
 LOWEST     23           200 PM
 AVERAGE    38

..........................................................


THE PORTLAND OR CLIMATE NORMALS FOR TOMORROW
                         NORMAL    RECORD    YEAR
 MAXIMUM TEMPERATURE (F)   75        96      1992
 MINIMUM TEMPERATURE (F)   55        46      1971


SUNRISE AND SUNSET
JUNE 23 2017..........SUNRISE   522 AM PDT   SUNSET   904 PM PDT
JUNE 24 2017..........SUNRISE   522 AM PDT   SUNSET   904 PM PDT


-  INDICATES NEGATIVE NUMBERS.
R  INDICATES RECORD WAS SET OR TIED.
MM INDICATES DATA IS MISSING.
T  INDICATES TRACE AMOUNT.




$$
