000
CDUS46 KPQR 220323
CLIPDX


CLIMATE REPORT
NATIONAL WEATHER SERVICE PORTLAND OREGON
722 PM PST FRI NOV 21 2014


...................................

...THE PORTLAND OR CLIMATE SUMMARY FOR NOVEMBER 21 2014...
VALID TODAY AS OF 0700 PM LOCAL TIME.

CLIMATE NORMAL PERIOD 1981 TO 2010
CLIMATE RECORD PERIOD 1940 TO 2014


WEATHER ITEM   OBSERVED TIME   RECORD YEAR NORMAL DEPARTURE LAST
                VALUE   (LST)  VALUE       VALUE  FROM      YEAR
                                                  NORMAL
..................................................................
TEMPERATURE (F)
 TODAY
  MAXIMUM         55    559 PM  62    1954  51      4       49
  MINIMUM         41    433 AM  23    1952  39      2       26
  AVERAGE         48                        45      3       38

PRECIPITATION (IN)
  TODAY            0.45          1.57 1992   0.20   0.25     0.00
  MONTH TO DATE    1.44                      3.80  -2.36     2.91
  SINCE OCT 1      7.38                      6.80   0.58     4.06
  SINCE JAN 1     32.51                     28.71   3.80    24.96

DEGREE DAYS
 HEATING
  TODAY           17                        20     -3       27
  MONTH TO DATE  411                       360     51      351
  SINCE SEP 1    591                       751   -160      785
  SINCE JUL 1    592                       778   -186      790

 COOLING
  TODAY            0                         0      0        0
  MONTH TO DATE    0                         0      0        0
  SINCE SEP 1    118                        61     57       86
  SINCE JAN 1    653                       424    229      539
..................................................................


WIND (MPH)
  HIGHEST WIND SPEED    25   HIGHEST WIND DIRECTION     S (190)
  HIGHEST GUST SPEED    33   HIGHEST GUST DIRECTION     S (190)
  AVERAGE WIND SPEED    13.0



WEATHER CONDITIONS
 THE FOLLOWING WEATHER WAS RECORDED TODAY.
  RAIN
  LIGHT RAIN
  FOG


RELATIVE HUMIDITY (PERCENT)
 HIGHEST   100           100 PM
 LOWEST     79          1200 AM
 AVERAGE    90

..........................................................


THE PORTLAND OR CLIMATE NORMALS FOR TOMORROW
                         NORMAL    RECORD    YEAR
 MAXIMUM TEMPERATURE (F)   51        59      2011
                                             1968
 MINIMUM TEMPERATURE (F)   39        20      1985


SUNRISE AND SUNSET
NOVEMBER 21 2014......SUNRISE   718 AM PST   SUNSET   434 PM PST
NOVEMBER 22 2014......SUNRISE   719 AM PST   SUNSET   433 PM PST


-  INDICATES NEGATIVE NUMBERS.
R  INDICATES RECORD WAS SET OR TIED.
MM INDICATES DATA IS MISSING.
T  INDICATES TRACE AMOUNT.




$$
