000
CDUS46 KPQR 190241
CLIPDX


CLIMATE REPORT
NATIONAL WEATHER SERVICE PORTLAND OREGON
741 PM PDT FRI AUG 18 2017


...................................

...THE PORTLAND OR CLIMATE SUMMARY FOR AUGUST 18 2017...
VALID TODAY AS OF 0700 PM LOCAL TIME.

CLIMATE NORMAL PERIOD 1981 TO 2010
CLIMATE RECORD PERIOD 1940 TO 2017


WEATHER ITEM   OBSERVED TIME   RECORD YEAR NORMAL DEPARTURE LAST
                VALUE   (LST)  VALUE       VALUE  FROM      YEAR
                                                  NORMAL
..................................................................
TEMPERATURE (F)
 TODAY
  MAXIMUM         81    344 PM  99    2016  81      0       99
  MINIMUM         57    554 AM  45    1973  58     -1       61
  AVERAGE         69                        70     -1       80

PRECIPITATION (IN)
  TODAY            0.00          0.45 1968   0.02  -0.02     0.00
  MONTH TO DATE    0.06                      0.31  -0.25     0.09
  SINCE OCT 1     49.07                     34.20  14.87    45.33
  SINCE JAN 1     29.32                     20.08   9.24    21.91

SNOWFALL (IN)
  TODAY            0.0          MM      MM
  MONTH TO DATE    0.0
  SINCE JUN 1      0.0
  SINCE JUL 1      0.0

DEGREE DAYS
 HEATING
  TODAY            0                         0      0        0
  MONTH TO DATE    1                         0      1        1
  SINCE JUN 1     71                       108    -37       71
  SINCE JUL 1      2                        17    -15        4

 COOLING
  TODAY            4                         5     -1       15
  MONTH TO DATE  173                        99     74      120
  SINCE JUN 1    425                       293    132      365
  SINCE JAN 1    466                       310    156      414
..................................................................


WIND (MPH)
  HIGHEST WIND SPEED    16   HIGHEST WIND DIRECTION    NW (320)
  HIGHEST GUST SPEED    20   HIGHEST GUST DIRECTION    NW (320)
  AVERAGE WIND SPEED     5.8



WEATHER CONDITIONS
 THE FOLLOWING WEATHER WAS RECORDED TODAY.
  NO SIGNIFICANT WEATHER WAS OBSERVED.


RELATIVE HUMIDITY (PERCENT)
 HIGHEST    86           400 AM
 LOWEST     42           300 PM
 AVERAGE    64

..........................................................


THE PORTLAND OR CLIMATE NORMALS FOR TOMORROW
                         NORMAL    RECORD    YEAR
 MAXIMUM TEMPERATURE (F)   81       100      2016
 MINIMUM TEMPERATURE (F)   58        46      1947


SUNRISE AND SUNSET
AUGUST 18 2017........SUNRISE   615 AM PDT   SUNSET   812 PM PDT
AUGUST 19 2017........SUNRISE   616 AM PDT   SUNSET   811 PM PDT


-  INDICATES NEGATIVE NUMBERS.
R  INDICATES RECORD WAS SET OR TIED.
MM INDICATES DATA IS MISSING.
T  INDICATES TRACE AMOUNT.




$$
