000
CDUS46 KPQR 260221
CLIPDX


CLIMATE REPORT
NATIONAL WEATHER SERVICE PORTLAND OREGON
721 PM PDT MON MAY 25 2015


...................................

...THE PORTLAND OR CLIMATE SUMMARY FOR MAY 25 2015...
VALID TODAY AS OF 0700 PM LOCAL TIME.

CLIMATE NORMAL PERIOD 1981 TO 2010
CLIMATE RECORD PERIOD 1940 TO 2015


WEATHER ITEM   OBSERVED TIME   RECORD YEAR NORMAL DEPARTURE LAST
                VALUE   (LST)  VALUE       VALUE  FROM      YEAR
                                                  NORMAL
..................................................................
TEMPERATURE (F)
 TODAY
  MAXIMUM         67    545 PM  90    1947  70     -3       71
  MINIMUM         53    552 AM  38    1975  51      2       52
                                      1964
  AVERAGE         60                        60      0       62

PRECIPITATION (IN)
  TODAY            0.00          0.63 1989   0.08  -0.08     0.06
  MONTH TO DATE    0.59                      1.96  -1.37     2.24
  SINCE OCT 1     29.07                     31.03  -1.96    26.43
  SINCE JAN 1     14.09                     16.91  -2.82    20.61

DEGREE DAYS
 HEATING
  TODAY            5                         6     -1        3
  MONTH TO DATE  131                       193    -62      113
  SINCE MAR 1    874                      1098   -224      929
  SINCE JUL 1   3346                      4156   -810     4227

 COOLING
  TODAY            0                         1     -1        0
  MONTH TO DATE    3                         6     -3       25
  SINCE MAR 1      5                         7     -2       28
  SINCE JAN 1      5                         7     -2       28
..................................................................


WIND (MPH)
  HIGHEST WIND SPEED    13   HIGHEST WIND DIRECTION    NW (310)
  HIGHEST GUST SPEED    16   HIGHEST GUST DIRECTION    NW (320)
  AVERAGE WIND SPEED     4.8



WEATHER CONDITIONS
 THE FOLLOWING WEATHER WAS RECORDED TODAY.
  NO SIGNIFICANT WEATHER WAS OBSERVED.


RELATIVE HUMIDITY (PERCENT)
 HIGHEST    77          1200 AM
 LOWEST     56           200 PM
 AVERAGE    67

..........................................................


THE PORTLAND OR CLIMATE NORMALS FOR TOMORROW
                         NORMAL    RECORD    YEAR
 MAXIMUM TEMPERATURE (F)   70        92      1947
 MINIMUM TEMPERATURE (F)   51        41      1973
                                             1964


SUNRISE AND SUNSET
MAY 25 2015...........SUNRISE   530 AM PDT   SUNSET   846 PM PDT
MAY 26 2015...........SUNRISE   529 AM PDT   SUNSET   847 PM PDT


-  INDICATES NEGATIVE NUMBERS.
R  INDICATES RECORD WAS SET OR TIED.
MM INDICATES DATA IS MISSING.
T  INDICATES TRACE AMOUNT.




$$
