000
CDUS46 KPQR 291145
CLIPDX


CLIMATE REPORT
NATIONAL WEATHER SERVICE PORTLAND OREGON
445 AM PDT FRI JUL 29 2016


...................................

...THE PORTLAND OR CLIMATE SUMMARY FOR JULY 28 2016...

CLIMATE NORMAL PERIOD 1981 TO 2010
CLIMATE RECORD PERIOD 1940 TO 2016


WEATHER ITEM   OBSERVED TIME   RECORD YEAR NORMAL DEPARTURE LAST
                VALUE   (LST)  VALUE       VALUE  FROM      YEAR
                                                  NORMAL
..................................................................
TEMPERATURE (F)
 YESTERDAY
  MAXIMUM         94    437 PM 106    2009  82     12       87
  MINIMUM         61    531 AM  50    1963  59      2       58
  AVERAGE         78                        71      7       73

PRECIPITATION (IN)
  YESTERDAY        0.00          0.36 1993   0.01  -0.01     0.00
  MONTH TO DATE    0.66                      0.60   0.06     0.57
  SINCE OCT 1     45.24                     33.84  11.40    30.04
  SINCE JAN 1     21.82                     19.72   2.10    15.06

DEGREE DAYS
 HEATING
  YESTERDAY        0                         0      0        0
  MONTH TO DATE    3                        15    -12        0
  SINCE JUN 1     70                       106    -36       19
  SINCE JUL 1      3                        15    -12        0

 COOLING
  YESTERDAY       13                         6      7        8
  MONTH TO DATE  117                       131    -14      237
  SINCE JUN 1    222                       178     44      422
  SINCE JAN 1    271                       195     76      444
..................................................................


WIND (MPH)
  HIGHEST WIND SPEED    18   HIGHEST WIND DIRECTION    NW (320)
  HIGHEST GUST SPEED    25   HIGHEST GUST DIRECTION    NW (320)
  AVERAGE WIND SPEED     8.1


SKY COVER
  POSSIBLE SUNSHINE  MM
  AVERAGE SKY COVER 0.0


WEATHER CONDITIONS
 THE FOLLOWING WEATHER WAS RECORDED YESTERDAY.
  NO SIGNIFICANT WEATHER WAS OBSERVED.


RELATIVE HUMIDITY (PERCENT)
 HIGHEST    84           300 AM
 LOWEST     28           600 PM
 AVERAGE    56

..........................................................


THE PORTLAND OR CLIMATE NORMALS FOR TODAY
                         NORMAL    RECORD    YEAR
 MAXIMUM TEMPERATURE (F)   82       106      2009
 MINIMUM TEMPERATURE (F)   59        50      1956
                                             1941


SUNRISE AND SUNSET
JULY 29 2016..........SUNRISE   551 AM PDT   SUNSET   842 PM PDT
JULY 30 2016..........SUNRISE   552 AM PDT   SUNSET   840 PM PDT


-  INDICATES NEGATIVE NUMBERS.
R  INDICATES RECORD WAS SET OR TIED.
MM INDICATES DATA IS MISSING.
T  INDICATES TRACE AMOUNT.




$$
