000
CDUS46 KPQR 011141
CLIPDX


CLIMATE REPORT
NATIONAL WEATHER SERVICE PORTLAND OREGON
440 AM PDT SUN MAY 1 2016


...................................

...THE PORTLAND OR CLIMATE SUMMARY FOR APRIL 30 2016...

CLIMATE NORMAL PERIOD 1981 TO 2010
CLIMATE RECORD PERIOD 1940 TO 2016


WEATHER ITEM   OBSERVED TIME   RECORD YEAR NORMAL DEPARTURE LAST
                VALUE   (LST)  VALUE       VALUE  FROM      YEAR
                                                  NORMAL
..................................................................
TEMPERATURE (F)
 YESTERDAY
  MAXIMUM         70    438 PM  90    1998  64      6       70
  MINIMUM         42    455 AM  33    1986  45     -3       46
                                      1969
                                      1964
  AVERAGE         56                        55      1       58

PRECIPITATION (IN)
  YESTERDAY        0.00          0.73 1942   0.08  -0.08     0.00
  MONTH TO DATE    1.96                      2.73  -0.77     1.75
  SINCE OCT 1     41.44                     29.07  12.37    28.48
  SINCE JAN 1     18.02                     14.95   3.07    13.50

DEGREE DAYS
 HEATING
  YESTERDAY        9                        10     -1        7
  MONTH TO DATE  227                       384   -157      361
  SINCE MAR 1    676                       905   -229      743
  SINCE JUL 1   3279                      3963   -684     3215

 COOLING
  YESTERDAY        0                         0      0        0
  MONTH TO DATE   18                         1     17        2
  SINCE MAR 1     18                         1     17        2
  SINCE JAN 1     18                         1     17        2
..................................................................


WIND (MPH)
  HIGHEST WIND SPEED    17   HIGHEST WIND DIRECTION    NW (310)
  HIGHEST GUST SPEED    21   HIGHEST GUST DIRECTION    NW (310)
  AVERAGE WIND SPEED     4.6


SKY COVER
  POSSIBLE SUNSHINE  MM
  AVERAGE SKY COVER 0.5


WEATHER CONDITIONS
 THE FOLLOWING WEATHER WAS RECORDED YESTERDAY.
  NO SIGNIFICANT WEATHER WAS OBSERVED.


RELATIVE HUMIDITY (PERCENT)
 HIGHEST    89           500 AM
 LOWEST     39           600 PM
 AVERAGE    64

..........................................................


THE PORTLAND OR CLIMATE NORMALS FOR TODAY
                         NORMAL    RECORD    YEAR
 MAXIMUM TEMPERATURE (F)   65        89      2014
 MINIMUM TEMPERATURE (F)   45        29      1954


SUNRISE AND SUNSET
MAY  1 2016...........SUNRISE   557 AM PDT   SUNSET   818 PM PDT
MAY  2 2016...........SUNRISE   556 AM PDT   SUNSET   820 PM PDT


-  INDICATES NEGATIVE NUMBERS.
R  INDICATES RECORD WAS SET OR TIED.
MM INDICATES DATA IS MISSING.
T  INDICATES TRACE AMOUNT.




$$
