000
CDUS46 KPQR 110221
CLIPDX


CLIMATE REPORT
NATIONAL WEATHER SERVICE PORTLAND OREGON
721 PM PDT THU JUL 10 2014


...................................

...THE PORTLAND OR CLIMATE SUMMARY FOR JULY 10 2014...
VALID TODAY AS OF 0700 PM LOCAL TIME.

CLIMATE NORMAL PERIOD 1981 TO 2010
CLIMATE RECORD PERIOD 1940 TO 2014


WEATHER ITEM   OBSERVED TIME   RECORD YEAR NORMAL DEPARTURE LAST
                VALUE   (LST)  VALUE       VALUE  FROM      YEAR
                                                  NORMAL
..................................................................
TEMPERATURE (F)
 TODAY
  MAXIMUM         86    347 PM 102    2007  80      6       80
  MINIMUM         56    414 AM  48    1960  57     -1       57
  AVERAGE         71                        68      3       69

PRECIPITATION (IN)
  TODAY            0.00          0.63 1986   0.03  -0.03     0.00
  MONTH TO DATE    0.00                      0.28  -0.28     0.00
  SINCE OCT 1     28.91                     33.52  -4.61    36.43
  SINCE JAN 1     23.09                     19.40   3.69    14.50

DEGREE DAYS
 HEATING
  TODAY            0                         1     -1        0
  MONTH TO DATE    0                        10    -10        0
  SINCE JUN 1     62                       101    -39       49
  SINCE JUL 1      0                        10    -10        0

 COOLING
  TODAY            6                         4      2        4
  MONTH TO DATE   77                        35     42       58
  SINCE JUN 1    106                        82     24      125
  SINCE JAN 1    134                        99     35      140
..................................................................


WIND (MPH)
  HIGHEST WIND SPEED    14   HIGHEST WIND DIRECTION    NW (320)
  HIGHEST GUST SPEED    19   HIGHEST GUST DIRECTION    NW (310)
  AVERAGE WIND SPEED     6.2



WEATHER CONDITIONS
 THE FOLLOWING WEATHER WAS RECORDED TODAY.
  NO SIGNIFICANT WEATHER WAS OBSERVED.


RELATIVE HUMIDITY (PERCENT)
 HIGHEST    80           100 AM
 LOWEST     34           400 PM
 AVERAGE    57

..........................................................


THE PORTLAND OR CLIMATE NORMALS FOR TOMORROW
                         NORMAL    RECORD    YEAR
 MAXIMUM TEMPERATURE (F)   80       104      1961
 MINIMUM TEMPERATURE (F)   57        48      1960
                                             1950


SUNRISE AND SUNSET
JULY 10 2014..........SUNRISE   532 AM PDT   SUNSET   900 PM PDT
JULY 11 2014..........SUNRISE   532 AM PDT   SUNSET   859 PM PDT


-  INDICATES NEGATIVE NUMBERS.
R  INDICATES RECORD WAS SET OR TIED.
MM INDICATES DATA IS MISSING.
T  INDICATES TRACE AMOUNT.




$$
