000
CDUS46 KPQR 281141
CLIPDX


CLIMATE REPORT
NATIONAL WEATHER SERVICE PORTLAND OREGON
340 AM PST SAT FEB 28 2015


...................................

...THE PORTLAND OR CLIMATE SUMMARY FOR FEBRUARY 27 2015...

CLIMATE NORMAL PERIOD 1981 TO 2010
CLIMATE RECORD PERIOD 1940 TO 2015


WEATHER ITEM   OBSERVED TIME   RECORD YEAR NORMAL DEPARTURE LAST
                VALUE   (LST)  VALUE       VALUE  FROM      YEAR
                                                  NORMAL
..................................................................
TEMPERATURE (F)
 YESTERDAY
  MAXIMUM         57    225 PM  67    1968  54      3       44
  MINIMUM         45    746 PM  19    1960  37      8       37
  AVERAGE         51                        45      6       41

PRECIPITATION (IN)
  YESTERDAY        0.30          1.32 1976   0.13   0.17     0.26
  MONTH TO DATE    3.71                      3.53   0.18     5.12
  SINCE OCT 1     22.02                     22.53  -0.51    13.64
  SINCE JAN 1      7.04                      8.41  -1.37     7.82

DEGREE DAYS
 HEATING
  YESTERDAY       14                        20     -6       24
  MONTH TO DATE  420                       574   -154      667
  SINCE DEC 1   1722                      2069   -347     2271
  SINCE JUL 1   2455                      3038   -583     3282

 COOLING
  YESTERDAY        0                         0      0        0
  MONTH TO DATE    0                         0      0        0
  SINCE DEC 1      0                         0      0        0
  SINCE JAN 1      0                         0      0        0
..................................................................


WIND (MPH)
  HIGHEST WIND SPEED    16   HIGHEST WIND DIRECTION     E (110)
  HIGHEST GUST SPEED    19   HIGHEST GUST DIRECTION     E (110)
  AVERAGE WIND SPEED     6.9


SKY COVER
  POSSIBLE SUNSHINE  MM
  AVERAGE SKY COVER 0.8


WEATHER CONDITIONS
 THE FOLLOWING WEATHER WAS RECORDED YESTERDAY.
  RAIN
  LIGHT RAIN
  FOG


RELATIVE HUMIDITY (PERCENT)
 HIGHEST   100           200 AM
 LOWEST     61           200 PM
 AVERAGE    81

..........................................................


THE PORTLAND OR CLIMATE NORMALS FOR TODAY
                         NORMAL    RECORD    YEAR
 MAXIMUM TEMPERATURE (F)   54        71      1988
 MINIMUM TEMPERATURE (F)   37        24      1960


SUNRISE AND SUNSET
FEBRUARY 28 2015......SUNRISE   651 AM PST   SUNSET   556 PM PST
MARCH  1 2015.........SUNRISE   649 AM PST   SUNSET   557 PM PST


-  INDICATES NEGATIVE NUMBERS.
R  INDICATES RECORD WAS SET OR TIED.
MM INDICATES DATA IS MISSING.
T  INDICATES TRACE AMOUNT.




$$
