000
CDUS46 KPQR 021142
CLIPDX


CLIMATE REPORT
NATIONAL WEATHER SERVICE PORTLAND OREGON
441 AM PDT SUN AUG 2 2015


...................................

...THE PORTLAND OR CLIMATE SUMMARY FOR AUGUST 1 2015...

CLIMATE NORMAL PERIOD 1981 TO 2010
CLIMATE RECORD PERIOD 1940 TO 2015


WEATHER ITEM   OBSERVED TIME   RECORD YEAR NORMAL DEPARTURE LAST
                VALUE   (LST)  VALUE       VALUE  FROM      YEAR
                                                  NORMAL
..................................................................
TEMPERATURE (F)
 YESTERDAY
  MAXIMUM         98R   424 PM  95    2009  82     16       90
  MINIMUM         62    418 AM  47    1963  59      3       66
                                      1957
  AVERAGE         80                        71      9       78

PRECIPITATION (IN)
  YESTERDAY        0.00          0.39 1989   0.01  -0.01      T
  MONTH TO DATE    0.00                      0.01  -0.01      T
  SINCE OCT 1     30.04                     33.90  -3.86    29.96
  SINCE JAN 1     15.06                     19.78  -4.72    24.14

DEGREE DAYS
 HEATING
  YESTERDAY        0                         0      0        0
  MONTH TO DATE    0                         0      0        0
  SINCE JUN 1     19                       108    -89       63
  SINCE JUL 1      0                        17    -17        1

 COOLING
  YESTERDAY       15                         6      9       13
  MONTH TO DATE   15                         6      9       13
  SINCE JUN 1    487                       200    287      262
  SINCE JAN 1    509                       217    292      290
..................................................................


WIND (MPH)
  HIGHEST WIND SPEED    17   HIGHEST WIND DIRECTION    NW (320)
  HIGHEST GUST SPEED    22   HIGHEST GUST DIRECTION    NW (310)
  AVERAGE WIND SPEED     7.6


SKY COVER
  POSSIBLE SUNSHINE  MM
  AVERAGE SKY COVER 0.3


WEATHER CONDITIONS
 THE FOLLOWING WEATHER WAS RECORDED YESTERDAY.
  NO SIGNIFICANT WEATHER WAS OBSERVED.


RELATIVE HUMIDITY (PERCENT)
 HIGHEST    63           500 AM
 LOWEST     20           300 PM
 AVERAGE    42

..........................................................


THE PORTLAND OR CLIMATE NORMALS FOR TODAY
                         NORMAL    RECORD    YEAR
 MAXIMUM TEMPERATURE (F)   82        96      1986
 MINIMUM TEMPERATURE (F)   59        50      1959


SUNRISE AND SUNSET
AUGUST  2 2015........SUNRISE   555 AM PDT   SUNSET   838 PM PDT
AUGUST  3 2015........SUNRISE   556 AM PDT   SUNSET   836 PM PDT


-  INDICATES NEGATIVE NUMBERS.
R  INDICATES RECORD WAS SET OR TIED.
MM INDICATES DATA IS MISSING.
T  INDICATES TRACE AMOUNT.




$$
