000
CDUS41 KPBZ 050822
CLIPHD


CLIMATE REPORT
NATIONAL WEATHER SERVICE PITTSBURGH PA
322 AM EST THU MAR 5 2015


...................................

...THE NEW PHILADELPHIA OH CLIMATE SUMMARY FOR MARCH 4 2015...

CLIMATE NORMAL PERIOD 1981 TO 2010
CLIMATE RECORD PERIOD 1946 TO 2015


WEATHER ITEM   OBSERVED TIME   RECORD YEAR NORMAL DEPARTURE LAST
                VALUE   (LST)  VALUE       VALUE  FROM      YEAR
                                                  NORMAL
..................................................................
TEMPERATURE (F)
 YESTERDAY
  MAXIMUM         42   1229 AM  76    1974  46     -4       33
  MINIMUM         29             2    1984  25      4        3
  AVERAGE         36                        36      0       18

PRECIPITATION (IN)
  YESTERDAY        0.36         MM      MM   0.09   0.27      T
  MONTH TO DATE    1.18                      0.34   0.84     0.11
  SINCE JUN 1     28.98                     28.60   0.38    28.54
  SINCE JAN 1      4.25                      5.30  -1.05     3.90

DEGREE DAYS
 HEATING
  YESTERDAY       29                        29      0       47
  MONTH TO DATE  141                       119     22      173
  SINCE MAR 1    141                       119     22      173
  SINCE JUL 1   4759                      4326    433     4806

 COOLING
  YESTERDAY        0                         0      0        0
  MONTH TO DATE    0                         0      0        0
  SINCE MAR 1      0                         0      0        0
  SINCE JAN 1      0                         0      0        0
..................................................................


WIND (MPH)
  HIGHEST WIND SPEED    16   HIGHEST WIND DIRECTION    NW (330)
  HIGHEST GUST SPEED    22   HIGHEST GUST DIRECTION    NW (320)
  AVERAGE WIND SPEED     5.3


SKY COVER
  POSSIBLE SUNSHINE  MM
  AVERAGE SKY COVER 0.9


WEATHER CONDITIONS
 THE FOLLOWING WEATHER WAS RECORDED YESTERDAY.
  RAIN
  LIGHT RAIN
  SNOW
  LIGHT SNOW
  FOG
  HAZE


RELATIVE HUMIDITY (PERCENT)
 HIGHEST    96           800 AM
 LOWEST     63          1100 PM
 AVERAGE    80

..........................................................


THE NEW PHILADELPHIA OH CLIMATE NORMALS FOR TODAY
                         NORMAL    RECORD    YEAR
 MAXIMUM TEMPERATURE (F)   46        81      1983
 MINIMUM TEMPERATURE (F)   25         5      1984


SUNRISE AND SUNSET
MARCH  5 2015.........SUNRISE   654 AM EST   SUNSET   621 PM EST
MARCH  6 2015.........SUNRISE   652 AM EST   SUNSET   622 PM EST


-  INDICATES NEGATIVE NUMBERS.
R  INDICATES RECORD WAS SET OR TIED.
MM INDICATES DATA IS MISSING.
T  INDICATES TRACE AMOUNT.




$$
