000
CDUS41 KPBZ 192110
CLIPHD


CLIMATE REPORT
NATIONAL WEATHER SERVICE PITTSBURGH PA
510 PM EDT SAT AUG 19 2017


...................................

...THE NEW PHILADELPHIA OH CLIMATE SUMMARY FOR AUGUST 19 2017...
VALID TODAY AS OF 0500 PM LOCAL TIME.

CLIMATE NORMAL PERIOD 1981 TO 2010
CLIMATE RECORD PERIOD 1948 TO 2017


WEATHER ITEM   OBSERVED TIME   RECORD YEAR NORMAL DEPARTURE LAST
                VALUE   (LST)  VALUE       VALUE  FROM      YEAR
                                                  NORMAL
..................................................................
TEMPERATURE (F)
 TODAY
  MAXIMUM         82   1253 PM  90    2015  83     -1       88
                                      1985
                                      1966
  MINIMUM         63    509 AM  44    1981  60      3       68
  AVERAGE         73                        71      2       78

PRECIPITATION (IN)
  TODAY            0.31          1.67 2014   0.13   0.18     0.00
  MONTH TO DATE    1.88                      2.03  -0.15     2.99
  SINCE JUN 1     10.08                      9.79   0.29     6.85
  SINCE JAN 1     30.83                     25.39   5.44    21.50

DEGREE DAYS
 HEATING
  TODAY            0                         0      0        0
  MONTH TO DATE    0                         0      0        0
  SINCE JUN 1     27                        38    -11        7
  SINCE JUL 1      0                         3     -3        0

 COOLING
  TODAY            8                         6      2       13
  MONTH TO DATE  104                       134    -30      245
  SINCE JUN 1    552                       511     41      912
  SINCE JAN 1    619                       554     65      991
..................................................................


WIND (MPH)
  HIGHEST WIND SPEED    12   HIGHEST WIND DIRECTION     S (200)
  HIGHEST GUST SPEED    18   HIGHEST GUST DIRECTION     W (270)
  AVERAGE WIND SPEED     2.4


SKY COVER
  POSSIBLE SUNSHINE  MM
  AVERAGE SKY COVER 0.5


WEATHER CONDITIONS
 THE FOLLOWING WEATHER WAS RECORDED TODAY.
  THUNDERSTORM
  HEAVY RAIN
  RAIN
  LIGHT RAIN
  FOG
  FOG W/VISIBILITY <= 1/4 MILE


RELATIVE HUMIDITY (PERCENT)
 HIGHEST   100           100 AM
 LOWEST     63           100 PM
 AVERAGE    82

..........................................................


THE NEW PHILADELPHIA OH CLIMATE NORMALS FOR TOMORROW
                         NORMAL    RECORD    YEAR
 MAXIMUM TEMPERATURE (F)   83        94      1968
 MINIMUM TEMPERATURE (F)   60        46      1998
                                             1964


SUNRISE AND SUNSET
AUGUST 19 2017........SUNRISE   641 AM EDT   SUNSET   817 PM EDT
AUGUST 20 2017........SUNRISE   642 AM EDT   SUNSET   816 PM EDT


-  INDICATES NEGATIVE NUMBERS.
R  INDICATES RECORD WAS SET OR TIED.
MM INDICATES DATA IS MISSING.
T  INDICATES TRACE AMOUNT.




$$
