824
CDUS41 KPBZ 222126
CLIPHD


CLIMATE REPORT
NATIONAL WEATHER SERVICE PITTSBURGH PA
526 PM EDT MON MAY 22 2017


...................................

...THE NEW PHILADELPHIA OH CLIMATE SUMMARY FOR MAY 22 2017...
VALID TODAY AS OF 0500 PM LOCAL TIME.

CLIMATE NORMAL PERIOD 1981 TO 2010
CLIMATE RECORD PERIOD 1946 TO 2017


WEATHER ITEM   OBSERVED TIME   RECORD YEAR NORMAL DEPARTURE LAST
                VALUE   (LST)  VALUE       VALUE  FROM      YEAR
                                                  NORMAL
..................................................................
TEMPERATURE (F)
 TODAY
  MAXIMUM         69    145 AM  89    1977  74     -5       74
                                      1975
  MINIMUM         57   1007 AM  31    2002  50      7       49
  AVERAGE         63                        62      1       62

PRECIPITATION (IN)
  TODAY            T             1.91 1949   0.15  -0.15      T
  MONTH TO DATE    4.08                      2.83   1.25     3.13
  SINCE JUN 1     39.92                     37.56   2.36    32.73
  SINCE JAN 1     19.34                     14.26   5.08    14.65

DEGREE DAYS
 HEATING
  TODAY            2                         5     -3        3
  MONTH TO DATE  155                       158     -3      171
  SINCE MAR 1   1173                      1366   -193     1195
  SINCE JUL 1   4670                      5573   -903     4809

 COOLING
  TODAY            0                         2     -2        0
  MONTH TO DATE   26                        15     11        5
  SINCE MAR 1     51                        22     29        5
  SINCE JAN 1     51                        22     29        5
..................................................................


WIND (MPH)
  HIGHEST WIND SPEED    15   HIGHEST WIND DIRECTION    NW (330)
  HIGHEST GUST SPEED    23   HIGHEST GUST DIRECTION     W (250)
  AVERAGE WIND SPEED     8.2


SKY COVER
  POSSIBLE SUNSHINE  MM
  AVERAGE SKY COVER 0.5


WEATHER CONDITIONS
 THE FOLLOWING WEATHER WAS RECORDED TODAY.
  NO SIGNIFICANT WEATHER WAS OBSERVED.


RELATIVE HUMIDITY (PERCENT)
 HIGHEST    87           100 AM
 LOWEST     48           300 PM
 AVERAGE    68

..........................................................


THE NEW PHILADELPHIA OH CLIMATE NORMALS FOR TOMORROW
                         NORMAL    RECORD    YEAR
 MAXIMUM TEMPERATURE (F)   74        88      2009
                                             1991
 MINIMUM TEMPERATURE (F)   50        32      1967


SUNRISE AND SUNSET
MAY 22 2017...........SUNRISE   603 AM EDT   SUNSET   842 PM EDT
MAY 23 2017...........SUNRISE   602 AM EDT   SUNSET   843 PM EDT


-  INDICATES NEGATIVE NUMBERS.
R  INDICATES RECORD WAS SET OR TIED.
MM INDICATES DATA IS MISSING.
T  INDICATES TRACE AMOUNT.




$$
