000
CDUS41 KPBZ 282218
CLIPHD


CLIMATE REPORT
NATIONAL WEATHER SERVICE PITTSBURGH PA
517 PM EST FRI NOV 28 2014


...................................

...THE NEW PHILADELPHIA OH CLIMATE SUMMARY FOR NOVEMBER 28 2014...
VALID TODAY AS OF 0500 PM LOCAL TIME.

CLIMATE NORMAL PERIOD 1981 TO 2010
CLIMATE RECORD PERIOD 1946 TO 2014


WEATHER ITEM   OBSERVED TIME   RECORD YEAR NORMAL DEPARTURE LAST
                VALUE   (LST)  VALUE       VALUE  FROM      YEAR
                                                  NORMAL
..................................................................
TEMPERATURE (F)
 TODAY
  MAXIMUM         30    359 PM  74    1987  47    -17       28
  MINIMUM         22    714 AM  10    2013  30     -8       10
  AVERAGE         26                        38    -12       19

PRECIPITATION (IN)
  TODAY            T            MM      MM   0.12  -0.12     0.00
  MONTH TO DATE    1.77                      3.03  -1.26     2.79
  SINCE JUN 1     21.91                     20.39   1.52    20.76
  SINCE JAN 1     37.09                     35.99   1.10    30.80

DEGREE DAYS
 HEATING
  TODAY           39                        26     13       46
  MONTH TO DATE  758                       605    153      710
  SINCE SEP 1   1173                      1094     79     1146
  SINCE JUL 1   1205                      1104    101     1160

 COOLING
  TODAY            0                         0      0        0
  MONTH TO DATE    0                         0      0        0
  SINCE SEP 1     81                        75      6      110
  SINCE JAN 1    630                       697    -67      755
..................................................................


WIND (MPH)
  HIGHEST WIND SPEED    17   HIGHEST WIND DIRECTION    NW (310)
  HIGHEST GUST SPEED    23   HIGHEST GUST DIRECTION    NW (310)
  AVERAGE WIND SPEED     6.3


SKY COVER
  POSSIBLE SUNSHINE  MM
  AVERAGE SKY COVER 0.9


WEATHER CONDITIONS
 THE FOLLOWING WEATHER WAS RECORDED TODAY.
  NO SIGNIFICANT WEATHER WAS OBSERVED.


RELATIVE HUMIDITY (PERCENT)
 HIGHEST    75           300 AM
 LOWEST     53           500 PM
 AVERAGE    64

..........................................................


THE NEW PHILADELPHIA OH CLIMATE NORMALS FOR TOMORROW
                         NORMAL    RECORD    YEAR
 MAXIMUM TEMPERATURE (F)   47        69      2005
 MINIMUM TEMPERATURE (F)   30        12      1967


SUNRISE AND SUNSET
NOVEMBER 28 2014......SUNRISE   726 AM EST   SUNSET   501 PM EST
NOVEMBER 29 2014......SUNRISE   728 AM EST   SUNSET   500 PM EST


-  INDICATES NEGATIVE NUMBERS.
R  INDICATES RECORD WAS SET OR TIED.
MM INDICATES DATA IS MISSING.
T  INDICATES TRACE AMOUNT.




$$
