000
CDUS41 KPBZ 300704
CLIPHD


CLIMATE REPORT
NATIONAL WEATHER SERVICE PITTSBURGH PA
303 AM EDT MON MAR 30 2015


...................................

...THE NEW PHILADELPHIA OH CLIMATE SUMMARY FOR MARCH 29 2015...

CLIMATE NORMAL PERIOD 1981 TO 2010
CLIMATE RECORD PERIOD 1946 TO 2015


WEATHER ITEM   OBSERVED TIME   RECORD YEAR NORMAL DEPARTURE LAST
                VALUE   (LST)  VALUE       VALUE  FROM      YEAR
                                                  NORMAL
..................................................................
TEMPERATURE (F)
 YESTERDAY
  MAXIMUM         48    336 PM  81    1998  57     -9       44
  MINIMUM         15            14    1966  33    -18       32
  AVERAGE         32                        45    -13       38

PRECIPITATION (IN)
  YESTERDAY        0.01         MM      MM   0.10  -0.09     0.64
  MONTH TO DATE    3.50                      2.83   0.67     1.90
  SINCE JUN 1     31.30                     31.09   0.21    30.33
  SINCE JAN 1      6.57                      7.79  -1.22     5.69

DEGREE DAYS
 HEATING
  YESTERDAY       33                        20     13       27
  MONTH TO DATE  821                       739     82      913
  SINCE MAR 1    821                       739     82      913
  SINCE JUL 1   5439                      4946    493     5546

 COOLING
  YESTERDAY        0                         0      0        0
  MONTH TO DATE    0                         0      0        0
  SINCE MAR 1      0                         0      0        0
  SINCE JAN 1      0                         0      0        0
..................................................................


WIND (MPH)
  HIGHEST WIND SPEED    24   HIGHEST WIND DIRECTION     S (200)
  HIGHEST GUST SPEED    36   HIGHEST GUST DIRECTION     S (200)
  AVERAGE WIND SPEED     7.9


SKY COVER
  POSSIBLE SUNSHINE  MM
  AVERAGE SKY COVER 0.2


WEATHER CONDITIONS
 THE FOLLOWING WEATHER WAS RECORDED YESTERDAY.
  LIGHT RAIN
  HAZE


RELATIVE HUMIDITY (PERCENT)
 HIGHEST    80           100 AM
 LOWEST     21           600 PM
 AVERAGE    51

..........................................................


THE NEW PHILADELPHIA OH CLIMATE NORMALS FOR TODAY
                         NORMAL    RECORD    YEAR
 MAXIMUM TEMPERATURE (F)   57        80      1986
 MINIMUM TEMPERATURE (F)   34        16      1966


SUNRISE AND SUNSET
MARCH 30 2015.........SUNRISE   713 AM EDT   SUNSET   748 PM EDT
MARCH 31 2015.........SUNRISE   711 AM EDT   SUNSET   749 PM EDT


-  INDICATES NEGATIVE NUMBERS.
R  INDICATES RECORD WAS SET OR TIED.
MM INDICATES DATA IS MISSING.
T  INDICATES TRACE AMOUNT.




$$
