000
CDUS41 KPBZ 310701
CLIPHD


CLIMATE REPORT
NATIONAL WEATHER SERVICE PITTSBURGH PA
301 AM EDT FRI JUL 31 2015


...................................

...THE NEW PHILADELPHIA OH CLIMATE SUMMARY FOR JULY 30 2015...

CLIMATE NORMAL PERIOD 1981 TO 2010
CLIMATE RECORD PERIOD 1946 TO 2015


WEATHER ITEM   OBSERVED TIME   RECORD YEAR NORMAL DEPARTURE LAST
                VALUE   (LST)  VALUE       VALUE  FROM      YEAR
                                                  NORMAL
..................................................................
TEMPERATURE (F)
 YESTERDAY
  MAXIMUM         84    306 PM  94    1988  84      0       73
  MINIMUM         61            47    1981  62     -1       53
  AVERAGE         73                        72      1       63

PRECIPITATION (IN)
  YESTERDAY        T            MM      MM   0.15  -0.15     0.26
  MONTH TO DATE    3.17                      3.88  -0.71     4.88
  SINCE JUN 1      8.25                      7.61   0.64     9.75
  SINCE JAN 1     21.47                     23.21  -1.74    24.93

DEGREE DAYS
 HEATING
  YESTERDAY        0                         0      0        2
  MONTH TO DATE    0                         0      0       19
  SINCE JUN 1     23                        35    -12       29
  SINCE JUL 1      0                         0      0       19

 COOLING
  YESTERDAY        8                         8      0        0
  MONTH TO DATE  174                       231    -57      149
  SINCE JUN 1    400                       374     26      326
  SINCE JAN 1    561                       417    144      392
..................................................................


WIND (MPH)
  HIGHEST WIND SPEED    13   HIGHEST WIND DIRECTION    NW (300)
  HIGHEST GUST SPEED    19   HIGHEST GUST DIRECTION     N (350)
  AVERAGE WIND SPEED     4.6


SKY COVER
  POSSIBLE SUNSHINE  MM
  AVERAGE SKY COVER 0.2


WEATHER CONDITIONS
 THE FOLLOWING WEATHER WAS RECORDED YESTERDAY.
  HAZE


RELATIVE HUMIDITY (PERCENT)
 HIGHEST    93          1100 PM
 LOWEST     46           300 PM
 AVERAGE    70

..........................................................


THE NEW PHILADELPHIA OH CLIMATE NORMALS FOR TODAY
                         NORMAL    RECORD    YEAR
 MAXIMUM TEMPERATURE (F)   84        92      1983
 MINIMUM TEMPERATURE (F)   62        49      1968


SUNRISE AND SUNSET
JULY 31 2015..........SUNRISE   622 AM EDT   SUNSET   842 PM EDT
AUGUST  1 2015........SUNRISE   623 AM EDT   SUNSET   841 PM EDT


-  INDICATES NEGATIVE NUMBERS.
R  INDICATES RECORD WAS SET OR TIED.
MM INDICATES DATA IS MISSING.
T  INDICATES TRACE AMOUNT.




$$
