000
CDUS41 KPBZ 252217
CLIPHD


CLIMATE REPORT
NATIONAL WEATHER SERVICE PITTSBURGH PA
516 PM EST SAT FEB 25 2017


...................................

...THE NEW PHILADELPHIA OH CLIMATE SUMMARY FOR FEBRUARY 25 2017...
VALID TODAY AS OF 0500 PM LOCAL TIME.

CLIMATE NORMAL PERIOD 1981 TO 2010
CLIMATE RECORD PERIOD 1946 TO 2017


WEATHER ITEM   OBSERVED TIME   RECORD YEAR NORMAL DEPARTURE LAST
                VALUE   (LST)  VALUE       VALUE  FROM      YEAR
                                                  NORMAL
..................................................................
TEMPERATURE (F)
 TODAY
  MAXIMUM         67   1212 AM  68    1961  44     23       43
  MINIMUM         36    359 PM  -2    1963  24     12       30
  AVERAGE         52                        34     18       37

PRECIPITATION (IN)
  TODAY            0.47         MM      MM   0.08   0.39     0.05
  MONTH TO DATE    1.70                      2.08  -0.38     3.15
  SINCE JUN 1     25.84                     27.98  -2.14    22.27
  SINCE JAN 1      5.26                      4.68   0.58     4.19

DEGREE DAYS
 HEATING
  TODAY           13                        31    -18       28
  MONTH TO DATE  590                       842   -252      808
  SINCE DEC 1   2547                      2956   -409     2619
  SINCE JUL 1   3414                      4114   -700     3515

 COOLING
  TODAY            0                         0      0        0
  MONTH TO DATE    0                         0      0        0
  SINCE DEC 1      0                         0      0        0
  SINCE JAN 1      0                         0      0        0
..................................................................


WIND (MPH)
  HIGHEST WIND SPEED    23   HIGHEST WIND DIRECTION     W (250)
  HIGHEST GUST SPEED    34   HIGHEST GUST DIRECTION     W (280)
  AVERAGE WIND SPEED    10.7


SKY COVER
  POSSIBLE SUNSHINE  MM
  AVERAGE SKY COVER 1.0


WEATHER CONDITIONS
 THE FOLLOWING WEATHER WAS RECORDED TODAY.
  THUNDERSTORM
  RAIN
  LIGHT RAIN
  FOG


RELATIVE HUMIDITY (PERCENT)
 HIGHEST   100           200 AM
 LOWEST     52          1200 AM
 AVERAGE    76

..........................................................


THE NEW PHILADELPHIA OH CLIMATE NORMALS FOR TOMORROW
                         NORMAL    RECORD    YEAR
 MAXIMUM TEMPERATURE (F)   44        67      2001
 MINIMUM TEMPERATURE (F)   24       -14      1963


SUNRISE AND SUNSET
FEBRUARY 25 2017......SUNRISE   705 AM EST   SUNSET   613 PM EST
FEBRUARY 26 2017......SUNRISE   703 AM EST   SUNSET   614 PM EST


-  INDICATES NEGATIVE NUMBERS.
R  INDICATES RECORD WAS SET OR TIED.
MM INDICATES DATA IS MISSING.
T  INDICATES TRACE AMOUNT.




$$
