000
CDUS41 KPBZ 242128
CLIPHD


CLIMATE REPORT
NATIONAL WEATHER SERVICE PITTSBURGH PA
527 PM EDT SAT JUN 24 2017


...................................

...THE NEW PHILADELPHIA OH CLIMATE SUMMARY FOR JUNE 24 2017...
VALID TODAY AS OF 0500 PM LOCAL TIME.

CLIMATE NORMAL PERIOD 1981 TO 2010
CLIMATE RECORD PERIOD 1948 TO 2017


WEATHER ITEM   OBSERVED TIME   RECORD YEAR NORMAL DEPARTURE LAST
                VALUE   (LST)  VALUE       VALUE  FROM      YEAR
                                                  NORMAL
..................................................................
TEMPERATURE (F)
 TODAY
  MAXIMUM         79    327 PM  94    1964  82     -3       87
  MINIMUM         62    531 AM  41    1982  59      3       65
  AVERAGE         71                        71      0       76

PRECIPITATION (IN)
  TODAY            T             2.75 1950   0.11  -0.11     0.00
  MONTH TO DATE    1.83                      3.21  -1.38     1.17
  SINCE JUN 1      1.83                      3.21  -1.38     1.17
  SINCE JAN 1     22.58                     18.81   3.77    15.82

DEGREE DAYS
 HEATING
  TODAY            0                         0      0        0
  MONTH TO DATE   19                        33    -14        7
  SINCE JUN 1     19                        33    -14        7
  SINCE JUL 1   4703                      5642   -939     4818

 COOLING
  TODAY            6                         6      0       11
  MONTH TO DATE  167                       105     62      217
  SINCE JUN 1    167                       105     62      217
  SINCE JAN 1    234                       148     86      296
..................................................................


WIND (MPH)
  HIGHEST WIND SPEED    16   HIGHEST WIND DIRECTION     W (290)
  HIGHEST GUST SPEED    25   HIGHEST GUST DIRECTION     W (270)
  AVERAGE WIND SPEED     5.4


SKY COVER
  POSSIBLE SUNSHINE  MM
  AVERAGE SKY COVER 0.3


WEATHER CONDITIONS
 THE FOLLOWING WEATHER WAS RECORDED TODAY.
  LIGHT RAIN
  FOG


RELATIVE HUMIDITY (PERCENT)
 HIGHEST   100           500 AM
 LOWEST     48           200 PM
 AVERAGE    74

..........................................................


THE NEW PHILADELPHIA OH CLIMATE NORMALS FOR TOMORROW
                         NORMAL    RECORD    YEAR
 MAXIMUM TEMPERATURE (F)   82        92      2005
                                             2002
                                             1966
 MINIMUM TEMPERATURE (F)   60        40      1979


SUNRISE AND SUNSET
JUNE 24 2017..........SUNRISE   556 AM EDT   SUNSET   900 PM EDT
JUNE 25 2017..........SUNRISE   557 AM EDT   SUNSET   900 PM EDT


-  INDICATES NEGATIVE NUMBERS.
R  INDICATES RECORD WAS SET OR TIED.
MM INDICATES DATA IS MISSING.
T  INDICATES TRACE AMOUNT.




$$
