000
CDUS41 KPBZ 160703
CLIPHD


CLIMATE REPORT
NATIONAL WEATHER SERVICE PITTSBURGH PA
302 AM EDT WED APR 16 2014


...................................

...THE NEW PHILADELPHIA OH CLIMATE SUMMARY FOR APRIL 15 2014...

CLIMATE NORMAL PERIOD 1981 TO 2010
CLIMATE RECORD PERIOD 1946 TO 2014


WEATHER ITEM   OBSERVED TIME   RECORD YEAR NORMAL DEPARTURE LAST
                VALUE   (LST)  VALUE       VALUE  FROM      YEAR
                                                  NORMAL
..................................................................
TEMPERATURE (F)
 YESTERDAY
  MAXIMUM         53   1209 AM  82    1967  63    -10       67
  MINIMUM         27            23    1971  39    -12       49
  AVERAGE         40                        51    -11       58

PRECIPITATION (IN)
  YESTERDAY        0.29         MM      MM   0.12   0.17     0.00
  MONTH TO DATE    2.68                      1.69   0.99     1.24
  SINCE JUN 1     33.02                     32.99   0.03    28.63
  SINCE JAN 1      8.38                      9.69  -1.31     6.03

DEGREE DAYS
 HEATING
  YESTERDAY       25                        14     11        7
  MONTH TO DATE  208                       250    -42      244
  SINCE MAR 1   1171                      1029    142     1131
  SINCE JUL 1   5804                      5236    568     5261

 COOLING
  YESTERDAY        0                         0      0        0
  MONTH TO DATE    1                         0      1        5
  SINCE MAR 1      1                         1      0        5
  SINCE JAN 1      1                         1      0        5
..................................................................


WIND (MPH)
  HIGHEST WIND SPEED    20   HIGHEST WIND DIRECTION     N (340)
  HIGHEST GUST SPEED    26   HIGHEST GUST DIRECTION     N (350)
  AVERAGE WIND SPEED    10.2


SKY COVER
  POSSIBLE SUNSHINE  MM
  AVERAGE SKY COVER 0.9


WEATHER CONDITIONS
 THE FOLLOWING WEATHER WAS RECORDED YESTERDAY.
  RAIN
  LIGHT RAIN
  SNOW
  LIGHT SNOW
  FOG


RELATIVE HUMIDITY (PERCENT)
 HIGHEST    89           600 AM
 LOWEST     58           700 PM
 AVERAGE    74

..........................................................


THE NEW PHILADELPHIA OH CLIMATE NORMALS FOR TODAY
                         NORMAL    RECORD    YEAR
 MAXIMUM TEMPERATURE (F)   64        82      2003
 MINIMUM TEMPERATURE (F)   39        23      1962


SUNRISE AND SUNSET
APRIL 16 2014.........SUNRISE   646 AM EDT   SUNSET   806 PM EDT
APRIL 17 2014.........SUNRISE   644 AM EDT   SUNSET   807 PM EDT


-  INDICATES NEGATIVE NUMBERS.
R  INDICATES RECORD WAS SET OR TIED.
MM INDICATES DATA IS MISSING.
T  INDICATES TRACE AMOUNT.




$$
