000
CDUS41 KPBZ 302115
CLIPHD


CLIMATE REPORT
NATIONAL WEATHER SERVICE PITTSBURGH PA
515 PM EDT SAT MAY 30 2015


...................................

...THE NEW PHILADELPHIA OH CLIMATE SUMMARY FOR MAY 30 2015...
VALID TODAY AS OF 0500 PM LOCAL TIME.

CLIMATE NORMAL PERIOD 1981 TO 2010
CLIMATE RECORD PERIOD 1946 TO 2015


WEATHER ITEM   OBSERVED TIME   RECORD YEAR NORMAL DEPARTURE LAST
                VALUE   (LST)  VALUE       VALUE  FROM      YEAR
                                                  NORMAL
..................................................................
TEMPERATURE (F)
 TODAY
  MAXIMUM         85    312 PM  91    1991  76      9       80
  MINIMUM         70    557 AM  33    1961  52     18       51
  AVERAGE         78                        64     14       66

PRECIPITATION (IN)
  TODAY            0.03         MM      MM   0.16  -0.13     0.00
  MONTH TO DATE    2.82                      4.02  -1.20     3.39
  SINCE JUN 1     37.80                     38.75  -0.95    39.82
  SINCE JAN 1     13.07                     15.45  -2.38    15.18

DEGREE DAYS
 HEATING
  TODAY            0                         3     -3        0
  MONTH TO DATE   87                       191   -104      156
  SINCE MAR 1   1279                      1399   -120     1527
  SINCE JUL 1   5897                      5606    291     6160

 COOLING
  TODAY           13                         2     11        1
  MONTH TO DATE  157                        31    126       63
  SINCE MAR 1    160                        38    122       64
  SINCE JAN 1    160                        38    122       64
..................................................................


WIND (MPH)
  HIGHEST WIND SPEED    13   HIGHEST WIND DIRECTION     S (200)
  HIGHEST GUST SPEED    17   HIGHEST GUST DIRECTION    SW (240)
  AVERAGE WIND SPEED     5.3


SKY COVER
  POSSIBLE SUNSHINE  MM
  AVERAGE SKY COVER 0.3


WEATHER CONDITIONS
 THE FOLLOWING WEATHER WAS RECORDED TODAY.
  THUNDERSTORM
  LIGHT RAIN


RELATIVE HUMIDITY (PERCENT)
 HIGHEST    84           600 AM
 LOWEST     58           400 PM
 AVERAGE    71

..........................................................


THE NEW PHILADELPHIA OH CLIMATE NORMALS FOR TOMORROW
                         NORMAL    RECORD    YEAR
 MAXIMUM TEMPERATURE (F)   76        90      1988
 MINIMUM TEMPERATURE (F)   53        36      1990


SUNRISE AND SUNSET
MAY 30 2015...........SUNRISE   559 AM EDT   SUNSET   848 PM EDT
MAY 31 2015...........SUNRISE   558 AM EDT   SUNSET   849 PM EDT


-  INDICATES NEGATIVE NUMBERS.
R  INDICATES RECORD WAS SET OR TIED.
MM INDICATES DATA IS MISSING.
T  INDICATES TRACE AMOUNT.




$$
