000
CDUS41 KPHI 012130
CLIPHL


CLIMATE REPORT
NATIONAL WEATHER SERVICE MOUNT HOLLY NJ
428 PM EST SUN FEB 1 2015


...................................

...THE PHILADELPHIA PA CLIMATE SUMMARY FOR FEBRUARY 1 2015...
VALID TODAY AS OF 0400 PM LOCAL TIME.

CLIMATE NORMAL PERIOD 1981 TO 2010
CLIMATE RECORD PERIOD 1872 TO 2015


WEATHER ITEM   OBSERVED TIME   RECORD YEAR NORMAL DEPARTURE LAST
                VALUE   (LST)  VALUE       VALUE  FROM      YEAR
                                                  NORMAL
..................................................................
TEMPERATURE (F)
 TODAY
  MAXIMUM         39    359 PM  70    2002  41     -2       48
  MINIMUM         21    314 AM   2    1920  26     -5       30
  AVERAGE         30                        34     -4       39

PRECIPITATION (IN)
  TODAY            0.00          2.92 1915   0.10  -0.10     0.00
  MONTH TO DATE    0.00                      0.10  -0.10     0.00
  SINCE DEC 1      7.79                      6.69   1.10     8.75
  SINCE JAN 1      4.52                      3.13   1.39     3.55

SNOWFALL (IN)
  TODAY            0.0           5.3  1934   0.3   -0.3      0.0
  MONTH TO DATE    0.0                       0.3   -0.3      0.0
  SINCE DEC 1      4.4                      10.2   -5.8     37.1
  SINCE JUL 1      4.4                      10.5   -6.1     37.1
  SNOW DEPTH       0

DEGREE DAYS
 HEATING
  TODAY           35                        32      3       26
  MONTH TO DATE   35                        32      3       26
  SINCE DEC 1   1817                      1879    -62     1964
  SINCE JUL 1   2595                      2695   -100     2770

 COOLING
  TODAY            0                         0      0        0
  MONTH TO DATE    0                         0      0        0
  SINCE DEC 1      0                         0      0        0
  SINCE JAN 1      0                         0      0        0
..................................................................


WIND (MPH)
  HIGHEST WIND SPEED    13   HIGHEST WIND DIRECTION    SW (240)
  HIGHEST GUST SPEED    16   HIGHEST GUST DIRECTION     W (260)
  AVERAGE WIND SPEED     5.8


SKY COVER
  POSSIBLE SUNSHINE  MM
  AVERAGE SKY COVER 0.8


WEATHER CONDITIONS
 THE FOLLOWING WEATHER WAS RECORDED TODAY.
  NO SIGNIFICANT WEATHER WAS OBSERVED.


RELATIVE HUMIDITY (PERCENT)
 HIGHEST    64          1200 PM
 LOWEST     49          1000 AM
 AVERAGE    57

..........................................................


THE PHILADELPHIA PA CLIMATE NORMALS FOR TOMORROW
                         NORMAL    RECORD    YEAR
 MAXIMUM TEMPERATURE (F)   41        61      1988
 MINIMUM TEMPERATURE (F)   26        -4      1961


SUNRISE AND SUNSET
FEBRUARY  1 2015......SUNRISE   709 AM EST   SUNSET   520 PM EST
FEBRUARY  2 2015......SUNRISE   708 AM EST   SUNSET   521 PM EST


-  INDICATES NEGATIVE NUMBERS.
R  INDICATES RECORD WAS SET OR TIED.
MM INDICATES DATA IS MISSING.
T  INDICATES TRACE AMOUNT.




$$
