000
CDUS41 KPHI 280630
CLIPHL


CLIMATE REPORT
NATIONAL WEATHER SERVICE MOUNT HOLLY NJ
229 AM EDT WED SEP 28 2016


...................................

...THE PHILADELPHIA PA CLIMATE SUMMARY FOR SEPTEMBER 27 2016...

CLIMATE NORMAL PERIOD 1981 TO 2010
CLIMATE RECORD PERIOD 1872 TO 2016


WEATHER ITEM   OBSERVED TIME   RECORD YEAR NORMAL DEPARTURE LAST
                VALUE   (LST)  VALUE       VALUE  FROM      YEAR
                                                  NORMAL
..................................................................
TEMPERATURE (F)
 YESTERDAY
  MAXIMUM         76    358 PM  91    1998  74      2       71
  MINIMUM         60   1105 PM  36    1947  56      4       60
  AVERAGE         68                        65      3       66

PRECIPITATION (IN)
  YESTERDAY        0.12          1.85 1985   0.14  -0.02     0.00
  MONTH TO DATE    1.88                      3.38  -1.50     4.79
  SINCE SEP 1      1.88                      3.38  -1.50     4.79
  SINCE JAN 1     26.73                     31.40  -4.67    34.98

SNOWFALL (IN)
  YESTERDAY        0.0           0.0    MM   0.0    0.0      0.0
  MONTH TO DATE    0.0                       0.0    0.0      0.0
  SINCE SEP 1      0.0                       0.0    0.0      0.0
  SINCE JUL 1      0.0                       0.0    0.0      0.0
  SNOW DEPTH       0

DEGREE DAYS
 HEATING
  YESTERDAY        0                         3     -3        0
  MONTH TO DATE    3                        25    -22        0
  SINCE SEP 1      3                        25    -22        0
  SINCE JUL 1      3                        26    -23        0

 COOLING
  YESTERDAY        3                         3      0        1
  MONTH TO DATE  272                       156    116      263
  SINCE SEP 1    272                       156    116      263
  SINCE JAN 1   1684                      1273    411     1669
..................................................................


WIND (MPH)
  HIGHEST WIND SPEED    15   HIGHEST WIND DIRECTION    SW (240)
  HIGHEST GUST SPEED    20   HIGHEST GUST DIRECTION    SW (230)
  AVERAGE WIND SPEED     6.6


SKY COVER
  POSSIBLE SUNSHINE  MM
  AVERAGE SKY COVER 0.6


WEATHER CONDITIONS
 THE FOLLOWING WEATHER WAS RECORDED YESTERDAY.
  RAIN
  LIGHT RAIN
  FOG


RELATIVE HUMIDITY (PERCENT)
 HIGHEST    87           700 AM
 LOWEST     41           300 PM
 AVERAGE    64

..........................................................


THE PHILADELPHIA PA CLIMATE NORMALS FOR TODAY
                         NORMAL    RECORD    YEAR
 MAXIMUM TEMPERATURE (F)   73        91      1886
 MINIMUM TEMPERATURE (F)   55        37      1957


SUNRISE AND SUNSET
SEPTEMBER 28 2016.....SUNRISE   655 AM EDT   SUNSET   647 PM EDT
SEPTEMBER 29 2016.....SUNRISE   656 AM EDT   SUNSET   646 PM EDT


-  INDICATES NEGATIVE NUMBERS.
R  INDICATES RECORD WAS SET OR TIED.
MM INDICATES DATA IS MISSING.
T  INDICATES TRACE AMOUNT.




$$
