000
CDUS41 KPHI 240628
CLIPHL


CLIMATE REPORT
NATIONAL WEATHER SERVICE MOUNT HOLLY NJ
126 AM EST TUE JAN 24 2017


...................................

...THE PHILADELPHIA PA CLIMATE SUMMARY FOR JANUARY 23 2017...

CLIMATE NORMAL PERIOD 1981 TO 2010
CLIMATE RECORD PERIOD 1872 TO 2017


WEATHER ITEM   OBSERVED TIME   RECORD YEAR NORMAL DEPARTURE LAST
                VALUE   (LST)  VALUE       VALUE  FROM      YEAR
                                                  NORMAL
..................................................................
TEMPERATURE (F)
 YESTERDAY
  MAXIMUM         46    137 AM  71    1906  40      6       30
  MINIMUM         38   1131 PM  -2    1936  25     13       24
  AVERAGE         42                        33      9       27

PRECIPITATION (IN)
  YESTERDAY        0.60          2.32 1998   0.10   0.50     1.40
  MONTH TO DATE    2.68                      2.24   0.44     2.63
  SINCE DEC 1      5.40                      5.80  -0.40     7.77
  SINCE JAN 1      2.68                      2.24   0.44     2.63

SNOWFALL (IN)
  YESTERDAY        0.0          19.4  2016   0.2   -0.2     19.4
  MONTH TO DATE    4.9                       4.4    0.5     22.9
  SINCE DEC 1      5.2                       7.8   -2.6     22.9
  SINCE JUL 1      5.2                       8.1   -2.9     22.9
  SNOW DEPTH       0

DEGREE DAYS
 HEATING
  YESTERDAY       23                        32     -9       38
  MONTH TO DATE  616                       734   -118      706
  SINCE DEC 1   1420                      1588   -168     1127
  SINCE JUL 1   2051                      2404   -353     1687

 COOLING
  YESTERDAY        0                         0      0        0
  MONTH TO DATE    0                         0      0        0
  SINCE DEC 1      0                         0      0        2
  SINCE JAN 1      0                         0      0        0
..................................................................


WIND (MPH)
  HIGHEST WIND SPEED    37   HIGHEST WIND DIRECTION    NE (40)
  HIGHEST GUST SPEED    50   HIGHEST GUST DIRECTION    NE (50)
  AVERAGE WIND SPEED    22.4


SKY COVER
  POSSIBLE SUNSHINE  MM
  AVERAGE SKY COVER 0.9


WEATHER CONDITIONS
 THE FOLLOWING WEATHER WAS RECORDED YESTERDAY.
  HEAVY RAIN
  RAIN
  LIGHT RAIN
  FOG
  HAZE


RELATIVE HUMIDITY (PERCENT)
 HIGHEST    92           200 AM
 LOWEST     79           800 PM
 AVERAGE    86

..........................................................


THE PHILADELPHIA PA CLIMATE NORMALS FOR TODAY
                         NORMAL    RECORD    YEAR
 MAXIMUM TEMPERATURE (F)   40        69      1967
                                             1950
 MINIMUM TEMPERATURE (F)   25         0      1882


SUNRISE AND SUNSET
JANUARY 24 2017.......SUNRISE   716 AM EST   SUNSET   511 PM EST
JANUARY 25 2017.......SUNRISE   715 AM EST   SUNSET   512 PM EST


-  INDICATES NEGATIVE NUMBERS.
R  INDICATES RECORD WAS SET OR TIED.
MM INDICATES DATA IS MISSING.
T  INDICATES TRACE AMOUNT.




$$
