000
CDUS41 KPHI 240627
CLIPHL


CLIMATE REPORT
NATIONAL WEATHER SERVICE MOUNT HOLLY NJ
227 AM EDT WED MAY 24 2017


...................................

...THE PHILADELPHIA PA CLIMATE SUMMARY FOR MAY 23 2017...

CLIMATE NORMAL PERIOD 1981 TO 2010
CLIMATE RECORD PERIOD 1872 TO 2017


WEATHER ITEM   OBSERVED TIME   RECORD YEAR NORMAL DEPARTURE LAST
                VALUE   (LST)  VALUE       VALUE  FROM      YEAR
                                                  NORMAL
..................................................................
TEMPERATURE (F)
 YESTERDAY
  MAXIMUM         68   1216 PM  96    1925  76     -8       76
  MINIMUM         60   1159 PM  41    1961  56      4       55
  AVERAGE         64                        66     -2       66

PRECIPITATION (IN)
  YESTERDAY        T             1.77 1951   0.13  -0.13     0.08
  MONTH TO DATE    3.80                      2.72   1.08     5.11
  SINCE MAR 1     11.21                     10.07   1.14     8.87
  SINCE JAN 1     15.42                     15.75  -0.33    15.86

SNOWFALL (IN)
  YESTERDAY        0.0           0.0    MM   0.0    0.0      0.0
  MONTH TO DATE    0.0                       0.0    0.0      0.0
  SINCE MAR 1      7.0                       3.4    3.6      1.3
  SINCE JUL 1     15.0                      22.4   -7.4     27.5
  SNOW DEPTH       0

DEGREE DAYS
 HEATING
  YESTERDAY        1                         2     -1        0
  MONTH TO DATE  109                        97     12      145
  SINCE MAR 1   1012                      1105    -93      901
  SINCE JUL 1   3838                      4587   -749     3587

 COOLING
  YESTERDAY        0                         3     -3        1
  MONTH TO DATE   58                        43     15        2
  SINCE MAR 1     98                        56     42       25
  SINCE JAN 1     98                        56     42       25
..................................................................


WIND (MPH)
  HIGHEST WIND SPEED    14   HIGHEST WIND DIRECTION    NE (50)
  HIGHEST GUST SPEED    19   HIGHEST GUST DIRECTION     N (10)
  AVERAGE WIND SPEED     6.4


SKY COVER
  POSSIBLE SUNSHINE  MM
  AVERAGE SKY COVER 1.0


WEATHER CONDITIONS
 THE FOLLOWING WEATHER WAS RECORDED YESTERDAY.
  LIGHT RAIN
  FOG


RELATIVE HUMIDITY (PERCENT)
 HIGHEST    90           200 AM
 LOWEST     58           100 PM
 AVERAGE    74

..........................................................


THE PHILADELPHIA PA CLIMATE NORMALS FOR TODAY
                         NORMAL    RECORD    YEAR
 MAXIMUM TEMPERATURE (F)   76        90      2004
                                             1964
 MINIMUM TEMPERATURE (F)   57        40      1963


SUNRISE AND SUNSET
MAY 24 2017...........SUNRISE   539 AM EDT   SUNSET   817 PM EDT
MAY 25 2017...........SUNRISE   538 AM EDT   SUNSET   818 PM EDT


-  INDICATES NEGATIVE NUMBERS.
R  INDICATES RECORD WAS SET OR TIED.
MM INDICATES DATA IS MISSING.
T  INDICATES TRACE AMOUNT.




$$
