000
CDUS41 KPHI 070635
CLIPHL


CLIMATE REPORT
NATIONAL WEATHER SERVICE MOUNT HOLLY NJ
133 AM EST WED DEC 7 2016


...................................

...THE PHILADELPHIA PA CLIMATE SUMMARY FOR DECEMBER 6 2016...

CLIMATE NORMAL PERIOD 1981 TO 2010
CLIMATE RECORD PERIOD 1872 TO 2016


WEATHER ITEM   OBSERVED TIME   RECORD YEAR NORMAL DEPARTURE LAST
                VALUE   (LST)  VALUE       VALUE  FROM      YEAR
                                                  NORMAL
..................................................................
TEMPERATURE (F)
 YESTERDAY
  MAXIMUM         46    110 PM  72    2001  48     -2       53
  MINIMUM         37    710 AM  15    1901  33      4       32
  AVERAGE         42                        40      2       43

PRECIPITATION (IN)
  YESTERDAY        0.74          1.16 1996   0.13   0.61     0.00
  MONTH TO DATE    0.90                      0.75   0.15     0.86
  SINCE DEC 1      0.90                      0.75   0.15     0.86
  SINCE JAN 1     33.50                     38.72  -5.22    42.72

SNOWFALL (IN)
  YESTERDAY        T             6.2  1910   0.1   -0.1      0.0
  MONTH TO DATE    T                         0.4   -0.4      0.0
  SINCE DEC 1      T                         0.4   -0.4      0.0
  SINCE JUL 1      T                         0.7   -0.7      0.0
  SNOW DEPTH       0

DEGREE DAYS
 HEATING
  YESTERDAY       23                        25     -2       22
  MONTH TO DATE  111                       143    -32      102
  SINCE DEC 1    111                       143    -32      102
  SINCE JUL 1    742                       959   -217      662

 COOLING
  YESTERDAY        0                         0      0        0
  MONTH TO DATE    0                         0      0        0
  SINCE DEC 1      0                         0      0        0
  SINCE JAN 1   1726                      1301    425     1718
..................................................................


WIND (MPH)
  HIGHEST WIND SPEED    20   HIGHEST WIND DIRECTION     E (70)
  HIGHEST GUST SPEED    26   HIGHEST GUST DIRECTION    NE (50)
  AVERAGE WIND SPEED     9.9


SKY COVER
  POSSIBLE SUNSHINE  MM
  AVERAGE SKY COVER 0.9


WEATHER CONDITIONS
 THE FOLLOWING WEATHER WAS RECORDED YESTERDAY.
  RAIN
  LIGHT RAIN
  SLEET
  FOG


RELATIVE HUMIDITY (PERCENT)
 HIGHEST    89           600 PM
 LOWEST     62           900 AM
 AVERAGE    76

..........................................................


THE PHILADELPHIA PA CLIMATE NORMALS FOR TODAY
                         NORMAL    RECORD    YEAR
 MAXIMUM TEMPERATURE (F)   48        73      1998
 MINIMUM TEMPERATURE (F)   33        15      1926
                                             1885


SUNRISE AND SUNSET
DECEMBER  7 2016......SUNRISE   709 AM EST   SUNSET   436 PM EST
DECEMBER  8 2016......SUNRISE   710 AM EST   SUNSET   436 PM EST


-  INDICATES NEGATIVE NUMBERS.
R  INDICATES RECORD WAS SET OR TIED.
MM INDICATES DATA IS MISSING.
T  INDICATES TRACE AMOUNT.




$$
