000
CDUS41 KPHI 290632
CLIPHL


CLIMATE REPORT
NATIONAL WEATHER SERVICE MOUNT HOLLY NJ
232 AM EDT WED MAR 29 2017


...................................

...THE PHILADELPHIA PA CLIMATE SUMMARY FOR MARCH 28 2017...

CLIMATE NORMAL PERIOD 1981 TO 2010
CLIMATE RECORD PERIOD 1872 TO 2017


WEATHER ITEM   OBSERVED TIME   RECORD YEAR NORMAL DEPARTURE LAST
                VALUE   (LST)  VALUE       VALUE  FROM      YEAR
                                                  NORMAL
..................................................................
TEMPERATURE (F)
 YESTERDAY
  MAXIMUM         54    408 PM  83    1945  57     -3       70
  MINIMUM         48   1159 PM  18    1923  38     10       47
  AVERAGE         51                        48      3       59

PRECIPITATION (IN)
  YESTERDAY        0.45          1.98 1932   0.13   0.32     0.44
  MONTH TO DATE    2.62                      3.40  -0.78     2.01
  SINCE MAR 1      2.62                      3.40  -0.78     2.01
  SINCE JAN 1      6.83                      9.08  -2.25     9.00

SNOWFALL (IN)
  YESTERDAY       MM             T    1984   0.0   MM        0.0
                                      1974
                                      1959
  MONTH TO DATE    7.0                       2.8    4.2      1.0
  SINCE MAR 1      7.0                       2.8    4.2      1.0
  SINCE JUL 1     15.0                      21.8   -6.8     27.2
  SNOW DEPTH       0

DEGREE DAYS
 HEATING
  YESTERDAY       14                        18     -4        6
  MONTH TO DATE  652                       616     36      399
  SINCE MAR 1    652                       616     36      399
  SINCE JUL 1   3478                      4098   -620     3085

 COOLING
  YESTERDAY        0                         0      0        0
  MONTH TO DATE    0                         0      0        5
  SINCE MAR 1      0                         0      0        5
  SINCE JAN 1      0                         0      0        5
..................................................................


WIND (MPH)
  HIGHEST WIND SPEED    16   HIGHEST WIND DIRECTION     E (70)
  HIGHEST GUST SPEED    23   HIGHEST GUST DIRECTION     N (360)
  AVERAGE WIND SPEED     7.2


SKY COVER
  POSSIBLE SUNSHINE  MM
  AVERAGE SKY COVER 1.0


WEATHER CONDITIONS
 THE FOLLOWING WEATHER WAS RECORDED YESTERDAY.
  THUNDERSTORM
  HEAVY RAIN
  RAIN
  LIGHT RAIN
  FOG


RELATIVE HUMIDITY (PERCENT)
 HIGHEST    96          1200 AM
 LOWEST     89           200 AM
 AVERAGE    93

..........................................................


THE PHILADELPHIA PA CLIMATE NORMALS FOR TODAY
                         NORMAL    RECORD    YEAR
 MAXIMUM TEMPERATURE (F)   57        87      1945
 MINIMUM TEMPERATURE (F)   38        14      1923


SUNRISE AND SUNSET
MARCH 29 2017.........SUNRISE   649 AM EDT   SUNSET   722 PM EDT
MARCH 30 2017.........SUNRISE   648 AM EDT   SUNSET   723 PM EDT


-  INDICATES NEGATIVE NUMBERS.
R  INDICATES RECORD WAS SET OR TIED.
MM INDICATES DATA IS MISSING.
T  INDICATES TRACE AMOUNT.




$$
