000
CDUS41 KPHI 172129
CLIPHL


CLIMATE REPORT
NATIONAL WEATHER SERVICE MOUNT HOLLY NJ
528 PM EDT WED SEP 17 2014


...................................

...THE PHILADELPHIA PA CLIMATE SUMMARY FOR SEPTEMBER 17 2014...
VALID TODAY AS OF 0500 PM LOCAL TIME.

CLIMATE NORMAL PERIOD 1981 TO 2010
CLIMATE RECORD PERIOD 1872 TO 2014


WEATHER ITEM   OBSERVED TIME   RECORD YEAR NORMAL DEPARTURE LAST
                VALUE   (LST)  VALUE       VALUE  FROM      YEAR
                                                  NORMAL
..................................................................
TEMPERATURE (F)
 TODAY
  MAXIMUM         75    309 PM  94    1991  78     -3       67
  MINIMUM         56    356 AM  44    1986  60     -4       51
                                      1966
                                      1959
  AVERAGE         66                        69     -3       59

PRECIPITATION (IN)
  TODAY            0.00          3.48 1876   0.13  -0.13     0.00
  MONTH TO DATE    0.76                      2.06  -1.30     2.14
  SINCE SEP 1      0.76                      2.06  -1.30     2.14
  SINCE JAN 1     36.57                     30.08   6.49    44.38

SNOWFALL (IN)
  TODAY            0.0           0.0  1870   0.0    0.0      0.0
  MONTH TO DATE    0.0                       0.0    0.0      0.0
  SINCE SEP 1      0.0                       0.0    0.0      0.0
  SINCE JUL 1      0.0                       0.0    0.0      0.0
  SNOW DEPTH       0

DEGREE DAYS
 HEATING
  TODAY            0                         1     -1        6
  MONTH TO DATE    6                         6      0       14
  SINCE SEP 1      6                         6      0       14
  SINCE JUL 1      6                         7     -1       14

 COOLING
  TODAY            1                         5     -4        0
  MONTH TO DATE  150                       120     30      122
  SINCE SEP 1    150                       120     30      122
  SINCE JAN 1   1248                      1237     11     1338
..................................................................


WIND (MPH)
  HIGHEST WIND SPEED    10   HIGHEST WIND DIRECTION     W (250)
  HIGHEST GUST SPEED    15   HIGHEST GUST DIRECTION     N (360)
  AVERAGE WIND SPEED     4.3


SKY COVER
  POSSIBLE SUNSHINE  MM
  AVERAGE SKY COVER 0.3


WEATHER CONDITIONS
 THE FOLLOWING WEATHER WAS RECORDED TODAY.
  NO SIGNIFICANT WEATHER WAS OBSERVED.


RELATIVE HUMIDITY (PERCENT)
 HIGHEST    83           400 AM
 LOWEST     38           200 PM
 AVERAGE    61

..........................................................


THE PHILADELPHIA PA CLIMATE NORMALS FOR TOMORROW
                         NORMAL    RECORD    YEAR
 MAXIMUM TEMPERATURE (F)   77        90      1891
 MINIMUM TEMPERATURE (F)   60        42      1959


SUNRISE AND SUNSET
SEPTEMBER 17 2014.....SUNRISE   644 AM EDT   SUNSET   706 PM EDT
SEPTEMBER 18 2014.....SUNRISE   645 AM EDT   SUNSET   705 PM EDT


-  INDICATES NEGATIVE NUMBERS.
R  INDICATES RECORD WAS SET OR TIED.
MM INDICATES DATA IS MISSING.
T  INDICATES TRACE AMOUNT.




$$
