000
CDUS43 KUNR 210830
CLIPHP


CLIMATE REPORT
NATIONAL WEATHER SERVICE RAPID CITY SD
230 AM MDT THU AUG 21 2014


...................................

...THE PHILIP SD CLIMATE SUMMARY FOR AUGUST 20 2014...

CLIMATE NORMAL PERIOD 1981 TO 2010
CLIMATE RECORD PERIOD 9999 TO 9999


WEATHER ITEM   OBSERVED TIME   NORMAL DEPARTURE LAST
                VALUE   (LST)  VALUE  FROM      YEAR
                                      NORMAL
......................................................
TEMPERATURE (F)
 YESTERDAY
  MAXIMUM         95    447 PM  88      7       97
  MINIMUM         66   1159 PM  58      8       59
  AVERAGE         81            73      8       78

PRECIPITATION (IN)
  YESTERDAY        0.00          0.04  -0.04      T
  MONTH TO DATE    1.56          0.96   0.60     1.20
  SINCE JUN 1      5.67          5.92  -0.25     4.79
  SINCE JAN 1     10.49         12.84  -2.35    10.35

DEGREE DAYS
 HEATING
  YESTERDAY        0             0      0        0
  MONTH TO DATE    0             0      0        0
  SINCE JUN 1     94            71     23       67
  SINCE JUL 1     16             8      8        3

 COOLING
  YESTERDAY       16             8      8       13
  MONTH TO DATE  192           202    -10      128
  SINCE JUN 1    498           630   -132      588
  SINCE JAN 1    538           657   -119      609
......................................................


WIND (MPH)
  HIGHEST WIND SPEED    21   HIGHEST WIND DIRECTION    NW (310)
  HIGHEST GUST SPEED    32   HIGHEST GUST DIRECTION     W (280)
  AVERAGE WIND SPEED     7.9


SKY COVER
  AVERAGE SKY COVER 0.2


WEATHER CONDITIONS
 THE FOLLOWING WEATHER WAS RECORDED YESTERDAY.
  NO SIGNIFICANT WEATHER WAS OBSERVED.


RELATIVE HUMIDITY (PERCENT)
 HIGHEST    87           500 AM
 LOWEST     26           300 PM
 AVERAGE    57

..........................................................




SUNRISE AND SUNSET
AUGUST 21 2014........SUNRISE   557 AM MDT   SUNSET   741 PM MDT
AUGUST 22 2014........SUNRISE   558 AM MDT   SUNSET   739 PM MDT


-  INDICATES NEGATIVE NUMBERS.
R  INDICATES RECORD WAS SET OR TIED.
MM INDICATES DATA IS MISSING.
T  INDICATES TRACE AMOUNT.




$$
