000
CDUS43 KUNR 030834
CLIPHP


CLIMATE REPORT
NATIONAL WEATHER SERVICE RAPID CITY SD
233 AM MDT THU SEP 3 2015


...................................

...THE PHILIP SD CLIMATE SUMMARY FOR SEPTEMBER 2 2015...

CLIMATE NORMAL PERIOD 1981 TO 2010
CLIMATE RECORD PERIOD 9999 TO 9999


WEATHER ITEM   OBSERVED TIME   NORMAL DEPARTURE LAST
                VALUE   (LST)  VALUE  FROM      YEAR
                                      NORMAL
......................................................
TEMPERATURE (F)
 YESTERDAY
  MAXIMUM         99    305 PM  84     15       85
  MINIMUM         53    501 AM  53      0       49
  AVERAGE         76            68      8       67

PRECIPITATION (IN)
  YESTERDAY        0.00          0.05  -0.05     0.00
  MONTH TO DATE    0.00          0.10  -0.10      T
  SINCE SEP 1      0.00          0.10  -0.10      T
  SINCE JAN 1     16.33         13.48   2.85    13.43

DEGREE DAYS
 HEATING
  YESTERDAY        0             2     -2        0
  MONTH TO DATE    0             4     -4        1
  SINCE SEP 1      0             4     -4        1
  SINCE JUL 1     32            29      3       20

 COOLING
  YESTERDAY       11             5      6        2
  MONTH TO DATE   23            11     12        2
  SINCE SEP 1     23            11     12        2
  SINCE JAN 1    644           746   -102      581
......................................................


WIND (MPH)
  HIGHEST WIND SPEED    16   HIGHEST WIND DIRECTION     S (200)
  HIGHEST GUST SPEED    20   HIGHEST GUST DIRECTION     S (190)
  AVERAGE WIND SPEED     5.0


SKY COVER
  AVERAGE SKY COVER 0.0


WEATHER CONDITIONS
 THE FOLLOWING WEATHER WAS RECORDED YESTERDAY.
  NO SIGNIFICANT WEATHER WAS OBSERVED.


RELATIVE HUMIDITY (PERCENT)
 HIGHEST   100          1200 AM
 LOWEST     21           300 PM
 AVERAGE    61

..........................................................




SUNRISE AND SUNSET
SEPTEMBER  3 2015.....SUNRISE   612 AM MDT   SUNSET   719 PM MDT
SEPTEMBER  4 2015.....SUNRISE   613 AM MDT   SUNSET   717 PM MDT


-  INDICATES NEGATIVE NUMBERS.
R  INDICATES RECORD WAS SET OR TIED.
MM INDICATES DATA IS MISSING.
T  INDICATES TRACE AMOUNT.




$$
