593
CDUS43 KUNR 110832
CLIPHP


CLIMATE REPORT
NATIONAL WEATHER SERVICE RAPID CITY SD
132 AM MST SUN DEC 11 2016


...................................

...THE PHILIP SD CLIMATE SUMMARY FOR DECEMBER 10 2016...

CLIMATE NORMAL PERIOD 1981 TO 2010
CLIMATE RECORD PERIOD 9999 TO 9999


WEATHER ITEM   OBSERVED TIME   NORMAL DEPARTURE LAST
                VALUE   (LST)  VALUE  FROM      YEAR
                                      NORMAL
......................................................
TEMPERATURE (F)
 YESTERDAY
  MAXIMUM          9    912 PM  36    -27       53
  MINIMUM          1    610 AM  11    -10       30
  AVERAGE          5            24    -19       42

PRECIPITATION (IN)
  YESTERDAY        0.06          0.02   0.04      T
  MONTH TO DATE    0.08          0.16  -0.08     0.02
  SINCE DEC 1      0.08          0.16  -0.08     0.02
  SINCE JAN 1     12.93         17.08  -4.15    19.25

DEGREE DAYS
 HEATING
  YESTERDAY       60            41     19       23
  MONTH TO DATE  489           398     91      290
  SINCE DEC 1    489           398     91      290
  SINCE JUL 1   1627          2033   -406     1630

 COOLING
  YESTERDAY        0             0      0        0
  MONTH TO DATE    0             0      0        0
  SINCE DEC 1      0             0      0        0
  SINCE JAN 1    908           818     90      750
......................................................


WIND (MPH)
  HIGHEST WIND SPEED    17   HIGHEST WIND DIRECTION     N (360)
  HIGHEST GUST SPEED    20   HIGHEST GUST DIRECTION     N (360)
  AVERAGE WIND SPEED    11.6


SKY COVER
  AVERAGE SKY COVER 1.0


WEATHER CONDITIONS
 THE FOLLOWING WEATHER WAS RECORDED YESTERDAY.
  LIGHT SNOW
  FOG


RELATIVE HUMIDITY (PERCENT)
 HIGHEST    95           900 AM
 LOWEST     80           300 PM
 AVERAGE    88

..........................................................




SUNRISE AND SUNSET
DECEMBER 11 2016......SUNRISE   712 AM MST   SUNSET   408 PM MST
DECEMBER 12 2016......SUNRISE   712 AM MST   SUNSET   408 PM MST


-  INDICATES NEGATIVE NUMBERS.
R  INDICATES RECORD WAS SET OR TIED.
MM INDICATES DATA IS MISSING.
T  INDICATES TRACE AMOUNT.




$$
