000
CDUS43 KUNR 250835
CLIPHP


CLIMATE REPORT
NATIONAL WEATHER SERVICE RAPID CITY SD
132 AM MST SAT NOV 25 2017


...................................

...THE PHILIP SD CLIMATE SUMMARY FOR NOVEMBER 24 2017...

CLIMATE NORMAL PERIOD 1981 TO 2010
CLIMATE RECORD PERIOD 9999 TO 9999


WEATHER ITEM   OBSERVED TIME   NORMAL DEPARTURE LAST
                VALUE   (LST)  VALUE  FROM      YEAR
                                      NORMAL
......................................................
TEMPERATURE (F)
 YESTERDAY
  MAXIMUM         59   1208 PM  43     16       43
  MINIMUM         27   1159 PM  17     10       26
  AVERAGE         43            30     13       35

PRECIPITATION (IN)
  YESTERDAY        0.00          0.02  -0.02     0.00
  MONTH TO DATE    0.28          0.54  -0.26     0.01
  SINCE SEP 1      2.73          3.46  -0.73     0.69
  SINCE JAN 1     10.59         16.84  -6.25    12.70

DEGREE DAYS
 HEATING
  YESTERDAY       22            35    -13       30
  MONTH TO DATE  663           708    -45      484
  SINCE SEP 1   1319          1386    -67      926
  SINCE JUL 1   1325          1411    -86      945

 COOLING
  YESTERDAY        0             0      0        0
  MONTH TO DATE    0             0      0        0
  SINCE SEP 1    115            83     32       78
  SINCE JAN 1    911           818     93      908
......................................................


WIND (MPH)
  HIGHEST WIND SPEED    36   HIGHEST WIND DIRECTION    NW (320)
  HIGHEST GUST SPEED    44   HIGHEST GUST DIRECTION    NW (320)
  AVERAGE WIND SPEED    13.5


SKY COVER
  AVERAGE SKY COVER 0.1


WEATHER CONDITIONS
 THE FOLLOWING WEATHER WAS RECORDED YESTERDAY.
  NO SIGNIFICANT WEATHER WAS OBSERVED.


RELATIVE HUMIDITY (PERCENT)
 HIGHEST    92          1000 PM
 LOWEST     40          1200 PM
 AVERAGE    66

..........................................................




SUNRISE AND SUNSET
NOVEMBER 25 2017......SUNRISE   655 AM MST   SUNSET   412 PM MST
NOVEMBER 26 2017......SUNRISE   656 AM MST   SUNSET   412 PM MST


-  INDICATES NEGATIVE NUMBERS.
R  INDICATES RECORD WAS SET OR TIED.
MM INDICATES DATA IS MISSING.
T  INDICATES TRACE AMOUNT.




$$
