000
CDUS43 KUNR 220843
CLIPHP


CLIMATE REPORT
NATIONAL WEATHER SERVICE RAPID CITY SD
243 AM MDT FRI SEP 22 2017


...................................

...THE PHILIP SD CLIMATE SUMMARY FOR SEPTEMBER 21 2017...

CLIMATE NORMAL PERIOD 1981 TO 2010
CLIMATE RECORD PERIOD 9999 TO 9999


WEATHER ITEM   OBSERVED TIME   NORMAL DEPARTURE LAST
                VALUE   (LST)  VALUE  FROM      YEAR
                                      NORMAL
......................................................
TEMPERATURE (F)
 YESTERDAY
  MAXIMUM         93    206 PM  75     18       76
  MINIMUM         54   1210 AM  44     10       51
  AVERAGE         74            60     14       64

PRECIPITATION (IN)
  YESTERDAY        0.00          0.05  -0.05     0.00
  MONTH TO DATE    0.36          1.05  -0.69     0.15
  SINCE SEP 1      0.36          1.05  -0.69     0.15
  SINCE JAN 1      8.22         14.43  -6.21    12.16

DEGREE DAYS
 HEATING
  YESTERDAY        0             7     -7        1
  MONTH TO DATE   68            85    -17       53
  SINCE SEP 1     68            85    -17       53
  SINCE JUL 1     74           110    -36       72

 COOLING
  YESTERDAY        9             2      7        0
  MONTH TO DATE  106            71     35       56
  SINCE SEP 1    106            71     35       56
  SINCE JAN 1    902           806     96      886
......................................................


WIND (MPH)
  HIGHEST WIND SPEED    26   HIGHEST WIND DIRECTION     N (20)
  HIGHEST GUST SPEED    32   HIGHEST GUST DIRECTION     N (20)
  AVERAGE WIND SPEED    13.8


SKY COVER
  AVERAGE SKY COVER 0.0


WEATHER CONDITIONS
 THE FOLLOWING WEATHER WAS RECORDED YESTERDAY.
  NO SIGNIFICANT WEATHER WAS OBSERVED.


RELATIVE HUMIDITY (PERCENT)
 HIGHEST    62           600 AM
 LOWEST     18           300 PM
 AVERAGE    40

..........................................................




SUNRISE AND SUNSET
SEPTEMBER 22 2017.....SUNRISE   634 AM MDT   SUNSET   643 PM MDT
SEPTEMBER 23 2017.....SUNRISE   635 AM MDT   SUNSET   641 PM MDT


-  INDICATES NEGATIVE NUMBERS.
R  INDICATES RECORD WAS SET OR TIED.
MM INDICATES DATA IS MISSING.
T  INDICATES TRACE AMOUNT.




$$
