000
CDUS43 KUNR 190859
CLIPHP


CLIMATE REPORT
NATIONAL WEATHER SERVICE RAPID CITY SD
159 AM MST THU JAN 19 2017


...................................

...THE PHILIP SD CLIMATE SUMMARY FOR JANUARY 18 2017...

CLIMATE NORMAL PERIOD 1981 TO 2010
CLIMATE RECORD PERIOD 9999 TO 9999


WEATHER ITEM   OBSERVED TIME   NORMAL DEPARTURE LAST
                VALUE   (LST)  VALUE  FROM      YEAR
                                      NORMAL
......................................................
TEMPERATURE (F)
 YESTERDAY
  MAXIMUM         40    248 PM  35      5       15
  MINIMUM         14   1140 PM  10      4      -16
  AVERAGE         27            22      5        0

PRECIPITATION (IN)
  YESTERDAY        0.00          0.01  -0.01     0.02
  MONTH TO DATE    0.13          0.18  -0.05     0.12
  SINCE DEC 1      0.55          0.61  -0.06     1.11
  SINCE JAN 1      0.13          0.18  -0.05     0.12

DEGREE DAYS
 HEATING
  YESTERDAY       38            43     -5       65
  MONTH TO DATE 1008           781    227      858
  SINCE DEC 1   2500          2081    419     2120
  SINCE JUL 1   3638          3716    -78     3460

 COOLING
  YESTERDAY        0             0      0        0
  MONTH TO DATE    0             0      0        0
  SINCE DEC 1      0             0      0        0
  SINCE JAN 1      0             0      0        0
......................................................


WIND (MPH)
  HIGHEST WIND SPEED    15   HIGHEST WIND DIRECTION     W (260)
  HIGHEST GUST SPEED    17   HIGHEST GUST DIRECTION     W (260)
  AVERAGE WIND SPEED     5.0


SKY COVER
  AVERAGE SKY COVER 0.0


WEATHER CONDITIONS
 THE FOLLOWING WEATHER WAS RECORDED YESTERDAY.
  NO SIGNIFICANT WEATHER WAS OBSERVED.


RELATIVE HUMIDITY (PERCENT)
 HIGHEST    92          1000 PM
 LOWEST     59          1100 AM
 AVERAGE    76

..........................................................




SUNRISE AND SUNSET
JANUARY 19 2017.......SUNRISE   715 AM MST   SUNSET   440 PM MST
JANUARY 20 2017.......SUNRISE   715 AM MST   SUNSET   441 PM MST


-  INDICATES NEGATIVE NUMBERS.
R  INDICATES RECORD WAS SET OR TIED.
MM INDICATES DATA IS MISSING.
T  INDICATES TRACE AMOUNT.




$$
