000
CDUS43 KUNR 200833
CLIPHP


CLIMATE REPORT
NATIONAL WEATHER SERVICE RAPID CITY SD
232 AM MDT MON OCT 20 2014


...................................

...THE PHILIP SD CLIMATE SUMMARY FOR OCTOBER 19 2014...

CLIMATE NORMAL PERIOD 1981 TO 2010
CLIMATE RECORD PERIOD 9999 TO 9999


WEATHER ITEM   OBSERVED TIME   NORMAL DEPARTURE LAST
                VALUE   (LST)  VALUE  FROM      YEAR
                                      NORMAL
......................................................
TEMPERATURE (F)
 YESTERDAY
  MAXIMUM         77    247 PM  62     15       64
  MINIMUM         38   1159 PM  33      5       40
  AVERAGE         58            47     11       52

PRECIPITATION (IN)
  YESTERDAY        0.00          0.05  -0.05     0.00
  MONTH TO DATE    0.22          0.96  -0.74     3.57
  SINCE SEP 1      2.49          2.45   0.04     4.15
  SINCE JAN 1     15.92         15.83   0.09    14.56

DEGREE DAYS
 HEATING
  YESTERDAY        7            18    -11       13
  MONTH TO DATE  241           267    -26      252
  SINCE SEP 1    413           428    -15      312
  SINCE JUL 1    432           453    -21      315

 COOLING
  YESTERDAY        0             0      0        0
  MONTH TO DATE    0             0      0        0
  SINCE SEP 1     70            79     -9      182
  SINCE JAN 1    649           814   -165      945
......................................................


WIND (MPH)
  HIGHEST WIND SPEED    18   HIGHEST WIND DIRECTION     N (340)
  HIGHEST GUST SPEED    22   HIGHEST GUST DIRECTION     N (340)
  AVERAGE WIND SPEED     8.5


SKY COVER
  AVERAGE SKY COVER 0.0


WEATHER CONDITIONS
 THE FOLLOWING WEATHER WAS RECORDED YESTERDAY.
  NO SIGNIFICANT WEATHER WAS OBSERVED.


RELATIVE HUMIDITY (PERCENT)
 HIGHEST    92           600 AM
 LOWEST     26           100 PM
 AVERAGE    59

..........................................................




SUNRISE AND SUNSET
OCTOBER 20 2014.......SUNRISE   707 AM MDT   SUNSET   554 PM MDT
OCTOBER 21 2014.......SUNRISE   709 AM MDT   SUNSET   553 PM MDT


-  INDICATES NEGATIVE NUMBERS.
R  INDICATES RECORD WAS SET OR TIED.
MM INDICATES DATA IS MISSING.
T  INDICATES TRACE AMOUNT.




$$
