000
CDUS43 KUNR 300841
CLIPHP


CLIMATE REPORT
NATIONAL WEATHER SERVICE RAPID CITY SD
138 AM MST FRI JAN 30 2015


...................................

...THE PHILIP SD CLIMATE SUMMARY FOR JANUARY 29 2015...

CLIMATE NORMAL PERIOD 1981 TO 2010
CLIMATE RECORD PERIOD 9999 TO 9999


WEATHER ITEM   OBSERVED TIME   NORMAL DEPARTURE LAST
                VALUE   (LST)  VALUE  FROM      YEAR
                                      NORMAL
......................................................
TEMPERATURE (F)
 YESTERDAY
  MAXIMUM         46    153 PM  36     10       52
  MINIMUM         20   1159 PM  10     10        5
  AVERAGE         33            23     10       29

PRECIPITATION (IN)
  YESTERDAY        0.00          0.00   0.00      T
  MONTH TO DATE    0.01          0.28  -0.27     0.11
  SINCE DEC 1      0.31          0.71  -0.40     1.13
  SINCE JAN 1      0.01          0.28  -0.27     0.11

DEGREE DAYS
 HEATING
  YESTERDAY       32            42    -10       36
  MONTH TO DATE 1125          1247   -122     1155
  SINCE DEC 1   2316          2547   -231     2667
  SINCE JUL 1   3971          4182   -211     4178

 COOLING
  YESTERDAY        0             0      0        0
  MONTH TO DATE    0             0      0        0
  SINCE DEC 1      0             0      0        0
  SINCE JAN 1      0             0      0        0
......................................................


WIND (MPH)
  HIGHEST WIND SPEED    23   HIGHEST WIND DIRECTION    NW (330)
  HIGHEST GUST SPEED    29   HIGHEST GUST DIRECTION    NW (330)
  AVERAGE WIND SPEED     9.7


SKY COVER
  AVERAGE SKY COVER 0.3


WEATHER CONDITIONS
 THE FOLLOWING WEATHER WAS RECORDED YESTERDAY.
  NO SIGNIFICANT WEATHER WAS OBSERVED.


RELATIVE HUMIDITY (PERCENT)
 HIGHEST    84          1000 PM
 LOWEST     33           300 PM
 AVERAGE    59

..........................................................




SUNRISE AND SUNSET
JANUARY 30 2015.......SUNRISE   706 AM MST   SUNSET   454 PM MST
JANUARY 31 2015.......SUNRISE   705 AM MST   SUNSET   455 PM MST


-  INDICATES NEGATIVE NUMBERS.
R  INDICATES RECORD WAS SET OR TIED.
MM INDICATES DATA IS MISSING.
T  INDICATES TRACE AMOUNT.




$$
