366
CDUS43 KUNR 230833
CLIPHP


CLIMATE REPORT
NATIONAL WEATHER SERVICE RAPID CITY SD
232 AM MDT TUE AUG 23 2016


...................................

...THE PHILIP SD CLIMATE SUMMARY FOR AUGUST 22 2016...

CLIMATE NORMAL PERIOD 1981 TO 2010
CLIMATE RECORD PERIOD 9999 TO 9999


WEATHER ITEM   OBSERVED TIME   NORMAL DEPARTURE LAST
                VALUE   (LST)  VALUE  FROM      YEAR
                                      NORMAL
......................................................
TEMPERATURE (F)
 YESTERDAY
  MAXIMUM        102    332 PM  88     14       72
  MINIMUM         51    452 AM  57     -6       51
  AVERAGE         77            72      5       62

PRECIPITATION (IN)
  YESTERDAY        0.00          0.04  -0.04     0.00
  MONTH TO DATE    2.17          1.05   1.12     2.73
  SINCE JUN 1      4.61          6.01  -1.40     9.18
  SINCE JAN 1     11.33         12.93  -1.60    16.16

DEGREE DAYS
 HEATING
  YESTERDAY        0             1     -1        3
  MONTH TO DATE    9             2      7       18
  SINCE JUN 1     20            73    -53       30
  SINCE JUL 1     13            10      3       18

 COOLING
  YESTERDAY       12             8      4        0
  MONTH TO DATE  214           218     -4      176
  SINCE JUN 1    767           646    121      567
  SINCE JAN 1    781           673    108      573
......................................................


WIND (MPH)
  HIGHEST WIND SPEED    24   HIGHEST WIND DIRECTION     S (180)
  HIGHEST GUST SPEED    32   HIGHEST GUST DIRECTION     S (180)
  AVERAGE WIND SPEED    10.4


SKY COVER
  AVERAGE SKY COVER 0.0


WEATHER CONDITIONS
 THE FOLLOWING WEATHER WAS RECORDED YESTERDAY.
  NO SIGNIFICANT WEATHER WAS OBSERVED.


RELATIVE HUMIDITY (PERCENT)
 HIGHEST   100           500 AM
 LOWEST     15           200 PM
 AVERAGE    58

..........................................................




SUNRISE AND SUNSET
AUGUST 23 2016........SUNRISE   600 AM MDT   SUNSET   737 PM MDT
AUGUST 24 2016........SUNRISE   601 AM MDT   SUNSET   735 PM MDT


-  INDICATES NEGATIVE NUMBERS.
R  INDICATES RECORD WAS SET OR TIED.
MM INDICATES DATA IS MISSING.
T  INDICATES TRACE AMOUNT.




$$
