000
CDUS43 KUNR 200849
CLIPHP


CLIMATE REPORT
NATIONAL WEATHER SERVICE RAPID CITY SD
247 AM MDT THU JUL 20 2017


...................................

...THE PHILIP SD CLIMATE SUMMARY FOR JULY 19 2017...

CLIMATE NORMAL PERIOD 1981 TO 2010
CLIMATE RECORD PERIOD 9999 TO 9999


WEATHER ITEM   OBSERVED TIME   NORMAL DEPARTURE LAST
                VALUE   (LST)  VALUE  FROM      YEAR
                                      NORMAL
......................................................
TEMPERATURE (F)
 YESTERDAY
  MAXIMUM        102   1127 AM  90     12      103
  MINIMUM         68    446 AM  61      7       67
  AVERAGE         85            75     10       85

PRECIPITATION (IN)
  YESTERDAY        0.00          0.05  -0.05     0.00
  MONTH TO DATE    0.10          1.40  -1.30     1.03
  SINCE JUN 1      2.17          4.33  -2.16     1.75
  SINCE JAN 1      7.01         11.25  -4.24     8.47

DEGREE DAYS
 HEATING
  YESTERDAY        0             0      0        0
  MONTH TO DATE    0             3     -3        4
  SINCE JUN 1     23            66    -43       11
  SINCE JUL 1      0             3     -3        4

 COOLING
  YESTERDAY       20            11      9       20
  MONTH TO DATE  279           172    107      169
  SINCE JUN 1    429           295    134      396
  SINCE JAN 1    442           322    120      410
......................................................


WIND (MPH)
  HIGHEST WIND SPEED    31   HIGHEST WIND DIRECTION    NE (40)
  HIGHEST GUST SPEED    38   HIGHEST GUST DIRECTION    NE (40)
  AVERAGE WIND SPEED    11.8


SKY COVER
  AVERAGE SKY COVER 0.0


WEATHER CONDITIONS
 THE FOLLOWING WEATHER WAS RECORDED YESTERDAY.
  NO SIGNIFICANT WEATHER WAS OBSERVED.


RELATIVE HUMIDITY (PERCENT)
 HIGHEST    93           600 AM
 LOWEST     28           400 PM
 AVERAGE    61

..........................................................




SUNRISE AND SUNSET
JULY 20 2017..........SUNRISE   522 AM MDT   SUNSET   823 PM MDT
JULY 21 2017..........SUNRISE   523 AM MDT   SUNSET   822 PM MDT


-  INDICATES NEGATIVE NUMBERS.
R  INDICATES RECORD WAS SET OR TIED.
MM INDICATES DATA IS MISSING.
T  INDICATES TRACE AMOUNT.




$$
