297
CDUS43 KUNR 090834
CLIPHP


CLIMATE REPORT
NATIONAL WEATHER SERVICE RAPID CITY SD
134 AM MST TUE FEB 9 2016


...................................

...THE PHILIP SD CLIMATE SUMMARY FOR FEBRUARY 8 2016...

CLIMATE NORMAL PERIOD 1981 TO 2010
CLIMATE RECORD PERIOD 9999 TO 9999


WEATHER ITEM   OBSERVED TIME   NORMAL DEPARTURE LAST
                VALUE   (LST)  VALUE  FROM      YEAR
                                      NORMAL
......................................................
TEMPERATURE (F)
 YESTERDAY
  MAXIMUM         40    322 PM  37      3       64
  MINIMUM         22    536 AM  11     11       29
  AVERAGE         31            24      7       47

PRECIPITATION (IN)
  YESTERDAY        0.00          0.01  -0.01     0.00
  MONTH TO DATE    0.05          0.09  -0.04     0.03
  SINCE DEC 1      1.25          0.82   0.43     0.35
  SINCE JAN 1      0.26          0.39  -0.13     0.05

DEGREE DAYS
 HEATING
  YESTERDAY       34            41     -7       18
  MONTH TO DATE  290           330    -40      273
  SINCE DEC 1   2899          2960    -61     2664
  SINCE JUL 1   4239          4595   -356     4319

 COOLING
  YESTERDAY        0             0      0        0
  MONTH TO DATE    0             0      0        0
  SINCE DEC 1      0             0      0        0
  SINCE JAN 1      0             0      0        0
......................................................


WIND (MPH)
  HIGHEST WIND SPEED    29   HIGHEST WIND DIRECTION    NW (330)
  HIGHEST GUST SPEED    35   HIGHEST GUST DIRECTION    NW (330)
  AVERAGE WIND SPEED    15.0


SKY COVER
  AVERAGE SKY COVER 0.5


WEATHER CONDITIONS
 THE FOLLOWING WEATHER WAS RECORDED YESTERDAY.
  NO SIGNIFICANT WEATHER WAS OBSERVED.


RELATIVE HUMIDITY (PERCENT)
 HIGHEST    74           500 AM
 LOWEST     37           100 PM
 AVERAGE    56

..........................................................




SUNRISE AND SUNSET
FEBRUARY  9 2016......SUNRISE   655 AM MST   SUNSET   507 PM MST
FEBRUARY 10 2016......SUNRISE   653 AM MST   SUNSET   509 PM MST


-  INDICATES NEGATIVE NUMBERS.
R  INDICATES RECORD WAS SET OR TIED.
MM INDICATES DATA IS MISSING.
T  INDICATES TRACE AMOUNT.




$$
