095
CDUS43 KUNR 230834
CLIPHP


CLIMATE REPORT
NATIONAL WEATHER SERVICE RAPID CITY SD
234 AM MDT SUN APR 23 2017


...................................

...THE PHILIP SD CLIMATE SUMMARY FOR APRIL 22 2017...

CLIMATE NORMAL PERIOD 1981 TO 2010
CLIMATE RECORD PERIOD 9999 TO 9999


WEATHER ITEM   OBSERVED TIME   NORMAL DEPARTURE LAST
                VALUE   (LST)  VALUE  FROM      YEAR
                                      NORMAL
......................................................
TEMPERATURE (F)
 YESTERDAY
  MAXIMUM         68    354 PM  63      5       81
  MINIMUM         32    510 AM  35     -3       33
  AVERAGE         50            49      1       57

PRECIPITATION (IN)
  YESTERDAY        0.00          0.07  -0.07     0.00
  MONTH TO DATE    1.50          1.15   0.35     2.71
  SINCE MAR 1      2.30          2.42  -0.12     3.42
  SINCE JAN 1      3.37          3.20   0.17     4.10

DEGREE DAYS
 HEATING
  YESTERDAY       15            16     -1        8
  MONTH TO DATE  342           444   -102      361
  SINCE MAR 1   1155          1382   -227     1092
  SINCE JUL 1   6215          6747   -532     5904

 COOLING
  YESTERDAY        0             0      0        0
  MONTH TO DATE    0             0      0        0
  SINCE MAR 1      0             0      0        0
  SINCE JAN 1      0             0      0        0
......................................................


WIND (MPH)
  HIGHEST WIND SPEED    16   HIGHEST WIND DIRECTION    SW (230)
  HIGHEST GUST SPEED    21   HIGHEST GUST DIRECTION    SW (220)
  AVERAGE WIND SPEED     6.3


SKY COVER
  AVERAGE SKY COVER 0.0


WEATHER CONDITIONS
 THE FOLLOWING WEATHER WAS RECORDED YESTERDAY.
  NO SIGNIFICANT WEATHER WAS OBSERVED.


RELATIVE HUMIDITY (PERCENT)
 HIGHEST    92           400 AM
 LOWEST     29           300 PM
 AVERAGE    61

..........................................................




SUNRISE AND SUNSET
APRIL 23 2017.........SUNRISE   550 AM MDT   SUNSET   741 PM MDT
APRIL 24 2017.........SUNRISE   548 AM MDT   SUNSET   742 PM MDT


-  INDICATES NEGATIVE NUMBERS.
R  INDICATES RECORD WAS SET OR TIED.
MM INDICATES DATA IS MISSING.
T  INDICATES TRACE AMOUNT.




$$
