000
CDUS43 KUNR 270834
CLIPHP


CLIMATE REPORT
NATIONAL WEATHER SERVICE RAPID CITY SD
233 AM MDT SAT MAY 27 2017


...................................

...THE PHILIP SD CLIMATE SUMMARY FOR MAY 26 2017...

CLIMATE NORMAL PERIOD 1981 TO 2010
CLIMATE RECORD PERIOD 9999 TO 9999


WEATHER ITEM   OBSERVED TIME   NORMAL DEPARTURE LAST
                VALUE   (LST)  VALUE  FROM      YEAR
                                      NORMAL
......................................................
TEMPERATURE (F)
 YESTERDAY
  MAXIMUM         74    118 PM  73      1       76
  MINIMUM         42    444 AM  48     -6       44
  AVERAGE         58            60     -2       60

PRECIPITATION (IN)
  YESTERDAY        0.02          0.09  -0.07     0.00
  MONTH TO DATE    1.05          2.54  -1.49     1.34
  SINCE MAR 1      3.61          5.65  -2.04     6.01
  SINCE JAN 1      4.68          6.43  -1.75     6.69

DEGREE DAYS
 HEATING
  YESTERDAY        7             5      2        5
  MONTH TO DATE  230           243    -13      245
  SINCE MAR 1   1562          1745   -183     1484
  SINCE JUL 1   6622          7110   -488     6296

 COOLING
  YESTERDAY        0             1     -1        0
  MONTH TO DATE   13            21     -8       10
  SINCE MAR 1     13            24    -11       11
  SINCE JAN 1     13            24    -11       11
......................................................


WIND (MPH)
  HIGHEST WIND SPEED    24   HIGHEST WIND DIRECTION    NW (330)
  HIGHEST GUST SPEED    34   HIGHEST GUST DIRECTION    NW (320)
  AVERAGE WIND SPEED    11.1


SKY COVER
  AVERAGE SKY COVER 0.4


WEATHER CONDITIONS
 THE FOLLOWING WEATHER WAS RECORDED YESTERDAY.
  LIGHT RAIN


RELATIVE HUMIDITY (PERCENT)
 HIGHEST    89           200 AM
 LOWEST     27           100 PM
 AVERAGE    58

..........................................................




SUNRISE AND SUNSET
MAY 27 2017...........SUNRISE   509 AM MDT   SUNSET   818 PM MDT
MAY 28 2017...........SUNRISE   509 AM MDT   SUNSET   819 PM MDT


-  INDICATES NEGATIVE NUMBERS.
R  INDICATES RECORD WAS SET OR TIED.
MM INDICATES DATA IS MISSING.
T  INDICATES TRACE AMOUNT.




$$
