000
CDUS45 KPSR 270817
CLIPHX

CDUS45 KPSR DDHHMM
CLIPHX

CLIMATE REPORT
NATIONAL WEATHER SERVICE PHOENIX AZ
116 AM MST MON FEB 27 2017


...................................

...THE PHOENIX AZ CLIMATE SUMMARY FOR FEBRUARY 26 2017...

CLIMATE NORMAL PERIOD 1981 TO 2010
CLIMATE RECORD PERIOD 1895 TO 2017


WEATHER ITEM   OBSERVED TIME   RECORD YEAR NORMAL DEPARTURE LAST
                VALUE   (LST)  VALUE       VALUE  FROM      YEAR
                                                  NORMAL
..................................................................
TEMPERATURE (F)
 YESTERDAY
  MAXIMUM         70        MM  91    1986  73     -3       88
  MINIMUM         52        MM  33    1919  51      1       57
                                      1912
  AVERAGE         61                        62     -1       73

PRECIPITATION (IN)
  YESTERDAY        0.00          0.62 1950   0.04  -0.04     0.00
  MONTH TO DATE    0.84                      0.85  -0.01     0.00
  SINCE OCT 1      3.77                      3.87  -0.10     2.48
  SINCE JAN 1      1.94                      1.76   0.18     1.31

SNOWFALL (IN)
  YESTERDAY        0.0
  MONTH TO DATE    0.0
  SINCE JAN 1      0.0
  SINCE JUL 1      0.0
  SNOW DEPTH      MM

DEGREE DAYS
 HEATING
  YESTERDAY        4                         5     -1        0
  MONTH TO DATE   86                       155    -69       86
  SINCE DEC 1    596                       722   -126      692
  SINCE JUL 1    654                       825   -171      813

 COOLING
  YESTERDAY        0                         1     -1        8
  MONTH TO DATE   20                         9     11       89
  SINCE DEC 1     21                        12      9       89
  SINCE JAN 1     20                        11      9       89
..................................................................


WIND (MPH)
  HIGHEST WIND SPEED    13   HIGHEST WIND DIRECTION    SW (230)
  HIGHEST GUST SPEED    MM   HIGHEST GUST DIRECTION    MM
  AVERAGE WIND SPEED     6.0


SKY COVER
  AVERAGE SKY COVER 0.6


WEATHER CONDITIONS
 THE FOLLOWING WEATHER WAS RECORDED YESTERDAY.
  NO SIGNIFICANT WEATHER WAS OBSERVED.


RELATIVE HUMIDITY (PERCENT)
 HIGHEST    51          1100 PM
 LOWEST     22           200 PM
 AVERAGE    37

..........................................................


THE PHOENIX AZ CLIMATE NORMALS FOR TODAY
                         NORMAL    RECORD    YEAR
 MAXIMUM TEMPERATURE (F)   73        92      1986
 MINIMUM TEMPERATURE (F)   51        28      1964


SUNRISE AND SUNSET
FEBRUARY 27 2017......SUNRISE   658 AM MST   SUNSET   623 PM MST
FEBRUARY 28 2017......SUNRISE   657 AM MST   SUNSET   624 PM MST


-  INDICATES NEGATIVE NUMBERS.
R  INDICATES RECORD WAS SET OR TIED.
MM INDICATES DATA IS MISSING.
T  INDICATES TRACE AMOUNT.

&&
.....................................................................

DEW POINT
  HIGHEST DEW POINT    40
   LOWEST DEW POINT    25
  AVERAGE DEW POINT    32
.....................................................................

$$
