000
CDUS45 KPSR 210820
CLIPHX

CLIMATE REPORT
NATIONAL WEATHER SERVICE PHOENIX AZ
117 AM MST SUN SEP 21 2014


...................................

...THE PHOENIX AZ CLIMATE SUMMARY FOR SEPTEMBER 20 2014...

CLIMATE NORMAL PERIOD 1981 TO 2010
CLIMATE RECORD PERIOD 1895 TO 2014


WEATHER ITEM   OBSERVED TIME   RECORD YEAR NORMAL DEPARTURE LAST
                VALUE   (LST)  VALUE       VALUE  FROM      YEAR
                                                  NORMAL
..................................................................
TEMPERATURE (F)
 YESTERDAY
  MAXIMUM         99    225 PM 107    2010  99      0      105
  MINIMUM         81    649 AM  47    1965  76      5       77
  AVERAGE         90                        87      3       91

PRECIPITATION (IN)
  YESTERDAY        0.00          0.49 1902   0.02  -0.02     0.00
                                      1896
  MONTH TO DATE    3.45                      0.45   3.00     0.86
  SINCE OCT 1      8.49                      7.84   0.65     6.52
  SINCE JAN 1      5.67                      5.73  -0.06     5.60

SNOWFALL (IN)
  YESTERDAY        0.0
  MONTH TO DATE    0.0
  SINCE JAN 1      0.0
  SINCE JUL 1      0.0
  SNOW DEPTH       0

DEGREE DAYS
 HEATING
  YESTERDAY        0                         0      0        0
  MONTH TO DATE    0                         0      0        0
  SINCE SEP 1      0                         0      0        0
  SINCE JUL 1      0                         0      0        0

 COOLING
  YESTERDAY       25                        22      3       26
  MONTH TO DATE  515                       502     13      540
  SINCE SEP 1    515                       502     13      540
  SINCE JAN 1   4260                      3971    289     4428
..................................................................


WIND (MPH)
  HIGHEST WIND SPEED    17   HIGHEST WIND DIRECTION    SW (220)
  HIGHEST GUST SPEED    20   HIGHEST GUST DIRECTION    SW (220)
  AVERAGE WIND SPEED     5.4


SKY COVER
  AVERAGE SKY COVER 0.5


WEATHER CONDITIONS
 THE FOLLOWING WEATHER WAS RECORDED YESTERDAY.
  NO SIGNIFICANT WEATHER WAS OBSERVED.


RELATIVE HUMIDITY (PERCENT)
 HIGHEST    63           700 AM
 LOWEST     33           200 PM
 AVERAGE    48

..........................................................


THE PHOENIX AZ CLIMATE NORMALS FOR TODAY
                         NORMAL    RECORD    YEAR
 MAXIMUM TEMPERATURE (F)   98       107      2011
                                             2003
                                             2001
 MINIMUM TEMPERATURE (F)   75        47      1965


SUNRISE AND SUNSET
SEPTEMBER 21 2014.....SUNRISE   616 AM MST   SUNSET   626 PM MST
SEPTEMBER 22 2014.....SUNRISE   616 AM MST   SUNSET   625 PM MST


-  INDICATES NEGATIVE NUMBERS.
R  INDICATES RECORD WAS SET OR TIED.
MM INDICATES DATA IS MISSING.
T  INDICATES TRACE AMOUNT.

&&
.....................................................................

DEW POINT
  HIGHEST DEW POINT    69
   LOWEST DEW POINT    62
  AVERAGE DEW POINT    65
.....................................................................

$$
