000
CDUS45 KPSR 280018
CLIPHX

CLIMATE REPORT
NATIONAL WEATHER SERVICE PHOENIX AZ
516 PM MST FRI MAY 27 2016


...................................

...THE PHOENIX AZ CLIMATE SUMMARY FOR MAY 27 2016...
VALID TODAY AS OF 0500 PM LOCAL TIME.

CLIMATE NORMAL PERIOD 1981 TO 2010
CLIMATE RECORD PERIOD 1895 TO 2016


WEATHER ITEM   OBSERVED TIME   RECORD YEAR NORMAL DEPARTURE LAST
                VALUE   (LST)  VALUE       VALUE  FROM      YEAR
                                                  NORMAL
..................................................................
TEMPERATURE (F)
 TODAY
  MAXIMUM         93    246 PM 111    1983  98     -5       97
  MINIMUM         67    558 AM  48    1917  72     -5       73
  AVERAGE         80                        85     -5       85

PRECIPITATION (IN)
  TODAY            0.00          0.05 1934   0.00   0.00     0.00
  MONTH TO DATE    0.05                      0.10  -0.05     1.17
  SINCE OCT 1      3.04                      5.31  -2.27     3.54
  SINCE JAN 1      1.87                      3.20  -1.33     2.50

SNOWFALL (IN)
  TODAY            0.0
  MONTH TO DATE    0.0
  SINCE JAN 1      0.0
  SINCE JUL 1      0.0
  SNOW DEPTH       0

DEGREE DAYS
 HEATING
  TODAY            0                         0      0        0
  MONTH TO DATE    0                         0      0        0
  SINCE MAR 1     16                       101    -85       25
  SINCE JUL 1    829                       934   -105      520

 COOLING
  TODAY           15                        20     -5       20
  MONTH TO DATE  394                       447    -53      339
  SINCE MAR 1    819                       785     34      881
  SINCE JAN 1    932                       802    130      929
..................................................................


WIND (MPH)
  HIGHEST WIND SPEED    14   HIGHEST WIND DIRECTION    SW (210)
  HIGHEST GUST SPEED    18   HIGHEST GUST DIRECTION     W (290)
  AVERAGE WIND SPEED     4.6


SKY COVER
  AVERAGE SKY COVER 0.1


WEATHER CONDITIONS
 THE FOLLOWING WEATHER WAS RECORDED TODAY.
  HAZE


RELATIVE HUMIDITY (PERCENT)
 HIGHEST    31           400 AM
 LOWEST     10           400 PM
 AVERAGE    21

..........................................................


THE PHOENIX AZ CLIMATE NORMALS FOR TOMORROW
                         NORMAL    RECORD    YEAR
 MAXIMUM TEMPERATURE (F)   99       113      1984
                                             1983
 MINIMUM TEMPERATURE (F)   73        53      1929
                                             1918
                                             1917


SUNRISE AND SUNSET
MAY 27 2016...........SUNRISE   521 AM MST   SUNSET   730 PM MST
MAY 28 2016...........SUNRISE   520 AM MST   SUNSET   731 PM MST


-  INDICATES NEGATIVE NUMBERS.
R  INDICATES RECORD WAS SET OR TIED.
MM INDICATES DATA IS MISSING.
T  INDICATES TRACE AMOUNT.

$$
