000
CDUS45 KPSR 270831
CLIPHX

CLIMATE REPORT
NATIONAL WEATHER SERVICE PHOENIX AZ
130 AM MST WED AUG 27 2014


...................................

...THE PHOENIX AZ CLIMATE SUMMARY FOR AUGUST 26 2014...

CLIMATE NORMAL PERIOD 1981 TO 2010
CLIMATE RECORD PERIOD 1895 TO 2014


WEATHER ITEM   OBSERVED TIME   RECORD YEAR NORMAL DEPARTURE LAST
                VALUE   (LST)  VALUE       VALUE  FROM      YEAR
                                                  NORMAL
..................................................................
TEMPERATURE (F)
 YESTERDAY
  MAXIMUM        100    408 PM 117    2011 104     -4      100
  MINIMUM         80    650 AM  65    1928  82     -2       77
  AVERAGE         90                        93     -3       89

PRECIPITATION (IN)
  YESTERDAY        0.00          0.65 1911   0.03  -0.03     0.34
  MONTH TO DATE    1.17                      0.86   0.31     0.36
  SINCE OCT 1      5.04                      7.25  -2.21     5.66
  SINCE JAN 1      2.22                      5.14  -2.92     4.74

SNOWFALL (IN)
  YESTERDAY        0.0
  MONTH TO DATE    0.0
  SINCE JAN 1      0.0
  SINCE JUL 1      0.0
  SNOW DEPTH       0

DEGREE DAYS
 HEATING
  YESTERDAY        0                         0      0        0
  MONTH TO DATE    0                         0      0        0
  SINCE JUN 1      0                         0      0        0
  SINCE JUL 1      0                         0      0        0

 COOLING
  YESTERDAY       25                        28     -3       24
  MONTH TO DATE  679                       746    -67      792
  SINCE JUN 1   2518                      2444     74     2653
  SINCE JAN 1   3593                      3330    263     3751
..................................................................


WIND (MPH)
  HIGHEST WIND SPEED    16   HIGHEST WIND DIRECTION    SE (140)
  HIGHEST GUST SPEED    19   HIGHEST GUST DIRECTION     N (350)
  AVERAGE WIND SPEED     7.4


SKY COVER
  AVERAGE SKY COVER 0.4


WEATHER CONDITIONS
 THE FOLLOWING WEATHER WAS RECORDED YESTERDAY.
  NO SIGNIFICANT WEATHER WAS OBSERVED.


RELATIVE HUMIDITY (PERCENT)
 HIGHEST    62           400 AM
 LOWEST     24           600 PM
 AVERAGE    43

..........................................................


THE PHOENIX AZ CLIMATE NORMALS FOR TODAY
                         NORMAL    RECORD    YEAR
 MAXIMUM TEMPERATURE (F)  104       113      2009
                                             1981
 MINIMUM TEMPERATURE (F)   82        64      1920


SUNRISE AND SUNSET
AUGUST 27 2014........SUNRISE   559 AM MST   SUNSET   700 PM MST
AUGUST 28 2014........SUNRISE   559 AM MST   SUNSET   658 PM MST


-  INDICATES NEGATIVE NUMBERS.
R  INDICATES RECORD WAS SET OR TIED.
MM INDICATES DATA IS MISSING.
T  INDICATES TRACE AMOUNT.

&&
.....................................................................

DEW POINT
  HIGHEST DEW POINT    67
   LOWEST DEW POINT    56
  AVERAGE DEW POINT    63
.....................................................................

$$
