000
CDUS45 KPSR 240816
CLIPHX

CLIMATE REPORT
NATIONAL WEATHER SERVICE PHOENIX AZ
115 AM MST SUN MAY 24 2015


...................................

...THE PHOENIX AZ CLIMATE SUMMARY FOR MAY 23 2015...

CLIMATE NORMAL PERIOD 1981 TO 2010
CLIMATE RECORD PERIOD 1895 TO 2015


WEATHER ITEM   OBSERVED TIME   RECORD YEAR NORMAL DEPARTURE LAST
                VALUE   (LST)  VALUE       VALUE  FROM      YEAR
                                                  NORMAL
..................................................................
TEMPERATURE (F)
 YESTERDAY
  MAXIMUM         83    435 PM 109    2001  97    -14       90
  MINIMUM         64    602 AM  49    1965  71     -7       69
                                      1927
  AVERAGE         74                        84    -10       80

PRECIPITATION (IN)
  YESTERDAY        0.00          0.12 2008   0.01  -0.01     0.00
  MONTH TO DATE    1.17                      0.09   1.08     0.00
  SINCE OCT 1      3.54                      5.30  -1.76     3.81
  SINCE JAN 1      2.50                      3.19  -0.69     0.99

SNOWFALL (IN)
  YESTERDAY        0.0
  MONTH TO DATE    0.0
  SINCE JAN 1      0.0
  SINCE JUL 1      0.0
  SNOW DEPTH       0

DEGREE DAYS
 HEATING
  YESTERDAY        0                         0      0        0
  MONTH TO DATE    0                         0      0        0
  SINCE MAR 1     25                       101    -76       12
  SINCE JUL 1    520                       934   -414      546

 COOLING
  YESTERDAY        9                        19    -10       15
  MONTH TO DATE  274                       367    -93      369
  SINCE MAR 1    816                       705    111      812
  SINCE JAN 1    864                       722    142      874
..................................................................


WIND (MPH)
  HIGHEST WIND SPEED    15   HIGHEST WIND DIRECTION     W (280)
  HIGHEST GUST SPEED    22   HIGHEST GUST DIRECTION    NW (320)
  AVERAGE WIND SPEED     5.4


SKY COVER
  AVERAGE SKY COVER 0.2


WEATHER CONDITIONS
 THE FOLLOWING WEATHER WAS RECORDED YESTERDAY.
  NO SIGNIFICANT WEATHER WAS OBSERVED.


RELATIVE HUMIDITY (PERCENT)
 HIGHEST    40           500 AM
 LOWEST     18           600 PM
 AVERAGE    29

..........................................................


THE PHOENIX AZ CLIMATE NORMALS FOR TODAY
                         NORMAL    RECORD    YEAR
 MAXIMUM TEMPERATURE (F)   97       109      2001
                                             1983
 MINIMUM TEMPERATURE (F)   72        52      1909


SUNRISE AND SUNSET
MAY 24 2015...........SUNRISE   522 AM MST   SUNSET   728 PM MST
MAY 25 2015...........SUNRISE   522 AM MST   SUNSET   728 PM MST


-  INDICATES NEGATIVE NUMBERS.
R  INDICATES RECORD WAS SET OR TIED.
MM INDICATES DATA IS MISSING.
T  INDICATES TRACE AMOUNT.

&&
.....................................................................

DEW POINT
  HIGHEST DEW POINT    41
   LOWEST DEW POINT    34
  AVERAGE DEW POINT    38
.....................................................................

$$
