107
CDUS43 KILX 110643
CLIPIA


CLIMATE REPORT
NATIONAL WEATHER SERVICE LINCOLN IL
1242 AM CST THU FEB 11 2016


...................................

...THE PEORIA IL CLIMATE SUMMARY FOR FEBRUARY 10 2016...

CLIMATE NORMAL PERIOD 1981 TO 2010
CLIMATE RECORD PERIOD 1883 TO 2016


WEATHER ITEM   OBSERVED TIME   RECORD YEAR NORMAL DEPARTURE LAST
                VALUE   (LST)  VALUE       VALUE  FROM      YEAR
                                                  NORMAL
..................................................................
TEMPERATURE (F)
 YESTERDAY
  MAXIMUM         20    426 PM  74    1932  36    -16       35
  MINIMUM          8    750 AM -17    1885  20    -12       16
  AVERAGE         14                        28    -14       26

PRECIPITATION (IN)
  YESTERDAY        0.00          0.72 2013   0.06  -0.06      T
  MONTH TO DATE    0.41                      0.55  -0.14     1.24
  SINCE DEC 1      7.48                      4.75   2.73     4.69
  SINCE JAN 1      1.17                      2.33  -1.16     3.46

SNOWFALL (IN)
  YESTERDAY        0.0           7.5  1944   0.2   -0.2      0.0
  MONTH TO DATE    0.7                       2.4   -1.7      9.3
  SINCE DEC 1      8.4                      16.4   -8.0     19.5
  SINCE JUL 1     13.0                      17.5   -4.5     20.8
  SNOW DEPTH       1

DEGREE DAYS
 HEATING
  YESTERDAY       51                        37     14       39
  MONTH TO DATE  352                       382    -30      410
  SINCE DEC 1   2265                      2755   -490     2584
  SINCE JUL 1   3022                      3903   -881     3825

 COOLING
  YESTERDAY        0                         0      0        0
  MONTH TO DATE    0                         0      0        0
  SINCE DEC 1      0                         0      0        0
  SINCE JAN 1      0                         0      0        0
..................................................................


WIND (MPH)
  HIGHEST WIND SPEED    14   HIGHEST WIND DIRECTION     W (270)
  HIGHEST GUST SPEED    18   HIGHEST GUST DIRECTION     W (290)
  AVERAGE WIND SPEED     7.0


SKY COVER
  POSSIBLE SUNSHINE  MM
  AVERAGE SKY COVER 0.4


WEATHER CONDITIONS
 THE FOLLOWING WEATHER WAS RECORDED YESTERDAY.
  NO SIGNIFICANT WEATHER WAS OBSERVED.


RELATIVE HUMIDITY (PERCENT)
 HIGHEST    73           800 AM
 LOWEST     45           100 PM
 AVERAGE    59

..........................................................


THE PEORIA IL CLIMATE NORMALS FOR TODAY
                         NORMAL    RECORD    YEAR
 MAXIMUM TEMPERATURE (F)   36        68      1999
 MINIMUM TEMPERATURE (F)   20       -13      2014


SUNRISE AND SUNSET
FEBRUARY 11 2016......SUNRISE   658 AM CST   SUNSET   528 PM CST
FEBRUARY 12 2016......SUNRISE   657 AM CST   SUNSET   529 PM CST


-  INDICATES NEGATIVE NUMBERS.
R  INDICATES RECORD WAS SET OR TIED.
MM INDICATES DATA IS MISSING.
T  INDICATES TRACE AMOUNT.




$$
