000
CDUS43 KILX 270636
CLIPIA

CLIMATE REPORT
NATIONAL WEATHER SERVICE LINCOLN IL
131 AM CDT SAT MAY 27 2017

...................................

...THE PEORIA IL CLIMATE SUMMARY FOR MAY 26 2017...

CLIMATE NORMAL PERIOD 1981 TO 2010
CLIMATE RECORD PERIOD 1883 TO 2017


WEATHER ITEM   OBSERVED TIME   RECORD YEAR NORMAL DEPARTURE LAST
                VALUE   (LST)  VALUE       VALUE  FROM      YEAR
                                                  NORMAL
..................................................................
TEMPERATURE (F)
 YESTERDAY
  MAXIMUM         76   1153 AM  95    1911  76      0       85
  MINIMUM         55    506 AM  34    1979  55      0       66
  AVERAGE         66                        66      0       76

PRECIPITATION (IN)
  YESTERDAY        0.86          1.80 1922   0.14   0.72     0.15
  MONTH TO DATE    3.62                      3.69  -0.07     2.71
  SINCE MAR 1     15.83                     10.12   5.71     7.58
  SINCE JAN 1     18.49                     13.69   4.80     8.96

SNOWFALL (IN)
  YESTERDAY        0.0           0.0    MM   0.0    0.0      0.0
  MONTH TO DATE    0.0                       0.0    0.0      0.0
  SINCE MAR 1      4.2                       3.3    0.9      0.2
  SINCE JUL 1     13.9                      24.6  -10.7     15.3
  SNOW DEPTH       0

DEGREE DAYS
 HEATING
  YESTERDAY        0                         3     -3        0
  MONTH TO DATE  149                       136     13      147
  SINCE MAR 1   1093                      1285   -192     1058
  SINCE JUL 1   4700                      5801  -1101     4641

 COOLING
  YESTERDAY        1                         3     -2       11
  MONTH TO DATE   51                        48      3       43
  SINCE MAR 1     69                        62      7       61
  SINCE JAN 1     69                        62      7       61
..................................................................


WIND (MPH)
  HIGHEST WIND SPEED    21   HIGHEST WIND DIRECTION    NW (300)
  HIGHEST GUST SPEED    38   HIGHEST GUST DIRECTION     W (290)
  AVERAGE WIND SPEED     5.3


SKY COVER
  POSSIBLE SUNSHINE  MM
  AVERAGE SKY COVER 0.1


WEATHER CONDITIONS
 THE FOLLOWING WEATHER WAS RECORDED YESTERDAY.
  THUNDERSTORM
  HEAVY RAIN
  LIGHT RAIN
  FOG


RELATIVE HUMIDITY (PERCENT)
 HIGHEST   100          1100 PM
 LOWEST     64          1100 AM
 AVERAGE    82

..........................................................


THE PEORIA IL CLIMATE NORMALS FOR TODAY
                         NORMAL    RECORD    YEAR
 MAXIMUM TEMPERATURE (F)   77        94      1911
 MINIMUM TEMPERATURE (F)   55        35      1992


SUNRISE AND SUNSET
MAY 27 2017...........SUNRISE   532 AM CDT   SUNSET   820 PM CDT
MAY 28 2017...........SUNRISE   532 AM CDT   SUNSET   821 PM CDT


-  INDICATES NEGATIVE NUMBERS.
R  INDICATES RECORD WAS SET OR TIED.
MM INDICATES DATA IS MISSING.
T  INDICATES TRACE AMOUNT.


$$
