000
CDUS43 KILX 240635
CLIPIA


CLIMATE REPORT
NATIONAL WEATHER SERVICE LINCOLN IL
135 AM CDT TUE MAY 24 2016


...................................

...THE PEORIA IL CLIMATE SUMMARY FOR MAY 23 2016...

CLIMATE NORMAL PERIOD 1981 TO 2010
CLIMATE RECORD PERIOD 1883 TO 2016


WEATHER ITEM   OBSERVED TIME   RECORD YEAR NORMAL DEPARTURE LAST
                VALUE   (LST)  VALUE       VALUE  FROM      YEAR
                                                  NORMAL
..................................................................
TEMPERATURE (F)
 YESTERDAY
  MAXIMUM         85    317 PM  92    1975  75     10       81
                                      1921
  MINIMUM         53    451 AM  35    1963  54     -1       57
                                      1917
  AVERAGE         69                        64      5       69

PRECIPITATION (IN)
  YESTERDAY        0.00          1.41 2008   0.14  -0.14     0.00
  MONTH TO DATE    2.56                      3.27  -0.71     3.48
  SINCE MAR 1      7.43                      9.70  -2.27     7.51
  SINCE JAN 1      8.81                     13.27  -4.46    11.23

SNOWFALL (IN)
  YESTERDAY        0.0           0.0    MM   0.0    0.0      0.0
  MONTH TO DATE    0.0                       0.0    0.0      0.0
  SINCE MAR 1      0.2                       3.3   -3.1      2.7
  SINCE JUL 1     15.3                      24.6   -9.3     27.0
  SNOW DEPTH       0

DEGREE DAYS
 HEATING
  YESTERDAY        0                         3     -3        0
  MONTH TO DATE  147                       127     20       74
  SINCE MAR 1   1058                      1276   -218     1091
  SINCE JUL 1   4641                      5792  -1151     5797

 COOLING
  YESTERDAY        4                         3      1        4
  MONTH TO DATE   14                        39    -25       86
  SINCE MAR 1     32                        53    -21       97
  SINCE JAN 1     32                        53    -21       97
..................................................................


WIND (MPH)
  HIGHEST WIND SPEED    17   HIGHEST WIND DIRECTION     S (190)
  HIGHEST GUST SPEED    22   HIGHEST GUST DIRECTION     S (200)
  AVERAGE WIND SPEED     5.2


SKY COVER
  POSSIBLE SUNSHINE  MM
  AVERAGE SKY COVER 0.0


WEATHER CONDITIONS
 THE FOLLOWING WEATHER WAS RECORDED YESTERDAY.
  NO SIGNIFICANT WEATHER WAS OBSERVED.


RELATIVE HUMIDITY (PERCENT)
 HIGHEST    77           500 AM
 LOWEST     27           200 PM
 AVERAGE    52

..........................................................


THE PEORIA IL CLIMATE NORMALS FOR TODAY
                         NORMAL    RECORD    YEAR
 MAXIMUM TEMPERATURE (F)   76        93      1939
                                             1921
 MINIMUM TEMPERATURE (F)   54        34      1925


SUNRISE AND SUNSET
MAY 24 2016...........SUNRISE   534 AM CDT   SUNSET   818 PM CDT
MAY 25 2016...........SUNRISE   533 AM CDT   SUNSET   818 PM CDT


-  INDICATES NEGATIVE NUMBERS.
R  INDICATES RECORD WAS SET OR TIED.
MM INDICATES DATA IS MISSING.
T  INDICATES TRACE AMOUNT.




$$
