000
CDUS43 KILX 252159
CLIPIA


CLIMATE REPORT
NATIONAL WEATHER SERVICE LINCOLN IL
458 PM CDT SAT OCT 25 2014


...................................

...THE PEORIA IL CLIMATE SUMMARY FOR OCTOBER 25 2014...
VALID TODAY AS OF 0400 PM LOCAL TIME.

CLIMATE NORMAL PERIOD 1981 TO 2010
CLIMATE RECORD PERIOD 1883 TO 2014


WEATHER ITEM   OBSERVED TIME   RECORD YEAR NORMAL DEPARTURE LAST
                VALUE   (LST)  VALUE       VALUE  FROM      YEAR
                                                  NORMAL
..................................................................
TEMPERATURE (F)
 TODAY
  MAXIMUM         78    155 PM  81    1939  61     17       53
  MINIMUM         52    351 AM  21    1887  41     11       25
  AVERAGE         65                        51     14       39

PRECIPITATION (IN)
  TODAY            0.00          1.13 1932   0.10  -0.10     0.00
  MONTH TO DATE    2.33                      2.25   0.08     2.80
  SINCE SEP 1      7.31                      5.40   1.91     4.65
  SINCE JAN 1     37.39                     30.35   7.04    36.48

SNOWFALL (IN)
  TODAY           MM             T    1962   0.0   MM        0.0
                                      1957
  MONTH TO DATE    T                         0.0    0.0       T
  SINCE SEP 1      T                         0.0    0.0       T
  SINCE JUL 1      T                         0.0    0.0       T
  SNOW DEPTH      MM

DEGREE DAYS
 HEATING
  TODAY            0                        14    -14       26
  MONTH TO DATE  214                       265    -51      255
  SINCE SEP 1    290                       349    -59      282
  SINCE JUL 1    292                       355    -63      287

 COOLING
  TODAY            0                         0      0        0
  MONTH TO DATE    4                        12     -8       40
  SINCE SEP 1    127                       129     -2      232
  SINCE JAN 1   1151                      1036    115     1174
..................................................................


WIND (MPH)
  HIGHEST WIND SPEED    10   HIGHEST WIND DIRECTION    NW (320)
  HIGHEST GUST SPEED    15   HIGHEST GUST DIRECTION    NW (300)
  AVERAGE WIND SPEED     4.4


SKY COVER
  POSSIBLE SUNSHINE  MM
  AVERAGE SKY COVER 0.5


WEATHER CONDITIONS
 THE FOLLOWING WEATHER WAS RECORDED TODAY.
  FOG
  FOG W/VISIBILITY <= 1/4 MILE
  HAZE


RELATIVE HUMIDITY (PERCENT)
 HIGHEST    93           700 AM
 LOWEST     24           300 PM
 AVERAGE    59

..........................................................


THE PEORIA IL CLIMATE NORMALS FOR TOMORROW
                         NORMAL    RECORD    YEAR
 MAXIMUM TEMPERATURE (F)   61        84      1939
 MINIMUM TEMPERATURE (F)   41        19      1962


SUNRISE AND SUNSET
OCTOBER 25 2014.......SUNRISE   721 AM CDT   SUNSET   604 PM CDT
OCTOBER 26 2014.......SUNRISE   722 AM CDT   SUNSET   603 PM CDT


-  INDICATES NEGATIVE NUMBERS.
R  INDICATES RECORD WAS SET OR TIED.
MM INDICATES DATA IS MISSING.
T  INDICATES TRACE AMOUNT.




$$
