000
CDUS43 KILX 020651
CLIPIA


CLIMATE REPORT
NATIONAL WEATHER SERVICE LINCOLN IL
1240 AM CST MON MAR 2 2015


...................................

...THE PEORIA IL CLIMATE SUMMARY FOR MARCH 1 2015...

CLIMATE NORMAL PERIOD 1981 TO 2010
CLIMATE RECORD PERIOD 1883 TO 2015


WEATHER ITEM   OBSERVED TIME   RECORD YEAR NORMAL DEPARTURE LAST
                VALUE   (LST)  VALUE       VALUE  FROM      YEAR
                                                  NORMAL
..................................................................
TEMPERATURE (F)
 YESTERDAY
  MAXIMUM         29    248 PM  74    1992  43    -14       34
  MINIMUM         20   1159 PM  -7    1962  26     -6       13
  AVERAGE         25                        34     -9       24

PRECIPITATION (IN)
  YESTERDAY        0.19          0.89 2007   0.08   0.11     0.12
  MONTH TO DATE    0.19                      0.08   0.11     0.12
  SINCE MAR 1      0.19                      0.08   0.11     0.12
  SINCE JAN 1      3.91                      3.65   0.26     4.99

SNOWFALL (IN)
  YESTERDAY        2.7           4.8  1925   0.1    2.6      1.0
  MONTH TO DATE    2.7                       0.1    2.6      1.0
  SINCE MAR 1      2.7                       0.1    2.6      1.0
  SINCE JUL 1     27.0                      21.4    5.6     51.2
  SNOW DEPTH       3

DEGREE DAYS
 HEATING
  YESTERDAY       40                        30     10       41
  MONTH TO DATE   40                        30     10       41
  SINCE MAR 1     40                        30     10       41
  SINCE JUL 1   4746                      4546    200     5220

 COOLING
  YESTERDAY        0                         0      0        0
  MONTH TO DATE    0                         0      0        0
  SINCE MAR 1      0                         0      0        0
  SINCE JAN 1      0                         0      0        0
..................................................................


WIND (MPH)
  HIGHEST WIND SPEED    13   HIGHEST WIND DIRECTION     W (280)
  HIGHEST GUST SPEED    16   HIGHEST GUST DIRECTION     W (280)
  AVERAGE WIND SPEED     4.0


SKY COVER
  POSSIBLE SUNSHINE  MM
  AVERAGE SKY COVER 0.6


WEATHER CONDITIONS
 THE FOLLOWING WEATHER WAS RECORDED YESTERDAY.
  HEAVY SNOW
  SNOW
  LIGHT SNOW
  FOG
  FOG W/VISIBILITY <= 1/4 MILE
  HAZE


RELATIVE HUMIDITY (PERCENT)
 HIGHEST    88           900 AM
 LOWEST     63           200 PM
 AVERAGE    76

..........................................................


THE PEORIA IL CLIMATE NORMALS FOR TODAY
                         NORMAL    RECORD    YEAR
 MAXIMUM TEMPERATURE (F)   44        74      1992
                                             1976
 MINIMUM TEMPERATURE (F)   26        -6      1913


SUNRISE AND SUNSET
MARCH  2 2015.........SUNRISE   631 AM CST   SUNSET   551 PM CST
MARCH  3 2015.........SUNRISE   630 AM CST   SUNSET   552 PM CST


-  INDICATES NEGATIVE NUMBERS.
R  INDICATES RECORD WAS SET OR TIED.
MM INDICATES DATA IS MISSING.
T  INDICATES TRACE AMOUNT.




$$
