000
CDUS43 KILX 210628
CLIPIA


CLIMATE REPORT
NATIONAL WEATHER SERVICE LINCOLN IL
128 AM CDT SUN SEP 21 2014


...................................

...THE PEORIA IL CLIMATE SUMMARY FOR SEPTEMBER 20 2014...

CLIMATE NORMAL PERIOD 1981 TO 2010
CLIMATE RECORD PERIOD 1883 TO 2014


WEATHER ITEM   OBSERVED TIME   RECORD YEAR NORMAL DEPARTURE LAST
                VALUE   (LST)  VALUE       VALUE  FROM      YEAR
                                                  NORMAL
..................................................................
TEMPERATURE (F)
 YESTERDAY
  MAXIMUM         81    353 PM  94    1940  75      6       71
  MINIMUM         60    543 AM  32    1991  53      7       56
  AVERAGE         71                        64      7       64

PRECIPITATION (IN)
  YESTERDAY        T             1.57 1883   0.11  -0.11      T
  MONTH TO DATE    4.98                      2.17   2.81     1.31
  SINCE SEP 1      4.98                      2.17   2.81     1.31
  SINCE JAN 1     35.06                     27.12   7.94    33.14

SNOWFALL (IN)
  YESTERDAY        0.0           0.0    MM   0.0    0.0      0.0
  MONTH TO DATE    0.0                       0.0    0.0      0.0
  SINCE SEP 1      0.0                       0.0    0.0      0.0
  SINCE JUL 1      0.0                       0.0    0.0      0.0
  SNOW DEPTH       0

DEGREE DAYS
 HEATING
  YESTERDAY        0                         4     -4        1
  MONTH TO DATE   64                        33     31       11
  SINCE SEP 1     64                        33     31       11
  SINCE JUL 1     66                        39     27       16

 COOLING
  YESTERDAY        6                         3      3        0
  MONTH TO DATE   82                        97    -15      173
  SINCE SEP 1     82                        97    -15      173
  SINCE JAN 1   1106                      1004    102     1115
..................................................................


WIND (MPH)
  HIGHEST WIND SPEED    21   HIGHEST WIND DIRECTION    SW (240)
  HIGHEST GUST SPEED    26   HIGHEST GUST DIRECTION     S (200)
  AVERAGE WIND SPEED     9.2


SKY COVER
  POSSIBLE SUNSHINE  MM
  AVERAGE SKY COVER 0.3


WEATHER CONDITIONS
 THE FOLLOWING WEATHER WAS RECORDED YESTERDAY.
  THUNDERSTORM
  LIGHT RAIN
  FOG
  HAZE


RELATIVE HUMIDITY (PERCENT)
 HIGHEST    90           600 AM
 LOWEST     62          1200 PM
 AVERAGE    76

..........................................................


THE PEORIA IL CLIMATE NORMALS FOR TODAY
                         NORMAL    RECORD    YEAR
 MAXIMUM TEMPERATURE (F)   75        93      1940
                                             1931
                                             1887
 MINIMUM TEMPERATURE (F)   53        35      1995


SUNRISE AND SUNSET
SEPTEMBER 21 2014.....SUNRISE   645 AM CDT   SUNSET   658 PM CDT
SEPTEMBER 22 2014.....SUNRISE   646 AM CDT   SUNSET   656 PM CDT


-  INDICATES NEGATIVE NUMBERS.
R  INDICATES RECORD WAS SET OR TIED.
MM INDICATES DATA IS MISSING.
T  INDICATES TRACE AMOUNT.




$$
