000
CDUS43 KILX 180717
CLIPIA


CLIMATE REPORT
NATIONAL WEATHER SERVICE LINCOLN IL
114 AM CST WED JAN 18 2017


...................................

...THE PEORIA IL CLIMATE SUMMARY FOR JANUARY 17 2017...

CLIMATE NORMAL PERIOD 1981 TO 2010
CLIMATE RECORD PERIOD 1883 TO 2017


WEATHER ITEM   OBSERVED TIME   RECORD YEAR NORMAL DEPARTURE LAST
                VALUE   (LST)  VALUE       VALUE  FROM      YEAR
                                                  NORMAL
..................................................................
TEMPERATURE (F)
 YESTERDAY
  MAXIMUM         48   1240 AM  67    1894  33     14       16
  MINIMUM         35   1159 PM -25    1977  17     18        0
  AVERAGE         41                        25     16        8

PRECIPITATION (IN)
  YESTERDAY        0.04          1.20 1900   0.06  -0.02     0.01
  MONTH TO DATE    1.45                      1.05   0.40     0.54
  SINCE DEC 1      2.67                      3.47  -0.80     6.85
  SINCE JAN 1      1.45                      1.05   0.40     0.54

SNOWFALL (IN)
  YESTERDAY        0.0           9.9  1911   0.2   -0.2      0.2
  MONTH TO DATE    0.4                       3.8   -3.4      3.4
  SINCE DEC 1      5.9                      10.9   -5.0      5.9
  SINCE JUL 1      5.9                      12.0   -6.1     10.5
  SNOW DEPTH       0

DEGREE DAYS
 HEATING
  YESTERDAY       24                        40    -16       57
  MONTH TO DATE  662                       680    -18      657
  SINCE DEC 1   1790                      1810    -20     1388
  SINCE JUL 1   2528                      2958   -430     2145

 COOLING
  YESTERDAY        0                         0      0        0
  MONTH TO DATE    0                         0      0        0
  SINCE DEC 1      0                         0      0        0
  SINCE JAN 1      0                         0      0        0
..................................................................


WIND (MPH)
  HIGHEST WIND SPEED    17   HIGHEST WIND DIRECTION     W (290)
  HIGHEST GUST SPEED    23   HIGHEST GUST DIRECTION     W (280)
  AVERAGE WIND SPEED     9.9


SKY COVER
  POSSIBLE SUNSHINE  MM
  AVERAGE SKY COVER 1.0


WEATHER CONDITIONS
 THE FOLLOWING WEATHER WAS RECORDED YESTERDAY.
  HEAVY RAIN
  RAIN
  LIGHT RAIN
  FOG


RELATIVE HUMIDITY (PERCENT)
 HIGHEST   100          1200 AM
 LOWEST     92          1000 AM
 AVERAGE    96

..........................................................


THE PEORIA IL CLIMATE NORMALS FOR TODAY
                         NORMAL    RECORD    YEAR
 MAXIMUM TEMPERATURE (F)   33        59      1951
                                             1933
 MINIMUM TEMPERATURE (F)   17       -19      1930


SUNRISE AND SUNSET
JANUARY 18 2017.......SUNRISE   719 AM CST   SUNSET   500 PM CST
JANUARY 19 2017.......SUNRISE   718 AM CST   SUNSET   501 PM CST


-  INDICATES NEGATIVE NUMBERS.
R  INDICATES RECORD WAS SET OR TIED.
MM INDICATES DATA IS MISSING.
T  INDICATES TRACE AMOUNT.




$$
