000
CDUS43 KILX 200649
CLIPIA


CLIMATE REPORT
NATIONAL WEATHER SERVICE LINCOLN IL
1249 AM CST MON NOV 20 2017


...................................

...THE PEORIA IL CLIMATE SUMMARY FOR NOVEMBER 19 2017...

CLIMATE NORMAL PERIOD 1981 TO 2010
CLIMATE RECORD PERIOD 1883 TO 2017


WEATHER ITEM   OBSERVED TIME   RECORD YEAR NORMAL DEPARTURE LAST
                VALUE   (LST)  VALUE       VALUE  FROM      YEAR
                                                  NORMAL
..................................................................
TEMPERATURE (F)
 YESTERDAY
  MAXIMUM         37    333 PM  78    1930  48    -11       40
  MINIMUM         24    725 AM   8    1914  32     -8       28
  AVERAGE         31                        40     -9       34

PRECIPITATION (IN)
  YESTERDAY        0.00          0.86 1985   0.11  -0.11     0.00
  MONTH TO DATE    1.58                      1.99  -0.41     1.12
  SINCE SEP 1      7.41                      7.98  -0.57     9.61
  SINCE JAN 1     33.14                     32.93   0.21    34.62

SNOWFALL (IN)
  YESTERDAY        0.0           3.0  1972   0.0    0.0      0.0
  MONTH TO DATE    T                         0.3   -0.3      0.0
  SINCE SEP 1      T                         0.3   -0.3      0.0
  SINCE JUL 1      T                         0.3   -0.3      0.0
  SNOW DEPTH       0

DEGREE DAYS
 HEATING
  YESTERDAY       34                        25      9       31
  MONTH TO DATE  463                       391     72      238
  SINCE SEP 1    746                       831    -85      456
  SINCE JUL 1    746                       837    -91      460

 COOLING
  YESTERDAY        0                         0      0        0
  MONTH TO DATE    0                         0      0        5
  SINCE SEP 1    231                       132     99      266
  SINCE JAN 1   1157                      1039    118     1423
..................................................................


WIND (MPH)
  HIGHEST WIND SPEED    18   HIGHEST WIND DIRECTION    NW (310)
  HIGHEST GUST SPEED    31   HIGHEST GUST DIRECTION     W (280)
  AVERAGE WIND SPEED     8.9


SKY COVER
  POSSIBLE SUNSHINE  MM
  AVERAGE SKY COVER 0.1


WEATHER CONDITIONS
 THE FOLLOWING WEATHER WAS RECORDED YESTERDAY.
  NO SIGNIFICANT WEATHER WAS OBSERVED.


RELATIVE HUMIDITY (PERCENT)
 HIGHEST    75          1200 AM
 LOWEST     47          1200 PM
 AVERAGE    61

..........................................................


THE PEORIA IL CLIMATE NORMALS FOR TODAY
                         NORMAL    RECORD    YEAR
 MAXIMUM TEMPERATURE (F)   48        71      1913
 MINIMUM TEMPERATURE (F)   31         7      1914


SUNRISE AND SUNSET
NOVEMBER 20 2017......SUNRISE   651 AM CST   SUNSET   437 PM CST
NOVEMBER 21 2017......SUNRISE   653 AM CST   SUNSET   436 PM CST


-  INDICATES NEGATIVE NUMBERS.
R  INDICATES RECORD WAS SET OR TIED.
MM INDICATES DATA IS MISSING.
T  INDICATES TRACE AMOUNT.




$$
