000
CDUS43 KILX 012156
CLIPIA


CLIMATE REPORT
NATIONAL WEATHER SERVICE LINCOLN IL
455 PM CDT WED JUL 1 2015


...................................

...THE PEORIA IL CLIMATE SUMMARY FOR JULY 1 2015...
VALID TODAY AS OF 0400 PM LOCAL TIME.

CLIMATE NORMAL PERIOD 1981 TO 2010
CLIMATE RECORD PERIOD 1883 TO 2015


WEATHER ITEM   OBSERVED TIME   RECORD YEAR NORMAL DEPARTURE LAST
                VALUE   (LST)  VALUE       VALUE  FROM      YEAR
                                                  NORMAL
..................................................................
TEMPERATURE (F)
 TODAY
  MAXIMUM         79    203 PM 102    1931  86     -7       84
  MINIMUM         68    740 AM  49    1924  65      3       67
  AVERAGE         74                        75     -1       76

PRECIPITATION (IN)
  TODAY            0.00          1.67 1929   0.12  -0.12     0.12
  MONTH TO DATE    0.00                      0.12  -0.12     0.12
  SINCE JUN 1     11.60                      3.65   7.95     9.79
  SINCE JAN 1     24.37                     17.98   6.39    21.77

SNOWFALL (IN)
  TODAY            0.0           0.0    MM   0.0    0.0      0.0
  MONTH TO DATE    0.0                       0.0    0.0      0.0
  SINCE JUN 1      0.0                       0.0    0.0      0.0
  SINCE JUL 1      0.0                       0.0    0.0      0.0
  SNOW DEPTH       0

DEGREE DAYS
 HEATING
  TODAY            0                         0      0        0
  MONTH TO DATE    0                         0      0        0
  SINCE JUN 1      7                        18    -11        0
  SINCE JUL 1      0                         0      0        0

 COOLING
  TODAY            9                        10     -1       11
  MONTH TO DATE    9                        10     -1       11
  SINCE JUN 1    297                       232     65      303
  SINCE JAN 1    451                       313    138      461
..................................................................


WIND (MPH)
  HIGHEST WIND SPEED    12   HIGHEST WIND DIRECTION     E (70)
  HIGHEST GUST SPEED    15   HIGHEST GUST DIRECTION     E (70)
  AVERAGE WIND SPEED     5.4


SKY COVER
  POSSIBLE SUNSHINE  MM
  AVERAGE SKY COVER 0.3


WEATHER CONDITIONS
 THE FOLLOWING WEATHER WAS RECORDED TODAY.
  FOG
  HAZE


RELATIVE HUMIDITY (PERCENT)
 HIGHEST    84           200 AM
 LOWEST     62           100 PM
 AVERAGE    73

..........................................................


THE PEORIA IL CLIMATE NORMALS FOR TOMORROW
                         NORMAL    RECORD    YEAR
 MAXIMUM TEMPERATURE (F)   86       100      1925
 MINIMUM TEMPERATURE (F)   65        48      1904


SUNRISE AND SUNSET
JULY  1 2015..........SUNRISE   531 AM CDT   SUNSET   834 PM CDT
JULY  2 2015..........SUNRISE   532 AM CDT   SUNSET   833 PM CDT


-  INDICATES NEGATIVE NUMBERS.
R  INDICATES RECORD WAS SET OR TIED.
MM INDICATES DATA IS MISSING.
T  INDICATES TRACE AMOUNT.




$$
