000
CDUS43 KILX 250641
CLIPIA


CLIMATE REPORT
NATIONAL WEATHER SERVICE LINCOLN IL
1237 AM CST SUN JAN 25 2015


...................................

...THE PEORIA IL CLIMATE SUMMARY FOR JANUARY 24 2015...

CLIMATE NORMAL PERIOD 1981 TO 2010
CLIMATE RECORD PERIOD 1883 TO 2015


WEATHER ITEM   OBSERVED TIME   RECORD YEAR NORMAL DEPARTURE LAST
                VALUE   (LST)  VALUE       VALUE  FROM      YEAR
                                                  NORMAL
..................................................................
TEMPERATURE (F)
 YESTERDAY
  MAXIMUM         49    342 PM  68    1950  33     16       34
  MINIMUM         28    304 AM -13    1915  17     11       -5
  AVERAGE         39                        25     14       15

PRECIPITATION (IN)
  YESTERDAY        0.00          1.22 1938   0.05  -0.05      T
  MONTH TO DATE    1.66                      1.42   0.24     1.92
  SINCE DEC 1      2.89                      3.84  -0.95     3.41
  SINCE JAN 1      1.66                      1.42   0.24     1.92

SNOWFALL (IN)
  YESTERDAY        0.0           6.0  1895   0.2   -0.2       T
  MONTH TO DATE    8.9                       5.3    3.6     14.8
  SINCE DEC 1      8.9                      12.4   -3.5     23.3
  SINCE JUL 1     10.2                      13.5   -3.3     23.9
  SNOW DEPTH       0

DEGREE DAYS
 HEATING
  YESTERDAY       26                        40    -14       50
  MONTH TO DATE  976                       960     16     1110
  SINCE DEC 1   1944                      2090   -146     2354
  SINCE JUL 1   3185                      3238    -53     3536

 COOLING
  YESTERDAY        0                         0      0        0
  MONTH TO DATE    0                         0      0        0
  SINCE DEC 1      0                         0      0        0
  SINCE JAN 1      0                         0      0        0
..................................................................


WIND (MPH)
  HIGHEST WIND SPEED    14   HIGHEST WIND DIRECTION     W (250)
  HIGHEST GUST SPEED    18   HIGHEST GUST DIRECTION     W (270)
  AVERAGE WIND SPEED     7.0


SKY COVER
  POSSIBLE SUNSHINE  MM
  AVERAGE SKY COVER 0.1


WEATHER CONDITIONS
 THE FOLLOWING WEATHER WAS RECORDED YESTERDAY.
  FOG
  HAZE


RELATIVE HUMIDITY (PERCENT)
 HIGHEST    92           800 AM
 LOWEST     61           200 PM
 AVERAGE    77

..........................................................


THE PEORIA IL CLIMATE NORMALS FOR TODAY
                         NORMAL    RECORD    YEAR
 MAXIMUM TEMPERATURE (F)   33        68      1950
 MINIMUM TEMPERATURE (F)   17       -17      1894


SUNRISE AND SUNSET
JANUARY 25 2015.......SUNRISE   715 AM CST   SUNSET   508 PM CST
JANUARY 26 2015.......SUNRISE   714 AM CST   SUNSET   509 PM CST


-  INDICATES NEGATIVE NUMBERS.
R  INDICATES RECORD WAS SET OR TIED.
MM INDICATES DATA IS MISSING.
T  INDICATES TRACE AMOUNT.




$$
