000
CDUS43 KILX 210646
CLIPIA


CLIMATE REPORT
NATIONAL WEATHER SERVICE LINCOLN IL
1238 AM CST SUN DEC 21 2014


...................................

...THE PEORIA IL CLIMATE SUMMARY FOR DECEMBER 20 2014...

CLIMATE NORMAL PERIOD 1981 TO 2010
CLIMATE RECORD PERIOD 1883 TO 2014


WEATHER ITEM   OBSERVED TIME   RECORD YEAR NORMAL DEPARTURE LAST
                VALUE   (LST)  VALUE       VALUE  FROM      YEAR
                                                  NORMAL
..................................................................
TEMPERATURE (F)
 YESTERDAY
  MAXIMUM         37    313 PM  62    1949  35      2       45
  MINIMUM         25    103 AM -12    1989  20      5       30
  AVERAGE         31                        27      4       38

PRECIPITATION (IN)
  YESTERDAY        T             1.59 1949   0.07  -0.07     0.23
  MONTH TO DATE    0.55                      1.67  -1.12     1.00
  SINCE DEC 1      0.55                      1.67  -1.12     1.00
  SINCE JAN 1     39.09                     35.74   3.35    43.07

SNOWFALL (IN)
  YESTERDAY        T             4.5  2012   0.2   -0.2      0.0
  MONTH TO DATE    T                         4.3   -4.3      7.7
  SINCE DEC 1      T                         4.3   -4.3      7.7
  SINCE JUL 1      1.3                       5.4   -4.1      8.3
  SNOW DEPTH       0

DEGREE DAYS
 HEATING
  YESTERDAY       34                        38     -4       27
  MONTH TO DATE  635                       701    -66      780
  SINCE DEC 1    635                       701    -66      780
  SINCE JUL 1   1876                      1849     27     1962

 COOLING
  YESTERDAY        0                         0      0        0
  MONTH TO DATE    0                         0      0        0
  SINCE DEC 1      0                         0      0        0
  SINCE JAN 1   1156                      1039    117     1174
..................................................................


WIND (MPH)
  HIGHEST WIND SPEED    10   HIGHEST WIND DIRECTION     S (180)
  HIGHEST GUST SPEED    12   HIGHEST GUST DIRECTION     S (180)
  AVERAGE WIND SPEED     4.8


SKY COVER
  POSSIBLE SUNSHINE  MM
  AVERAGE SKY COVER 1.0


WEATHER CONDITIONS
 THE FOLLOWING WEATHER WAS RECORDED YESTERDAY.
  LIGHT SNOW
  FOG
  HAZE


RELATIVE HUMIDITY (PERCENT)
 HIGHEST    85           300 AM
 LOWEST     64           200 PM
 AVERAGE    75

..........................................................


THE PEORIA IL CLIMATE NORMALS FOR TODAY
                         NORMAL    RECORD    YEAR
 MAXIMUM TEMPERATURE (F)   34        60      1967
                                             1941
 MINIMUM TEMPERATURE (F)   19       -18      1989
                                             1963


SUNRISE AND SUNSET
DECEMBER 21 2014......SUNRISE   719 AM CST   SUNSET   435 PM CST
DECEMBER 22 2014......SUNRISE   720 AM CST   SUNSET   435 PM CST


-  INDICATES NEGATIVE NUMBERS.
R  INDICATES RECORD WAS SET OR TIED.
MM INDICATES DATA IS MISSING.
T  INDICATES TRACE AMOUNT.




$$
