000
CDUS43 KILX 300651
CLIPIA


CLIMATE REPORT
NATIONAL WEATHER SERVICE LINCOLN IL
150 AM CDT TUE SEP 30 2014


...................................

...THE PEORIA IL CLIMATE SUMMARY FOR SEPTEMBER 29 2014...

CLIMATE NORMAL PERIOD 1981 TO 2010
CLIMATE RECORD PERIOD 1883 TO 2014


WEATHER ITEM   OBSERVED TIME   RECORD YEAR NORMAL DEPARTURE LAST
                VALUE   (LST)  VALUE       VALUE  FROM      YEAR
                                                  NORMAL
..................................................................
TEMPERATURE (F)
 YESTERDAY
  MAXIMUM         87    157 PM  98    1953  71     16       72
  MINIMUM         58    605 AM  32    1949  49      9       51
                                      1908
                                      1899
  AVERAGE         73                        60     13       62

PRECIPITATION (IN)
  YESTERDAY        0.00          1.93 1906   0.09  -0.09     0.00
  MONTH TO DATE    4.98                      3.06   1.92     1.85
  SINCE SEP 1      4.98                      3.06   1.92     1.85
  SINCE JAN 1     35.06                     28.01   7.05    33.68

SNOWFALL (IN)
  YESTERDAY        0.0           0.0    MM   0.0    0.0      0.0
  MONTH TO DATE    0.0                       0.0    0.0      0.0
  SINCE SEP 1      0.0                       0.0    0.0      0.0
  SINCE JUL 1      0.0                       0.0    0.0      0.0
  SNOW DEPTH       0

DEGREE DAYS
 HEATING
  YESTERDAY        0                         6     -6        3
  MONTH TO DATE   74                        78     -4       25
  SINCE SEP 1     74                        78     -4       25
  SINCE JUL 1     76                        84     -8       30

 COOLING
  YESTERDAY        8                         2      6        0
  MONTH TO DATE  123                       116      7      192
  SINCE SEP 1    123                       116      7      192
  SINCE JAN 1   1147                      1023    124     1134
..................................................................


WIND (MPH)
  HIGHEST WIND SPEED    13   HIGHEST WIND DIRECTION    NE (60)
  HIGHEST GUST SPEED    15   HIGHEST GUST DIRECTION    NE (50)
  AVERAGE WIND SPEED     1.7


SKY COVER
  POSSIBLE SUNSHINE  MM
  AVERAGE SKY COVER 0.1


WEATHER CONDITIONS
 THE FOLLOWING WEATHER WAS RECORDED YESTERDAY.
  FOG
  HAZE


RELATIVE HUMIDITY (PERCENT)
 HIGHEST    84          1200 AM
 LOWEST     35           200 PM
 AVERAGE    60

..........................................................


THE PEORIA IL CLIMATE NORMALS FOR TODAY
                         NORMAL    RECORD    YEAR
 MAXIMUM TEMPERATURE (F)   71        91      1933
 MINIMUM TEMPERATURE (F)   49        26      1899


SUNRISE AND SUNSET
SEPTEMBER 30 2014.....SUNRISE   654 AM CDT   SUNSET   642 PM CDT
OCTOBER  1 2014.......SUNRISE   655 AM CDT   SUNSET   641 PM CDT


-  INDICATES NEGATIVE NUMBERS.
R  INDICATES RECORD WAS SET OR TIED.
MM INDICATES DATA IS MISSING.
T  INDICATES TRACE AMOUNT.




$$
