000
CDUS43 KILX 260637
CLIPIA


CLIMATE REPORT
NATIONAL WEATHER SERVICE LINCOLN IL
137 AM CDT WED APR 26 2017


...................................

...THE PEORIA IL CLIMATE SUMMARY FOR APRIL 25 2017...

CLIMATE NORMAL PERIOD 1981 TO 2010
CLIMATE RECORD PERIOD 1883 TO 2017


WEATHER ITEM   OBSERVED TIME   RECORD YEAR NORMAL DEPARTURE LAST
                VALUE   (LST)  VALUE       VALUE  FROM      YEAR
                                                  NORMAL
..................................................................
TEMPERATURE (F)
 YESTERDAY
  MAXIMUM         80    326 PM  92    1986  67     13       84
  MINIMUM         53    501 AM  28    1934  45      8       61
                                      1919
  AVERAGE         67                        56     11       73

PRECIPITATION (IN)
  YESTERDAY        0.00          1.44 1979   0.13  -0.13     0.00
  MONTH TO DATE    3.25                      2.98   0.27     0.65
  SINCE MAR 1      7.28                      5.78   1.50     2.97
  SINCE JAN 1      9.94                      9.35   0.59     4.35

SNOWFALL (IN)
  YESTERDAY        0.0           T    1937   0.0    0.0      0.0
                                      1907
  MONTH TO DATE    0.0                       0.6   -0.6       T
  SINCE MAR 1      4.2                       3.3    0.9      0.2
  SINCE JUL 1     13.9                      24.6  -10.7     15.3
  SNOW DEPTH       0

DEGREE DAYS
 HEATING
  YESTERDAY        0                        10    -10        0
  MONTH TO DATE  192                       350   -158      312
  SINCE MAR 1    884                      1106   -222      859
  SINCE JUL 1   4491                      5622  -1131     4442

 COOLING
  YESTERDAY        2                         1      1        8
  MONTH TO DATE   18                         8     10       18
  SINCE MAR 1     18                         9      9       18
  SINCE JAN 1     18                         9      9       18
..................................................................


WIND (MPH)
  HIGHEST WIND SPEED    24   HIGHEST WIND DIRECTION     S (160)
  HIGHEST GUST SPEED    35   HIGHEST GUST DIRECTION    SE (140)
  AVERAGE WIND SPEED    12.1


SKY COVER
  POSSIBLE SUNSHINE  MM
  AVERAGE SKY COVER 0.0


WEATHER CONDITIONS
 THE FOLLOWING WEATHER WAS RECORDED YESTERDAY.
  NO SIGNIFICANT WEATHER WAS OBSERVED.


RELATIVE HUMIDITY (PERCENT)
 HIGHEST    66           600 AM
 LOWEST     28           200 PM
 AVERAGE    47

..........................................................


THE PEORIA IL CLIMATE NORMALS FOR TODAY
                         NORMAL    RECORD    YEAR
 MAXIMUM TEMPERATURE (F)   67        90      1986
 MINIMUM TEMPERATURE (F)   45        29      1919


SUNRISE AND SUNSET
APRIL 26 2017.........SUNRISE   604 AM CDT   SUNSET   750 PM CDT
APRIL 27 2017.........SUNRISE   602 AM CDT   SUNSET   751 PM CDT


-  INDICATES NEGATIVE NUMBERS.
R  INDICATES RECORD WAS SET OR TIED.
MM INDICATES DATA IS MISSING.
T  INDICATES TRACE AMOUNT.




$$
