000
CDUS45 KPIH 080736
CLIPIH


CLIMATE REPORT
NATIONAL WEATHER SERVICE POCATELLO ID
1235 AM MST MON FEB 8 2016


...................................

...THE POCATELLO ID CLIMATE SUMMARY FOR FEBRUARY 7 2016...

CLIMATE NORMAL PERIOD 1981 TO 2010
CLIMATE RECORD PERIOD 1939 TO 2016


WEATHER ITEM   OBSERVED TIME   RECORD YEAR NORMAL DEPARTURE LAST
                VALUE   (LST)  VALUE       VALUE  FROM      YEAR
                                                  NORMAL
..................................................................
TEMPERATURE (F)
 YESTERDAY
  MAXIMUM         36   1219 AM  61    2015  35      1       61
  MINIMUM         19    847 AM -19    1989  18      1       39
  AVERAGE         28                        26      2       50

PRECIPITATION (IN)
  YESTERDAY        0.00          0.57 2004   0.04  -0.04      T
  MONTH TO DATE    0.04                      0.22  -0.18     0.37
  SINCE OCT 1      5.02                      4.43   0.59     3.19
  SINCE JAN 1      1.45                      1.21   0.24     0.80

SNOWFALL (IN)
  YESTERDAY        0.0
  MONTH TO DATE    0.6
  SINCE DEC 1     21.3
  SINCE JUL 1     27.6
  SNOW DEPTH       1

DEGREE DAYS
 HEATING
  YESTERDAY       37                        39     -2       15
  MONTH TO DATE  315                       275     40      146
  SINCE DEC 1   2763                      2794    -31     2226
  SINCE JUL 1   4207                      4522   -315     3753

 COOLING
  YESTERDAY        0                         0      0        0
  MONTH TO DATE    0                         0      0        0
  SINCE DEC 1      0                         0      0        0
  SINCE JAN 1      0                         0      0        0
..................................................................


WIND (MPH)
  HIGHEST WIND SPEED    17   HIGHEST WIND DIRECTION    SW (210)
  HIGHEST GUST SPEED    20   HIGHEST GUST DIRECTION    SW (210)
  AVERAGE WIND SPEED     6.3


SKY COVER
  POSSIBLE SUNSHINE  MM
  AVERAGE SKY COVER 0.6


WEATHER CONDITIONS
 THE FOLLOWING WEATHER WAS RECORDED YESTERDAY.
  FOG
  FOG W/VISIBILITY <= 1/4 MILE


RELATIVE HUMIDITY (PERCENT)
 HIGHEST   100           700 PM
 LOWEST     66           100 PM
 AVERAGE    83

..........................................................


THE POCATELLO ID CLIMATE NORMALS FOR TODAY
                         NORMAL    RECORD    YEAR
 MAXIMUM TEMPERATURE (F)   35        61      2015
 MINIMUM TEMPERATURE (F)   18       -15      1989


SUNRISE AND SUNSET
FEBRUARY  8 2016......SUNRISE   738 AM MST   SUNSET   552 PM MST
FEBRUARY  9 2016......SUNRISE   736 AM MST   SUNSET   553 PM MST


-  INDICATES NEGATIVE NUMBERS.
R  INDICATES RECORD WAS SET OR TIED.
MM INDICATES DATA IS MISSING.
T  INDICATES TRACE AMOUNT.




$$
