000
CDUS45 KPIH 030737
CLIPIH


CLIMATE REPORT
NATIONAL WEATHER SERVICE POCATELLO ID
134 AM MDT FRI JUL 3 2015


...................................

...THE POCATELLO ID CLIMATE SUMMARY FOR JULY 2 2015...

CLIMATE NORMAL PERIOD 1981 TO 2010
CLIMATE RECORD PERIOD 1939 TO 2015


WEATHER ITEM   OBSERVED TIME   RECORD YEAR NORMAL DEPARTURE LAST
                VALUE   (LST)  VALUE       VALUE  FROM      YEAR
                                                  NORMAL
..................................................................
TEMPERATURE (F)
 YESTERDAY
  MAXIMUM         96    402 PM 100    1996  84     12       95
  MINIMUM         59    452 AM  35    1997  50      9       43
  AVERAGE         78                        67     11       69

PRECIPITATION (IN)
  YESTERDAY        0.00          0.94 2009   0.02  -0.02     0.00
  MONTH TO DATE    0.00                      0.04  -0.04     0.00
  SINCE OCT 1      7.30                     10.08  -2.78     7.51
  SINCE JAN 1      4.91                      6.86  -1.95     6.14

SNOWFALL (IN)
  YESTERDAY        0.0
  MONTH TO DATE    0.0
  SINCE JUN 1      0.0
  SINCE JUL 1      0.0
  SNOW DEPTH       0

DEGREE DAYS
 HEATING
  YESTERDAY        0                         1     -1        0
  MONTH TO DATE    0                         3     -3        2
  SINCE JUN 1     28                       134   -106      112
  SINCE JUL 1      0                         3     -3        2

 COOLING
  YESTERDAY       13                         4      9        4
  MONTH TO DATE   27                         7     20        4
  SINCE JUN 1    162                        53    109       24
  SINCE JAN 1    166                        58    108       24
..................................................................


WIND (MPH)
  HIGHEST WIND SPEED    17   HIGHEST WIND DIRECTION    SW (220)
  HIGHEST GUST SPEED    21   HIGHEST GUST DIRECTION    SW (220)
  AVERAGE WIND SPEED     6.5


SKY COVER
  POSSIBLE SUNSHINE  MM
  AVERAGE SKY COVER 0.0


WEATHER CONDITIONS
 THE FOLLOWING WEATHER WAS RECORDED YESTERDAY.
  NO SIGNIFICANT WEATHER WAS OBSERVED.


RELATIVE HUMIDITY (PERCENT)
 HIGHEST    84           400 AM
 LOWEST     14           400 PM
 AVERAGE    49

..........................................................


THE POCATELLO ID CLIMATE NORMALS FOR TODAY
                         NORMAL    RECORD    YEAR
 MAXIMUM TEMPERATURE (F)   85       100      2001
 MINIMUM TEMPERATURE (F)   50        39      1997


SUNRISE AND SUNSET
JULY  3 2015..........SUNRISE   556 AM MDT   SUNSET   913 PM MDT
JULY  4 2015..........SUNRISE   557 AM MDT   SUNSET   912 PM MDT


-  INDICATES NEGATIVE NUMBERS.
R  INDICATES RECORD WAS SET OR TIED.
MM INDICATES DATA IS MISSING.
T  INDICATES TRACE AMOUNT.




$$
