000
CDUS45 KPIH 210738
CLIPIH


CLIMATE REPORT
NATIONAL WEATHER SERVICE POCATELLO ID
1237 AM MST TUE NOV 21 2017


...................................

...THE POCATELLO ID CLIMATE SUMMARY FOR NOVEMBER 20 2017...

CLIMATE NORMAL PERIOD 1981 TO 2010
CLIMATE RECORD PERIOD 1939 TO 2017


WEATHER ITEM   OBSERVED TIME   RECORD YEAR NORMAL DEPARTURE LAST
                VALUE   (LST)  VALUE       VALUE  FROM      YEAR
                                                  NORMAL
..................................................................
TEMPERATURE (F)
 YESTERDAY
  MAXIMUM         49    905 PM  61    2006  42      7       60
  MINIMUM         25   1229 AM   0    1941  23      2       26
  AVERAGE         37                        32      5       43

PRECIPITATION (IN)
  YESTERDAY        T             0.55 1992   0.04  -0.04      T
  MONTH TO DATE    0.94                      0.70   0.24     0.02
  SINCE OCT 1      1.43                      1.57  -0.14     3.25
  SINCE JAN 1     15.93                     10.48   5.45    12.93

SNOWFALL (IN)
  YESTERDAY        0.0
  MONTH TO DATE    0.4
  SINCE SEP 1      0.5
  SINCE JUL 1      0.5
  SNOW DEPTH       0

DEGREE DAYS
 HEATING
  YESTERDAY       28                        33     -5       22
  MONTH TO DATE  518                       567    -49      428
  SINCE SEP 1   1404                      1328     76     1094
  SINCE JUL 1   1408                      1374     34     1132

 COOLING
  YESTERDAY        0                         0      0        0
  MONTH TO DATE    0                         0      0        0
  SINCE SEP 1     66                        22     44       17
  SINCE JAN 1    575                       392    183      416
..................................................................


WIND (MPH)
  HIGHEST WIND SPEED    21   HIGHEST WIND DIRECTION    SW (220)
  HIGHEST GUST SPEED    26   HIGHEST GUST DIRECTION     S (200)
  AVERAGE WIND SPEED    12.0


SKY COVER
  POSSIBLE SUNSHINE  MM
  AVERAGE SKY COVER 0.8


WEATHER CONDITIONS
 THE FOLLOWING WEATHER WAS RECORDED YESTERDAY.
  LIGHT RAIN


RELATIVE HUMIDITY (PERCENT)
 HIGHEST    92          1200 AM
 LOWEST     37           600 AM
 AVERAGE    65

..........................................................


THE POCATELLO ID CLIMATE NORMALS FOR TODAY
                         NORMAL    RECORD    YEAR
 MAXIMUM TEMPERATURE (F)   41        57      2006
 MINIMUM TEMPERATURE (F)   22         5      1957
                                             1941


SUNRISE AND SUNSET
NOVEMBER 21 2017......SUNRISE   730 AM MST   SUNSET   502 PM MST
NOVEMBER 22 2017......SUNRISE   732 AM MST   SUNSET   501 PM MST


-  INDICATES NEGATIVE NUMBERS.
R  INDICATES RECORD WAS SET OR TIED.
MM INDICATES DATA IS MISSING.
T  INDICATES TRACE AMOUNT.




$$
