000
CDUS45 KPIH 220733
CLIPIH


CLIMATE REPORT
NATIONAL WEATHER SERVICE POCATELLO ID
1232 AM MST THU FEB 22 2018


...................................

...THE POCATELLO ID CLIMATE SUMMARY FOR FEBRUARY 21 2018...

CLIMATE NORMAL PERIOD 1981 TO 2010
CLIMATE RECORD PERIOD 1939 TO 2018


WEATHER ITEM   OBSERVED TIME   RECORD YEAR NORMAL DEPARTURE LAST
                VALUE   (LST)  VALUE       VALUE  FROM      YEAR
                                                  NORMAL
..................................................................
TEMPERATURE (F)
 YESTERDAY
  MAXIMUM         31    525 PM  62    1982  40     -9       48
  MINIMUM          6    751 AM  -1    1984  21    -15       34
  AVERAGE         19                        30    -11       41

PRECIPITATION (IN)
  YESTERDAY        0.00          0.34 1977   0.04  -0.04     0.16
  MONTH TO DATE    0.56                      0.70  -0.14     2.16
  SINCE OCT 1      4.06                      4.91  -0.85    11.57
  SINCE JAN 1      1.27                      1.69  -0.42     5.01

SNOWFALL (IN)
  YESTERDAY        0.0
  MONTH TO DATE    6.6
  SINCE DEC 1     19.7
  SINCE JUL 1     20.7
  SNOW DEPTH       1

DEGREE DAYS
 HEATING
  YESTERDAY       46                        35     11       24
  MONTH TO DATE  627                       792   -165      621
  SINCE DEC 1   2784                      3311   -527     3519
  SINCE JUL 1   4418                      5039   -621     4954

 COOLING
  YESTERDAY        0                         0      0        0
  MONTH TO DATE    0                         0      0        0
  SINCE DEC 1      0                         0      0        0
  SINCE JAN 1      0                         0      0        0
..................................................................


WIND (MPH)
  HIGHEST WIND SPEED    13   HIGHEST WIND DIRECTION     S (180)
  HIGHEST GUST SPEED    17   HIGHEST GUST DIRECTION     S (170)
  AVERAGE WIND SPEED     4.0


SKY COVER
  POSSIBLE SUNSHINE  MM
  AVERAGE SKY COVER 0.2


WEATHER CONDITIONS
 THE FOLLOWING WEATHER WAS RECORDED YESTERDAY.
  NO SIGNIFICANT WEATHER WAS OBSERVED.


RELATIVE HUMIDITY (PERCENT)
 HIGHEST    88           800 AM
 LOWEST     43           500 PM
 AVERAGE    66

..........................................................


THE POCATELLO ID CLIMATE NORMALS FOR TODAY
                         NORMAL    RECORD    YEAR
 MAXIMUM TEMPERATURE (F)   40        62      1958
 MINIMUM TEMPERATURE (F)   21        -6      1952


SUNRISE AND SUNSET
FEBRUARY 22 2018......SUNRISE   717 AM MST   SUNSET   611 PM MST
FEBRUARY 23 2018......SUNRISE   716 AM MST   SUNSET   612 PM MST


-  INDICATES NEGATIVE NUMBERS.
R  INDICATES RECORD WAS SET OR TIED.
MM INDICATES DATA IS MISSING.
T  INDICATES TRACE AMOUNT.




$$
