000
CDUS45 KPIH 262322
CLIPIH


CLIMATE REPORT
NATIONAL WEATHER SERVICE POCATELLO ID
521 PM MDT THU MAY 26 2016


...................................

...THE POCATELLO ID CLIMATE SUMMARY FOR MAY 26 2016...
VALID TODAY AS OF 0500 PM LOCAL TIME.

CLIMATE NORMAL PERIOD 1981 TO 2010
CLIMATE RECORD PERIOD 1939 TO 2016


WEATHER ITEM   OBSERVED TIME   RECORD YEAR NORMAL DEPARTURE LAST
                VALUE   (LST)  VALUE       VALUE  FROM      YEAR
                                                  NORMAL
..................................................................
TEMPERATURE (F)
 TODAY
  MAXIMUM         70    336 PM  89    1958  71     -1       67
  MINIMUM         35    507 AM  29    1975  42     -7       48
  AVERAGE         53                        56     -3       58

PRECIPITATION (IN)
  TODAY            0.00          0.70 1996   0.04  -0.04     0.02
  MONTH TO DATE    1.28                      1.22   0.06     2.62
  SINCE OCT 1     10.71                      8.81   1.90     6.77
  SINCE JAN 1      7.14                      5.59   1.55     4.38

SNOWFALL (IN)
  TODAY            0.0
  MONTH TO DATE    0.0
  SINCE MAR 1      5.3
  SINCE JUL 1     33.5
  SNOW DEPTH       0

DEGREE DAYS
 HEATING
  TODAY           12                         9      3        7
  MONTH TO DATE  291                       312    -21      260
  SINCE MAR 1   1464                      1733   -269     1450
  SINCE JUL 1   6306                      7006   -700     5791

 COOLING
  TODAY            0                         0      0        0
  MONTH TO DATE    0                         0      0        0
  SINCE MAR 1      0                         0      0        0
  SINCE JAN 1      0                         0      0        0
..................................................................


WIND (MPH)
  HIGHEST WIND SPEED    13   HIGHEST WIND DIRECTION     W (260)
  HIGHEST GUST SPEED    18   HIGHEST GUST DIRECTION     W (280)
  AVERAGE WIND SPEED     4.6


SKY COVER
  POSSIBLE SUNSHINE  MM
  AVERAGE SKY COVER 0.2


WEATHER CONDITIONS
 THE FOLLOWING WEATHER WAS RECORDED TODAY.
  NO SIGNIFICANT WEATHER WAS OBSERVED.


RELATIVE HUMIDITY (PERCENT)
 HIGHEST   100           400 AM
 LOWEST     25           400 PM
 AVERAGE    63

..........................................................


THE POCATELLO ID CLIMATE NORMALS FOR TOMORROW
                         NORMAL    RECORD    YEAR
 MAXIMUM TEMPERATURE (F)   71        90      1958
 MINIMUM TEMPERATURE (F)   42        30      1965


SUNRISE AND SUNSET
MAY 26 2016...........SUNRISE   557 AM MDT   SUNSET   858 PM MDT
MAY 27 2016...........SUNRISE   557 AM MDT   SUNSET   859 PM MDT


-  INDICATES NEGATIVE NUMBERS.
R  INDICATES RECORD WAS SET OR TIED.
MM INDICATES DATA IS MISSING.
T  INDICATES TRACE AMOUNT.




$$
