000
CDUS45 KPIH 160732
CLIPIH


CLIMATE REPORT
NATIONAL WEATHER SERVICE POCATELLO ID
1230 AM MST MON JAN 16 2017


...................................

...THE POCATELLO ID CLIMATE SUMMARY FOR JANUARY 15 2017...

CLIMATE NORMAL PERIOD 1981 TO 2010
CLIMATE RECORD PERIOD 1939 TO 2017


WEATHER ITEM   OBSERVED TIME   RECORD YEAR NORMAL DEPARTURE LAST
                VALUE   (LST)  VALUE       VALUE  FROM      YEAR
                                                  NORMAL
..................................................................
TEMPERATURE (F)
 YESTERDAY
  MAXIMUM         16    412 PM  52    1974  33    -17       31
  MINIMUM         -1    802 AM  -9    1964  16    -17       23
  AVERAGE          8                        24    -16       27

PRECIPITATION (IN)
  YESTERDAY        T             0.62 1956   0.04  -0.04     0.05
  MONTH TO DATE    1.68                      0.53   1.15     0.15
  SINCE OCT 1      8.24                      3.75   4.49     3.72
  SINCE JAN 1      1.68                      0.53   1.15     0.15

SNOWFALL (IN)
  YESTERDAY        T
  MONTH TO DATE   13.4
  SINCE DEC 1     41.9
  SINCE JUL 1     44.5
  SNOW DEPTH       4

DEGREE DAYS
 HEATING
  YESTERDAY       57                        41     16       38
  MONTH TO DATE  761                       615    146      615
  SINCE DEC 1   2158                      1872    286     1850
  SINCE JUL 1   3593                      3600     -7     3294

 COOLING
  YESTERDAY        0                         0      0        0
  MONTH TO DATE    0                         0      0        0
  SINCE DEC 1      0                         0      0        0
  SINCE JAN 1      0                         0      0        0
..................................................................


WIND (MPH)
  HIGHEST WIND SPEED    12   HIGHEST WIND DIRECTION    SW (240)
  HIGHEST GUST SPEED    13   HIGHEST GUST DIRECTION    SW (230)
  AVERAGE WIND SPEED     5.8


SKY COVER
  POSSIBLE SUNSHINE  MM
  AVERAGE SKY COVER 0.1


WEATHER CONDITIONS
 THE FOLLOWING WEATHER WAS RECORDED YESTERDAY.
  LIGHT SNOW
  FOG
  FOG W/VISIBILITY <= 1/4 MILE
  HAZE


RELATIVE HUMIDITY (PERCENT)
 HIGHEST    95           400 AM
 LOWEST     73           200 PM
 AVERAGE    84

..........................................................


THE POCATELLO ID CLIMATE NORMALS FOR TODAY
                         NORMAL    RECORD    YEAR
 MAXIMUM TEMPERATURE (F)   33        57      1974
 MINIMUM TEMPERATURE (F)   16       -13      1947


SUNRISE AND SUNSET
JANUARY 16 2017.......SUNRISE   758 AM MST   SUNSET   523 PM MST
JANUARY 17 2017.......SUNRISE   757 AM MST   SUNSET   524 PM MST


-  INDICATES NEGATIVE NUMBERS.
R  INDICATES RECORD WAS SET OR TIED.
MM INDICATES DATA IS MISSING.
T  INDICATES TRACE AMOUNT.




$$
