000
CDUS45 KPIH 042324
CLIPIH


CLIMATE REPORT
NATIONAL WEATHER SERVICE POCATELLO ID
522 PM MDT WED MAY 4 2016


...................................

...THE POCATELLO ID CLIMATE SUMMARY FOR MAY 4 2016...
VALID TODAY AS OF 0500 PM LOCAL TIME.

CLIMATE NORMAL PERIOD 1981 TO 2010
CLIMATE RECORD PERIOD 1939 TO 2016


WEATHER ITEM   OBSERVED TIME   RECORD YEAR NORMAL DEPARTURE LAST
                VALUE   (LST)  VALUE       VALUE  FROM      YEAR
                                                  NORMAL
..................................................................
TEMPERATURE (F)
 TODAY
  MAXIMUM         79    203 PM  87    1966  64     15       77
  MINIMUM         38    541 AM  24    2001  37      1       40
  AVERAGE         59                        50      9       59

PRECIPITATION (IN)
  TODAY            0.00          0.41 1975   0.04  -0.04     0.00
  MONTH TO DATE    0.00                      0.19  -0.19      T
  SINCE OCT 1      9.43                      7.78   1.65     4.15
  SINCE JAN 1      5.86                      4.56   1.30     1.76

SNOWFALL (IN)
  TODAY            0.0
  MONTH TO DATE    0.0
  SINCE MAR 1      5.3
  SINCE JUL 1     33.5
  SNOW DEPTH       0

DEGREE DAYS
 HEATING
  TODAY            6                        15     -9        6
  MONTH TO DATE   47                        60    -13       26
  SINCE MAR 1   1220                      1481   -261     1216
  SINCE JUL 1   6062                      6754   -692     5557

 COOLING
  TODAY            0                         0      0        0
  MONTH TO DATE    0                         0      0        0
  SINCE MAR 1      0                         0      0        0
  SINCE JAN 1      0                         0      0        0
..................................................................


WIND (MPH)
  HIGHEST WIND SPEED    22   HIGHEST WIND DIRECTION     S (180)
  HIGHEST GUST SPEED    28   HIGHEST GUST DIRECTION     S (180)
  AVERAGE WIND SPEED     7.2


SKY COVER
  POSSIBLE SUNSHINE  MM
  AVERAGE SKY COVER 0.1


WEATHER CONDITIONS
 THE FOLLOWING WEATHER WAS RECORDED TODAY.
  NO SIGNIFICANT WEATHER WAS OBSERVED.


RELATIVE HUMIDITY (PERCENT)
 HIGHEST    86           200 AM
 LOWEST     17           200 PM
 AVERAGE    52

..........................................................


THE POCATELLO ID CLIMATE NORMALS FOR TOMORROW
                         NORMAL    RECORD    YEAR
 MAXIMUM TEMPERATURE (F)   64        87      1966
 MINIMUM TEMPERATURE (F)   37        21      2010
                                             1982


SUNRISE AND SUNSET
MAY  4 2016...........SUNRISE   620 AM MDT   SUNSET   835 PM MDT
MAY  5 2016...........SUNRISE   618 AM MDT   SUNSET   836 PM MDT


-  INDICATES NEGATIVE NUMBERS.
R  INDICATES RECORD WAS SET OR TIED.
MM INDICATES DATA IS MISSING.
T  INDICATES TRACE AMOUNT.




$$
