000
CDUS45 KPIH 250730
CLIPIH


CLIMATE REPORT
NATIONAL WEATHER SERVICE POCATELLO ID
129 AM MDT SAT MAR 25 2017


...................................

...THE POCATELLO ID CLIMATE SUMMARY FOR MARCH 24 2017...

CLIMATE NORMAL PERIOD 1981 TO 2010
CLIMATE RECORD PERIOD 1939 TO 2017


WEATHER ITEM   OBSERVED TIME   RECORD YEAR NORMAL DEPARTURE LAST
                VALUE   (LST)  VALUE       VALUE  FROM      YEAR
                                                  NORMAL
..................................................................
TEMPERATURE (F)
 YESTERDAY
  MAXIMUM         59    311 PM  70    2012  52      7       53
                                      1956
  MINIMUM         30    639 AM   9    1965  29      1       36
  AVERAGE         45                        40      5       45

PRECIPITATION (IN)
  YESTERDAY        0.02          0.22 1976   0.04  -0.02      T
  MONTH TO DATE    0.52                      0.99  -0.47     2.23
  SINCE OCT 1     13.03                      6.17   6.86     7.41
  SINCE JAN 1      6.47                      2.95   3.52     3.84

SNOWFALL (IN)
  YESTERDAY        0.0
  MONTH TO DATE    2.9
  SINCE MAR 1      2.9
  SINCE JUL 1     86.4
  SNOW DEPTH       0

DEGREE DAYS
 HEATING
  YESTERDAY       20                        25     -5       20
  MONTH TO DATE  518                       673   -155      539
  SINCE MAR 1    518                       673   -155      539
  SINCE JUL 1   5767                      5946   -179     5381

 COOLING
  YESTERDAY        0                         0      0        0
  MONTH TO DATE    0                         0      0        0
  SINCE MAR 1      0                         0      0        0
  SINCE JAN 1      0                         0      0        0
..................................................................


WIND (MPH)
  HIGHEST WIND SPEED    31   HIGHEST WIND DIRECTION     S (180)
  HIGHEST GUST SPEED    37   HIGHEST GUST DIRECTION     S (160)
  AVERAGE WIND SPEED    12.0


SKY COVER
  POSSIBLE SUNSHINE  MM
  AVERAGE SKY COVER 0.3


WEATHER CONDITIONS
 THE FOLLOWING WEATHER WAS RECORDED YESTERDAY.
  LIGHT RAIN


RELATIVE HUMIDITY (PERCENT)
 HIGHEST    78           500 AM
 LOWEST     24           400 PM
 AVERAGE    51

..........................................................


THE POCATELLO ID CLIMATE NORMALS FOR TODAY
                         NORMAL    RECORD    YEAR
 MAXIMUM TEMPERATURE (F)   52        72      1999
 MINIMUM TEMPERATURE (F)   29         7      1965


SUNRISE AND SUNSET
MARCH 25 2017.........SUNRISE   724 AM MDT   SUNSET   749 PM MDT
MARCH 26 2017.........SUNRISE   722 AM MDT   SUNSET   750 PM MDT


-  INDICATES NEGATIVE NUMBERS.
R  INDICATES RECORD WAS SET OR TIED.
MM INDICATES DATA IS MISSING.
T  INDICATES TRACE AMOUNT.




$$
