000
CDUS43 KABR 241036
CLIPIR


CLIMATE REPORT
NATIONAL WEATHER SERVICE ABERDEEN SD
435 AM CST SAT FEB 24 2018


...................................

...THE PIERRE SD CLIMATE SUMMARY FOR FEBRUARY 23 2018...

CLIMATE NORMAL PERIOD 1981 TO 2010
CLIMATE RECORD PERIOD 1892 TO 2018


WEATHER ITEM   OBSERVED TIME   RECORD YEAR NORMAL DEPARTURE LAST
                VALUE   (LST)  VALUE       VALUE  FROM      YEAR
                                                  NORMAL
..................................................................
TEMPERATURE (F)
 YESTERDAY
  MAXIMUM         14    314 PM  68    1976  37    -23       33
  MINIMUM         -8   1158 PM -20    1965  16    -24       27
  AVERAGE          3                        27    -24       30

PRECIPITATION (IN)
  YESTERDAY        0.00          0.29 1924   0.02  -0.02     0.00
  MONTH TO DATE    1.35                      0.45   0.90     0.16
  SINCE DEC 1      1.90                      1.42   0.48     2.81
  SINCE JAN 1      1.43                      0.87   0.56     1.11

SNOWFALL (IN)
  YESTERDAY        0.0           5.2  1942   0.2   -0.2      0.0
  MONTH TO DATE   15.2                       4.6   10.6      0.2
  SINCE OCT 1     19.6                      20.5   -0.9     27.1
  SINCE JUL 1     19.6                      20.5   -0.9     27.1
  SNOW DEPTH       9

DEGREE DAYS
 HEATING
  YESTERDAY       62                        38     24       35
  MONTH TO DATE 1285                       952    333      791
  SINCE DEC 1   3971                      3692    279     3842
  SINCE JUL 1   5428                      5312    116     4979

 COOLING
  YESTERDAY        0                         0      0        0
  MONTH TO DATE    0                         0      0        0
  SINCE DEC 1      0                         0      0        0
  SINCE JAN 1      0                         0      0        0
..................................................................


WIND (MPH)
  RESULTANT WIND SPEED   6   RESULTANT WIND DIRECTION   W (280)
  HIGHEST WIND SPEED    15   HIGHEST WIND DIRECTION    NW (310)
  HIGHEST GUST SPEED    16   HIGHEST GUST DIRECTION    NW (310)
  AVERAGE WIND SPEED     7.9




RELATIVE HUMIDITY (PERCENT)
 HIGHEST   100           900 PM
 LOWEST     70           200 PM
 AVERAGE    85

..........................................................


THE PIERRE SD CLIMATE NORMALS FOR TODAY
                         NORMAL    RECORD    YEAR
 MAXIMUM TEMPERATURE (F)   38        65      1995
 MINIMUM TEMPERATURE (F)   17       -22      1955


SUNRISE AND SUNSET
FEBRUARY 24 2018......SUNRISE   727 AM CST   SUNSET   623 PM CST
FEBRUARY 25 2018......SUNRISE   725 AM CST   SUNSET   624 PM CST


-  INDICATES NEGATIVE NUMBERS.
R  INDICATES RECORD WAS SET OR TIED.
MM INDICATES DATA IS MISSING.
T  INDICATES TRACE AMOUNT.




$$
