000
CDUS43 KABR 212234
CLIPIR


CLIMATE REPORT
NATIONAL WEATHER SERVICE ABERDEEN SD
532 PM CDT MON AUG 21 2017


...................................

...THE PIERRE SD CLIMATE SUMMARY FOR AUGUST 21 2017...
VALID TODAY AS OF 0500 PM LOCAL TIME.

CLIMATE NORMAL PERIOD 1981 TO 2010
CLIMATE RECORD PERIOD 1892 TO 2017


WEATHER ITEM   OBSERVED TIME   RECORD YEAR NORMAL DEPARTURE LAST
                VALUE   (LST)  VALUE       VALUE  FROM      YEAR
                                                  NORMAL
..................................................................
TEMPERATURE (F)
 TODAY
  MAXIMUM         81    353 PM 104    1947  87     -6       85
  MINIMUM         58    419 AM  43    1986  59     -1       48
  AVERAGE         70                        73     -3       67

PRECIPITATION (IN)
  TODAY            1.35R         0.94 1906   0.05   1.30     0.00
  MONTH TO DATE    3.06                      1.31   1.75     1.91
  SINCE JUN 1      5.93                      7.49  -1.56     8.05
  SINCE JAN 1     10.38                     14.69  -4.31    15.49

DEGREE DAYS
 COOLING
  TODAY            5                         8     -3        2
  MONTH TO DATE   80                       211   -131      194
  SINCE JUN 1    680                       672      8      772
  SINCE JAN 1    701                       704     -3      795
..................................................................


WIND (MPH)
  HIGHEST GUST SPEED    47   HIGHEST GUST DIRECTION     W (290)




..........................................................


THE PIERRE SD CLIMATE NORMALS FOR TOMORROW
                         NORMAL    RECORD    YEAR
 MAXIMUM TEMPERATURE (F)   86       105      1960
 MINIMUM TEMPERATURE (F)   59        45      1974


SUNRISE AND SUNSET
AUGUST 21 2017........SUNRISE   651 AM CDT   SUNSET   836 PM CDT
AUGUST 22 2017........SUNRISE   653 AM CDT   SUNSET   834 PM CDT


-  INDICATES NEGATIVE NUMBERS.
R  INDICATES RECORD WAS SET OR TIED.
MM INDICATES DATA IS MISSING.
T  INDICATES TRACE AMOUNT.




$$
