000
CDUS43 KABR 312228
CLIPIR


CLIMATE REPORT
NATIONAL WEATHER SERVICE ABERDEEN SD
527 PM CDT TUE MAY 31 2016


...................................

...THE PIERRE SD CLIMATE SUMMARY FOR MAY 31 2016...
VALID TODAY AS OF 0500 PM LOCAL TIME.

CLIMATE NORMAL PERIOD 1981 TO 2010
CLIMATE RECORD PERIOD 1892 TO 2016


WEATHER ITEM   OBSERVED TIME   RECORD YEAR NORMAL DEPARTURE LAST
                VALUE   (LST)  VALUE       VALUE  FROM      YEAR
                                                  NORMAL
..................................................................
TEMPERATURE (F)
 TODAY
  MAXIMUM         69    320 PM  95    1940  74     -5       67
  MINIMUM         49    523 AM  33    2012  51     -2       42
  AVERAGE         59                        62     -3       55

PRECIPITATION (IN)
  TODAY            0.00          2.46 1949   0.12  -0.12     0.03
  MONTH TO DATE    1.20                      3.15  -1.95     6.18
  SINCE MAR 1      6.44                      6.19   0.25     7.00
  SINCE JAN 1      7.44                      7.20   0.24     7.35

DEGREE DAYS
 COOLING
  TODAY            0                         2     -2        0
  MONTH TO DATE   17                        28    -11        9
  SINCE MAR 1     23                        32     -9       14
  SINCE JAN 1     23                        32     -9       14
..................................................................


WIND (MPH)
  HIGHEST GUST SPEED    49   HIGHEST GUST DIRECTION     W (280)




..........................................................


THE PIERRE SD CLIMATE NORMALS FOR TOMORROW
                         NORMAL    RECORD    YEAR
 MAXIMUM TEMPERATURE (F)   75       100      1940
 MINIMUM TEMPERATURE (F)   51        38      2011
                                             1946


SUNRISE AND SUNSET
MAY 31 2016...........SUNRISE   600 AM CDT   SUNSET   918 PM CDT
JUNE  1 2016..........SUNRISE   600 AM CDT   SUNSET   919 PM CDT


-  INDICATES NEGATIVE NUMBERS.
R  INDICATES RECORD WAS SET OR TIED.
MM INDICATES DATA IS MISSING.
T  INDICATES TRACE AMOUNT.




$$
