000
CDUS43 KABR 202332
CLIPIR


CLIMATE REPORT
NATIONAL WEATHER SERVICE ABERDEEN SD
531 PM CST FRI JAN 20 2017


...................................

...THE PIERRE SD CLIMATE SUMMARY FOR JANUARY 20 2017...
VALID TODAY AS OF 0500 PM LOCAL TIME.

CLIMATE NORMAL PERIOD 1981 TO 2010
CLIMATE RECORD PERIOD 1892 TO 2017


WEATHER ITEM   OBSERVED TIME   RECORD YEAR NORMAL DEPARTURE LAST
                VALUE   (LST)  VALUE       VALUE  FROM      YEAR
                                                  NORMAL
..................................................................
TEMPERATURE (F)
 TODAY
  MAXIMUM         22    410 PM  65    1964  30     -8       31
  MINIMUM         13    920 AM -25    1954  10      3       17
  AVERAGE         18                        20     -2       24

PRECIPITATION (IN)
  TODAY            0.00          0.15 1973   0.01  -0.01     0.00
  MONTH TO DATE    0.37                      0.28   0.09     0.17
  SINCE DEC 1      2.07                      0.83   1.24     1.18
  SINCE JAN 1      0.37                      0.28   0.09     0.17

SNOWFALL (IN)
  TODAY            0.0
  MONTH TO DATE    3.0
  SINCE OCT 1     21.4
  SINCE JUL 1     21.4
  SNOW DEPTH       5

DEGREE DAYS
 HEATING
  TODAY           47                        45      2       41
  MONTH TO DATE 1116                       905    211      978
  SINCE DEC 1   2635                      2247    388     2223
  SINCE JUL 1   3772                      3867    -95     3520
..................................................................


WIND (MPH)
  HIGHEST GUST SPEED    11   HIGHEST GUST DIRECTION     W (280)




..........................................................


THE PIERRE SD CLIMATE NORMALS FOR TOMORROW
                         NORMAL    RECORD    YEAR
 MAXIMUM TEMPERATURE (F)   30        62      1942
 MINIMUM TEMPERATURE (F)   10       -26      1954


SUNRISE AND SUNSET
JANUARY 20 2017.......SUNRISE   810 AM CST   SUNSET   535 PM CST
JANUARY 21 2017.......SUNRISE   810 AM CST   SUNSET   536 PM CST


-  INDICATES NEGATIVE NUMBERS.
R  INDICATES RECORD WAS SET OR TIED.
MM INDICATES DATA IS MISSING.
T  INDICATES TRACE AMOUNT.




$$
