000
CDUS43 KABR 231029
CLIPIR


CLIMATE REPORT
NATIONAL WEATHER SERVICE ABERDEEN SD
429 AM CST SUN NOV 23 2014


...................................

...THE PIERRE SD CLIMATE SUMMARY FOR NOVEMBER 22 2014...

CLIMATE NORMAL PERIOD 1981 TO 2010
CLIMATE RECORD PERIOD 1892 TO 2014


WEATHER ITEM   OBSERVED TIME   RECORD YEAR NORMAL DEPARTURE LAST
                VALUE   (LST)  VALUE       VALUE  FROM      YEAR
                                                  NORMAL
..................................................................
TEMPERATURE (F)
 YESTERDAY
  MAXIMUM         46    228 PM  68    2006  40      6       34
                                      1974
  MINIMUM         16    638 AM  -2    1985  20     -4        6
                                      1947
  AVERAGE         31                        30      1       20

PRECIPITATION (IN)
  YESTERDAY        0.00          0.25 1909   0.02  -0.02     0.00
  MONTH TO DATE    0.80                      0.60   0.20     0.24
  SINCE SEP 1      1.71                      4.12  -2.41     6.16
  SINCE JAN 1     17.93                     19.30  -1.37    23.08

SNOWFALL (IN)
  YESTERDAY        0.0           2.8  1909   0.2   -0.2      0.0
  MONTH TO DATE    9.0                       3.6    5.4      1.5
  SINCE OCT 1      9.0                       4.6    4.4      2.0
  SINCE JUL 1      9.0                       4.6    4.4      2.0
  SNOW DEPTH       4

DEGREE DAYS
 HEATING
  YESTERDAY       34                        35     -1       45
  MONTH TO DATE  816                       643    173      640
  SINCE SEP 1   1365                      1304     61     1309
  SINCE JUL 1   1393                      1324     69     1318

 COOLING
  YESTERDAY        0                         0      0        0
  MONTH TO DATE    0                         0      0        0
  SINCE SEP 1     86                        91     -5      167
  SINCE JAN 1    622                       868   -246      853
..................................................................


WIND (MPH)
  RESULTANT WIND SPEED   2   RESULTANT WIND DIRECTION   S (180)
  HIGHEST WIND SPEED    13   HIGHEST WIND DIRECTION    SW (240)
  HIGHEST GUST SPEED    17   HIGHEST GUST DIRECTION    NW (310)
  AVERAGE WIND SPEED     4.6




RELATIVE HUMIDITY (PERCENT)
 HIGHEST   100           500 AM
 LOWEST     62           200 PM
 AVERAGE    81

..........................................................


THE PIERRE SD CLIMATE NORMALS FOR TODAY
                         NORMAL    RECORD    YEAR
 MAXIMUM TEMPERATURE (F)   40        65      1984
 MINIMUM TEMPERATURE (F)   20       -11      1985


SUNRISE AND SUNSET
NOVEMBER 23 2014......SUNRISE   748 AM CST   SUNSET   507 PM CST
NOVEMBER 24 2014......SUNRISE   749 AM CST   SUNSET   507 PM CST


-  INDICATES NEGATIVE NUMBERS.
R  INDICATES RECORD WAS SET OR TIED.
MM INDICATES DATA IS MISSING.
T  INDICATES TRACE AMOUNT.




$$
