000
CDUS43 KABR 301037
CLIPIR


CLIMATE REPORT
NATIONAL WEATHER SERVICE ABERDEEN SD
536 AM CDT SAT JUL 30 2016


...................................

...THE PIERRE SD CLIMATE SUMMARY FOR JULY 29 2016...

CLIMATE NORMAL PERIOD 1981 TO 2010
CLIMATE RECORD PERIOD 1892 TO 2016


WEATHER ITEM   OBSERVED TIME   RECORD YEAR NORMAL DEPARTURE LAST
                VALUE   (LST)  VALUE       VALUE  FROM      YEAR
                                                  NORMAL
..................................................................
TEMPERATURE (F)
 YESTERDAY
  MAXIMUM         84    453 PM 111    2006  90     -6       88
  MINIMUM         60    529 AM  47    1971  63     -3       59
  AVERAGE         72                        76     -4       74

PRECIPITATION (IN)
  YESTERDAY        0.00          1.13 1979   0.08  -0.08     0.00
  MONTH TO DATE    2.43                      2.44  -0.01     2.15
  SINCE JUN 1      4.26                      6.01  -1.75     8.31
  SINCE JAN 1     11.70                     13.21  -1.51    15.66

DEGREE DAYS
 HEATING
  YESTERDAY        0                         0      0        0
  MONTH TO DATE    4                         0      4        2
  SINCE JUN 1     16                        53    -37        7
  SINCE JUL 1      4                         0      4        2

 COOLING
  YESTERDAY        7                        11     -4        9
  MONTH TO DATE  326                       300     26      277
  SINCE JUN 1    553                       434    119      412
  SINCE JAN 1    576                       466    110      426
..................................................................


WIND (MPH)
  RESULTANT WIND SPEED   7   RESULTANT WIND DIRECTION   S (170)
  HIGHEST WIND SPEED    16   HIGHEST WIND DIRECTION    SE (150)
  HIGHEST GUST SPEED    25   HIGHEST GUST DIRECTION     S (170)
  AVERAGE WIND SPEED     8.8




RELATIVE HUMIDITY (PERCENT)
 HIGHEST   100           300 AM
 LOWEST     37           500 PM
 AVERAGE    69

..........................................................


THE PIERRE SD CLIMATE NORMALS FOR TODAY
                         NORMAL    RECORD    YEAR
 MAXIMUM TEMPERATURE (F)   90       111      2006
 MINIMUM TEMPERATURE (F)   63        42      1971


SUNRISE AND SUNSET
JULY 30 2016..........SUNRISE   627 AM CDT   SUNSET   908 PM CDT
JULY 31 2016..........SUNRISE   628 AM CDT   SUNSET   907 PM CDT


-  INDICATES NEGATIVE NUMBERS.
R  INDICATES RECORD WAS SET OR TIED.
MM INDICATES DATA IS MISSING.
T  INDICATES TRACE AMOUNT.




$$
