000
CDUS43 KABR 211036
CLIPIR


CLIMATE REPORT
NATIONAL WEATHER SERVICE ABERDEEN SD
535 AM CDT SAT OCT 21 2017


...................................

...THE PIERRE SD CLIMATE SUMMARY FOR OCTOBER 20 2017...

CLIMATE NORMAL PERIOD 1981 TO 2010
CLIMATE RECORD PERIOD 1892 TO 2017


WEATHER ITEM   OBSERVED TIME   RECORD YEAR NORMAL DEPARTURE LAST
                VALUE   (LST)  VALUE       VALUE  FROM      YEAR
                                                  NORMAL
..................................................................
TEMPERATURE (F)
 YESTERDAY
  MAXIMUM         81    235 PM  92    1947  59     22       60
  MINIMUM         52    610 AM  19    2011  35     17       39
  AVERAGE         67                        47     20       50

PRECIPITATION (IN)
  YESTERDAY        0.00          2.20 1906   0.05  -0.05     0.06
  MONTH TO DATE    1.04                      1.21  -0.17     0.72
  SINCE SEP 1      2.90                      3.08  -0.18     1.95
  SINCE JAN 1     13.34                     18.26  -4.92    17.67

SNOWFALL (IN)
  YESTERDAY        0.0           0.6  1898   0.1   -0.1      0.0
  MONTH TO DATE    0.0                       0.4   -0.4      0.0
  SINCE OCT 1      0.0                       0.4   -0.4      0.0
  SINCE JUL 1      0.0                       0.4   -0.4      0.0
  SNOW DEPTH       0

DEGREE DAYS
 HEATING
  YESTERDAY        0                        18    -18       15
  MONTH TO DATE  240                       282    -42      231
  SINCE SEP 1    371                       433    -62      325
  SINCE JUL 1    376                       453    -77      345

 COOLING
  YESTERDAY        2                         0      2        0
  MONTH TO DATE    2                         2      0       15
  SINCE SEP 1    110                        88     22       95
  SINCE JAN 1    868                       865      3      959
..................................................................


WIND (MPH)
  RESULTANT WIND SPEED  14   RESULTANT WIND DIRECTION   S (160)
  HIGHEST WIND SPEED    28   HIGHEST WIND DIRECTION     S (170)
  HIGHEST GUST SPEED    36   HIGHEST GUST DIRECTION     S (160)
  AVERAGE WIND SPEED    14.6




RELATIVE HUMIDITY (PERCENT)
 HIGHEST    80          1000 PM
 LOWEST     36           200 PM
 AVERAGE    58

..........................................................


THE PIERRE SD CLIMATE NORMALS FOR TODAY
                         NORMAL    RECORD    YEAR
 MAXIMUM TEMPERATURE (F)   59        93      1947
 MINIMUM TEMPERATURE (F)   35        14      1987


SUNRISE AND SUNSET
OCTOBER 21 2017.......SUNRISE   804 AM CDT   SUNSET   647 PM CDT
OCTOBER 22 2017.......SUNRISE   806 AM CDT   SUNSET   645 PM CDT


-  INDICATES NEGATIVE NUMBERS.
R  INDICATES RECORD WAS SET OR TIED.
MM INDICATES DATA IS MISSING.
T  INDICATES TRACE AMOUNT.




$$
