000
CDUS43 KABR 221035
CLIPIR


CLIMATE REPORT
NATIONAL WEATHER SERVICE ABERDEEN SD
535 AM CDT MON MAY 22 2017


...................................

...THE PIERRE SD CLIMATE SUMMARY FOR MAY 21 2017...

CLIMATE NORMAL PERIOD 1981 TO 2010
CLIMATE RECORD PERIOD 1892 TO 2017


WEATHER ITEM   OBSERVED TIME   RECORD YEAR NORMAL DEPARTURE LAST
                VALUE   (LST)  VALUE       VALUE  FROM      YEAR
                                                  NORMAL
..................................................................
TEMPERATURE (F)
 YESTERDAY
  MAXIMUM         71    510 PM  93    1992  71      0       75
  MINIMUM         34    337 AM  32    1968  48    -14       57
  AVERAGE         53                        60     -7       66

PRECIPITATION (IN)
  YESTERDAY        T             1.01 1899   0.11  -0.11      T
  MONTH TO DATE    0.92                      2.02  -1.10     0.29
  SINCE MAR 1      3.04                      5.06  -2.02     5.53
  SINCE JAN 1      4.27                      6.07  -1.80     6.53

DEGREE DAYS
 HEATING
  YESTERDAY       12                         7      5        0
  MONTH TO DATE  164                       195    -31      214
  SINCE MAR 1   1561                      1687   -126     1479
  SINCE JUL 1   6717                      7185   -468     6313

 COOLING
  YESTERDAY        0                         1     -1        1
  MONTH TO DATE   19                        19      0        6
  SINCE MAR 1     20                        23     -3       12
  SINCE JAN 1     20                        23     -3       12
..................................................................


WIND (MPH)
  RESULTANT WIND SPEED  10   RESULTANT WIND DIRECTION  NW (310)
  HIGHEST WIND SPEED    26   HIGHEST WIND DIRECTION    NW (300)
  HIGHEST GUST SPEED    34   HIGHEST GUST DIRECTION    NW (300)
  AVERAGE WIND SPEED    11.2




RELATIVE HUMIDITY (PERCENT)
 HIGHEST    92           100 AM
 LOWEST     23           500 PM
 AVERAGE    58

..........................................................


THE PIERRE SD CLIMATE NORMALS FOR TODAY
                         NORMAL    RECORD    YEAR
 MAXIMUM TEMPERATURE (F)   72        94      1966
 MINIMUM TEMPERATURE (F)   48        27      1963


SUNRISE AND SUNSET
MAY 22 2017...........SUNRISE   607 AM CDT   SUNSET   909 PM CDT
MAY 23 2017...........SUNRISE   606 AM CDT   SUNSET   910 PM CDT


-  INDICATES NEGATIVE NUMBERS.
R  INDICATES RECORD WAS SET OR TIED.
MM INDICATES DATA IS MISSING.
T  INDICATES TRACE AMOUNT.




$$
