000
CDUS43 KABR 221240
CLIPIR


CLIMATE REPORT
NATIONAL WEATHER SERVICE ABERDEEN SD
740 AM CDT WED MAR 22 2017


...................................

...THE PIERRE SD CLIMATE SUMMARY FOR MARCH 21 2017...

CLIMATE NORMAL PERIOD 1981 TO 2010
CLIMATE RECORD PERIOD 1892 TO 2017


WEATHER ITEM   OBSERVED TIME   RECORD YEAR NORMAL DEPARTURE LAST
                VALUE   (LST)  VALUE       VALUE  FROM      YEAR
                                                  NORMAL
..................................................................
TEMPERATURE (F)
 YESTERDAY
  MAXIMUM         42   1242 AM  80    1939  47     -5       64
  MINIMUM         29    918 AM  -6    1965  25      4       20
  AVERAGE         36                        36      0       42

PRECIPITATION (IN)
  YESTERDAY        0.05          0.64 1894   0.04   0.01     0.00
  MONTH TO DATE    0.28                      0.75  -0.47     0.94
  SINCE MAR 1      0.28                      0.75  -0.47     0.94
  SINCE JAN 1      1.51                      1.76  -0.25     1.94

SNOWFALL (IN)
  YESTERDAY        T             4.3  1993   0.1   -0.1      0.0
  MONTH TO DATE    4.0                       4.4   -0.4      1.5
  SINCE OCT 1     32.1                      26.2    5.9     28.7
  SINCE JUL 1     32.1                      26.2    5.9     28.7
  SNOW DEPTH       T

DEGREE DAYS
 HEATING
  YESTERDAY       29                        29      0       23
  MONTH TO DATE  669                       683    -14      507
  SINCE MAR 1    669                       683    -14      507
  SINCE JUL 1   5825                      6181   -356     5341

 COOLING
  YESTERDAY        0                         0      0        0
  MONTH TO DATE    0                         0      0        0
  SINCE MAR 1      0                         0      0        0
  SINCE JAN 1      0                         0      0        0
..................................................................


WIND (MPH)
  RESULTANT WIND SPEED  11   RESULTANT WIND DIRECTION   E (90)
  HIGHEST WIND SPEED    22   HIGHEST WIND DIRECTION    NE (50)
  HIGHEST GUST SPEED    25   HIGHEST GUST DIRECTION    NE (50)
  AVERAGE WIND SPEED    10.9




RELATIVE HUMIDITY (PERCENT)
 HIGHEST    85           400 AM
 LOWEST     44           400 PM
 AVERAGE    65

..........................................................


THE PIERRE SD CLIMATE NORMALS FOR TODAY
                         NORMAL    RECORD    YEAR
 MAXIMUM TEMPERATURE (F)   48        84      1939
 MINIMUM TEMPERATURE (F)   26        -3      2002


SUNRISE AND SUNSET
MARCH 22 2017.........SUNRISE   740 AM CDT   SUNSET   756 PM CDT
MARCH 23 2017.........SUNRISE   738 AM CDT   SUNSET   758 PM CDT


-  INDICATES NEGATIVE NUMBERS.
R  INDICATES RECORD WAS SET OR TIED.
MM INDICATES DATA IS MISSING.
T  INDICATES TRACE AMOUNT.




$$
