000
CDUS41 KPBZ 202242
CLIPIT


CLIMATE REPORT
NATIONAL WEATHER SERVICE PITTSBURGH PA
542 PM EST THU NOV 20 2014


...................................

...THE PITTSBURGH PA CLIMATE SUMMARY FOR NOVEMBER 20 2014...
VALID TODAY AS OF 0500 PM LOCAL TIME.

CLIMATE NORMAL PERIOD 1981 TO 2010
CLIMATE RECORD PERIOD 1871 TO 2014


WEATHER ITEM   OBSERVED TIME   RECORD YEAR NORMAL DEPARTURE LAST
                VALUE   (LST)  VALUE       VALUE  FROM      YEAR
                                                  NORMAL
..................................................................
TEMPERATURE (F)
 TODAY
  MAXIMUM         37   1214 AM  75    1931  49    -12       48
  MINIMUM         23    952 AM  17    1980  34    -11       26
                                      1937
                                      1879
  AVERAGE         30                        41    -11       37

PRECIPITATION (IN)
  TODAY            T             0.80 1988   0.12  -0.12     0.00
  MONTH TO DATE    1.54                      2.13  -0.59     1.92
  SINCE JUN 1     18.69                     19.14  -0.45    20.00
  SINCE JAN 1     33.78                     34.24  -0.46    32.34

SNOWFALL (IN)
  TODAY            T             1.8  1987   0.0    0.0      0.0
  MONTH TO DATE    0.5                       1.0   -0.5      3.8
  SINCE OCT 1      0.5                       1.4   -0.9      3.9
  SINCE JUL 1      0.5                       1.4   -0.9      3.9
  SNOW DEPTH       0

DEGREE DAYS
 HEATING
  TODAY           35                        24     11       28
  MONTH TO DATE  518                       404    114      419
  SINCE SEP 1    957                       892     65      814
  SINCE JUL 1    978                       905     73      825

 COOLING
  TODAY            0                         0      0        0
  MONTH TO DATE    0                         0      0        0
  SINCE SEP 1     79                        84     -5      112
  SINCE JAN 1    700                       736    -36      831
..................................................................


WIND (MPH)
  HIGHEST WIND SPEED    23   HIGHEST WIND DIRECTION    NW (300)
  HIGHEST GUST SPEED    37   HIGHEST GUST DIRECTION     W (270)
  AVERAGE WIND SPEED    14.6


SKY COVER
  POSSIBLE SUNSHINE  MM
  AVERAGE SKY COVER 0.6


WEATHER CONDITIONS
 THE FOLLOWING WEATHER WAS RECORDED TODAY.
  LIGHT SNOW


RELATIVE HUMIDITY (PERCENT)
 HIGHEST    68           800 AM
 LOWEST     46           500 PM
 AVERAGE    57

..........................................................


THE PITTSBURGH PA CLIMATE NORMALS FOR TOMORROW
                         NORMAL    RECORD    YEAR
 MAXIMUM TEMPERATURE (F)   49        75      1906
 MINIMUM TEMPERATURE (F)   33         7      1880


SUNRISE AND SUNSET
NOVEMBER 20 2014......SUNRISE   713 AM EST   SUNSET   500 PM EST
NOVEMBER 21 2014......SUNRISE   714 AM EST   SUNSET   459 PM EST


-  INDICATES NEGATIVE NUMBERS.
R  INDICATES RECORD WAS SET OR TIED.
MM INDICATES DATA IS MISSING.
T  INDICATES TRACE AMOUNT.





&&
SNOW DEPTH IS MEASURED AT 7 AM EST OR 8 AM EDT.
$$
