000
CDUS41 KPBZ 290717
CLIPIT

CLIMATE REPORT
NATIONAL WEATHER SERVICE PITTSBURGH PA
317 AM EDT SUN MAR 29 2015

...................................

...THE PITTSBURGH PA CLIMATE SUMMARY FOR MARCH 28 2015...

CLIMATE NORMAL PERIOD 1981 TO 2010
CLIMATE RECORD PERIOD 1871 TO 2015

WEATHER ITEM   OBSERVED TIME   RECORD YEAR NORMAL DEPARTURE LAST
                VALUE   (LST)  VALUE       VALUE  FROM      YEAR
                                                  NORMAL
..................................................................
TEMPERATURE (F)
 YESTERDAY
  MAXIMUM         30    434 PM  81    1989  54    -24       62
                                      1910
  MINIMUM         15    710 AM  11    1982  34    -19       40
  AVERAGE         23                        44    -21       51

PRECIPITATION (IN)
  YESTERDAY        T             0.94 1984   0.10  -0.10      T
  MONTH TO DATE    3.99                      2.64   1.35     1.18
  SINCE JUN 1     29.54                     30.82  -1.28    29.92
  SINCE JAN 1      7.79                      7.73   0.06     5.61

SNOWFALL (IN)
  YESTERDAY        T             3.5  1932   0.2   -0.2      0.0
  MONTH TO DATE    9.0                       7.1    1.9      4.1
  SINCE OCT 1     47.2                      39.9    7.3     62.5
  SINCE JUL 1     47.2                      39.9    7.3     62.5
  SNOW DEPTH       0

DEGREE DAYS
 HEATING
  YESTERDAY       42                        21     21       14
  MONTH TO DATE  824                       727     97      874
  SINCE MAR 1    824                       727     97      874
  SINCE JUL 1   5492                      4984    508     5405

 COOLING
  YESTERDAY        0                         0      0        0
  MONTH TO DATE    0                         0      0        0
  SINCE MAR 1      0                         0      0        0
  SINCE JAN 1      0                         0      0        0
..................................................................

WIND (MPH)
  HIGHEST WIND SPEED    23   HIGHEST WIND DIRECTION    NW (330)
  HIGHEST GUST SPEED    32   HIGHEST GUST DIRECTION    NW (310)
  AVERAGE WIND SPEED    12.7


SKY COVER
  POSSIBLE SUNSHINE  MM
  AVERAGE SKY COVER 0.5


WEATHER CONDITIONS
 THE FOLLOWING WEATHER WAS RECORDED YESTERDAY.
  LIGHT SNOW
  HAZE


RELATIVE HUMIDITY (PERCENT)
 HIGHEST    67          1200 AM
 LOWEST     34           600 PM
 AVERAGE    51

..........................................................


THE PITTSBURGH PA CLIMATE NORMALS FOR TODAY
                         NORMAL    RECORD    YEAR
 MAXIMUM TEMPERATURE (F)   55        82      1905
 MINIMUM TEMPERATURE (F)   34        13      1923


SUNRISE AND SUNSET
MARCH 29 2015.........SUNRISE   710 AM EDT   SUNSET   742 PM EDT
MARCH 30 2015.........SUNRISE   708 AM EDT   SUNSET   743 PM EDT


-  INDICATES NEGATIVE NUMBERS.
R  INDICATES RECORD WAS SET OR TIED.
MM INDICATES DATA IS MISSING.
T  INDICATES TRACE AMOUNT.

&&

SNOW DEPTH IS MEASURED AT 7 AM EST OR 8 AM EDT.

$$
