000
CDUS41 KPBZ 232213
CLIPIT

CLIMATE REPORT
NATIONAL WEATHER SERVICE PITTSBURGH PA
512 PM EST MON JAN 23 2017

...................................

...THE PITTSBURGH PA CLIMATE SUMMARY FOR JANUARY 23 2017...
VALID TODAY AS OF 0500 PM LOCAL TIME.

CLIMATE NORMAL PERIOD 1981 TO 2010
CLIMATE RECORD PERIOD 1871 TO 2017

WEATHER ITEM   OBSERVED TIME   RECORD YEAR NORMAL DEPARTURE LAST
                VALUE   (LST)  VALUE       VALUE  FROM      YEAR
                                                  NORMAL
..................................................................
TEMPERATURE (F)
 TODAY
  MAXIMUM         50    621 AM  66    1906  36     14       29
  MINIMUM         40    359 PM -16    1936  21     19       12
  AVERAGE         45                        28     17       21

PRECIPITATION (IN)
  TODAY            0.44          1.19 1982   0.09   0.35     0.10
  MONTH TO DATE    2.65                      2.02   0.63     1.78
  SINCE JUN 1     24.04                     25.11  -1.07    27.86
  SINCE JAN 1      2.65                      2.02   0.63     1.78

SNOWFALL (IN)
  TODAY            0.0           3.9  1963   0.4   -0.4      2.0
  MONTH TO DATE    2.4                       8.4   -6.0     13.9
  SINCE OCT 1     10.5                      19.1   -8.6     14.2
  SINCE JUL 1     10.5                      19.1   -8.6     14.2
  SNOW DEPTH       0

DEGREE DAYS
 HEATING
  TODAY           20                        37    -17       44
  MONTH TO DATE  683                       847   -164      925
  SINCE DEC 1   1652                      1859   -207     1554
  SINCE JUL 1   2499                      3022   -523     2408

 COOLING
  TODAY            0                         0      0        0
  MONTH TO DATE    0                         0      0        0
  SINCE DEC 1      0                         0      0        0
  SINCE JAN 1      0                         0      0        0
..................................................................

WIND (MPH)
  HIGHEST WIND SPEED    21   HIGHEST WIND DIRECTION    NE (60)
  HIGHEST GUST SPEED    30   HIGHEST GUST DIRECTION     E (80)
  AVERAGE WIND SPEED    12.0


SKY COVER
  POSSIBLE SUNSHINE  MM
  AVERAGE SKY COVER 0.8


WEATHER CONDITIONS
 THE FOLLOWING WEATHER WAS RECORDED TODAY.
  RAIN
  LIGHT RAIN
  FOG


RELATIVE HUMIDITY (PERCENT)
 HIGHEST    96           200 PM
 LOWEST     86           300 AM
 AVERAGE    91

..........................................................


THE PITTSBURGH PA CLIMATE NORMALS FOR TOMORROW
                         NORMAL    RECORD    YEAR
 MAXIMUM TEMPERATURE (F)   36        66      1909
 MINIMUM TEMPERATURE (F)   21       -18      1963


SUNRISE AND SUNSET
JANUARY 23 2017.......SUNRISE   738 AM EST   SUNSET   528 PM EST
JANUARY 24 2017.......SUNRISE   737 AM EST   SUNSET   530 PM EST


-  INDICATES NEGATIVE NUMBERS.
R  INDICATES RECORD WAS SET OR TIED.
MM INDICATES DATA IS MISSING.
T  INDICATES TRACE AMOUNT.

&&

SNOW DEPTH IS MEASURED AT 7 AM EST OR 8 AM EDT.

$$
