000
CDUS41 KPBZ 280703
CLIPIT

CLIMATE REPORT
NATIONAL WEATHER SERVICE PITTSBURGH PA
302 AM EDT SAT MAY 28 2016

...................................

...THE PITTSBURGH PA CLIMATE SUMMARY FOR MAY 27 2016...

CLIMATE NORMAL PERIOD 1981 TO 2010
CLIMATE RECORD PERIOD 1871 TO 2016

WEATHER ITEM   OBSERVED TIME   RECORD YEAR NORMAL DEPARTURE LAST
                VALUE   (LST)  VALUE       VALUE  FROM      YEAR
                                                  NORMAL
..................................................................
TEMPERATURE (F)
 YESTERDAY
  MAXIMUM         87    449 PM  92    1880  74     13       81
  MINIMUM         66    550 AM  34    1961  53     13       65
  AVERAGE         77                        63     14       73

PRECIPITATION (IN)
  YESTERDAY        0.00          1.62 1956   0.14  -0.14     0.45
  MONTH TO DATE    3.61                      3.37   0.24     2.40
  SINCE JUN 1     39.70                     37.61   2.09    35.91
  SINCE JAN 1     13.62                     14.52  -0.90    14.16

SNOWFALL (IN)
  YESTERDAY        0.0           T    1961   0.0    0.0      0.0
  MONTH TO DATE    T                         0.0    0.0      0.0
  SINCE OCT 1     29.6                      41.9  -12.3     47.5
  SINCE JUL 1     29.6                      41.9  -12.3     47.5
  SNOW DEPTH       0

DEGREE DAYS
 HEATING
  YESTERDAY        0                         4     -4        0
  MONTH TO DATE  178                       182     -4       91
  SINCE MAR 1   1104                      1401   -297     1348
  SINCE JUL 1   4670                      5658   -988     6016

 COOLING
  YESTERDAY       12                         2     10        8
  MONTH TO DATE   32                        34     -2      105
  SINCE MAR 1     35                        44     -9      106
  SINCE JAN 1     35                        44     -9      106
..................................................................

WIND (MPH)
  HIGHEST WIND SPEED    17   HIGHEST WIND DIRECTION    SW (210)
  HIGHEST GUST SPEED    22   HIGHEST GUST DIRECTION     S (200)
  AVERAGE WIND SPEED     5.9


SKY COVER
  POSSIBLE SUNSHINE  MM
  AVERAGE SKY COVER 0.6


WEATHER CONDITIONS
 THE FOLLOWING WEATHER WAS RECORDED YESTERDAY.
  NO SIGNIFICANT WEATHER WAS OBSERVED.


RELATIVE HUMIDITY (PERCENT)
 HIGHEST    87           400 AM
 LOWEST     39           400 PM
 AVERAGE    63

..........................................................


THE PITTSBURGH PA CLIMATE NORMALS FOR TODAY
                         NORMAL    RECORD    YEAR
 MAXIMUM TEMPERATURE (F)   74        92      1911
                                             1881
                                             1875
 MINIMUM TEMPERATURE (F)   53        35      1971


SUNRISE AND SUNSET
MAY 28 2016...........SUNRISE   554 AM EDT   SUNSET   843 PM EDT
MAY 29 2016...........SUNRISE   554 AM EDT   SUNSET   843 PM EDT


-  INDICATES NEGATIVE NUMBERS.
R  INDICATES RECORD WAS SET OR TIED.
MM INDICATES DATA IS MISSING.
T  INDICATES TRACE AMOUNT.

&&

SNOW DEPTH IS MEASURED AT 7 AM EST OR 8 AM EDT.

$$
