000
CDUS41 KRLX 242124
CLIPKB


CLIMATE REPORT
NATIONAL WEATHER SERVICE CHARLESTON WV
524 PM EDT THU APR 24 2014


...................................

...THE PARKERSBURG WV CLIMATE SUMMARY FOR APRIL 24 2014...
VALID TODAY AS OF 0500 PM LOCAL TIME.

CLIMATE NORMAL PERIOD 1981 TO 2010
CLIMATE RECORD PERIOD 1889 TO 2014


WEATHER ITEM   OBSERVED TIME   RECORD YEAR NORMAL DEPARTURE LAST
                VALUE   (LST)  VALUE       VALUE  FROM      YEAR
                                                  NORMAL
..................................................................
TEMPERATURE (F)
 TODAY
  MAXIMUM         66    359 PM  93    1925  69     -3       69
  MINIMUM         35    249 AM  28    1986  45    -10       40
  AVERAGE         51                        57     -6       55

PRECIPITATION (IN)
  TODAY            0.00          T    2002   0.12  -0.12     0.30
                                      2001
  MONTH TO DATE    2.04                      2.61  -0.57     1.35
  SINCE MAR 1      3.56                      6.34  -2.78     4.54
  SINCE JAN 1      7.45                     11.99  -4.54     9.56

DEGREE DAYS
 HEATING
  TODAY           14                         9      5       10
  MONTH TO DATE  236                       296    -60      268
  SINCE MAR 1    821                       967   -146     1080
  SINCE JUL 1   4584                      4757   -173     4816

 COOLING
  TODAY            0                         1     -1        0
  MONTH TO DATE    5                        14     -9       29
  SINCE MAR 1      5                        17    -12       29
  SINCE JAN 1      5                        17    -12       29
..................................................................


WIND (MPH)
  HIGHEST WIND SPEED    13   HIGHEST WIND DIRECTION    NE (60)
  HIGHEST GUST SPEED    18   HIGHEST GUST DIRECTION     E (80)
  AVERAGE WIND SPEED     4.1


SKY COVER
  POSSIBLE SUNSHINE  MM
  AVERAGE SKY COVER 0.2


WEATHER CONDITIONS
 THE FOLLOWING WEATHER WAS RECORDED TODAY.
  NO SIGNIFICANT WEATHER WAS OBSERVED.


RELATIVE HUMIDITY (PERCENT)
 HIGHEST    82           300 AM
 LOWEST     15           300 PM
 AVERAGE    49

..........................................................


THE PARKERSBURG WV CLIMATE NORMALS FOR TOMORROW
                         NORMAL    RECORD    YEAR
 MAXIMUM TEMPERATURE (F)   69        91      1915
 MINIMUM TEMPERATURE (F)   45        30      1919


SUNRISE AND SUNSET
APRIL 24 2014.........SUNRISE   636 AM EDT   SUNSET   812 PM EDT
APRIL 25 2014.........SUNRISE   635 AM EDT   SUNSET   813 PM EDT


-  INDICATES NEGATIVE NUMBERS.
R  INDICATES RECORD WAS SET OR TIED.
MM INDICATES DATA IS MISSING.
T  INDICATES TRACE AMOUNT.




$$
