563
CDUS41 KRLX 262222
CLIPKB


CLIMATE REPORT
NATIONAL WEATHER SERVICE CHARLESTON WV
522 PM EST SUN FEB 26 2017


...................................

...THE PARKERSBURG WV CLIMATE SUMMARY FOR FEBRUARY 26 2017...
VALID TODAY AS OF 0500 PM LOCAL TIME.

CLIMATE NORMAL PERIOD 1981 TO 2010
CLIMATE RECORD PERIOD 1889 TO 2017


WEATHER ITEM   OBSERVED TIME   RECORD YEAR NORMAL DEPARTURE LAST
                VALUE   (LST)  VALUE       VALUE  FROM      YEAR
                                                  NORMAL
..................................................................
TEMPERATURE (F)
 TODAY
  MAXIMUM         44    350 PM  77    2000  47     -3       33
  MINIMUM         29    752 AM   3    1967  28      1       27
  AVERAGE         37                        38     -1       30

PRECIPITATION (IN)
  TODAY            0.00          0.73 2013   0.10  -0.10      T
  MONTH TO DATE    2.74                      2.50   0.24     3.75
  SINCE DEC 1     12.01                      8.55   3.46    10.14
  SINCE JAN 1      7.30                      5.45   1.85     5.50

DEGREE DAYS
 HEATING
  TODAY           28                        28      0       35
  MONTH TO DATE  549                       792   -243      769
  SINCE DEC 1   2232                      2752   -520     2397
  SINCE JUL 1   2986                      3737   -751     3159

 COOLING
  TODAY            0                         0      0        0
  MONTH TO DATE    4                         0      4        0
  SINCE DEC 1      4                         0      4        0
  SINCE JAN 1      4                         0      4        0
..................................................................


WIND (MPH)
  HIGHEST WIND SPEED    15   HIGHEST WIND DIRECTION     W (280)
  HIGHEST GUST SPEED    23   HIGHEST GUST DIRECTION     W (290)
  AVERAGE WIND SPEED     8.6


SKY COVER
  POSSIBLE SUNSHINE  MM
  AVERAGE SKY COVER 0.5


WEATHER CONDITIONS
 THE FOLLOWING WEATHER WAS RECORDED TODAY.
  NO SIGNIFICANT WEATHER WAS OBSERVED.


RELATIVE HUMIDITY (PERCENT)
 HIGHEST    53          1200 AM
 LOWEST     29           500 PM
 AVERAGE    41

..........................................................


THE PARKERSBURG WV CLIMATE NORMALS FOR TOMORROW
                         NORMAL    RECORD    YEAR
 MAXIMUM TEMPERATURE (F)   48        73      1996
 MINIMUM TEMPERATURE (F)   28        -1      1963


SUNRISE AND SUNSET
FEBRUARY 26 2017......SUNRISE   702 AM EST   SUNSET   615 PM EST
FEBRUARY 27 2017......SUNRISE   701 AM EST   SUNSET   616 PM EST


-  INDICATES NEGATIVE NUMBERS.
R  INDICATES RECORD WAS SET OR TIED.
MM INDICATES DATA IS MISSING.
T  INDICATES TRACE AMOUNT.




$$
