000
CDUS41 KRLX 302115
CLIPKB


CLIMATE REPORT
NATIONAL WEATHER SERVICE CHARLESTON WV
515 PM EDT THU MAR 30 2017


...................................

...THE PARKERSBURG WV CLIMATE SUMMARY FOR MARCH 30 2017...
VALID TODAY AS OF 0500 PM LOCAL TIME.

CLIMATE NORMAL PERIOD 1981 TO 2010
CLIMATE RECORD PERIOD 1889 TO 2017


WEATHER ITEM   OBSERVED TIME   RECORD YEAR NORMAL DEPARTURE LAST
                VALUE   (LST)  VALUE       VALUE  FROM      YEAR
                                                  NORMAL
..................................................................
TEMPERATURE (F)
 TODAY
  MAXIMUM         77    300 PM  84    1998  60     17       72
  MINIMUM         47   1222 AM  17    1941  37     10       65
  AVERAGE         62                        48     14       69

PRECIPITATION (IN)
  TODAY            0.04          0.47 2004   0.13  -0.09     0.00
  MONTH TO DATE    3.42                      3.60  -0.18     2.78
  SINCE MAR 1      3.42                      3.60  -0.18     2.78
  SINCE JAN 1     11.97                      9.25   2.72     8.32

DEGREE DAYS
 HEATING
  TODAY            3                        17    -14        0
  MONTH TO DATE  626                       653    -27      437
  SINCE MAR 1    626                       653    -27      437
  SINCE JUL 1   3657                      4443   -786     3650

 COOLING
  TODAY            0                         0      0        4
  MONTH TO DATE    2                         0      2        6
  SINCE MAR 1      2                         0      2        6
  SINCE JAN 1      6                         0      6        6
..................................................................


WIND (MPH)
  HIGHEST WIND SPEED    17   HIGHEST WIND DIRECTION    SE (140)
  HIGHEST GUST SPEED    24   HIGHEST GUST DIRECTION    SE (150)
  AVERAGE WIND SPEED     7.6


SKY COVER
  POSSIBLE SUNSHINE  MM
  AVERAGE SKY COVER 0.1


WEATHER CONDITIONS
 THE FOLLOWING WEATHER WAS RECORDED TODAY.
  THUNDERSTORM
  LIGHT RAIN


RELATIVE HUMIDITY (PERCENT)
 HIGHEST    67          1200 PM
 LOWEST     43           300 PM
 AVERAGE    55

..........................................................


THE PARKERSBURG WV CLIMATE NORMALS FOR TOMORROW
                         NORMAL    RECORD    YEAR
 MAXIMUM TEMPERATURE (F)   60        86      1986
 MINIMUM TEMPERATURE (F)   38        14      1923


SUNRISE AND SUNSET
MARCH 30 2017.........SUNRISE   713 AM EDT   SUNSET   748 PM EDT
MARCH 31 2017.........SUNRISE   711 AM EDT   SUNSET   749 PM EDT


-  INDICATES NEGATIVE NUMBERS.
R  INDICATES RECORD WAS SET OR TIED.
MM INDICATES DATA IS MISSING.
T  INDICATES TRACE AMOUNT.




$$
