000
CDUS41 KRLX 302117
CLIPKB


CLIMATE REPORT
NATIONAL WEATHER SERVICE CHARLESTON WV
516 PM EDT SAT JUL 30 2016


...................................

...THE PARKERSBURG WV CLIMATE SUMMARY FOR JULY 30 2016...
VALID TODAY AS OF 0500 PM LOCAL TIME.

CLIMATE NORMAL PERIOD 1981 TO 2010
CLIMATE RECORD PERIOD 1889 TO 2016


WEATHER ITEM   OBSERVED TIME   RECORD YEAR NORMAL DEPARTURE LAST
                VALUE   (LST)  VALUE       VALUE  FROM      YEAR
                                                  NORMAL
..................................................................
TEMPERATURE (F)
 TODAY
  MAXIMUM         85    359 PM 100    1999  85      0       88
  MINIMUM         72    256 AM  53    2014  64      8       64
                                      1981
  AVERAGE         79                        74      5       76

PRECIPITATION (IN)
  TODAY            0.01          0.42 2009   0.12  -0.11      T
  MONTH TO DATE    4.19                      4.08   0.11     1.15
  SINCE JUN 1      8.03                      8.10  -0.07     7.04
  SINCE JAN 1     24.56                     25.05  -0.49    25.23

DEGREE DAYS
 HEATING
  TODAY            0                         0      0        0
  MONTH TO DATE    0                         0      0        0
  SINCE JUN 1      7                        19    -12       15
  SINCE JUL 1      0                         0      0        0

 COOLING
  TODAY           14                         9      5       11
  MONTH TO DATE  332                       282     50      271
  SINCE JUN 1    564                       473     91      494
  SINCE JAN 1    652                       557     95      655
..................................................................


WIND (MPH)
  HIGHEST WIND SPEED    12   HIGHEST WIND DIRECTION     W (260)
  HIGHEST GUST SPEED    16   HIGHEST GUST DIRECTION     W (280)
  AVERAGE WIND SPEED     5.4


SKY COVER
  POSSIBLE SUNSHINE  MM
  AVERAGE SKY COVER 0.9


WEATHER CONDITIONS
 THE FOLLOWING WEATHER WAS RECORDED TODAY.
  LIGHT RAIN
  FOG


RELATIVE HUMIDITY (PERCENT)
 HIGHEST   100           300 AM
 LOWEST     61           400 PM
 AVERAGE    81

..........................................................


THE PARKERSBURG WV CLIMATE NORMALS FOR TOMORROW
                         NORMAL    RECORD    YEAR
 MAXIMUM TEMPERATURE (F)   85       102      1999
 MINIMUM TEMPERATURE (F)   64        49      1895


SUNRISE AND SUNSET
JULY 30 2016..........SUNRISE   624 AM EDT   SUNSET   839 PM EDT
JULY 31 2016..........SUNRISE   625 AM EDT   SUNSET   838 PM EDT


-  INDICATES NEGATIVE NUMBERS.
R  INDICATES RECORD WAS SET OR TIED.
MM INDICATES DATA IS MISSING.
T  INDICATES TRACE AMOUNT.




$$
