000
CDUS41 KRLX 180716
CLIPKB


CLIMATE REPORT
NATIONAL WEATHER SERVICE CHARLESTON WV
316 AM EDT FRI APR 18 2014


...................................

...THE PARKERSBURG WV CLIMATE SUMMARY FOR APRIL 17 2014...

CLIMATE NORMAL PERIOD 1981 TO 2010
CLIMATE RECORD PERIOD 1889 TO 2014


WEATHER ITEM   OBSERVED TIME   RECORD YEAR NORMAL DEPARTURE LAST
                VALUE   (LST)  VALUE       VALUE  FROM      YEAR
                                                  NORMAL
..................................................................
TEMPERATURE (F)
 YESTERDAY
  MAXIMUM         68    536 PM  91    1896  67      1       71
  MINIMUM         32    610 AM  26    1962  43    -11       57
  AVERAGE         50                        55     -5       64

PRECIPITATION (IN)
  YESTERDAY        0.00          0.40 2006   0.11  -0.11     0.01
  MONTH TO DATE    1.96                      1.83   0.13     0.86
  SINCE JAN 1      7.37                     11.21  -3.84     9.07

SNOWFALL (IN)
  YESTERDAY       MM
  MONTH TO DATE   MM
  SINCE SEP 1     MM
  SINCE JUL 1     MM
  SNOW DEPTH      MM

DEGREE DAYS
 HEATING
  YESTERDAY       15                        11      4        1
  MONTH TO DATE  184                       227    -43      187
  SINCE MAR 1    769                       898   -129      999
  SINCE JUL 1   4532                      4688   -156     4735

 COOLING
  YESTERDAY        0                         1     -1        0
  MONTH TO DATE    5                         7     -2       22
  SINCE MAR 1      5                        10     -5       22
  SINCE JAN 1      5                        10     -5       22
..................................................................


WIND (MPH)
  HIGHEST WIND SPEED    14   HIGHEST WIND DIRECTION    SW (220)
  HIGHEST GUST SPEED    20   HIGHEST GUST DIRECTION    SW (210)
  AVERAGE WIND SPEED     5.2


SKY COVER
  POSSIBLE SUNSHINE  MM
  AVERAGE SKY COVER 0.0


WEATHER CONDITIONS
 THE FOLLOWING WEATHER WAS RECORDED YESTERDAY.
  NO SIGNIFICANT WEATHER WAS OBSERVED.


RELATIVE HUMIDITY (PERCENT)
 HIGHEST    70           700 AM
 LOWEST     16           700 PM
 AVERAGE    43

..........................................................


THE PARKERSBURG WV CLIMATE NORMALS FOR TODAY
                         NORMAL    RECORD    YEAR
 MAXIMUM TEMPERATURE (F)   67        94      1976
 MINIMUM TEMPERATURE (F)   43        28      1951


SUNRISE AND SUNSET
APRIL 18 2014.........SUNRISE   644 AM EDT   SUNSET   806 PM EDT
APRIL 19 2014.........SUNRISE   643 AM EDT   SUNSET   807 PM EDT


-  INDICATES NEGATIVE NUMBERS.
R  INDICATES RECORD WAS SET OR TIED.
MM INDICATES DATA IS MISSING.
T  INDICATES TRACE AMOUNT.




$$
