000
CDUS46 KLOX 220915
CLIPMD


CLIMATE REPORT
NATIONAL WEATHER SERVICE LOS ANGELES/OXNARD CA
215 AM PDT WED MAR 22 2017


...................................

...THE PALMDALE AIRPORT CA CLIMATE SUMMARY FOR MARCH 21 2017...

CLIMATE NORMAL PERIOD 1981 TO 2010
CLIMATE RECORD PERIOD 1931 TO 2017


WEATHER ITEM   OBSERVED TIME   RECORD YEAR NORMAL DEPARTURE LAST
                VALUE   (LST)  VALUE       VALUE  FROM      YEAR
                                                  NORMAL
..................................................................
TEMPERATURE (F)
 YESTERDAY
  MAXIMUM         62    221 PM  89    1997  67     -5       68
  MINIMUM         54   1153 PM  22    1955  40     14       51
  AVERAGE         58                        54      4       60

PRECIPITATION (IN)
  YESTERDAY        T             0.54 1947   0.02  -0.02     0.00
  MONTH TO DATE    T                         0.97  -0.97     0.83
  SINCE OCT 1      5.89                      6.71  -0.82     4.09
  SINCE JAN 1      4.10                      4.26  -0.16     2.28

SNOWFALL (IN)
  YESTERDAY        0.0           T    1973  MM               0.0
  MONTH TO DATE    0.0                      MM               0.0
  SINCE MAR 1      0.0                      MM               0.0
  SINCE JUL 1      0.0                      MM                T
  SNOW DEPTH       0

DEGREE DAYS
 HEATING
  YESTERDAY        7                        12     -5        5
  MONTH TO DATE  151                       266   -115      161
  SINCE MAR 1    151                       266   -115      161
  SINCE JUL 1   2060                      2511   -451     2322

 COOLING
  YESTERDAY        0                         0      0        0
  MONTH TO DATE    7                         0      7        0
  SINCE MAR 1      7                         0      7        0
  SINCE JAN 1      7                         0      7        0
..................................................................


WIND (MPH)
  HIGHEST WIND SPEED    26   HIGHEST WIND DIRECTION     W (250)
  HIGHEST GUST SPEED    34   HIGHEST GUST DIRECTION    SW (230)
  AVERAGE WIND SPEED    13.0


SKY COVER
  POSSIBLE SUNSHINE  MM
  AVERAGE SKY COVER 0.4


WEATHER CONDITIONS
 THE FOLLOWING WEATHER WAS RECORDED YESTERDAY.
  LIGHT RAIN


RELATIVE HUMIDITY (PERCENT)
 HIGHEST    86           900 PM
 LOWEST     66          1200 AM
 AVERAGE    76

..........................................................


THE PALMDALE AIRPORT CA CLIMATE NORMALS FOR TODAY
                         NORMAL    RECORD    YEAR
 MAXIMUM TEMPERATURE (F)   68        89      2004
 MINIMUM TEMPERATURE (F)   40        25      1938


SUNRISE AND SUNSET
MARCH 22 2017.........SUNRISE   653 AM PDT   SUNSET   706 PM PDT
MARCH 23 2017.........SUNRISE   651 AM PDT   SUNSET   707 PM PDT


-  INDICATES NEGATIVE NUMBERS.
R  INDICATES RECORD WAS SET OR TIED.
MM INDICATES DATA IS MISSING.
T  INDICATES TRACE AMOUNT.




$$
