494
CDUS46 KLOX 170927
CLIPMD


CLIMATE REPORT
NATIONAL WEATHER SERVICE LOS ANGELES/OXNARD CA
227 AM PDT THU AUG 17 2017


...................................

...THE PALMDALE AIRPORT CA CLIMATE SUMMARY FOR AUGUST 16 2017...

CLIMATE NORMAL PERIOD 1981 TO 2010
CLIMATE RECORD PERIOD 1931 TO 2017


WEATHER ITEM   OBSERVED TIME   RECORD YEAR NORMAL DEPARTURE LAST
                VALUE   (LST)  VALUE       VALUE  FROM      YEAR
                                                  NORMAL
..................................................................
TEMPERATURE (F)
 YESTERDAY
  MAXIMUM         88    224 PM 107    1994  98    -10      100
  MINIMUM         59    521 AM  45    1979  65     -6       67
  AVERAGE         74                        82     -8       84

PRECIPITATION (IN)
  YESTERDAY        0.00          0.84 1933   0.00   0.00     0.00
  MONTH TO DATE    T                         0.04  -0.04     0.00
  SINCE OCT 1      5.94                      7.91  -1.97     4.28
  SINCE JAN 1      4.15                      5.46  -1.31     2.47

SNOWFALL (IN)
  YESTERDAY        0.0           0.0  1973  MM               0.0
  MONTH TO DATE    0.0                      MM               0.0
  SINCE JUN 1      0.0                      MM               0.0
  SINCE JUL 1      0.0                      MM               0.0
  SNOW DEPTH       0

DEGREE DAYS
 HEATING
  YESTERDAY        0                         0      0        0
  MONTH TO DATE    0                         0      0        0
  SINCE JUN 1      7                         7      0        0
  SINCE JUL 1      0                         0      0        0

 COOLING
  YESTERDAY        9                        17     -8       19
  MONTH TO DATE  290                       278     12      291
  SINCE JUN 1   1426                      1086    340     1369
  SINCE JAN 1   1607                      1256    351     1513
..................................................................


WIND (MPH)
  HIGHEST WIND SPEED    20   HIGHEST WIND DIRECTION    SW (230)
  HIGHEST GUST SPEED    37   HIGHEST GUST DIRECTION    SW (220)
  AVERAGE WIND SPEED     9.6


SKY COVER
  POSSIBLE SUNSHINE  MM
  AVERAGE SKY COVER 0.0


WEATHER CONDITIONS
 THE FOLLOWING WEATHER WAS RECORDED YESTERDAY.
  NO SIGNIFICANT WEATHER WAS OBSERVED.


RELATIVE HUMIDITY (PERCENT)
 HIGHEST    67           300 AM
 LOWEST     25           100 PM
 AVERAGE    46

..........................................................


THE PALMDALE AIRPORT CA CLIMATE NORMALS FOR TODAY
                         NORMAL    RECORD    YEAR
 MAXIMUM TEMPERATURE (F)   98       107      1939
 MINIMUM TEMPERATURE (F)   65        47      1954


SUNRISE AND SUNSET
AUGUST 17 2017........SUNRISE   615 AM PDT   SUNSET   737 PM PDT
AUGUST 18 2017........SUNRISE   615 AM PDT   SUNSET   736 PM PDT


-  INDICATES NEGATIVE NUMBERS.
R  INDICATES RECORD WAS SET OR TIED.
MM INDICATES DATA IS MISSING.
T  INDICATES TRACE AMOUNT.




$$
