000
CDUS46 KLOX 230907
CLIPMD


CLIMATE REPORT
NATIONAL WEATHER SERVICE LOS ANGELES/OXNARD CA
207 AM PDT SAT JUL 23 2016


...................................

...THE PALMDALE AIRPORT CA CLIMATE SUMMARY FOR JULY 22 2016...

CLIMATE NORMAL PERIOD 1981 TO 2010
CLIMATE RECORD PERIOD 1931 TO 2016


WEATHER ITEM   OBSERVED TIME   RECORD YEAR NORMAL DEPARTURE LAST
                VALUE   (LST)  VALUE       VALUE  FROM      YEAR
                                                  NORMAL
..................................................................
TEMPERATURE (F)
 YESTERDAY
  MAXIMUM        105    129 PM 108    1953  99      6       84
                                      1980
  MINIMUM         67    405 AM  50    1957  66      1       66
  AVERAGE         86                        82      4       75

PRECIPITATION (IN)
  YESTERDAY        0.00          T    2013   0.01  -0.01     0.00
  MONTH TO DATE    0.00                      0.07  -0.07     0.95
  SINCE OCT 1      4.28                      7.84  -3.56     5.20
  SINCE JAN 1      2.47                      5.39  -2.92     2.63

SNOWFALL (IN)
  YESTERDAY        0.0          MM      MM  MM               0.0
  MONTH TO DATE    0.0                      MM               0.0
  SINCE JUN 1      0.0                      MM               0.0
  SINCE JUL 1      0.0                      MM               0.0
  SNOW DEPTH       0

DEGREE DAYS
 HEATING
  YESTERDAY        0                         0      0        0
  MONTH TO DATE    0                         0      0        0
  SINCE JUN 1      0                         7     -7        0
  SINCE JUL 1      0                         0      0        0

 COOLING
  YESTERDAY       21                        17      4       10
  MONTH TO DATE  371                       346     25      284
  SINCE JUN 1    859                       652    207      732
  SINCE JAN 1   1003                       822    181      857
..................................................................


WIND (MPH)
  HIGHEST WIND SPEED    33   HIGHEST WIND DIRECTION     W (290)
  HIGHEST GUST SPEED    39   HIGHEST GUST DIRECTION     W (280)
  AVERAGE WIND SPEED    14.2


SKY COVER
  POSSIBLE SUNSHINE  MM
  AVERAGE SKY COVER 0.0


WEATHER CONDITIONS
 THE FOLLOWING WEATHER WAS RECORDED YESTERDAY.
  NO SIGNIFICANT WEATHER WAS OBSERVED.


RELATIVE HUMIDITY (PERCENT)
 HIGHEST    27           500 AM
 LOWEST      6           100 PM
 AVERAGE    17

..........................................................


THE PALMDALE AIRPORT CA CLIMATE NORMALS FOR TODAY
                         NORMAL    RECORD    YEAR
 MAXIMUM TEMPERATURE (F)   99       108      2006
                                             1959
 MINIMUM TEMPERATURE (F)   66        54      1972


SUNRISE AND SUNSET
JULY 23 2016..........SUNRISE   556 AM PDT   SUNSET   801 PM PDT
JULY 24 2016..........SUNRISE   557 AM PDT   SUNSET   800 PM PDT


-  INDICATES NEGATIVE NUMBERS.
R  INDICATES RECORD WAS SET OR TIED.
MM INDICATES DATA IS MISSING.
T  INDICATES TRACE AMOUNT.




$$
