000
CDUS46 KLOX 010251
CLIPMD


CLIMATE REPORT
NATIONAL WEATHER SERVICE LOS ANGELES/OXNARD CA
651 PM PST SAT FEB 28 2015


...................................

...THE PALMDALE AIRPORT CA CLIMATE SUMMARY FOR FEBRUARY 28 2015...
VALID TODAY AS OF 0600 PM LOCAL TIME.

CLIMATE NORMAL PERIOD 1981 TO 2010
CLIMATE RECORD PERIOD 1931 TO 2015


WEATHER ITEM   OBSERVED TIME   RECORD YEAR NORMAL DEPARTURE LAST
                VALUE   (LST)  VALUE       VALUE  FROM      YEAR
                                                  NORMAL
..................................................................
TEMPERATURE (F)
 TODAY
  MAXIMUM         58    158 PM  81    1999  64     -6       58
  MINIMUM         44    706 AM  18    1962  38      6       45
  AVERAGE         51                        51      0       52

PRECIPITATION (IN)
  TODAY            T             1.41 1938   0.04  -0.04     1.25
  MONTH TO DATE    0.38                      1.72  -1.34     1.39
  SINCE OCT 1      3.68                      5.74  -2.06     3.33
  SINCE JAN 1      1.11                      3.29  -2.18     1.39

SNOWFALL (IN)
  TODAY           MM             0.0  1974  MM              MM
  MONTH TO DATE    0.0                      MM               0.0
  SINCE DEC 1      0.0                      MM               0.0
  SINCE JUL 1      0.0                      MM               0.0
  SNOW DEPTH       0

DEGREE DAYS
 HEATING
  TODAY           14                        14      0       13
  MONTH TO DATE  287                       460   -173      307
  SINCE DEC 1   1341                      1718   -377     1385
  SINCE JUL 1   1655                      2245   -590     1898

 COOLING
  TODAY            0                         0      0        0
  MONTH TO DATE    0                         0      0        1
  SINCE DEC 1      0                         0      0        1
  SINCE JAN 1      0                         0      0        1
..................................................................


WIND (MPH)
  HIGHEST WIND SPEED    31   HIGHEST WIND DIRECTION    SW (210)
  HIGHEST GUST SPEED    36   HIGHEST GUST DIRECTION    SW (210)
  AVERAGE WIND SPEED    17.6


SKY COVER
  POSSIBLE SUNSHINE  MM
  AVERAGE SKY COVER 0.4


WEATHER CONDITIONS
 THE FOLLOWING WEATHER WAS RECORDED TODAY.
  LIGHT RAIN


RELATIVE HUMIDITY (PERCENT)
 HIGHEST    86           200 AM
 LOWEST     38          1200 PM
 AVERAGE    62

..........................................................


THE PALMDALE AIRPORT CA CLIMATE NORMALS FOR TOMORROW
                         NORMAL    RECORD    YEAR
 MAXIMUM TEMPERATURE (F)   64        83      1967
 MINIMUM TEMPERATURE (F)   38        23      1955


SUNRISE AND SUNSET
FEBRUARY 28 2015......SUNRISE   623 AM PST   SUNSET   547 PM PST
MARCH  1 2015.........SUNRISE   622 AM PST   SUNSET   548 PM PST


-  INDICATES NEGATIVE NUMBERS.
R  INDICATES RECORD WAS SET OR TIED.
MM INDICATES DATA IS MISSING.
T  INDICATES TRACE AMOUNT.




$$
