000
CDUS46 KLOX 240902
CLIPMD


CLIMATE REPORT
NATIONAL WEATHER SERVICE LOS ANGELES/OXNARD CA
202 AM PDT THU JUL 24 2014


...................................

...THE PALMDALE AIRPORT CA CLIMATE SUMMARY FOR JULY 23 2014...

CLIMATE NORMAL PERIOD 1981 TO 2010
CLIMATE RECORD PERIOD 1931 TO 2014


WEATHER ITEM   OBSERVED TIME   RECORD YEAR NORMAL DEPARTURE LAST
                VALUE   (LST)  VALUE       VALUE  FROM      YEAR
                                                  NORMAL
..................................................................
TEMPERATURE (F)
 YESTERDAY
  MAXIMUM        101    336 PM 108    2006  99      2       95
                                      1959
  MINIMUM         67    459 AM  54    1972  66      1       69
  AVERAGE         84                        82      2       82

PRECIPITATION (IN)
  YESTERDAY        0.00          0.25 1974   0.00   0.00     0.00
  MONTH TO DATE    T                         0.07  -0.07     0.09
  SINCE JUL 1      T                         0.07  -0.07     0.09
  SINCE JAN 1      3.05                      5.39  -2.34     0.95

SNOWFALL (IN)
  YESTERDAY        0.0           0.0  1973  MM               0.0
  MONTH TO DATE    0.0                      MM               0.0
  SINCE JUN 1      0.0                      MM               0.0
  SINCE JUL 1      0.0                      MM               0.0
  SNOW DEPTH       0

DEGREE DAYS
 HEATING
  YESTERDAY        0                         0      0        0
  MONTH TO DATE    0                         0      0        0
  SINCE JUN 1      0                         7     -7        0
  SINCE JUL 1      0                         0      0        0

 COOLING
  YESTERDAY       19                        17      2       17
  MONTH TO DATE  429                       363     66      460
  SINCE JUN 1    833                       669    164      883
  SINCE JAN 1   1052                       839    213     1114
..................................................................


WIND (MPH)
  HIGHEST WIND SPEED    23   HIGHEST WIND DIRECTION     W (250)
  HIGHEST GUST SPEED    28   HIGHEST GUST DIRECTION     W (260)
  AVERAGE WIND SPEED    10.6


SKY COVER
  POSSIBLE SUNSHINE  MM
  AVERAGE SKY COVER 0.0


WEATHER CONDITIONS
 THE FOLLOWING WEATHER WAS RECORDED YESTERDAY.
  NO SIGNIFICANT WEATHER WAS OBSERVED.


RELATIVE HUMIDITY (PERCENT)
 HIGHEST    44           400 AM
 LOWEST      6          1100 AM
 AVERAGE    25

..........................................................


THE PALMDALE AIRPORT CA CLIMATE NORMALS FOR TODAY
                         NORMAL    RECORD    YEAR
 MAXIMUM TEMPERATURE (F)   99       109      1996
 MINIMUM TEMPERATURE (F)   66        53      1999


SUNRISE AND SUNSET
JULY 24 2014..........SUNRISE   557 AM PDT   SUNSET   801 PM PDT
JULY 25 2014..........SUNRISE   557 AM PDT   SUNSET   800 PM PDT


-  INDICATES NEGATIVE NUMBERS.
R  INDICATES RECORD WAS SET OR TIED.
MM INDICATES DATA IS MISSING.
T  INDICATES TRACE AMOUNT.




$$
