000
CDUS46 KLOX 250906
CLIPMD


CLIMATE REPORT
NATIONAL WEATHER SERVICE LOS ANGELES/OXNARD CA
206 AM PDT WED MAY 25 2016


...................................

...THE PALMDALE AIRPORT CA CLIMATE SUMMARY FOR MAY 24 2016...

CLIMATE NORMAL PERIOD 1981 TO 2010
CLIMATE RECORD PERIOD 1931 TO 2016


WEATHER ITEM   OBSERVED TIME   RECORD YEAR NORMAL DEPARTURE LAST
                VALUE   (LST)  VALUE       VALUE  FROM      YEAR
                                                  NORMAL
..................................................................
TEMPERATURE (F)
 YESTERDAY
  MAXIMUM         68    245 PM  98    2001  86    -18       79
  MINIMUM         51    510 AM  39    1980  54     -3       51
  AVERAGE         60                        70    -10       65

PRECIPITATION (IN)
  YESTERDAY        0.00          T    2002   0.00   0.00     0.00
  MONTH TO DATE    T                         0.22  -0.22     0.10
  SINCE OCT 1      4.28                      7.65  -3.37     4.22
  SINCE JAN 1      2.47                      5.20  -2.73     1.65

SNOWFALL (IN)
  YESTERDAY        0.0          MM      MM  MM               0.0
  MONTH TO DATE    0.0                      MM               0.0
  SINCE MAR 1      0.0                      MM               0.0
  SINCE JUL 1      T                        MM               0.0
  SNOW DEPTH       0

DEGREE DAYS
 HEATING
  YESTERDAY        5                         1      4        0
  MONTH TO DATE   56                        61     -5       98
  SINCE MAR 1    439                       666   -227      444
  SINCE JUL 1   2600                      2911   -311     2099

 COOLING
  YESTERDAY        0                         6     -6        0
  MONTH TO DATE   72                        97    -25       27
  SINCE MAR 1     92                       120    -28       62
  SINCE JAN 1     92                       120    -28       62
..................................................................


WIND (MPH)
  HIGHEST WIND SPEED    28   HIGHEST WIND DIRECTION    SW (220)
  HIGHEST GUST SPEED    40   HIGHEST GUST DIRECTION    SW (230)
  AVERAGE WIND SPEED    18.2


SKY COVER
  POSSIBLE SUNSHINE  MM
  AVERAGE SKY COVER 0.1


WEATHER CONDITIONS
 THE FOLLOWING WEATHER WAS RECORDED YESTERDAY.
  NO SIGNIFICANT WEATHER WAS OBSERVED.


RELATIVE HUMIDITY (PERCENT)
 HIGHEST    77           100 AM
 LOWEST     40          1100 AM
 AVERAGE    59

..........................................................


THE PALMDALE AIRPORT CA CLIMATE NORMALS FOR TODAY
                         NORMAL    RECORD    YEAR
 MAXIMUM TEMPERATURE (F)   86       104      1951
 MINIMUM TEMPERATURE (F)   55        35      1980


SUNRISE AND SUNSET
MAY 25 2016...........SUNRISE   543 AM PDT   SUNSET   756 PM PDT
MAY 26 2016...........SUNRISE   543 AM PDT   SUNSET   757 PM PDT


-  INDICATES NEGATIVE NUMBERS.
R  INDICATES RECORD WAS SET OR TIED.
MM INDICATES DATA IS MISSING.
T  INDICATES TRACE AMOUNT.




$$
