000
CDUS46 KLOX 200910
CLIPMD


CLIMATE REPORT
NATIONAL WEATHER SERVICE LOS ANGELES/OXNARD CA
110 AM PST SAT JAN 20 2018


...................................

...THE PALMDALE AIRPORT CA CLIMATE SUMMARY FOR JANUARY 19 2018...

CLIMATE NORMAL PERIOD 1981 TO 2010
CLIMATE RECORD PERIOD 1931 TO 2018


WEATHER ITEM   OBSERVED TIME   RECORD YEAR NORMAL DEPARTURE LAST
                VALUE   (LST)  VALUE       VALUE  FROM      YEAR
                                                  NORMAL
..................................................................
TEMPERATURE (F)
 YESTERDAY
  MAXIMUM         59    951 AM  74    2012  59      0       55
  MINIMUM         42   1159 PM  18    2007  32     10       45
                                      1943
  AVERAGE         51                        45      6       50

PRECIPITATION (IN)
  YESTERDAY        0.01          1.34 1954   0.05  -0.04     0.07
  MONTH TO DATE    0.60                      1.09  -0.49     1.02
  SINCE OCT 1      0.60                      3.54  -2.94     2.81
  SINCE JAN 1      0.60                      1.09  -0.49     1.02

SNOWFALL (IN)
  YESTERDAY       MM             T    1949  MM              MM
  MONTH TO DATE    0.0                      MM               0.0
  SINCE DEC 1      0.0                      MM               0.0
  SINCE JUL 1      0.0                      MM               0.0
  SNOW DEPTH       0

DEGREE DAYS
 HEATING
  YESTERDAY       14                        20     -6       15
  MONTH TO DATE  219                       389   -170      357
  SINCE DEC 1    748                      1026   -278      929
  SINCE JUL 1   1033                      1553   -520     1312

 COOLING
  YESTERDAY        0                         0      0        0
  MONTH TO DATE    0                         0      0        0
  SINCE DEC 1      0                         0      0        0
  SINCE JAN 1      0                         0      0        0
..................................................................


WIND (MPH)
  HIGHEST WIND SPEED    32   HIGHEST WIND DIRECTION     W (290)
  HIGHEST GUST SPEED    40   HIGHEST GUST DIRECTION     W (290)
  AVERAGE WIND SPEED    18.0


SKY COVER
  POSSIBLE SUNSHINE  MM
  AVERAGE SKY COVER 0.4


WEATHER CONDITIONS
 THE FOLLOWING WEATHER WAS RECORDED YESTERDAY.
  LIGHT RAIN
  FOG


RELATIVE HUMIDITY (PERCENT)
 HIGHEST    77           200 PM
 LOWEST     40           400 AM
 AVERAGE    59

..........................................................


THE PALMDALE AIRPORT CA CLIMATE NORMALS FOR TODAY
                         NORMAL    RECORD    YEAR
 MAXIMUM TEMPERATURE (F)   59        81      1971
 MINIMUM TEMPERATURE (F)   32        12      1963


SUNRISE AND SUNSET
JANUARY 20 2018.......SUNRISE   657 AM PST   SUNSET   510 PM PST
JANUARY 21 2018.......SUNRISE   657 AM PST   SUNSET   511 PM PST


-  INDICATES NEGATIVE NUMBERS.
R  INDICATES RECORD WAS SET OR TIED.
MM INDICATES DATA IS MISSING.
T  INDICATES TRACE AMOUNT.




$$
