000
CDUS46 KLOX 040907
CLIPMD


CLIMATE REPORT
NATIONAL WEATHER SERVICE LOS ANGELES/OXNARD CA
206 AM PDT TUE AUG 4 2015


...................................

...THE PALMDALE AIRPORT CA CLIMATE SUMMARY FOR AUGUST 3 2015...

CLIMATE NORMAL PERIOD 1981 TO 2010
CLIMATE RECORD PERIOD 1931 TO 2015


WEATHER ITEM   OBSERVED TIME   RECORD YEAR NORMAL DEPARTURE LAST
                VALUE   (LST)  VALUE       VALUE  FROM      YEAR
                                                  NORMAL
..................................................................
TEMPERATURE (F)
 YESTERDAY
  MAXIMUM         97    311 PM 109    1946  99     -2       81
  MINIMUM         67    519 AM  50    1953  67      0       70
  AVERAGE         82                        83     -1       76

PRECIPITATION (IN)
  YESTERDAY        0.00          T    1973   0.00   0.00     0.04
  MONTH TO DATE    0.00                      0.01  -0.01     0.04
  SINCE OCT 1      5.85                      7.88  -2.03     5.03
  SINCE JAN 1      3.28                      5.43  -2.15     3.09

SNOWFALL (IN)
  YESTERDAY        0.0          MM      MM  MM               0.0
  MONTH TO DATE    0.0                      MM               0.0
  SINCE JUN 1      0.0                      MM               0.0
  SINCE JUL 1      0.0                      MM               0.0
  SNOW DEPTH       0

DEGREE DAYS
 HEATING
  YESTERDAY        0                         0      0        0
  MONTH TO DATE    0                         0      0        0
  SINCE JUN 1      0                         7     -7        0
  SINCE JUL 1      0                         0      0        0

 COOLING
  YESTERDAY       17                        18     -1       11
  MONTH TO DATE   54                        54      0       54
  SINCE JUN 1    926                       862     64     1060
  SINCE JAN 1   1051                      1032     19     1279
..................................................................


WIND (MPH)
  HIGHEST WIND SPEED    28   HIGHEST WIND DIRECTION    SW (240)
  HIGHEST GUST SPEED    32   HIGHEST GUST DIRECTION    SW (240)
  AVERAGE WIND SPEED    12.5


SKY COVER
  POSSIBLE SUNSHINE  MM
  AVERAGE SKY COVER 0.0


WEATHER CONDITIONS
 THE FOLLOWING WEATHER WAS RECORDED YESTERDAY.
  HAZE


RELATIVE HUMIDITY (PERCENT)
 HIGHEST    44           400 AM
 LOWEST     10          1200 PM
 AVERAGE    27

..........................................................


THE PALMDALE AIRPORT CA CLIMATE NORMALS FOR TODAY
                         NORMAL    RECORD    YEAR
 MAXIMUM TEMPERATURE (F)   99       109      1990
 MINIMUM TEMPERATURE (F)   67        51      1953


SUNRISE AND SUNSET
AUGUST  4 2015........SUNRISE   605 AM PDT   SUNSET   752 PM PDT
AUGUST  5 2015........SUNRISE   605 AM PDT   SUNSET   751 PM PDT


-  INDICATES NEGATIVE NUMBERS.
R  INDICATES RECORD WAS SET OR TIED.
MM INDICATES DATA IS MISSING.
T  INDICATES TRACE AMOUNT.




$$
