000
CDUS46 KLOX 300915
CLIPMD


CLIMATE REPORT
NATIONAL WEATHER SERVICE LOS ANGELES/OXNARD CA
215 AM PDT THU OCT 30 2014


...................................

...THE PALMDALE AIRPORT CA CLIMATE SUMMARY FOR OCTOBER 29 2014...

CLIMATE NORMAL PERIOD 1981 TO 2010
CLIMATE RECORD PERIOD 1931 TO 2014


WEATHER ITEM   OBSERVED TIME   RECORD YEAR NORMAL DEPARTURE LAST
                VALUE   (LST)  VALUE       VALUE  FROM      YEAR
                                                  NORMAL
..................................................................
TEMPERATURE (F)
 YESTERDAY
  MAXIMUM         82    255 PM  90    2008  74      8       60
  MINIMUM         44    617 AM  22    1971  43      1       44
  AVERAGE         63                        58      5       52

PRECIPITATION (IN)
  YESTERDAY        0.00          0.61 1942   0.02  -0.02     0.00
  MONTH TO DATE    0.00                      0.55  -0.55     0.08
  SINCE JUL 1      0.16                      1.08  -0.92     0.21
  SINCE JAN 1      3.21                      6.40  -3.19     1.07

SNOWFALL (IN)
  YESTERDAY        0.0           0.0  1973  MM               0.0
  MONTH TO DATE    0.0                      MM               0.0
  SINCE SEP 1      0.0                      MM               0.0
  SINCE JUL 1      0.0                      MM               0.0
  SNOW DEPTH       0

DEGREE DAYS
 HEATING
  YESTERDAY        2                         7     -5       13
  MONTH TO DATE   19                       100    -81      121
  SINCE SEP 1     20                       112    -92      135
  SINCE JUL 1     20                       112    -92      135

 COOLING
  YESTERDAY        0                         0      0        0
  MONTH TO DATE  121                        57     64       12
  SINCE SEP 1    509                       332    177      361
  SINCE JAN 1   2222                      1814    408     2126
..................................................................


WIND (MPH)
  HIGHEST WIND SPEED    12   HIGHEST WIND DIRECTION     S (190)
  HIGHEST GUST SPEED    13   HIGHEST GUST DIRECTION    NE (30)
  AVERAGE WIND SPEED     5.8


SKY COVER
  POSSIBLE SUNSHINE  MM
  AVERAGE SKY COVER 0.0


WEATHER CONDITIONS
 THE FOLLOWING WEATHER WAS RECORDED YESTERDAY.
  NO SIGNIFICANT WEATHER WAS OBSERVED.


RELATIVE HUMIDITY (PERCENT)
 HIGHEST    45           400 AM
 LOWEST      9           400 PM
 AVERAGE    27

..........................................................


THE PALMDALE AIRPORT CA CLIMATE NORMALS FOR TODAY
                         NORMAL    RECORD    YEAR
 MAXIMUM TEMPERATURE (F)   73        88      1939
 MINIMUM TEMPERATURE (F)   43        18      1971


SUNRISE AND SUNSET
OCTOBER 30 2014.......SUNRISE   711 AM PDT   SUNSET   601 PM PDT
OCTOBER 31 2014.......SUNRISE   712 AM PDT   SUNSET   600 PM PDT


-  INDICATES NEGATIVE NUMBERS.
R  INDICATES RECORD WAS SET OR TIED.
MM INDICATES DATA IS MISSING.
T  INDICATES TRACE AMOUNT.




$$
