000
CDUS44 KMOB 222245
CLIPNS


CLIMATE REPORT
NATIONAL WEATHER SERVICE MOBILE AL
543 PM CDT MON MAY 22 2017


...................................

...THE PENSACOLA CLIMATE SUMMARY FOR MAY 22 2017...
VALID TODAY AS OF 0500 PM LOCAL TIME.

CLIMATE NORMAL PERIOD 1981 TO 2010
CLIMATE RECORD PERIOD 1879 TO 2017


WEATHER ITEM   OBSERVED TIME   RECORD YEAR NORMAL DEPARTURE LAST
                VALUE   (LST)  VALUE       VALUE  FROM      YEAR
                                                  NORMAL
..................................................................
TEMPERATURE (F)
 TODAY
  MAXIMUM         84    223 PM  98    1996  85     -1       85
  MINIMUM         72    555 AM  49    1883  68      4       65
  AVERAGE         78                        76      2       75

PRECIPITATION (IN)
  TODAY            0.00          4.40 1916   0.15  -0.15     0.00
  MONTH TO DATE    5.13                      2.90   2.23     1.88
  SINCE MAR 1     11.20                     13.03  -1.83    15.53
  SINCE JAN 1     26.55                     22.72   3.83    24.18

DEGREE DAYS
 COOLING
  TODAY           13                        11      2       10
  MONTH TO DATE  228                       187     41      230
  SINCE MAR 1    566                       321    245      457
  SINCE JAN 1    676                       335    341      475
..................................................................


WIND (MPH)
  HIGHEST WIND SPEED    14   HIGHEST WIND DIRECTION     S (170)
  HIGHEST GUST SPEED    18   HIGHEST GUST DIRECTION    SE (150)
  AVERAGE WIND SPEED     5.0


SKY COVER
  POSSIBLE SUNSHINE  MM
  AVERAGE SKY COVER 0.3


WEATHER CONDITIONS
 THE FOLLOWING WEATHER WAS RECORDED TODAY.
  FOG


RELATIVE HUMIDITY (PERCENT)
 HIGHEST    93           600 AM
 LOWEST     61          1200 PM
 AVERAGE    77

..........................................................


THE PENSACOLA CLIMATE NORMALS FOR TOMORROW
                         NORMAL    RECORD    YEAR
 MAXIMUM TEMPERATURE (F)   85        98      1996
 MINIMUM TEMPERATURE (F)   68        47      1883


SUNRISE AND SUNSET
MAY 22 2017...........SUNRISE   551 AM CDT   SUNSET   741 PM CDT
MAY 23 2017...........SUNRISE   550 AM CDT   SUNSET   741 PM CDT


-  INDICATES NEGATIVE NUMBERS.
R  INDICATES RECORD WAS SET OR TIED.
MM INDICATES DATA IS MISSING.
T  INDICATES TRACE AMOUNT.




$$
