000
CDUS44 KMOB 170645
CLIPNS


CLIMATE REPORT
NATIONAL WEATHER SERVICE MOBILE AL
145 AM CDT TUE OCT 17 2017


...................................

...THE PENSACOLA CLIMATE SUMMARY FOR OCTOBER 16 2017...

CLIMATE NORMAL PERIOD 1981 TO 2010
CLIMATE RECORD PERIOD 1879 TO 2017


WEATHER ITEM   OBSERVED TIME   RECORD YEAR NORMAL DEPARTURE LAST
                VALUE   (LST)  VALUE       VALUE  FROM      YEAR
                                                  NORMAL
..................................................................
TEMPERATURE (F)
 YESTERDAY
  MAXIMUM         77    402 AM  88    2015  79     -2       84
                                      2005
  MINIMUM         62   1159 PM  44    1943  60      2       72
  AVERAGE         70                        70      0       78

PRECIPITATION (IN)
  YESTERDAY        0.00          5.28 1903   0.17  -0.17     0.00
  MONTH TO DATE    4.74                      2.76   1.98      T
  SINCE MAR 1     67.25                     43.82  23.43    45.49
  SINCE JAN 1     82.60                     53.51  29.09    54.14

DEGREE DAYS
 HEATING
  YESTERDAY        0                         1     -1        0
  MONTH TO DATE    0                         6     -6        0
  SINCE SEP 1      0                         7     -7        0
  SINCE JUL 1      0                         7     -7        0

 COOLING
  YESTERDAY        5                         6     -1       13
  MONTH TO DATE  243                       118    125      181
  SINCE SEP 1    717                       521    196      697
  SINCE JAN 1   3196                      2488    708     3000
..................................................................


WIND (MPH)
  HIGHEST WIND SPEED    20   HIGHEST WIND DIRECTION     N (340)
  HIGHEST GUST SPEED    26   HIGHEST GUST DIRECTION     N (340)
  AVERAGE WIND SPEED    11.1


SKY COVER
  POSSIBLE SUNSHINE  MM
  AVERAGE SKY COVER 0.5


WEATHER CONDITIONS
 THE FOLLOWING WEATHER WAS RECORDED YESTERDAY.
  NO SIGNIFICANT WEATHER WAS OBSERVED.


RELATIVE HUMIDITY (PERCENT)
 HIGHEST    88          1200 AM
 LOWEST     59           500 PM
 AVERAGE    74

..........................................................


THE PENSACOLA CLIMATE NORMALS FOR TODAY
                         NORMAL    RECORD    YEAR
 MAXIMUM TEMPERATURE (F)   79        89      1972
 MINIMUM TEMPERATURE (F)   60        40      1943


SUNRISE AND SUNSET
OCTOBER 17 2017.......SUNRISE   653 AM CDT   SUNSET   615 PM CDT
OCTOBER 18 2017.......SUNRISE   653 AM CDT   SUNSET   614 PM CDT


-  INDICATES NEGATIVE NUMBERS.
R  INDICATES RECORD WAS SET OR TIED.
MM INDICATES DATA IS MISSING.
T  INDICATES TRACE AMOUNT.




$$
