000
CDUS44 KMOB 232338
CLIPNS


CLIMATE REPORT
NATIONAL WEATHER SERVICE MOBILE AL
536 PM CST THU FEB 23 2017


...................................

...THE PENSACOLA CLIMATE SUMMARY FOR FEBRUARY 23 2017...
VALID TODAY AS OF 0500 PM LOCAL TIME.

CLIMATE NORMAL PERIOD 1981 TO 2010
CLIMATE RECORD PERIOD 1879 TO 2017


WEATHER ITEM   OBSERVED TIME   RECORD YEAR NORMAL DEPARTURE LAST
                VALUE   (LST)  VALUE       VALUE  FROM      YEAR
                                                  NORMAL
..................................................................
TEMPERATURE (F)
 TODAY
  MAXIMUM         79R   234 PM  79    1994  65     14       72
  MINIMUM         60    623 AM  27    1964  47     13       63
  AVERAGE         70                        56     14       68

PRECIPITATION (IN)
  TODAY            0.00          2.41 1942   0.19  -0.19     2.37
  MONTH TO DATE    3.62                      4.14  -0.52     4.71
  SINCE MAR 1     71.32                     64.35   6.97    73.92
  SINCE JAN 1     15.35                      8.77   6.58     8.65

DEGREE DAYS
 HEATING
  TODAY            0                         9     -9        0
  MONTH TO DATE   74                       255   -181      195
  SINCE DEC 1    457                      1054   -597      747
  SINCE JUL 1    526                      1266   -740      824
..................................................................


WIND (MPH)
  HIGHEST WIND SPEED    12   HIGHEST WIND DIRECTION     S (180)
  HIGHEST GUST SPEED    16   HIGHEST GUST DIRECTION    NW (310)
  AVERAGE WIND SPEED     5.8


SKY COVER
  POSSIBLE SUNSHINE  MM
  AVERAGE SKY COVER 0.2


WEATHER CONDITIONS
 THE FOLLOWING WEATHER WAS RECORDED TODAY.
  FOG


RELATIVE HUMIDITY (PERCENT)
 HIGHEST    97           600 AM
 LOWEST     54           200 PM
 AVERAGE    76

..........................................................


THE PENSACOLA CLIMATE NORMALS FOR TOMORROW
                         NORMAL    RECORD    YEAR
 MAXIMUM TEMPERATURE (F)   66        81      2012
                                             1996
 MINIMUM TEMPERATURE (F)   47        23      1989


SUNRISE AND SUNSET
FEBRUARY 23 2017......SUNRISE   621 AM CST   SUNSET   543 PM CST
FEBRUARY 24 2017......SUNRISE   620 AM CST   SUNSET   544 PM CST


-  INDICATES NEGATIVE NUMBERS.
R  INDICATES RECORD WAS SET OR TIED.
MM INDICATES DATA IS MISSING.
T  INDICATES TRACE AMOUNT.




$$
