000
CDUS44 KMOB 210628
CLIPNS


CLIMATE REPORT
NATIONAL WEATHER SERVICE MOBILE AL
127 AM CDT THU AUG 21 2014


...................................

...THE PENSACOLA CLIMATE SUMMARY FOR AUGUST 20 2014...

CLIMATE NORMAL PERIOD 1981 TO 2010
CLIMATE RECORD PERIOD 1879 TO 2014


WEATHER ITEM   OBSERVED TIME   RECORD YEAR NORMAL DEPARTURE LAST
                VALUE   (LST)  VALUE       VALUE  FROM      YEAR
                                                  NORMAL
..................................................................
TEMPERATURE (F)
 YESTERDAY
  MAXIMUM         91    321 PM 100    1972  89      2       86
  MINIMUM         70    348 AM  68    1934  74     -4       75
                                      1930
  AVERAGE         81                        82     -1       81

PRECIPITATION (IN)
  YESTERDAY        0.00          3.51 1934   0.22  -0.22     0.08
  MONTH TO DATE    1.21                      4.58  -3.37     9.64
  SINCE MAR 1     57.26                     32.90  24.36    41.81
  SINCE JAN 1     68.59                     42.59  26.00    56.08

DEGREE DAYS
 COOLING
  YESTERDAY       16                        17     -1       16
  MONTH TO DATE  325                       340    -15      351
  SINCE JUN 1   1298                      1338    -40     1366
  SINCE JAN 1   1749                      1786    -37     1808
..................................................................


WIND (MPH)
  HIGHEST WIND SPEED    17   HIGHEST WIND DIRECTION     S (180)
  HIGHEST GUST SPEED    21   HIGHEST GUST DIRECTION     S (180)
  AVERAGE WIND SPEED     6.4


SKY COVER
  POSSIBLE SUNSHINE  MM
  AVERAGE SKY COVER 0.2


WEATHER CONDITIONS
 THE FOLLOWING WEATHER WAS RECORDED YESTERDAY.
  THUNDERSTORM


RELATIVE HUMIDITY (PERCENT)
 HIGHEST    97           100 AM
 LOWEST     52          1100 AM
 AVERAGE    75

..........................................................


THE PENSACOLA CLIMATE NORMALS FOR TODAY
                         NORMAL    RECORD    YEAR
 MAXIMUM TEMPERATURE (F)   89        98      1983
 MINIMUM TEMPERATURE (F)   74        66      1940


SUNRISE AND SUNSET
AUGUST 21 2014........SUNRISE   619 AM CDT   SUNSET   724 PM CDT
AUGUST 22 2014........SUNRISE   620 AM CDT   SUNSET   723 PM CDT


-  INDICATES NEGATIVE NUMBERS.
R  INDICATES RECORD WAS SET OR TIED.
MM INDICATES DATA IS MISSING.
T  INDICATES TRACE AMOUNT.




$$
