000
CDUS44 KMOB 170627
CLIPNS


CLIMATE REPORT
NATIONAL WEATHER SERVICE MOBILE AL
126 AM CDT WED SEP 17 2014


...................................

...THE PENSACOLA CLIMATE SUMMARY FOR SEPTEMBER 16 2014...

CLIMATE NORMAL PERIOD 1981 TO 2010
CLIMATE RECORD PERIOD 1879 TO 2014


WEATHER ITEM   OBSERVED TIME   RECORD YEAR NORMAL DEPARTURE LAST
                VALUE   (LST)  VALUE       VALUE  FROM      YEAR
                                                  NORMAL
..................................................................
TEMPERATURE (F)
 YESTERDAY
  MAXIMUM         85   1057 AM  97    1991  87     -2       91
                                      1990
  MINIMUM         72   1159 PM  57    1961  71      1       74
  AVERAGE         79                        79      0       83

PRECIPITATION (IN)
  YESTERDAY        0.77          5.28 1979   0.20   0.57     0.52
  MONTH TO DATE    4.87                      3.21   1.66     1.54
  SINCE MAR 1     62.29                     38.29  24.00    43.72
  SINCE JAN 1     73.62                     47.98  25.64    57.99

DEGREE DAYS
 COOLING
  YESTERDAY       14                        14      0       18
  MONTH TO DATE  258                       240     18      285
  SINCE SEP 1    258                       240     18      285
  SINCE JAN 1   2214                      2207      7     2267
..................................................................


WIND (MPH)
  HIGHEST WIND SPEED    18   HIGHEST WIND DIRECTION     S (160)
  HIGHEST GUST SPEED    22   HIGHEST GUST DIRECTION     S (160)
  AVERAGE WIND SPEED     4.5


SKY COVER
  POSSIBLE SUNSHINE  MM
  AVERAGE SKY COVER 0.4


WEATHER CONDITIONS
 THE FOLLOWING WEATHER WAS RECORDED YESTERDAY.
  THUNDERSTORM
  HEAVY RAIN
  LIGHT RAIN
  FOG


RELATIVE HUMIDITY (PERCENT)
 HIGHEST   100          1200 AM
 LOWEST     70          1100 AM
 AVERAGE    85

..........................................................


THE PENSACOLA CLIMATE NORMALS FOR TODAY
                         NORMAL    RECORD    YEAR
 MAXIMUM TEMPERATURE (F)   87        97      1991
 MINIMUM TEMPERATURE (F)   70        60      1981


SUNRISE AND SUNSET
SEPTEMBER 17 2014.....SUNRISE   634 AM CDT   SUNSET   652 PM CDT
SEPTEMBER 18 2014.....SUNRISE   635 AM CDT   SUNSET   650 PM CDT


-  INDICATES NEGATIVE NUMBERS.
R  INDICATES RECORD WAS SET OR TIED.
MM INDICATES DATA IS MISSING.
T  INDICATES TRACE AMOUNT.




$$
