000
CDUS44 KMOB 310629
CLIPNS


CLIMATE REPORT
NATIONAL WEATHER SERVICE MOBILE AL
129 AM CDT SUN JUL 31 2016


...................................

...THE PENSACOLA CLIMATE SUMMARY FOR JULY 30 2016...

CLIMATE NORMAL PERIOD 1981 TO 2010
CLIMATE RECORD PERIOD 1879 TO 2016


WEATHER ITEM   OBSERVED TIME   RECORD YEAR NORMAL DEPARTURE LAST
                VALUE   (LST)  VALUE       VALUE  FROM      YEAR
                                                  NORMAL
..................................................................
TEMPERATURE (F)
 YESTERDAY
  MAXIMUM         92   1120 AM 102    1986  90      2       97
  MINIMUM         79   1229 PM  67    2014  74      5       74
                                      1994
  AVERAGE         86                        82      4       86

PRECIPITATION (IN)
  YESTERDAY        T             5.14 1975   0.25  -0.25     0.12
  MONTH TO DATE    6.80                      7.16  -0.36     6.90
  SINCE MAR 1     30.06                     28.07   1.99    28.49
  SINCE JAN 1     38.71                     37.76   0.95    38.90

DEGREE DAYS
 COOLING
  YESTERDAY       21                        17      4       21
  MONTH TO DATE  590                       510     80      593
  SINCE JUN 1   1111                       975    136     1076
  SINCE JAN 1   1707                      1423    284     1729
..................................................................


WIND (MPH)
  HIGHEST WIND SPEED    18   HIGHEST WIND DIRECTION     S (170)
  HIGHEST GUST SPEED    23   HIGHEST GUST DIRECTION     S (170)
  AVERAGE WIND SPEED     7.0


SKY COVER
  POSSIBLE SUNSHINE  MM
  AVERAGE SKY COVER 0.1


WEATHER CONDITIONS
 THE FOLLOWING WEATHER WAS RECORDED YESTERDAY.
  THUNDERSTORM


RELATIVE HUMIDITY (PERCENT)
 HIGHEST    91           400 AM
 LOWEST     56          1100 AM
 AVERAGE    74

..........................................................


THE PENSACOLA CLIMATE NORMALS FOR TODAY
                         NORMAL    RECORD    YEAR
 MAXIMUM TEMPERATURE (F)   90       102      1986
 MINIMUM TEMPERATURE (F)   74        63      2014


SUNRISE AND SUNSET
JULY 31 2016..........SUNRISE   607 AM CDT   SUNSET   743 PM CDT
AUGUST  1 2016........SUNRISE   607 AM CDT   SUNSET   742 PM CDT


-  INDICATES NEGATIVE NUMBERS.
R  INDICATES RECORD WAS SET OR TIED.
MM INDICATES DATA IS MISSING.
T  INDICATES TRACE AMOUNT.




$$
