000
CDUS41 KALY 280626
CLIPOU


CLIMATE REPORT
NATIONAL WEATHER SERVICE ALBANY NY
225 AM EDT THU MAY 28 2015


...................................

...THE POUGHKEEPSIE NY CLIMATE SUMMARY FOR MAY 27 2015...

CLIMATE NORMAL PERIOD 1981 TO 2010
CLIMATE RECORD PERIOD 1949 TO 2015


WEATHER ITEM   OBSERVED TIME   RECORD YEAR NORMAL DEPARTURE LAST
                VALUE   (LST)  VALUE       VALUE  FROM      YEAR
                                                  NORMAL
..................................................................
TEMPERATURE (F)
 YESTERDAY
  MAXIMUM         86    347 PM  91    1965  74     12       89
  MINIMUM         64    313 AM  35    1969  50     14       57
  AVERAGE         75                        62     13       73

PRECIPITATION (IN)
  YESTERDAY        0.34          1.29 1961   0.16   0.18     0.00
  MONTH TO DATE    1.41                      3.79  -2.38     2.44
  SINCE MAR 1      5.81                     11.14  -5.33     9.62
  SINCE JAN 1     10.11                     16.88  -6.77    13.90

DEGREE DAYS
 HEATING
  YESTERDAY        0                         5     -5        0
  MONTH TO DATE   94                       207   -113      121
  SINCE MAR 1   1560                      1575    -15     1622
  SINCE JUL 1   6245                      6146     99     6325

 COOLING
  YESTERDAY       10                         2      8        8
  MONTH TO DATE   91                        24     67       27
  SINCE MAR 1     91                        29     62       33
  SINCE JAN 1     91                        29     62       33
..................................................................


WIND (MPH)
  HIGHEST WIND SPEED    25   HIGHEST WIND DIRECTION     W (280)
  HIGHEST GUST SPEED    33   HIGHEST GUST DIRECTION     W (280)
  AVERAGE WIND SPEED     4.7


SKY COVER
  AVERAGE SKY COVER 0.2



RELATIVE HUMIDITY (PERCENT)
 HIGHEST    93           400 AM
 LOWEST     55           200 PM
 AVERAGE    74

..........................................................


THE POUGHKEEPSIE NY CLIMATE NORMALS FOR TODAY
                         NORMAL    RECORD    YEAR
 MAXIMUM TEMPERATURE (F)   75        90      2012
 MINIMUM TEMPERATURE (F)   50        32      1949


SUNRISE AND SUNSET
MAY 28 2015...........SUNRISE   526 AM EDT   SUNSET   820 PM EDT
MAY 29 2015...........SUNRISE   525 AM EDT   SUNSET   821 PM EDT


-  INDICATES NEGATIVE NUMBERS.
R  INDICATES RECORD WAS SET OR TIED.
MM INDICATES DATA IS MISSING.
T  INDICATES TRACE AMOUNT.




RECORDS FOR KPOU DATE BACK TO 1949...
HOWEVER...DATA IS MISSING FROM JANUARY 1993 - JULY 2000.
$$
