000
CDUS41 KALY 250622
CLIPOU


CLIMATE REPORT
NATIONAL WEATHER SERVICE ALBANY NY
220 AM EDT SUN JUN 25 2017


...................................

...THE POUGHKEEPSIE NY CLIMATE SUMMARY FOR JUNE 24 2017...

CLIMATE NORMAL PERIOD 1981 TO 2010
CLIMATE RECORD PERIOD 1949 TO 2017


WEATHER ITEM   OBSERVED TIME   RECORD YEAR NORMAL DEPARTURE LAST
                VALUE   (LST)  VALUE       VALUE  FROM      YEAR
                                                  NORMAL
..................................................................
TEMPERATURE (F)
 YESTERDAY
  MAXIMUM         84    402 PM  94    2013  82      2       88
  MINIMUM         66   1159 PM  42    2007  58      8       55
  AVERAGE         75                        70      5       72

PRECIPITATION (IN)
  YESTERDAY        0.05          1.51 1960   0.13  -0.08     0.00
  MONTH TO DATE    2.67                      3.64  -0.97     1.23
  SINCE JUN 1      2.67                      3.64  -0.97     1.23
  SINCE JAN 1     19.23                     21.14  -1.91    13.39

DEGREE DAYS
 HEATING
  YESTERDAY        0                         1     -1        0
  MONTH TO DATE   50                        46      4        8
  SINCE JUN 1     50                        46      4        8
  SINCE JUL 1   5714                      6208   -494     4777

 COOLING
  YESTERDAY       10                         6      4        7
  MONTH TO DATE  112                        90     22      117
  SINCE JUN 1    112                        90     22      117
  SINCE JAN 1    160                       126     34      198
..................................................................


WIND (MPH)
  HIGHEST WIND SPEED    22   HIGHEST WIND DIRECTION    NW (300)
  HIGHEST GUST SPEED    27   HIGHEST GUST DIRECTION     W (290)
  AVERAGE WIND SPEED     7.8


SKY COVER
  AVERAGE SKY COVER 0.4



RELATIVE HUMIDITY (PERCENT)
 HIGHEST    93           600 AM
 LOWEST     32           400 PM
 AVERAGE    63

..........................................................


THE POUGHKEEPSIE NY CLIMATE NORMALS FOR TODAY
                         NORMAL    RECORD    YEAR
 MAXIMUM TEMPERATURE (F)   82        95      1949
 MINIMUM TEMPERATURE (F)   58        42      1986


SUNRISE AND SUNSET
JUNE 25 2017..........SUNRISE   523 AM EDT   SUNSET   834 PM EDT
JUNE 26 2017..........SUNRISE   523 AM EDT   SUNSET   834 PM EDT


-  INDICATES NEGATIVE NUMBERS.
R  INDICATES RECORD WAS SET OR TIED.
MM INDICATES DATA IS MISSING.
T  INDICATES TRACE AMOUNT.




RECORDS FOR KPOU DATE BACK TO 1949...
HOWEVER...DATA IS MISSING FROM JANUARY 1993 - JULY 2000.
$$
