000
CDUS46 KLOX 240902
CLIPRB


CLIMATE REPORT
NATIONAL WEATHER SERVICE LOS ANGELES/OXNARD CA
202 AM PDT SUN SEP 24 2017


...................................

...THE PASO ROBLES AIRPORT CA CLIMATE SUMMARY FOR SEPTEMBER 23 2017...

CLIMATE NORMAL PERIOD 1981 TO 2010
CLIMATE RECORD PERIOD 1948 TO 2017


WEATHER ITEM   OBSERVED TIME   RECORD YEAR NORMAL DEPARTURE LAST
                VALUE   (LST)  VALUE       VALUE  FROM      YEAR
                                                  NORMAL
..................................................................
TEMPERATURE (F)
 YESTERDAY
  MAXIMUM         80    312 PM 104    2009  87     -7       83
                                      2002
  MINIMUM         39R   550 AM  40    1993  49    -10       41
  AVERAGE         60                        68     -8       62

PRECIPITATION (IN)
  YESTERDAY        0.00          0.58 1958   0.01  -0.01     0.00
  MONTH TO DATE    0.03                      0.13  -0.10     0.00
  SINCE OCT 1     16.17                     12.69   3.48     8.06
  SINCE JAN 1     12.49                      9.03   3.46     6.00

SNOWFALL (IN)
  YESTERDAY        0.0
  MONTH TO DATE    0.0
  SINCE SEP 1      0.0
  SINCE JUL 1      0.0

DEGREE DAYS
 HEATING
  YESTERDAY        5                         1      4        3
  MONTH TO DATE   13                        11      2       18
  SINCE SEP 1     13                        11      2       18
  SINCE JUL 1     14                        19     -5       18

 COOLING
  YESTERDAY        0                         4     -4        0
  MONTH TO DATE  197                       133     64      112
  SINCE SEP 1    197                       133     64      112
  SINCE JAN 1   1297                       866    431     1001
..................................................................


WIND (MPH)
  HIGHEST WIND SPEED    14   HIGHEST WIND DIRECTION    NW (300)
  HIGHEST GUST SPEED    19   HIGHEST GUST DIRECTION     N (10)
  AVERAGE WIND SPEED     4.9


SKY COVER
  POSSIBLE SUNSHINE  MM
  AVERAGE SKY COVER 0.0


WEATHER CONDITIONS
 THE FOLLOWING WEATHER WAS RECORDED YESTERDAY.
  NO SIGNIFICANT WEATHER WAS OBSERVED.


RELATIVE HUMIDITY (PERCENT)
 HIGHEST    92           600 AM
 LOWEST     11           300 PM
 AVERAGE    52

..........................................................


THE PASO ROBLES AIRPORT CA CLIMATE NORMALS FOR TODAY
                         NORMAL    RECORD    YEAR
 MAXIMUM TEMPERATURE (F)   86       103      1991
 MINIMUM TEMPERATURE (F)   49        38      2005


SUNRISE AND SUNSET
SEPTEMBER 24 2017.....SUNRISE   652 AM PDT   SUNSET   656 PM PDT
SEPTEMBER 25 2017.....SUNRISE   653 AM PDT   SUNSET   654 PM PDT


-  INDICATES NEGATIVE NUMBERS.
R  INDICATES RECORD WAS SET OR TIED.
MM INDICATES DATA IS MISSING.
T  INDICATES TRACE AMOUNT.




$$
