000
CDUS46 KLOX 220857
CLIPRB


CLIMATE REPORT
NATIONAL WEATHER SERVICE LOS ANGELES/OXNARD CA
157 AM PDT FRI MAY 22 2015


...................................

...THE PASO ROBLES AIRPORT CA CLIMATE SUMMARY FOR MAY 21 2015...

CLIMATE NORMAL PERIOD 1981 TO 2010
CLIMATE RECORD PERIOD 1948 TO 2015


WEATHER ITEM   OBSERVED TIME   RECORD YEAR NORMAL DEPARTURE LAST
                VALUE   (LST)  VALUE       VALUE  FROM      YEAR
                                                  NORMAL
..................................................................
TEMPERATURE (F)
 YESTERDAY
  MAXIMUM         69    240 PM 106    2000  82    -13       72
  MINIMUM         51   1241 AM  36    1975  47      4       51
  AVERAGE         60                        64     -4       62

PRECIPITATION (IN)
  YESTERDAY        0.00          0.96 2006   0.01  -0.01      T
  MONTH TO DATE    0.15                      0.22  -0.07      T
  SINCE OCT 1      8.63                     12.39  -3.76     4.92
  SINCE JAN 1      2.91                      8.73  -5.82     4.46

SNOWFALL (IN)
  YESTERDAY        0.0
  MONTH TO DATE    0.0
  SINCE MAR 1      0.0
  SINCE JUL 1      0.0

DEGREE DAYS
 HEATING
  YESTERDAY        5                         3      2        3
  MONTH TO DATE  107                        85     22       30
  SINCE MAR 1    435                       704   -269      400
  SINCE JUL 1   1795                      2797  -1002     2105

 COOLING
  YESTERDAY        0                         2     -2        0
  MONTH TO DATE    7                        32    -25       81
  SINCE MAR 1     47                        41      6       99
  SINCE JAN 1     47                        41      6       99
..................................................................


WIND (MPH)
  HIGHEST WIND SPEED    21   HIGHEST WIND DIRECTION     S (200)
  HIGHEST GUST SPEED    27   HIGHEST GUST DIRECTION    SW (210)
  AVERAGE WIND SPEED     8.1


SKY COVER
  POSSIBLE SUNSHINE  MM
  AVERAGE SKY COVER 0.8


WEATHER CONDITIONS
 THE FOLLOWING WEATHER WAS RECORDED YESTERDAY.
  NO SIGNIFICANT WEATHER WAS OBSERVED.


RELATIVE HUMIDITY (PERCENT)
 HIGHEST    83           100 AM
 LOWEST     40           100 PM
 AVERAGE    62

..........................................................


THE PASO ROBLES AIRPORT CA CLIMATE NORMALS FOR TODAY
                         NORMAL    RECORD    YEAR
 MAXIMUM TEMPERATURE (F)   82       108      2000
 MINIMUM TEMPERATURE (F)   47        37      1989


SUNRISE AND SUNSET
MAY 22 2015...........SUNRISE   553 AM PDT   SUNSET   806 PM PDT
MAY 23 2015...........SUNRISE   552 AM PDT   SUNSET   807 PM PDT


-  INDICATES NEGATIVE NUMBERS.
R  INDICATES RECORD WAS SET OR TIED.
MM INDICATES DATA IS MISSING.
T  INDICATES TRACE AMOUNT.




$$
