000
CDUS46 KLOX 250113
CLIPRB


CLIMATE REPORT
NATIONAL WEATHER SERVICE LOS ANGELES/OXNARD CA
613 PM PDT MON APR 24 2017


...................................

...THE PASO ROBLES AIRPORT CA CLIMATE SUMMARY FOR APRIL 24 2017...
VALID TODAY AS OF 0600 PM LOCAL TIME.

CLIMATE NORMAL PERIOD 1981 TO 2010
CLIMATE RECORD PERIOD 1948 TO 2017


WEATHER ITEM   OBSERVED TIME   RECORD YEAR NORMAL DEPARTURE LAST
                VALUE   (LST)  VALUE       VALUE  FROM      YEAR
                                                  NORMAL
..................................................................
TEMPERATURE (F)
 TODAY
  MAXIMUM         74    311 PM  90    1966  75     -1       77
  MINIMUM         48    546 AM  32    1961  42      6       45
  AVERAGE         61                        59      2       61

PRECIPITATION (IN)
  TODAY            0.00          0.19 1967   0.02  -0.02     0.00
  MONTH TO DATE    0.95                      0.59   0.36     0.16
  SINCE OCT 1     15.96                     12.08   3.88     8.06
  SINCE JAN 1     12.28                      8.42   3.86     6.00

SNOWFALL (IN)
  TODAY            0.0
  MONTH TO DATE    0.0
  SINCE MAR 1      0.0
  SINCE JUL 1      0.0

DEGREE DAYS
 HEATING
  TODAY            4                         7     -3        4
  MONTH TO DATE  157                       216    -59       91
  SINCE MAR 1    441                       582   -141      370
  SINCE JUL 1   2242                      2675   -433     2157

 COOLING
  TODAY            0                         0      0        0
  MONTH TO DATE    0                         0      0        5
  SINCE MAR 1      0                         0      0        5
  SINCE JAN 1      0                         0      0        5
..................................................................


WIND (MPH)
  HIGHEST WIND SPEED    24   HIGHEST WIND DIRECTION    NW (320)
  HIGHEST GUST SPEED    32   HIGHEST GUST DIRECTION    NW (320)
  AVERAGE WIND SPEED    15.2


SKY COVER
  POSSIBLE SUNSHINE  MM
  AVERAGE SKY COVER 0.2


WEATHER CONDITIONS
 THE FOLLOWING WEATHER WAS RECORDED TODAY.
  NO SIGNIFICANT WEATHER WAS OBSERVED.


RELATIVE HUMIDITY (PERCENT)
 HIGHEST    93           300 AM
 LOWEST     35           200 PM
 AVERAGE    64

..........................................................


THE PASO ROBLES AIRPORT CA CLIMATE NORMALS FOR TOMORROW
                         NORMAL    RECORD    YEAR
 MAXIMUM TEMPERATURE (F)   75        94      2004
 MINIMUM TEMPERATURE (F)   42        31      1971


SUNRISE AND SUNSET
APRIL 24 2017.........SUNRISE   618 AM PDT   SUNSET   744 PM PDT
APRIL 25 2017.........SUNRISE   617 AM PDT   SUNSET   744 PM PDT


-  INDICATES NEGATIVE NUMBERS.
R  INDICATES RECORD WAS SET OR TIED.
MM INDICATES DATA IS MISSING.
T  INDICATES TRACE AMOUNT.




$$
