000
CDUS46 KLOX 250111
CLIPRB


CLIMATE REPORT
NATIONAL WEATHER SERVICE LOS ANGELES/OXNARD CA
611 PM PDT THU APR 24 2014


...................................

...THE PASO ROBLES AIRPORT CA CLIMATE SUMMARY FOR APRIL 24 2014...
VALID TODAY AS OF 0600 PM LOCAL TIME.

CLIMATE NORMAL PERIOD 1981 TO 2010
CLIMATE RECORD PERIOD 1948 TO 2014


WEATHER ITEM   OBSERVED TIME   RECORD YEAR NORMAL DEPARTURE LAST
                VALUE   (LST)  VALUE       VALUE  FROM      YEAR
                                                  NORMAL
..................................................................
TEMPERATURE (F)
 TODAY
  MAXIMUM         82    359 PM  90    1966  75      7       65
  MINIMUM         40    525 AM  32    1961  42     -2       42
  AVERAGE         61                        59      2       54

PRECIPITATION (IN)
  TODAY            0.00          0.19 1967   0.02  -0.02     0.00
  MONTH TO DATE    0.32                      0.59  -0.27     0.01
  SINCE JUL 1      4.90                     12.41  -7.51     4.62
  SINCE JAN 1      4.44                      8.42  -3.98     1.41

SNOWFALL (IN)
  TODAY            0.0
  MONTH TO DATE    0.0
  SINCE MAR 1      0.0
  SINCE JUL 1      0.0

DEGREE DAYS
 HEATING
  TODAY            4                         7     -3       11
  MONTH TO DATE  113                       216   -103       97
  SINCE MAR 1    343                       582   -239      337
  SINCE JUL 1   2048                      2675   -627     2346

 COOLING
  TODAY            0                         0      0        0
  MONTH TO DATE    8                         0      8        9
  SINCE MAR 1      8                         0      8        9
  SINCE JAN 1      8                         0      8        9
..................................................................


WIND (MPH)
  HIGHEST WIND SPEED    18   HIGHEST WIND DIRECTION     S (200)
  HIGHEST GUST SPEED    23   HIGHEST GUST DIRECTION     W (280)
  AVERAGE WIND SPEED     6.5


SKY COVER
  POSSIBLE SUNSHINE  MM
  AVERAGE SKY COVER 0.0


WEATHER CONDITIONS
 THE FOLLOWING WEATHER WAS RECORDED TODAY.
  NO SIGNIFICANT WEATHER WAS OBSERVED.


RELATIVE HUMIDITY (PERCENT)
 HIGHEST    76           400 AM
 LOWEST     21           300 PM
 AVERAGE    49

..........................................................


THE PASO ROBLES AIRPORT CA CLIMATE NORMALS FOR TOMORROW
                         NORMAL    RECORD    YEAR
 MAXIMUM TEMPERATURE (F)   75        94      2004
 MINIMUM TEMPERATURE (F)   42        31      1971


SUNRISE AND SUNSET
APRIL 24 2014.........SUNRISE   618 AM PDT   SUNSET   743 PM PDT
APRIL 25 2014.........SUNRISE   617 AM PDT   SUNSET   744 PM PDT


-  INDICATES NEGATIVE NUMBERS.
R  INDICATES RECORD WAS SET OR TIED.
MM INDICATES DATA IS MISSING.
T  INDICATES TRACE AMOUNT.




$$
