000
CDUS46 KLOX 210858
CLIPRB


CLIMATE REPORT
NATIONAL WEATHER SERVICE LOS ANGELES/OXNARD CA
1258 AM PST TUE NOV 21 2017


...................................

...THE PASO ROBLES AIRPORT CA CLIMATE SUMMARY FOR NOVEMBER 20 2017...

CLIMATE NORMAL PERIOD 1981 TO 2010
CLIMATE RECORD PERIOD 1948 TO 2017


WEATHER ITEM   OBSERVED TIME   RECORD YEAR NORMAL DEPARTURE LAST
                VALUE   (LST)  VALUE       VALUE  FROM      YEAR
                                                  NORMAL
..................................................................
TEMPERATURE (F)
 YESTERDAY
  MAXIMUM         77    337 PM  82    2002  65     12       59
  MINIMUM         40    452 AM  20    1977  37      3       46
  AVERAGE         59                        51      8       53

PRECIPITATION (IN)
  YESTERDAY        0.00          0.90 2016   0.03  -0.03     0.90
  MONTH TO DATE    0.14                      0.66  -0.52     0.90
  SINCE OCT 1      0.23                      1.28  -1.05     2.29
  SINCE JAN 1     12.72                     10.40   2.32     8.29

SNOWFALL (IN)
  YESTERDAY        0.0
  MONTH TO DATE    0.0
  SINCE SEP 1      0.0
  SINCE JUL 1      0.0

DEGREE DAYS
 HEATING
  YESTERDAY        6                        14     -8       12
  MONTH TO DATE  180                       222    -42       98
  SINCE SEP 1    301                       384    -83      220
  SINCE JUL 1    302                       392    -90      220

 COOLING
  YESTERDAY        0                         0      0        0
  MONTH TO DATE    0                         0      0        8
  SINCE SEP 1    270                       193     77      184
  SINCE JAN 1   1370                       926    444     1073
..................................................................


WIND (MPH)
  HIGHEST WIND SPEED    12   HIGHEST WIND DIRECTION     E (100)
  HIGHEST GUST SPEED    15   HIGHEST GUST DIRECTION     E (90)
  AVERAGE WIND SPEED     2.9


SKY COVER
  POSSIBLE SUNSHINE  MM
  AVERAGE SKY COVER 0.1


WEATHER CONDITIONS
 THE FOLLOWING WEATHER WAS RECORDED YESTERDAY.
  NO SIGNIFICANT WEATHER WAS OBSERVED.


RELATIVE HUMIDITY (PERCENT)
 HIGHEST    82           600 AM
 LOWEST     25           200 PM
 AVERAGE    54

..........................................................


THE PASO ROBLES AIRPORT CA CLIMATE NORMALS FOR TODAY
                         NORMAL    RECORD    YEAR
 MAXIMUM TEMPERATURE (F)   65        79      2015
                                             2005
                                             2002
 MINIMUM TEMPERATURE (F)   37        20      1979


SUNRISE AND SUNSET
NOVEMBER 21 2017......SUNRISE   645 AM PST   SUNSET   452 PM PST
NOVEMBER 22 2017......SUNRISE   646 AM PST   SUNSET   452 PM PST


-  INDICATES NEGATIVE NUMBERS.
R  INDICATES RECORD WAS SET OR TIED.
MM INDICATES DATA IS MISSING.
T  INDICATES TRACE AMOUNT.




$$
