000
CDUS46 KLOX 011907
CLIPRB


CLIMATE REPORT
NATIONAL WEATHER SERVICE LOS ANGELES/OXNARD CA
1206 PM PDT WED JUL 1 2015


...................................

...THE PASO ROBLES AIRPORT CA CLIMATE SUMMARY FOR JUNE 30 2015...

CLIMATE NORMAL PERIOD 1981 TO 2010
CLIMATE RECORD PERIOD 1948 TO 2015


WEATHER ITEM   OBSERVED TIME   RECORD YEAR NORMAL DEPARTURE LAST
                VALUE   (LST)  VALUE       VALUE  FROM      YEAR
                                                  NORMAL
..................................................................
TEMPERATURE (F)
 YESTERDAY
  MAXIMUM        107    122 PM 110    2013  91     16       93
  MINIMUM         63    525 AM  44    1958  53     10       58
  AVERAGE         85                        72     13       76

PRECIPITATION (IN)
  YESTERDAY        0.00          0.12 1992   0.00   0.00     0.00
  MONTH TO DATE    0.18                      0.02   0.16     0.00
  SINCE OCT 1      8.81                     12.45  -3.64     4.92
  SINCE JAN 1      3.09                      8.79  -5.70     4.46

SNOWFALL (IN)
  YESTERDAY        0.0
  MONTH TO DATE    0.0
  SINCE JUN 1      0.0
  SINCE JUL 1      0.0

DEGREE DAYS
 HEATING
  YESTERDAY        0                         0      0        0
  MONTH TO DATE    8                        27    -19       11
  SINCE JUN 1      8                        27    -19       11
  SINCE JUL 1   1811                      2849  -1038     2117

 COOLING
  YESTERDAY       20                         7     13       11
  MONTH TO DATE  263                       143    120      213
  SINCE JUN 1    263                       143    120      213
  SINCE JAN 1    334                       211    123      366
..................................................................


WIND (MPH)
  HIGHEST WIND SPEED    25   HIGHEST WIND DIRECTION    SW (210)
  HIGHEST GUST SPEED    32   HIGHEST GUST DIRECTION     S (200)
  AVERAGE WIND SPEED     6.0


SKY COVER
  POSSIBLE SUNSHINE  MM
  AVERAGE SKY COVER 0.0


WEATHER CONDITIONS
 THE FOLLOWING WEATHER WAS RECORDED YESTERDAY.
  NO SIGNIFICANT WEATHER WAS OBSERVED.


RELATIVE HUMIDITY (PERCENT)
 HIGHEST    63           500 AM
 LOWEST     13           400 PM
 AVERAGE    38

..........................................................


THE PASO ROBLES AIRPORT CA CLIMATE NORMALS FOR TODAY
                         NORMAL    RECORD    YEAR
 MAXIMUM TEMPERATURE (F)   91       107      2013
                                             1950
 MINIMUM TEMPERATURE (F)   53        44      1975


SUNRISE AND SUNSET
JULY  1 2015..........SUNRISE   550 AM PDT   SUNSET   822 PM PDT
JULY  2 2015..........SUNRISE   551 AM PDT   SUNSET   822 PM PDT


-  INDICATES NEGATIVE NUMBERS.
R  INDICATES RECORD WAS SET OR TIED.
MM INDICATES DATA IS MISSING.
T  INDICATES TRACE AMOUNT.




$$
