000
CDUS46 KLOX 240920
CLIPRB


CLIMATE REPORT
NATIONAL WEATHER SERVICE LOS ANGELES/OXNARD CA
220 AM PDT MON JUL 24 2017


...................................

...THE PASO ROBLES AIRPORT CA CLIMATE SUMMARY FOR JULY 23 2017...

CLIMATE NORMAL PERIOD 1981 TO 2010
CLIMATE RECORD PERIOD 1948 TO 2017


WEATHER ITEM   OBSERVED TIME   RECORD YEAR NORMAL DEPARTURE LAST
                VALUE   (LST)  VALUE       VALUE  FROM      YEAR
                                                  NORMAL
..................................................................
TEMPERATURE (F)
 YESTERDAY
  MAXIMUM         95   1258 PM 114    2006  94      1      105
  MINIMUM         56    540 AM  42    1965  55      1       53
  AVERAGE         76                        74      2       79

PRECIPITATION (IN)
  YESTERDAY        0.00          T    2007   0.00   0.00     0.00
  MONTH TO DATE    0.00                      0.00   0.00     0.00
  SINCE OCT 1     16.14                     12.45   3.69     8.06
  SINCE JAN 1     12.46                      8.79   3.67     6.00

SNOWFALL (IN)
  YESTERDAY        0.0
  MONTH TO DATE    0.0
  SINCE JUN 1      0.0
  SINCE JUL 1      0.0

DEGREE DAYS
 HEATING
  YESTERDAY        0                         0      0        0
  MONTH TO DATE    0                         0      0        0
  SINCE JUN 1     12                        27    -15        8
  SINCE JUL 1      0                         0      0        0

 COOLING
  YESTERDAY       11                         9      2       14
  MONTH TO DATE  287                       193     94      177
  SINCE JUN 1    542                       336    206      467
  SINCE JAN 1    634                       404    230      528
..................................................................


WIND (MPH)
  HIGHEST WIND SPEED    22   HIGHEST WIND DIRECTION    SW (210)
  HIGHEST GUST SPEED    25   HIGHEST GUST DIRECTION    SW (210)
  AVERAGE WIND SPEED     7.7


SKY COVER
  POSSIBLE SUNSHINE  MM
  AVERAGE SKY COVER 0.0


WEATHER CONDITIONS
 THE FOLLOWING WEATHER WAS RECORDED YESTERDAY.
  NO SIGNIFICANT WEATHER WAS OBSERVED.


RELATIVE HUMIDITY (PERCENT)
 HIGHEST    67           500 AM
 LOWEST     21           100 PM
 AVERAGE    44

..........................................................


THE PASO ROBLES AIRPORT CA CLIMATE NORMALS FOR TODAY
                         NORMAL    RECORD    YEAR
 MAXIMUM TEMPERATURE (F)   94       113      2006
 MINIMUM TEMPERATURE (F)   55        46      1981


SUNRISE AND SUNSET
JULY 24 2017..........SUNRISE   605 AM PDT   SUNSET   813 PM PDT
JULY 25 2017..........SUNRISE   606 AM PDT   SUNSET   812 PM PDT


-  INDICATES NEGATIVE NUMBERS.
R  INDICATES RECORD WAS SET OR TIED.
MM INDICATES DATA IS MISSING.
T  INDICATES TRACE AMOUNT.




$$
