495
CDUS46 KLOX 270909
CLIPRB


CLIMATE REPORT
NATIONAL WEATHER SERVICE LOS ANGELES/OXNARD CA
209 AM PDT SAT AUG 27 2016


...................................

...THE PASO ROBLES AIRPORT CA CLIMATE SUMMARY FOR AUGUST 26 2016...

CLIMATE NORMAL PERIOD 1981 TO 2010
CLIMATE RECORD PERIOD 1948 TO 2016


WEATHER ITEM   OBSERVED TIME   RECORD YEAR NORMAL DEPARTURE LAST
                VALUE   (LST)  VALUE       VALUE  FROM      YEAR
                                                  NORMAL
..................................................................
TEMPERATURE (F)
 YESTERDAY
  MAXIMUM         76    115 PM 105    2015  92    -16      105
                                      1967
  MINIMUM         53    448 AM  40    1968  53      0       59
  AVERAGE         65                        72     -7       82

PRECIPITATION (IN)
  YESTERDAY        0.00          T    2011   0.00   0.00     0.00
                                      2011
                                      2015
  MONTH TO DATE    0.00                      0.08  -0.08     0.00
  SINCE OCT 1      8.06                     12.53  -4.47    10.98
  SINCE JAN 1      6.00                      8.87  -2.87     5.26

SNOWFALL (IN)
  YESTERDAY        0.0
  MONTH TO DATE    0.0
  SINCE JUN 1      0.0
  SINCE JUL 1      0.0

DEGREE DAYS
 HEATING
  YESTERDAY        0                         0      0        0
  MONTH TO DATE    0                         0      0        0
  SINCE JUN 1      8                        31    -23        8
  SINCE JUL 1      0                         4     -4        0

 COOLING
  YESTERDAY        0                         8     -8       17
  MONTH TO DATE  198                       221    -23      254
  SINCE JUN 1    783                       630    153      800
  SINCE JAN 1    844                       698    146      871
..................................................................


WIND (MPH)
  HIGHEST WIND SPEED    23   HIGHEST WIND DIRECTION    SW (210)
  HIGHEST GUST SPEED    28   HIGHEST GUST DIRECTION    SW (210)
  AVERAGE WIND SPEED    10.4


SKY COVER
  POSSIBLE SUNSHINE  MM
  AVERAGE SKY COVER 0.3


WEATHER CONDITIONS
 THE FOLLOWING WEATHER WAS RECORDED YESTERDAY.
  NO SIGNIFICANT WEATHER WAS OBSERVED.


RELATIVE HUMIDITY (PERCENT)
 HIGHEST    93           500 AM
 LOWEST     41           200 PM
 AVERAGE    67

..........................................................


THE PASO ROBLES AIRPORT CA CLIMATE NORMALS FOR TODAY
                         NORMAL    RECORD    YEAR
 MAXIMUM TEMPERATURE (F)   92       106      2001
 MINIMUM TEMPERATURE (F)   53        43      1995


SUNRISE AND SUNSET
AUGUST 27 2016........SUNRISE   631 AM PDT   SUNSET   736 PM PDT
AUGUST 28 2016........SUNRISE   632 AM PDT   SUNSET   734 PM PDT


-  INDICATES NEGATIVE NUMBERS.
R  INDICATES RECORD WAS SET OR TIED.
MM INDICATES DATA IS MISSING.
T  INDICATES TRACE AMOUNT.




$$
